{"id":11283,"date":"2018-09-19T16:02:03","date_gmt":"2018-09-19T14:02:03","guid":{"rendered":"https:\/\/www.globalong.com\/blog\/?page_id=11283"},"modified":"2022-05-08T15:45:04","modified_gmt":"2022-05-08T13:45:04","slug":"thailande-brahim-programme-enseignement-ecole-education-enfants","status":"publish","type":"page","link":"https:\/\/www.globalong.com\/blog\/avis-temoignages-globalong\/thailande-brahim-programme-enseignement-ecole-education-enfants\/","title":{"rendered":"Tha\u00eflande &#8211; Brahim"},"content":{"rendered":"<p style=\"text-align: center;\"><span style=\"color: #b81657;\"><strong>T\u00e9moignage de Brahim, adh\u00e9rent de l\u2019<a href=\"https:\/\/www.globalong.com\/association-globalong.html\" target=\"_blank\" rel=\"noopener\"><span style=\"text-decoration: underline;\">association GlobAlong<\/span><\/a> et b\u00e9n\u00e9vole en <a href=\"https:\/\/www.globalong.com\/sejour-benevolat\/thailande-bangkok-ayuthaya.html\" target=\"_blank\" rel=\"noopener\"><span style=\"text-decoration: underline;\">Tha\u00eflande<\/span><\/a><\/strong><\/span><\/p>\n<p style=\"text-align: justify;\"><a href=\"https:\/\/www.globalong.com\/blog\/wp-content\/uploads\/2018\/09\/20180829_1331452-min.jpg\"><img loading=\"lazy\" decoding=\"async\" class=\"wp-image-11286 aligncenter\" src=\"https:\/\/www.globalong.com\/blog\/wp-content\/uploads\/2018\/09\/20180829_1331452-min-225x300.jpg\" alt=\"\" width=\"300\" height=\"400\" srcset=\"https:\/\/www.globalong.com\/blog\/wp-content\/uploads\/2018\/09\/20180829_1331452-min-225x300.jpg 225w, https:\/\/www.globalong.com\/blog\/wp-content\/uploads\/2018\/09\/20180829_1331452-min-768x1024.jpg 768w, https:\/\/www.globalong.com\/blog\/wp-content\/uploads\/2018\/09\/20180829_1331452-min-113x150.jpg 113w, https:\/\/www.globalong.com\/blog\/wp-content\/uploads\/2018\/09\/20180829_1331452-min.jpg 1932w\" sizes=\"(max-width: 300px) 100vw, 300px\" \/><\/a><strong>Mon exp\u00e9rience en Tha\u00eflande fut magnifique et inoubliable !<\/strong><\/p>\n<p style=\"text-align: justify;\">J\u2019ai pass\u00e9 <strong>deux mois au c\u0153ur de la population tha\u00eflandaise<\/strong> gr\u00e2ce au <a href=\"https:\/\/www.globalong.com\/sejour-benevolat\/thailande-bangkok-ayuthaya\/anglais-cours-thailande-benevolat.html\" target=\"_blank\" rel=\"noopener\"><span style=\"text-decoration: underline; color: #b81657;\"><strong>programme d&rsquo;enseignement de l&rsquo;anglais<\/strong><\/span><\/a> propos\u00e9 par <a href=\"https:\/\/www.globalong.com\/apropos.html\" target=\"_blank\" rel=\"noopener\"><span style=\"text-decoration: underline;\"><strong><span style=\"color: #b81657; text-decoration: underline;\">Globalong<\/span><\/strong><\/span><\/a>, o\u00f9 <strong>tout s&rsquo;est pass\u00e9 merveilleusement bien<\/strong>.<\/p>\n<p style=\"text-align: justify;\">Cela m\u2019a permis de d\u00e9couvrir au quotidien <strong>un peuple extraordinaire avec le sourire<\/strong> coll\u00e9 au visage <strong>et<\/strong> <strong>le c\u0153ur sur la main<\/strong>.<\/p>\n<p style=\"text-align: justify;\">En effet, <strong>les professeurs et les \u00e9l\u00e8ves sont extr\u00eamement accueillants, attachants mais aussi tr\u00e8s reconnaissants<\/strong>, <a href=\"https:\/\/www.globalong.com\/blog\/benevolat-associatif-bienfaits-psychologie-humanitaire-avis-etranger\/\" target=\"_blank\" rel=\"noopener\"><span style=\"text-decoration: underline;\"><span style=\"color: #b81657;\"><strong>ce qui permet de sentir qu\u2019on les aide vraiment lors de la mission<\/strong><\/span><\/span><\/a>.<\/p>\n<p style=\"text-align: justify;\">Si vous avez peur de votre niveau d\u2019anglais, ne vous en faites pas : le niveau d\u2019anglais en Tha\u00eflande n\u2019est pas tr\u00e8s difficile \u00e0 atteindre.<\/p>\n<p style=\"text-align: justify;\">Par ailleurs, les semaines ne sont pas tr\u00e8s charg\u00e9es mais si vous le souhaitez, vous pouvez bien s\u00fbr demander \u00e0 travailler plus voire m\u00eame autant que les professeurs.<\/p>\n<p style=\"text-align: justify;\"><a href=\"https:\/\/www.globalong.com\/blog\/wp-content\/uploads\/2018\/09\/20180806_112607-min.jpg\"><img loading=\"lazy\" decoding=\"async\" class=\"size-medium wp-image-11291 aligncenter\" src=\"https:\/\/www.globalong.com\/blog\/wp-content\/uploads\/2018\/09\/20180806_112607-min-300x169.jpg\" alt=\"\" width=\"300\" height=\"169\" srcset=\"https:\/\/www.globalong.com\/blog\/wp-content\/uploads\/2018\/09\/20180806_112607-min-300x169.jpg 300w, https:\/\/www.globalong.com\/blog\/wp-content\/uploads\/2018\/09\/20180806_112607-min-768x432.jpg 768w, https:\/\/www.globalong.com\/blog\/wp-content\/uploads\/2018\/09\/20180806_112607-min-1024x576.jpg 1024w, https:\/\/www.globalong.com\/blog\/wp-content\/uploads\/2018\/09\/20180806_112607-min-150x84.jpg 150w\" sizes=\"(max-width: 300px) 100vw, 300px\" \/><\/a><strong>Sur place, nous sommes log\u00e9s dans la \u00ab\u00a0maison des volontaires\u00a0\u00bb.\u00a0<\/strong>C\u2019est comme une maison d\u2019h\u00f4te avec une famille tha\u00eflandaise qui propose des chambres ind\u00e9pendantes les unes des autres.\u00a0<strong>La famille est super sympa et la maison permet de <a href=\"https:\/\/www.globalong.com\/blog\/amitie-solidarite-paix-peuples-developpement-benevolat-volontaire-ong-globalong\/\" target=\"_blank\" rel=\"noopener\"><span style=\"text-decoration: underline; color: #b81657;\">rencontrer des personnes du monde entier<\/span><\/a>, ce qui est super enrichissant.<\/strong><\/p>\n<p style=\"text-align: justify;\">On peut profiter aussi du week-end pour <strong>voyager<\/strong> assez facilement.<\/p>\n<p><img loading=\"lazy\" decoding=\"async\" class=\"size-medium wp-image-11293 aligncenter\" src=\"https:\/\/www.globalong.com\/blog\/wp-content\/uploads\/2018\/09\/20180801_102021-min-300x169.jpg\" alt=\"\" width=\"300\" height=\"169\" srcset=\"https:\/\/www.globalong.com\/blog\/wp-content\/uploads\/2018\/09\/20180801_102021-min-300x169.jpg 300w, https:\/\/www.globalong.com\/blog\/wp-content\/uploads\/2018\/09\/20180801_102021-min-768x432.jpg 768w, https:\/\/www.globalong.com\/blog\/wp-content\/uploads\/2018\/09\/20180801_102021-min-1024x576.jpg 1024w, https:\/\/www.globalong.com\/blog\/wp-content\/uploads\/2018\/09\/20180801_102021-min-150x84.jpg 150w\" sizes=\"(max-width: 300px) 100vw, 300px\" \/><\/p>\n<p style=\"text-align: justify;\">P<span style=\"text-align: justify;\">uisque nous sommes au centre de la Tha\u00eflande, les co\u00fbts pour aller dans les quatre coins du pays sont tr\u00e8s accessibles.<\/span><\/p>\n<p style=\"text-align: justify;\"><strong>En r\u00e9sum\u00e9, cette exp\u00e9rience inoubliable est extr\u00eamement enrichissante autant sur le fait de donner de sa personne mais aussi sur le <a href=\"https:\/\/www.globalong.com\/blog\/charite-association-benevolat-volontaire-international-aider-solidaire\/\" target=\"_blank\" rel=\"noopener\"><span style=\"text-decoration: underline; color: #b81657;\">d\u00e9veloppement personnel<\/span><\/a>.<\/strong><\/p>\n<p style=\"text-align: justify;\"><strong>Et enfin, je remercie Globalong pour cette belle aventure, que je recommande d\u2019ailleurs d\u00e9j\u00e0.<\/strong><\/p>\n<p style=\"text-align: justify;\">Brahim<\/p>\n<p style=\"text-align: center;\">Pour plus d\u2019informations sur les missions humanitaires ou les stages \u00e0 l\u2019international, n\u2019h\u00e9sitez pas \u00e0 nous contacter \u00e0 l\u2019adresse :<\/p>\n<p style=\"text-align: center;\"><a href=\"mailto:info@globalong.com\" target=\"_blank\" rel=\"noopener\"><span style=\"text-decoration: underline;\"><strong><span style=\"color: #b81657; text-decoration: underline;\">info@globalong.com<\/span><\/strong><\/span><\/a><\/p>\n<p style=\"text-align: center;\"><a href=\"https:\/\/www.globalong.com\/sejour-benevolat\/thailande-bangkok-ayuthaya\/enfance-thailande-benevolat.html\" target=\"_blank\" rel=\"noopener\"><span style=\"text-decoration: underline;\"><strong><span style=\"color: #b81657; text-decoration: underline;\">D\u00e9couvrez le\u00a0programme de b\u00e9n\u00e9volat\u00a0sur lequel Brahim s\u2019est engag\u00e9 !<\/span><\/strong><\/span><\/a><\/p>\n<p style=\"text-align: center;\"><a href=\"https:\/\/www.flickr.com\/photos\/globalong\/albums\/72157639811300215\" target=\"_blank\" rel=\"noopener\"><span style=\"text-decoration: underline;\"><strong><span style=\"color: #b81657; text-decoration: underline;\">D\u00e9couvrez plus de photos de nos adh\u00e9rents engag\u00e9s en Tha\u00eflande !<\/span><\/strong><\/span><\/a><\/p>\n","protected":false},"excerpt":{"rendered":"<p>T\u00e9moignage de Brahim, adh\u00e9rent de l\u2019association GlobAlong et b\u00e9n\u00e9vole en Tha\u00eflande Mon exp\u00e9rience en Tha\u00eflande fut magnifique et inoubliable ! J\u2019ai pass\u00e9 deux mois au c\u0153ur de la population tha\u00eflandaise gr\u00e2ce au programme d&rsquo;enseignement de l&rsquo;anglais propos\u00e9 par Globalong, o\u00f9 tout s&rsquo;est pass\u00e9 merveilleusement bien. Cela m\u2019a permis de d\u00e9couvrir au quotidien un peuple extraordinaire [&hellip;]<\/p>\n","protected":false},"author":5,"featured_media":11293,"parent":883,"menu_order":0,"comment_status":"closed","ping_status":"closed","template":"","meta":{"footnotes":""},"yoast_head":"<!-- This site is optimized with the Yoast SEO Premium plugin v23.4 (Yoast SEO v23.4) - https:\/\/yoast.com\/wordpress\/plugins\/seo\/ -->\n<title>Tha\u00eflande - Brahim - Association Globalong<\/title>\n<meta name=\"robots\" content=\"index, follow, max-snippet:-1, max-image-preview:large, max-video-preview:-1\" \/>\n<link rel=\"canonical\" href=\"https:\/\/www.globalong.com\/blog\/avis-temoignages-globalong\/thailande-brahim-programme-enseignement-ecole-education-enfants\/\" \/>\n<meta property=\"og:locale\" content=\"fr_FR\" \/>\n<meta property=\"og:type\" content=\"article\" \/>\n<meta property=\"og:title\" content=\"Tha\u00eflande - Brahim\" \/>\n<meta property=\"og:description\" content=\"T\u00e9moignage de Brahim, adh\u00e9rent de l\u2019association GlobAlong et b\u00e9n\u00e9vole en Tha\u00eflande Mon exp\u00e9rience en Tha\u00eflande fut magnifique et inoubliable ! J\u2019ai pass\u00e9 deux mois au c\u0153ur de la population tha\u00eflandaise gr\u00e2ce au programme d&rsquo;enseignement de l&rsquo;anglais propos\u00e9 par Globalong, o\u00f9 tout s&rsquo;est pass\u00e9 merveilleusement bien. Cela m\u2019a permis de d\u00e9couvrir au quotidien un peuple extraordinaire [&hellip;]\" \/>\n<meta property=\"og:url\" content=\"https:\/\/www.globalong.com\/blog\/avis-temoignages-globalong\/thailande-brahim-programme-enseignement-ecole-education-enfants\/\" \/>\n<meta property=\"og:site_name\" content=\"Association Globalong\" \/>\n<meta property=\"article:publisher\" content=\"https:\/\/www.facebook.com\/globalong\" \/>\n<meta property=\"article:modified_time\" content=\"2022-05-08T13:45:04+00:00\" \/>\n<meta property=\"og:image\" content=\"https:\/\/www.globalong.com\/blog\/wp-content\/uploads\/2018\/09\/20180801_102021-min.jpg\" \/>\n\t<meta property=\"og:image:width\" content=\"4128\" \/>\n\t<meta property=\"og:image:height\" content=\"2322\" \/>\n\t<meta property=\"og:image:type\" content=\"image\/jpeg\" \/>\n<meta name=\"twitter:card\" content=\"summary_large_image\" \/>\n<meta name=\"twitter:label1\" content=\"Dur\u00e9e de lecture estim\u00e9e\" \/>\n\t<meta name=\"twitter:data1\" content=\"2 minutes\" \/>\n<script type=\"application\/ld+json\" class=\"yoast-schema-graph\">{\"@context\":\"https:\/\/schema.org\",\"@graph\":[{\"@type\":\"WebPage\",\"@id\":\"https:\/\/www.globalong.com\/blog\/avis-temoignages-globalong\/thailande-brahim-programme-enseignement-ecole-education-enfants\/\",\"url\":\"https:\/\/www.globalong.com\/blog\/avis-temoignages-globalong\/thailande-brahim-programme-enseignement-ecole-education-enfants\/\",\"name\":\"Tha\u00eflande - Brahim - Association Globalong\",\"isPartOf\":{\"@id\":\"https:\/\/www.globalong.com\/blog\/#website\"},\"primaryImageOfPage\":{\"@id\":\"https:\/\/www.globalong.com\/blog\/avis-temoignages-globalong\/thailande-brahim-programme-enseignement-ecole-education-enfants\/#primaryimage\"},\"image\":{\"@id\":\"https:\/\/www.globalong.com\/blog\/avis-temoignages-globalong\/thailande-brahim-programme-enseignement-ecole-education-enfants\/#primaryimage\"},\"thumbnailUrl\":\"https:\/\/www.globalong.com\/blog\/wp-content\/uploads\/2018\/09\/20180801_102021-min.jpg\",\"datePublished\":\"2018-09-19T14:02:03+00:00\",\"dateModified\":\"2022-05-08T13:45:04+00:00\",\"breadcrumb\":{\"@id\":\"https:\/\/www.globalong.com\/blog\/avis-temoignages-globalong\/thailande-brahim-programme-enseignement-ecole-education-enfants\/#breadcrumb\"},\"inLanguage\":\"fr-FR\",\"potentialAction\":[{\"@type\":\"ReadAction\",\"target\":[\"https:\/\/www.globalong.com\/blog\/avis-temoignages-globalong\/thailande-brahim-programme-enseignement-ecole-education-enfants\/\"]}]},{\"@type\":\"ImageObject\",\"inLanguage\":\"fr-FR\",\"@id\":\"https:\/\/www.globalong.com\/blog\/avis-temoignages-globalong\/thailande-brahim-programme-enseignement-ecole-education-enfants\/#primaryimage\",\"url\":\"https:\/\/www.globalong.com\/blog\/wp-content\/uploads\/2018\/09\/20180801_102021-min.jpg\",\"contentUrl\":\"https:\/\/www.globalong.com\/blog\/wp-content\/uploads\/2018\/09\/20180801_102021-min.jpg\",\"width\":4128,\"height\":2322,\"caption\":\"Programme de volontariat humanitaire pour les francophones\"},{\"@type\":\"BreadcrumbList\",\"@id\":\"https:\/\/www.globalong.com\/blog\/avis-temoignages-globalong\/thailande-brahim-programme-enseignement-ecole-education-enfants\/#breadcrumb\",\"itemListElement\":[{\"@type\":\"ListItem\",\"position\":1,\"name\":\"Accueil\",\"item\":\"https:\/\/www.globalong.com\/blog\/\"},{\"@type\":\"ListItem\",\"position\":2,\"name\":\"T\u00e9moignages et avis de volontaires Globalong\",\"item\":\"https:\/\/www.globalong.com\/blog\/avis-temoignages-globalong\/\"},{\"@type\":\"ListItem\",\"position\":3,\"name\":\"Tha\u00eflande &#8211; Brahim\"}]},{\"@type\":\"WebSite\",\"@id\":\"https:\/\/www.globalong.com\/blog\/#website\",\"url\":\"https:\/\/www.globalong.com\/blog\/\",\"name\":\"https:\/\/www.globalong.com\/\",\"description\":\"Mission humanitaire, stage \u00e9tudiant et voyage linguistique\",\"publisher\":{\"@id\":\"https:\/\/www.globalong.com\/blog\/#organization\"},\"potentialAction\":[{\"@type\":\"SearchAction\",\"target\":{\"@type\":\"EntryPoint\",\"urlTemplate\":\"https:\/\/www.globalong.com\/blog\/?s={search_term_string}\"},\"query-input\":{\"@type\":\"PropertyValueSpecification\",\"valueRequired\":true,\"valueName\":\"search_term_string\"}}],\"inLanguage\":\"fr-FR\"},{\"@type\":\"Organization\",\"@id\":\"https:\/\/www.globalong.com\/blog\/#organization\",\"name\":\"Association Globalong\",\"url\":\"https:\/\/www.globalong.com\/blog\/\",\"logo\":{\"@type\":\"ImageObject\",\"inLanguage\":\"fr-FR\",\"@id\":\"https:\/\/www.globalong.com\/blog\/#\/schema\/logo\/image\/\",\"url\":\"https:\/\/www.globalong.com\/blog\/wp-content\/uploads\/2014\/11\/cropped-cropped-Logo-et-Afrique-Globalong-petite-taille-2.jpg\",\"contentUrl\":\"https:\/\/www.globalong.com\/blog\/wp-content\/uploads\/2014\/11\/cropped-cropped-Logo-et-Afrique-Globalong-petite-taille-2.jpg\",\"width\":512,\"height\":512,\"caption\":\"Association Globalong\"},\"image\":{\"@id\":\"https:\/\/www.globalong.com\/blog\/#\/schema\/logo\/image\/\"},\"sameAs\":[\"https:\/\/www.facebook.com\/globalong\"]}]}<\/script>\n<!-- \/ Yoast SEO Premium plugin. -->","yoast_head_json":{"title":"Tha\u00eflande - Brahim - Association Globalong","robots":{"index":"index","follow":"follow","max-snippet":"max-snippet:-1","max-image-preview":"max-image-preview:large","max-video-preview":"max-video-preview:-1"},"canonical":"https:\/\/www.globalong.com\/blog\/avis-temoignages-globalong\/thailande-brahim-programme-enseignement-ecole-education-enfants\/","og_locale":"fr_FR","og_type":"article","og_title":"Tha\u00eflande - Brahim","og_description":"T\u00e9moignage de Brahim, adh\u00e9rent de l\u2019association GlobAlong et b\u00e9n\u00e9vole en Tha\u00eflande Mon exp\u00e9rience en Tha\u00eflande fut magnifique et inoubliable ! J\u2019ai pass\u00e9 deux mois au c\u0153ur de la population tha\u00eflandaise gr\u00e2ce au programme d&rsquo;enseignement de l&rsquo;anglais propos\u00e9 par Globalong, o\u00f9 tout s&rsquo;est pass\u00e9 merveilleusement bien. Cela m\u2019a permis de d\u00e9couvrir au quotidien un peuple extraordinaire [&hellip;]","og_url":"https:\/\/www.globalong.com\/blog\/avis-temoignages-globalong\/thailande-brahim-programme-enseignement-ecole-education-enfants\/","og_site_name":"Association Globalong","article_publisher":"https:\/\/www.facebook.com\/globalong","article_modified_time":"2022-05-08T13:45:04+00:00","og_image":[{"width":4128,"height":2322,"url":"https:\/\/www.globalong.com\/blog\/wp-content\/uploads\/2018\/09\/20180801_102021-min.jpg","type":"image\/jpeg"}],"twitter_card":"summary_large_image","twitter_misc":{"Dur\u00e9e de lecture estim\u00e9e":"2 minutes"},"schema":{"@context":"https:\/\/schema.org","@graph":[{"@type":"WebPage","@id":"https:\/\/www.globalong.com\/blog\/avis-temoignages-globalong\/thailande-brahim-programme-enseignement-ecole-education-enfants\/","url":"https:\/\/www.globalong.com\/blog\/avis-temoignages-globalong\/thailande-brahim-programme-enseignement-ecole-education-enfants\/","name":"Tha\u00eflande - Brahim - Association Globalong","isPartOf":{"@id":"https:\/\/www.globalong.com\/blog\/#website"},"primaryImageOfPage":{"@id":"https:\/\/www.globalong.com\/blog\/avis-temoignages-globalong\/thailande-brahim-programme-enseignement-ecole-education-enfants\/#primaryimage"},"image":{"@id":"https:\/\/www.globalong.com\/blog\/avis-temoignages-globalong\/thailande-brahim-programme-enseignement-ecole-education-enfants\/#primaryimage"},"thumbnailUrl":"https:\/\/www.globalong.com\/blog\/wp-content\/uploads\/2018\/09\/20180801_102021-min.jpg","datePublished":"2018-09-19T14:02:03+00:00","dateModified":"2022-05-08T13:45:04+00:00","breadcrumb":{"@id":"https:\/\/www.globalong.com\/blog\/avis-temoignages-globalong\/thailande-brahim-programme-enseignement-ecole-education-enfants\/#breadcrumb"},"inLanguage":"fr-FR","potentialAction":[{"@type":"ReadAction","target":["https:\/\/www.globalong.com\/blog\/avis-temoignages-globalong\/thailande-brahim-programme-enseignement-ecole-education-enfants\/"]}]},{"@type":"ImageObject","inLanguage":"fr-FR","@id":"https:\/\/www.globalong.com\/blog\/avis-temoignages-globalong\/thailande-brahim-programme-enseignement-ecole-education-enfants\/#primaryimage","url":"https:\/\/www.globalong.com\/blog\/wp-content\/uploads\/2018\/09\/20180801_102021-min.jpg","contentUrl":"https:\/\/www.globalong.com\/blog\/wp-content\/uploads\/2018\/09\/20180801_102021-min.jpg","width":4128,"height":2322,"caption":"Programme de volontariat humanitaire pour les francophones"},{"@type":"BreadcrumbList","@id":"https:\/\/www.globalong.com\/blog\/avis-temoignages-globalong\/thailande-brahim-programme-enseignement-ecole-education-enfants\/#breadcrumb","itemListElement":[{"@type":"ListItem","position":1,"name":"Accueil","item":"https:\/\/www.globalong.com\/blog\/"},{"@type":"ListItem","position":2,"name":"T\u00e9moignages et avis de volontaires Globalong","item":"https:\/\/www.globalong.com\/blog\/avis-temoignages-globalong\/"},{"@type":"ListItem","position":3,"name":"Tha\u00eflande &#8211; Brahim"}]},{"@type":"WebSite","@id":"https:\/\/www.globalong.com\/blog\/#website","url":"https:\/\/www.globalong.com\/blog\/","name":"https:\/\/www.globalong.com\/","description":"Mission humanitaire, stage \u00e9tudiant et voyage linguistique","publisher":{"@id":"https:\/\/www.globalong.com\/blog\/#organization"},"potentialAction":[{"@type":"SearchAction","target":{"@type":"EntryPoint","urlTemplate":"https:\/\/www.globalong.com\/blog\/?s={search_term_string}"},"query-input":{"@type":"PropertyValueSpecification","valueRequired":true,"valueName":"search_term_string"}}],"inLanguage":"fr-FR"},{"@type":"Organization","@id":"https:\/\/www.globalong.com\/blog\/#organization","name":"Association Globalong","url":"https:\/\/www.globalong.com\/blog\/","logo":{"@type":"ImageObject","inLanguage":"fr-FR","@id":"https:\/\/www.globalong.com\/blog\/#\/schema\/logo\/image\/","url":"https:\/\/www.globalong.com\/blog\/wp-content\/uploads\/2014\/11\/cropped-cropped-Logo-et-Afrique-Globalong-petite-taille-2.jpg","contentUrl":"https:\/\/www.globalong.com\/blog\/wp-content\/uploads\/2014\/11\/cropped-cropped-Logo-et-Afrique-Globalong-petite-taille-2.jpg","width":512,"height":512,"caption":"Association Globalong"},"image":{"@id":"https:\/\/www.globalong.com\/blog\/#\/schema\/logo\/image\/"},"sameAs":["https:\/\/www.facebook.com\/globalong"]}]}},"_links":{"self":[{"href":"https:\/\/www.globalong.com\/blog\/wp-json\/wp\/v2\/pages\/11283"}],"collection":[{"href":"https:\/\/www.globalong.com\/blog\/wp-json\/wp\/v2\/pages"}],"about":[{"href":"https:\/\/www.globalong.com\/blog\/wp-json\/wp\/v2\/types\/page"}],"author":[{"embeddable":true,"href":"https:\/\/www.globalong.com\/blog\/wp-json\/wp\/v2\/users\/5"}],"replies":[{"embeddable":true,"href":"https:\/\/www.globalong.com\/blog\/wp-json\/wp\/v2\/comments?post=11283"}],"version-history":[{"count":21,"href":"https:\/\/www.globalong.com\/blog\/wp-json\/wp\/v2\/pages\/11283\/revisions"}],"predecessor-version":[{"id":14581,"href":"https:\/\/www.globalong.com\/blog\/wp-json\/wp\/v2\/pages\/11283\/revisions\/14581"}],"up":[{"embeddable":true,"href":"https:\/\/www.globalong.com\/blog\/wp-json\/wp\/v2\/pages\/883"}],"wp:featuredmedia":[{"embeddable":true,"href":"https:\/\/www.globalong.com\/blog\/wp-json\/wp\/v2\/media\/11293"}],"wp:attachment":[{"href":"https:\/\/www.globalong.com\/blog\/wp-json\/wp\/v2\/media?parent=11283"}],"curies":[{"name":"wp","href":"https:\/\/api.w.org\/{rel}","templated":true}]}}