{"id":11755,"date":"2018-10-11T17:18:33","date_gmt":"2018-10-11T15:18:33","guid":{"rendered":"https:\/\/www.globalong.com\/blog\/?page_id=11755"},"modified":"2022-01-11T16:47:01","modified_gmt":"2022-01-11T15:47:01","slug":"nepal-julie-orphelinat-enfants-solidarite-soutien-humanitaire","status":"publish","type":"page","link":"https:\/\/www.globalong.com\/blog\/avis-temoignages-globalong\/nepal-julie-orphelinat-enfants-solidarite-soutien-humanitaire\/","title":{"rendered":"N\u00e9pal &#8211; Julie"},"content":{"rendered":"<p style=\"text-align: center;\"><span style=\"color: #b81657;\"><strong>T\u00e9moignage de Julie, volontaire au <a href=\"https:\/\/www.globalong.com\/sejour-benevolat\/benevolat-au-nepal-humanitaire.html\" target=\"_blank\" rel=\"noopener\"><span style=\"text-decoration: underline;\">N\u00e9pal<\/span><\/a> avec l&rsquo;<a href=\"https:\/\/www.globalong.com\/apropos.html\" target=\"_blank\" rel=\"noopener\"><span style=\"text-decoration: underline;\">association Globalong<\/span><\/a><\/strong><\/span><\/p>\n<p style=\"text-align: justify;\"><strong><br \/>\n<a href=\"https:\/\/www.globalong.com\/blog\/wp-content\/uploads\/2018\/10\/image1-min-1.jpeg\"><img loading=\"lazy\" decoding=\"async\" class=\"wp-image-11761 aligncenter\" src=\"https:\/\/www.globalong.com\/blog\/wp-content\/uploads\/2018\/10\/image1-min-1-150x150.jpeg\" alt=\"\" width=\"300\" height=\"534\" srcset=\"https:\/\/www.globalong.com\/blog\/wp-content\/uploads\/2018\/10\/image1-min-1-169x300.jpeg 169w, https:\/\/www.globalong.com\/blog\/wp-content\/uploads\/2018\/10\/image1-min-1-576x1024.jpeg 576w, https:\/\/www.globalong.com\/blog\/wp-content\/uploads\/2018\/10\/image1-min-1-84x150.jpeg 84w, https:\/\/www.globalong.com\/blog\/wp-content\/uploads\/2018\/10\/image1-min-1.jpeg 750w\" sizes=\"(max-width: 300px) 100vw, 300px\" \/><\/a>Je voulais r\u00e9aliser un <a href=\"https:\/\/www.globalong.com\/blog\/top-10-preparation-valise-astuces-conseils-mission-humanitaire-volontariat-international-avis\/\" target=\"_blank\" rel=\"noopener\"><span style=\"text-decoration: underline;\"><span style=\"color: #b81657; text-decoration: underline;\">voyage humanitaire<\/span><\/span><\/a>, d\u00e9couvrir la culture locale tout en \u00e9tant au c\u0153ur de la population.<\/strong><\/p>\n<p style=\"text-align: justify;\"><strong>Je suis partie au N\u00e9pal avec l&rsquo;association Globalong, que je recommanderais pour leur disponibilit\u00e9 et leur gentillesse<\/strong> (par mail et par t\u00e9l\u00e9phone) mais \u00e9galement <strong>pour les missions authentiques et compl\u00e8tes<\/strong> qu&rsquo;ils proposent.<\/p>\n<p style=\"text-align: justify;\">De mani\u00e8re g\u00e9n\u00e9rale, <strong>tout s&rsquo;est bien d\u00e9roul\u00e9<\/strong> ! Le fait d&rsquo;\u00eatre seule volontaire pendant la p\u00e9riode d&rsquo;introduction a \u00e9t\u00e9, n\u00e9anmoins, plus compliqu\u00e9 dans ses d\u00e9buts, avec par moments un sentiment de mise \u00e0 l&rsquo;\u00e9cart, d&rsquo;isolement.<\/p>\n<p style=\"text-align: justify;\"><strong>La p\u00e9riode de b\u00e9n\u00e9volat \u00e9tait g\u00e9niale, <a href=\"https:\/\/www.globalong.com\/blog\/charite-association-benevolat-volontaire-international-aider-solidaire\/\" target=\"_blank\" rel=\"noopener\"><span style=\"text-decoration: underline;\"><span style=\"color: #b81657; text-decoration: underline;\">riche en apprentissages, d\u00e9couvertes et<\/span><\/span><\/a><\/strong><span style=\"text-decoration: underline;\"><span style=\"color: #b81657; text-decoration: underline;\">\u00a0<strong>\u00e9changes vraiment authentiques<\/strong><\/span><\/span>. Difficile de quitter tout le monde \u00e0 la fin de la mission&#8230;<\/p>\n<p style=\"text-align: justify;\"><strong>Vivre chez les locaux est forc\u00e9ment un plus<\/strong> quand on part dans ce type de mission ! Mais, il est des rencontres, impr\u00e9visibles, qui rendent \u00e9galement le voyage encore meilleur. J&rsquo;ai eu la chance d&rsquo;aller \u00e0 l&rsquo;<a href=\"https:\/\/www.globalong.com\/sejour-benevolat\/benevolat-au-nepal-humanitaire\/enfants-nepal-volontariat.html\" target=\"_blank\" rel=\"noopener\"><span style=\"text-decoration: underline; color: #b81657;\"><strong>orphelinat \u00e0 Pokhara<\/strong><\/span><\/a> et de <strong>rencontrer tous ses enfants, qui m&rsquo;ont chacun tellement apport\u00e9<\/strong> ! J&rsquo;\u00e9voque les enfants car ils \u00e9taient centraux, mais <strong>les adultes en charge de l&rsquo;organisation et du bon fonctionnement de l&rsquo;orphelinat ont, eux aussi, \u00e9t\u00e9 des rencontres plus qu&rsquo;int\u00e9ressantes<\/strong>.<br \/>\n<a href=\"https:\/\/www.globalong.com\/blog\/wp-content\/uploads\/2018\/10\/image6-min.jpeg\"><img loading=\"lazy\" decoding=\"async\" class=\"wp-image-11763 size-medium aligncenter\" src=\"https:\/\/www.globalong.com\/blog\/wp-content\/uploads\/2018\/10\/image6-min-300x225.jpeg\" alt=\"\" width=\"300\" height=\"225\" srcset=\"https:\/\/www.globalong.com\/blog\/wp-content\/uploads\/2018\/10\/image6-min-300x225.jpeg 300w, https:\/\/www.globalong.com\/blog\/wp-content\/uploads\/2018\/10\/image6-min-768x576.jpeg 768w, https:\/\/www.globalong.com\/blog\/wp-content\/uploads\/2018\/10\/image6-min-1024x768.jpeg 1024w, https:\/\/www.globalong.com\/blog\/wp-content\/uploads\/2018\/10\/image6-min-150x113.jpeg 150w, https:\/\/www.globalong.com\/blog\/wp-content\/uploads\/2018\/10\/image6-min.jpeg 1632w\" sizes=\"(max-width: 300px) 100vw, 300px\" \/><\/a><\/p>\n<p style=\"text-align: justify;\"><strong>Les commer\u00e7ants dans les rues vous accueillent ou dansent avec vous<\/strong> comme si vous vous \u00e9tiez toujours connus. <strong>Des locaux, tout au long du trek des Annapurnas, s&rsquo;assoient avec vous et prennent le temps de discuter, d&rsquo;\u00e9changer<\/strong>. <strong>Je pense que ce voyage se r\u00e9sume en r\u00e9alit\u00e9 par toutes ces rencontres !<\/strong><\/p>\n<p style=\"text-align: justify;\">Apr\u00e8s mon programme, j&rsquo;ai eu l&rsquo;occasion de<strong> visiter la r\u00e9gion<\/strong> : Swayambhunath Temple (Katmandou) &#8211; Pashupatinath Temple (Katmandou), Pokhara et sa r\u00e9gion Bandipur.<\/p>\n<p style=\"text-align: justify;\"><strong><a href=\"https:\/\/www.globalong.com\/blog\/wp-content\/uploads\/2018\/10\/image7-min.jpeg\"><img loading=\"lazy\" decoding=\"async\" class=\"wp-image-11766 aligncenter\" src=\"https:\/\/www.globalong.com\/blog\/wp-content\/uploads\/2018\/10\/image7-min-150x150.jpeg\" alt=\"\" width=\"300\" height=\"400\" srcset=\"https:\/\/www.globalong.com\/blog\/wp-content\/uploads\/2018\/10\/image7-min-225x300.jpeg 225w, https:\/\/www.globalong.com\/blog\/wp-content\/uploads\/2018\/10\/image7-min-768x1024.jpeg 768w, https:\/\/www.globalong.com\/blog\/wp-content\/uploads\/2018\/10\/image7-min-113x150.jpeg 113w, https:\/\/www.globalong.com\/blog\/wp-content\/uploads\/2018\/10\/image7-min.jpeg 960w\" sizes=\"(max-width: 300px) 100vw, 300px\" \/><\/a>C&rsquo;est une exp\u00e9rience personnelle qui m&rsquo;aidera \u00e0 relativiser, et m&rsquo;attarder sur les plaisirs simples du quotidien, \u00e0 me ramener \u00e0 l&rsquo;essentiel !<\/strong><\/p>\n<p style=\"text-align: justify;\">Je n&rsquo;ai pas sp\u00e9cialement eu de mal \u00e0 me r\u00e9-adapter \u00e0 mon quotidien mais je m&rsquo;attarde \u00e0 remarquer le <strong>contraste<\/strong> !<\/p>\n<p style=\"text-align: justify;\">Les <strong>conseils<\/strong> que je donnerais aux futurs volontaires au N\u00e9pal :<\/p>\n<ul style=\"text-align: justify;\">\n<li><strong>Prenez le temps de vous renseigner sur le pays avant le d\u00e9part et d&rsquo;\u00eatre attentifs \u00e0 tous les conseils, notamment ceux transmis par l&rsquo;association, en terme d&rsquo;adaptation<\/strong>. Bien que plus qu&rsquo;inform\u00e9 sur le pays, <a href=\"https:\/\/www.globalong.com\/blog\/dossiers-globalong-information-supplementaires-astuces-difference-question-stage-langues-missions-benevolat-sejours-linguistiques-humanitaire-etranger-projet-annee-sabbatique\/nouvelle-page-2\/\" target=\"_blank\" rel=\"noopener\"><span style=\"text-decoration: underline; color: #b81657;\"><strong>le choc culturel<\/strong> <\/span><\/a>est bel et bien pr\u00e9sent !<\/li>\n<li><strong>Sur place, ne jugez pas, prenez le temps de comprendre leurs modes de vie<\/strong>. Parfois bien loin des n\u00f4tres, mais tout \u00e0 fait explicables dans leur contexte.<\/li>\n<li><strong>FONCEZ !!!<\/strong><\/li>\n<\/ul>\n<p style=\"text-align: justify;\">Julie<\/p>\n<p style=\"text-align: center;\">Pour plus d\u2019informations, n\u2019h\u00e9sitez pas \u00e0 nous contacter \u00e0\u00a0<a href=\"mailto:info@globalong.com\" target=\"_blank\" rel=\"noopener\"><span style=\"text-decoration: underline;\"><strong>info@globalong.com<\/strong><\/span><\/a><\/p>\n<p style=\"text-align: center;\"><a href=\"https:\/\/www.globalong.com\/sejour-benevolat\/benevolat-au-nepal-humanitaire.html\" target=\"_blank\" rel=\"noopener\"><span style=\"text-decoration: underline; color: #b81657;\"><strong>D\u00e9couvrez les programmes au N\u00e9pal\u00a0et vivez l\u2019exp\u00e9rience de votre vie !<\/strong><\/span><\/a><\/p>\n<p style=\"text-align: center;\"><a href=\"https:\/\/www.flickr.com\/photos\/globalong\/sets\/72157639471477014\" target=\"_blank\" rel=\"noopener\"><span style=\"text-decoration: underline; color: #b81657;\"><strong>Pour voir plus de photos du N\u00e9pal,\u00a0cliquez ici\u00a0!<\/strong><\/span><\/a><\/p>\n","protected":false},"excerpt":{"rendered":"<p>T\u00e9moignage de Julie, volontaire au N\u00e9pal avec l&rsquo;association Globalong Je voulais r\u00e9aliser un voyage humanitaire, d\u00e9couvrir la culture locale tout en \u00e9tant au c\u0153ur de la population. Je suis partie au N\u00e9pal avec l&rsquo;association Globalong, que je recommanderais pour leur disponibilit\u00e9 et leur gentillesse (par mail et par t\u00e9l\u00e9phone) mais \u00e9galement pour les missions authentiques [&hellip;]<\/p>\n","protected":false},"author":5,"featured_media":8946,"parent":883,"menu_order":0,"comment_status":"closed","ping_status":"closed","template":"","meta":{"footnotes":""},"yoast_head":"<!-- This site is optimized with the Yoast SEO Premium plugin v23.4 (Yoast SEO v23.4) - https:\/\/yoast.com\/wordpress\/plugins\/seo\/ -->\n<title>N\u00e9pal - Julie - Association Globalong<\/title>\n<meta name=\"robots\" content=\"index, follow, max-snippet:-1, max-image-preview:large, max-video-preview:-1\" \/>\n<link rel=\"canonical\" href=\"https:\/\/www.globalong.com\/blog\/avis-temoignages-globalong\/nepal-julie-orphelinat-enfants-solidarite-soutien-humanitaire\/\" \/>\n<meta property=\"og:locale\" content=\"fr_FR\" \/>\n<meta property=\"og:type\" content=\"article\" \/>\n<meta property=\"og:title\" content=\"N\u00e9pal - Julie\" \/>\n<meta property=\"og:description\" content=\"T\u00e9moignage de Julie, volontaire au N\u00e9pal avec l&rsquo;association Globalong Je voulais r\u00e9aliser un voyage humanitaire, d\u00e9couvrir la culture locale tout en \u00e9tant au c\u0153ur de la population. Je suis partie au N\u00e9pal avec l&rsquo;association Globalong, que je recommanderais pour leur disponibilit\u00e9 et leur gentillesse (par mail et par t\u00e9l\u00e9phone) mais \u00e9galement pour les missions authentiques [&hellip;]\" \/>\n<meta property=\"og:url\" content=\"https:\/\/www.globalong.com\/blog\/avis-temoignages-globalong\/nepal-julie-orphelinat-enfants-solidarite-soutien-humanitaire\/\" \/>\n<meta property=\"og:site_name\" content=\"Association Globalong\" \/>\n<meta property=\"article:publisher\" content=\"https:\/\/www.facebook.com\/globalong\" \/>\n<meta property=\"article:modified_time\" content=\"2022-01-11T15:47:01+00:00\" \/>\n<meta property=\"og:image\" content=\"https:\/\/www.globalong.com\/blog\/wp-content\/uploads\/2018\/01\/Logo-et-Afrique-Globalong2.jpg\" \/>\n\t<meta property=\"og:image:width\" content=\"250\" \/>\n\t<meta property=\"og:image:height\" content=\"172\" \/>\n\t<meta property=\"og:image:type\" content=\"image\/jpeg\" \/>\n<meta name=\"twitter:card\" content=\"summary_large_image\" \/>\n<meta name=\"twitter:label1\" content=\"Dur\u00e9e de lecture estim\u00e9e\" \/>\n\t<meta name=\"twitter:data1\" content=\"2 minutes\" \/>\n<script type=\"application\/ld+json\" class=\"yoast-schema-graph\">{\"@context\":\"https:\/\/schema.org\",\"@graph\":[{\"@type\":\"WebPage\",\"@id\":\"https:\/\/www.globalong.com\/blog\/avis-temoignages-globalong\/nepal-julie-orphelinat-enfants-solidarite-soutien-humanitaire\/\",\"url\":\"https:\/\/www.globalong.com\/blog\/avis-temoignages-globalong\/nepal-julie-orphelinat-enfants-solidarite-soutien-humanitaire\/\",\"name\":\"N\u00e9pal - Julie - Association Globalong\",\"isPartOf\":{\"@id\":\"https:\/\/www.globalong.com\/blog\/#website\"},\"primaryImageOfPage\":{\"@id\":\"https:\/\/www.globalong.com\/blog\/avis-temoignages-globalong\/nepal-julie-orphelinat-enfants-solidarite-soutien-humanitaire\/#primaryimage\"},\"image\":{\"@id\":\"https:\/\/www.globalong.com\/blog\/avis-temoignages-globalong\/nepal-julie-orphelinat-enfants-solidarite-soutien-humanitaire\/#primaryimage\"},\"thumbnailUrl\":\"https:\/\/www.globalong.com\/blog\/wp-content\/uploads\/2018\/01\/Logo-et-Afrique-Globalong2.jpg\",\"datePublished\":\"2018-10-11T15:18:33+00:00\",\"dateModified\":\"2022-01-11T15:47:01+00:00\",\"breadcrumb\":{\"@id\":\"https:\/\/www.globalong.com\/blog\/avis-temoignages-globalong\/nepal-julie-orphelinat-enfants-solidarite-soutien-humanitaire\/#breadcrumb\"},\"inLanguage\":\"fr-FR\",\"potentialAction\":[{\"@type\":\"ReadAction\",\"target\":[\"https:\/\/www.globalong.com\/blog\/avis-temoignages-globalong\/nepal-julie-orphelinat-enfants-solidarite-soutien-humanitaire\/\"]}]},{\"@type\":\"ImageObject\",\"inLanguage\":\"fr-FR\",\"@id\":\"https:\/\/www.globalong.com\/blog\/avis-temoignages-globalong\/nepal-julie-orphelinat-enfants-solidarite-soutien-humanitaire\/#primaryimage\",\"url\":\"https:\/\/www.globalong.com\/blog\/wp-content\/uploads\/2018\/01\/Logo-et-Afrique-Globalong2.jpg\",\"contentUrl\":\"https:\/\/www.globalong.com\/blog\/wp-content\/uploads\/2018\/01\/Logo-et-Afrique-Globalong2.jpg\",\"width\":250,\"height\":172},{\"@type\":\"BreadcrumbList\",\"@id\":\"https:\/\/www.globalong.com\/blog\/avis-temoignages-globalong\/nepal-julie-orphelinat-enfants-solidarite-soutien-humanitaire\/#breadcrumb\",\"itemListElement\":[{\"@type\":\"ListItem\",\"position\":1,\"name\":\"Accueil\",\"item\":\"https:\/\/www.globalong.com\/blog\/\"},{\"@type\":\"ListItem\",\"position\":2,\"name\":\"T\u00e9moignages et avis de volontaires Globalong\",\"item\":\"https:\/\/www.globalong.com\/blog\/avis-temoignages-globalong\/\"},{\"@type\":\"ListItem\",\"position\":3,\"name\":\"N\u00e9pal &#8211; Julie\"}]},{\"@type\":\"WebSite\",\"@id\":\"https:\/\/www.globalong.com\/blog\/#website\",\"url\":\"https:\/\/www.globalong.com\/blog\/\",\"name\":\"https:\/\/www.globalong.com\/\",\"description\":\"Mission humanitaire, stage \u00e9tudiant et voyage linguistique\",\"publisher\":{\"@id\":\"https:\/\/www.globalong.com\/blog\/#organization\"},\"potentialAction\":[{\"@type\":\"SearchAction\",\"target\":{\"@type\":\"EntryPoint\",\"urlTemplate\":\"https:\/\/www.globalong.com\/blog\/?s={search_term_string}\"},\"query-input\":{\"@type\":\"PropertyValueSpecification\",\"valueRequired\":true,\"valueName\":\"search_term_string\"}}],\"inLanguage\":\"fr-FR\"},{\"@type\":\"Organization\",\"@id\":\"https:\/\/www.globalong.com\/blog\/#organization\",\"name\":\"Association Globalong\",\"url\":\"https:\/\/www.globalong.com\/blog\/\",\"logo\":{\"@type\":\"ImageObject\",\"inLanguage\":\"fr-FR\",\"@id\":\"https:\/\/www.globalong.com\/blog\/#\/schema\/logo\/image\/\",\"url\":\"https:\/\/www.globalong.com\/blog\/wp-content\/uploads\/2014\/11\/cropped-cropped-Logo-et-Afrique-Globalong-petite-taille-2.jpg\",\"contentUrl\":\"https:\/\/www.globalong.com\/blog\/wp-content\/uploads\/2014\/11\/cropped-cropped-Logo-et-Afrique-Globalong-petite-taille-2.jpg\",\"width\":512,\"height\":512,\"caption\":\"Association Globalong\"},\"image\":{\"@id\":\"https:\/\/www.globalong.com\/blog\/#\/schema\/logo\/image\/\"},\"sameAs\":[\"https:\/\/www.facebook.com\/globalong\"]}]}<\/script>\n<!-- \/ Yoast SEO Premium plugin. -->","yoast_head_json":{"title":"N\u00e9pal - Julie - Association Globalong","robots":{"index":"index","follow":"follow","max-snippet":"max-snippet:-1","max-image-preview":"max-image-preview:large","max-video-preview":"max-video-preview:-1"},"canonical":"https:\/\/www.globalong.com\/blog\/avis-temoignages-globalong\/nepal-julie-orphelinat-enfants-solidarite-soutien-humanitaire\/","og_locale":"fr_FR","og_type":"article","og_title":"N\u00e9pal - Julie","og_description":"T\u00e9moignage de Julie, volontaire au N\u00e9pal avec l&rsquo;association Globalong Je voulais r\u00e9aliser un voyage humanitaire, d\u00e9couvrir la culture locale tout en \u00e9tant au c\u0153ur de la population. Je suis partie au N\u00e9pal avec l&rsquo;association Globalong, que je recommanderais pour leur disponibilit\u00e9 et leur gentillesse (par mail et par t\u00e9l\u00e9phone) mais \u00e9galement pour les missions authentiques [&hellip;]","og_url":"https:\/\/www.globalong.com\/blog\/avis-temoignages-globalong\/nepal-julie-orphelinat-enfants-solidarite-soutien-humanitaire\/","og_site_name":"Association Globalong","article_publisher":"https:\/\/www.facebook.com\/globalong","article_modified_time":"2022-01-11T15:47:01+00:00","og_image":[{"width":250,"height":172,"url":"https:\/\/www.globalong.com\/blog\/wp-content\/uploads\/2018\/01\/Logo-et-Afrique-Globalong2.jpg","type":"image\/jpeg"}],"twitter_card":"summary_large_image","twitter_misc":{"Dur\u00e9e de lecture estim\u00e9e":"2 minutes"},"schema":{"@context":"https:\/\/schema.org","@graph":[{"@type":"WebPage","@id":"https:\/\/www.globalong.com\/blog\/avis-temoignages-globalong\/nepal-julie-orphelinat-enfants-solidarite-soutien-humanitaire\/","url":"https:\/\/www.globalong.com\/blog\/avis-temoignages-globalong\/nepal-julie-orphelinat-enfants-solidarite-soutien-humanitaire\/","name":"N\u00e9pal - Julie - Association Globalong","isPartOf":{"@id":"https:\/\/www.globalong.com\/blog\/#website"},"primaryImageOfPage":{"@id":"https:\/\/www.globalong.com\/blog\/avis-temoignages-globalong\/nepal-julie-orphelinat-enfants-solidarite-soutien-humanitaire\/#primaryimage"},"image":{"@id":"https:\/\/www.globalong.com\/blog\/avis-temoignages-globalong\/nepal-julie-orphelinat-enfants-solidarite-soutien-humanitaire\/#primaryimage"},"thumbnailUrl":"https:\/\/www.globalong.com\/blog\/wp-content\/uploads\/2018\/01\/Logo-et-Afrique-Globalong2.jpg","datePublished":"2018-10-11T15:18:33+00:00","dateModified":"2022-01-11T15:47:01+00:00","breadcrumb":{"@id":"https:\/\/www.globalong.com\/blog\/avis-temoignages-globalong\/nepal-julie-orphelinat-enfants-solidarite-soutien-humanitaire\/#breadcrumb"},"inLanguage":"fr-FR","potentialAction":[{"@type":"ReadAction","target":["https:\/\/www.globalong.com\/blog\/avis-temoignages-globalong\/nepal-julie-orphelinat-enfants-solidarite-soutien-humanitaire\/"]}]},{"@type":"ImageObject","inLanguage":"fr-FR","@id":"https:\/\/www.globalong.com\/blog\/avis-temoignages-globalong\/nepal-julie-orphelinat-enfants-solidarite-soutien-humanitaire\/#primaryimage","url":"https:\/\/www.globalong.com\/blog\/wp-content\/uploads\/2018\/01\/Logo-et-Afrique-Globalong2.jpg","contentUrl":"https:\/\/www.globalong.com\/blog\/wp-content\/uploads\/2018\/01\/Logo-et-Afrique-Globalong2.jpg","width":250,"height":172},{"@type":"BreadcrumbList","@id":"https:\/\/www.globalong.com\/blog\/avis-temoignages-globalong\/nepal-julie-orphelinat-enfants-solidarite-soutien-humanitaire\/#breadcrumb","itemListElement":[{"@type":"ListItem","position":1,"name":"Accueil","item":"https:\/\/www.globalong.com\/blog\/"},{"@type":"ListItem","position":2,"name":"T\u00e9moignages et avis de volontaires Globalong","item":"https:\/\/www.globalong.com\/blog\/avis-temoignages-globalong\/"},{"@type":"ListItem","position":3,"name":"N\u00e9pal &#8211; Julie"}]},{"@type":"WebSite","@id":"https:\/\/www.globalong.com\/blog\/#website","url":"https:\/\/www.globalong.com\/blog\/","name":"https:\/\/www.globalong.com\/","description":"Mission humanitaire, stage \u00e9tudiant et voyage linguistique","publisher":{"@id":"https:\/\/www.globalong.com\/blog\/#organization"},"potentialAction":[{"@type":"SearchAction","target":{"@type":"EntryPoint","urlTemplate":"https:\/\/www.globalong.com\/blog\/?s={search_term_string}"},"query-input":{"@type":"PropertyValueSpecification","valueRequired":true,"valueName":"search_term_string"}}],"inLanguage":"fr-FR"},{"@type":"Organization","@id":"https:\/\/www.globalong.com\/blog\/#organization","name":"Association Globalong","url":"https:\/\/www.globalong.com\/blog\/","logo":{"@type":"ImageObject","inLanguage":"fr-FR","@id":"https:\/\/www.globalong.com\/blog\/#\/schema\/logo\/image\/","url":"https:\/\/www.globalong.com\/blog\/wp-content\/uploads\/2014\/11\/cropped-cropped-Logo-et-Afrique-Globalong-petite-taille-2.jpg","contentUrl":"https:\/\/www.globalong.com\/blog\/wp-content\/uploads\/2014\/11\/cropped-cropped-Logo-et-Afrique-Globalong-petite-taille-2.jpg","width":512,"height":512,"caption":"Association Globalong"},"image":{"@id":"https:\/\/www.globalong.com\/blog\/#\/schema\/logo\/image\/"},"sameAs":["https:\/\/www.facebook.com\/globalong"]}]}},"_links":{"self":[{"href":"https:\/\/www.globalong.com\/blog\/wp-json\/wp\/v2\/pages\/11755"}],"collection":[{"href":"https:\/\/www.globalong.com\/blog\/wp-json\/wp\/v2\/pages"}],"about":[{"href":"https:\/\/www.globalong.com\/blog\/wp-json\/wp\/v2\/types\/page"}],"author":[{"embeddable":true,"href":"https:\/\/www.globalong.com\/blog\/wp-json\/wp\/v2\/users\/5"}],"replies":[{"embeddable":true,"href":"https:\/\/www.globalong.com\/blog\/wp-json\/wp\/v2\/comments?post=11755"}],"version-history":[{"count":14,"href":"https:\/\/www.globalong.com\/blog\/wp-json\/wp\/v2\/pages\/11755\/revisions"}],"predecessor-version":[{"id":14028,"href":"https:\/\/www.globalong.com\/blog\/wp-json\/wp\/v2\/pages\/11755\/revisions\/14028"}],"up":[{"embeddable":true,"href":"https:\/\/www.globalong.com\/blog\/wp-json\/wp\/v2\/pages\/883"}],"wp:featuredmedia":[{"embeddable":true,"href":"https:\/\/www.globalong.com\/blog\/wp-json\/wp\/v2\/media\/8946"}],"wp:attachment":[{"href":"https:\/\/www.globalong.com\/blog\/wp-json\/wp\/v2\/media?parent=11755"}],"curies":[{"name":"wp","href":"https:\/\/api.w.org\/{rel}","templated":true}]}}