{"id":12095,"date":"2018-12-11T17:14:03","date_gmt":"2018-12-11T16:14:03","guid":{"rendered":"https:\/\/www.globalong.com\/blog\/?page_id=12095"},"modified":"2022-04-28T18:48:18","modified_gmt":"2022-04-28T16:48:18","slug":"cambodge-elodie-enseignement-anglais-orphelinat-solidaire-asie","status":"publish","type":"page","link":"https:\/\/www.globalong.com\/blog\/avis-temoignages-globalong\/cambodge-elodie-enseignement-anglais-orphelinat-solidaire-asie\/","title":{"rendered":"Cambodge &#8211; \u00c9lodie"},"content":{"rendered":"<p style=\"text-align: center;\"><span style=\"color: #b81657;\"><strong>T\u00e9moignage d&rsquo;\u00c9lodie, adh\u00e9rente de l\u2019association GlobAlong\u00a0et b\u00e9n\u00e9vole au\u00a0Cambodge<\/strong><\/span><\/p>\n<p><strong><a href=\"https:\/\/www.globalong.com\/blog\/wp-content\/uploads\/2018\/12\/received_544929359283381-min.jpeg\"><img loading=\"lazy\" decoding=\"async\" class=\"wp-image-12098 aligncenter\" src=\"https:\/\/www.globalong.com\/blog\/wp-content\/uploads\/2018\/12\/received_544929359283381-min-150x150.jpeg\" alt=\"\" width=\"300\" height=\"400\" srcset=\"https:\/\/www.globalong.com\/blog\/wp-content\/uploads\/2018\/12\/received_544929359283381-min-225x300.jpeg 225w, https:\/\/www.globalong.com\/blog\/wp-content\/uploads\/2018\/12\/received_544929359283381-min-768x1024.jpeg 768w, https:\/\/www.globalong.com\/blog\/wp-content\/uploads\/2018\/12\/received_544929359283381-min-113x150.jpeg 113w\" sizes=\"(max-width: 300px) 100vw, 300px\" \/><\/a>Je souhaitais<\/strong> <strong>d\u00e9couvrir une nouvelle culture<\/strong> <strong>et me rendre utile aupr\u00e8s des populations les plus d\u00e9munies<\/strong>, quitter le confort europ\u00e9en et d\u00e9couvrir ce qu&rsquo;il se passe \u00e0 l&rsquo;autre bout de la plan\u00e8te.<\/p>\n<p><strong>Je conseillerais l&rsquo;<a href=\"https:\/\/www.globalong.com\/association-globalong.html\" target=\"_blank\" rel=\"noopener\"><span style=\"text-decoration: underline; color: #b81657;\">association Globalong<\/span><\/a> pour leur fiabilit\u00e9 et le c\u00f4t\u00e9 relationnel<\/strong>.<\/p>\n<p>Sinc\u00e8rement pour moi, il n&rsquo;y a rien \u00e0 am\u00e9liorer : <strong>le guide envoy\u00e9 par mail sur le pays est tr\u00e8s complet<\/strong>, <strong>la r\u00e9activit\u00e9 pour la r\u00e9ponse aux mails est excellente<\/strong> et l&rsquo;on sent que vous \u00eates <strong>\u00e0 l&rsquo;\u00e9coute des attentes des volontaires<\/strong> \ud83d\ude42<\/p>\n<p><strong>La p\u00e9riode d&rsquo;introduction au <a href=\"https:\/\/www.globalong.com\/sejour-benevolat\/benevolat-cambodge-enfants.html\" target=\"_blank\" rel=\"noopener\"><span style=\"text-decoration: underline; color: #b81657;\">Cambodge<\/span><\/a> s&rsquo;est tr\u00e8s bien d\u00e9roul\u00e9e !<\/strong><br \/>\n<strong>Mei et Sreng sont des personnes tr\u00e8s accueillantes, calmes<\/strong>. Elles repr\u00e9sentent bien la culture et l&rsquo;image du pays !<\/p>\n<p>J&rsquo;ai \u00e9t\u00e9 surprise au d\u00e9but de ma p\u00e9riode de b\u00e9n\u00e9volat car ma fonction f\u00fbt uniquement <a href=\"https:\/\/www.globalong.com\/blog\/guides-conseils-globalong-informations-financement-arguments-aides-stages-sejours-linguistiques-missions-benevolat-gap-year-projet-partir-voyager\/guide-enseignement_education-voyage-preparation-professeur-ecoles-enfants-adultes-afrique-asie-voyage-mission-etranger\/\" target=\"_blank\" rel=\"noopener\"><span style=\"text-decoration: underline; color: #b81657;\"><strong>prof d&rsquo;anglais<\/strong> <\/span><\/a>(donc quand on n&rsquo;a pas de dipl\u00f4me dans ce milieu, les d\u00e9buts sont difficiles\/chaotiques).<br \/>\n<img loading=\"lazy\" decoding=\"async\" class=\"wp-image-12100 aligncenter\" src=\"https:\/\/www.globalong.com\/blog\/wp-content\/uploads\/2018\/12\/received_305914980239270-min-150x150.jpeg\" alt=\"\" width=\"300\" height=\"225\" srcset=\"https:\/\/www.globalong.com\/blog\/wp-content\/uploads\/2018\/12\/received_305914980239270-min-300x225.jpeg 300w, https:\/\/www.globalong.com\/blog\/wp-content\/uploads\/2018\/12\/received_305914980239270-min-768x576.jpeg 768w, https:\/\/www.globalong.com\/blog\/wp-content\/uploads\/2018\/12\/received_305914980239270-min-1024x768.jpeg 1024w, https:\/\/www.globalong.com\/blog\/wp-content\/uploads\/2018\/12\/received_305914980239270-min-150x113.jpeg 150w\" sizes=\"(max-width: 300px) 100vw, 300px\" \/><br \/>\nNormalement, je devais faire d&rsquo;autres t\u00e2ches plus vari\u00e9es mais<strong> cela nous apprend \u00e0 nous adapter<\/strong>&#8230;<br \/>\nLe soir, j&rsquo;apprenais le cours que je ferais le lendemain aux enfants (je ne suis pas tr\u00e8s bonne en anglais et certains commen\u00e7aient \u00e0 avoir un bon niveau).<\/p>\n<p>Le vendredi \u00e9tait la <strong>journ\u00e9e \u00ab\u00a0activit\u00e9s\u00a0\u00bb<\/strong>, donc pas de cours et place \u00e0 la cr\u00e9ativit\u00e9 pour occuper les enfants (sans presque aucun moyen mat\u00e9riel : pas de jardin, que des feuilles et des crayons).<br \/>\nMais <strong>j&rsquo;ai relev\u00e9 le d\u00e9fi et je pense m\u00eame l&rsquo;avoir r\u00e9ussi !<\/strong><\/p>\n<p><img loading=\"lazy\" decoding=\"async\" class=\"wp-image-12102 size-medium aligncenter\" src=\"https:\/\/www.globalong.com\/blog\/wp-content\/uploads\/2018\/12\/received_954698018062297-min-300x225.jpeg\" alt=\"\" width=\"300\" height=\"225\" srcset=\"https:\/\/www.globalong.com\/blog\/wp-content\/uploads\/2018\/12\/received_954698018062297-min-300x225.jpeg 300w, https:\/\/www.globalong.com\/blog\/wp-content\/uploads\/2018\/12\/received_954698018062297-min-768x576.jpeg 768w, https:\/\/www.globalong.com\/blog\/wp-content\/uploads\/2018\/12\/received_954698018062297-min-1024x768.jpeg 1024w, https:\/\/www.globalong.com\/blog\/wp-content\/uploads\/2018\/12\/received_954698018062297-min-150x113.jpeg 150w\" sizes=\"(max-width: 300px) 100vw, 300px\" \/><\/p>\n<p><strong>La directrice de l&rsquo;<a href=\"https:\/\/www.globalong.com\/sejour-benevolat\/benevolat-cambodge-enfants\/volontariat-orphelinat-cambodge.html\" target=\"_blank\" rel=\"noopener\"><span style=\"text-decoration: underline; color: #b81657;\">orphelinat<\/span><\/a> \u00e9tait adorable, tr\u00e8s \u00e0 l&rsquo;\u00e9coute et prenait son r\u00f4le et son m\u00e9tier tr\u00e8s \u00e0 c\u0153ur !<\/strong><br \/>\n<strong><br \/>\nMes 2 colocs dans la chambre de la maison des volontaires \u00e9taient super<\/strong>, nous allons garder le contact apr\u00e8s la mission car le feeling est tr\u00e8s bien pass\u00e9 entre nous !<\/p>\n<p>J&rsquo;ai pu faire des <strong>excursions<\/strong> pendant mon temps libre !<br \/>\nIn\u00e9vitablement, j&rsquo;ai visit\u00e9 les fameux <strong>temples d&rsquo;Angkor \u00e0 Siem Reap <\/strong>et ensuite, <strong>une petite ville en bord de la plage nomm\u00e9 Kep<\/strong> : tr\u00e8s charmante et reposante !<\/p>\n<p><img loading=\"lazy\" decoding=\"async\" class=\"wp-image-12105 aligncenter\" src=\"https:\/\/www.globalong.com\/blog\/wp-content\/uploads\/2018\/12\/received_300501687449723-min-225x300.jpeg\" alt=\"\" width=\"300\" height=\"400\" srcset=\"https:\/\/www.globalong.com\/blog\/wp-content\/uploads\/2018\/12\/received_300501687449723-min-225x300.jpeg 225w, https:\/\/www.globalong.com\/blog\/wp-content\/uploads\/2018\/12\/received_300501687449723-min-768x1024.jpeg 768w, https:\/\/www.globalong.com\/blog\/wp-content\/uploads\/2018\/12\/received_300501687449723-min-113x150.jpeg 113w\" sizes=\"(max-width: 300px) 100vw, 300px\" \/><\/p>\n<p><strong>Cette exp\u00e9rience me servira \u00e0 l&rsquo;avenir \u00e0 m&rsquo;adapter plus facilement aux situations, \u00e0 relativiser les probl\u00e8mes de la vie.<\/strong><\/p>\n<p><strong>Mon retour \u00e0 la maison a \u00e9t\u00e9 tr\u00e8s dur.<br \/>\nQuitter les enfants est tr\u00e8s dur car nous nous attachons forc\u00e9ment \u00e0 eux et tissons quelques d\u00e9buts d&rsquo;amiti\u00e9. J&rsquo;ai ressenti une sensation d&rsquo;abandon.<\/strong><\/p>\n<p>Le conseil que je donnerais aux futurs participants ?<br \/>\n<strong>Mettre tout votre coeur, toutes vos capacit\u00e9s et vos connaissances pour la bonne r\u00e9ussite de la mission<\/strong> car vous \u00eates le point fort et la source d&rsquo;inspiration pour les autres l\u00e0-bas.<\/p>\n<p>\u00c9lodie<\/p>\n<p style=\"text-align: center;\">Pour plus de renseignements, n\u2019h\u00e9sitez pas \u00e0 nous contacter \u00e0\u00a0<a href=\"mailto:info@globalong.com\" target=\"_blank\" rel=\"noopener\"><span style=\"text-decoration: underline; color: #b81657;\"><strong>info@globalong.com<\/strong><\/span><\/a><\/p>\n<p>&nbsp;<\/p>\n<p>&nbsp;<\/p>\n<p style=\"text-align: center;\"><a href=\"https:\/\/www.globalong.com\/sejour-benevolat\/\" target=\"_blank\" rel=\"noopener\"><span style=\"text-decoration: underline; color: #b81657;\"><strong>D\u00e9couvrez les programmes de b\u00e9n\u00e9volat humanitaire au Cambodge !<\/strong><\/span><\/a><\/p>\n<p style=\"text-align: center;\"><a href=\"https:\/\/www.flickr.com\/photos\/globalong\/albums\/72157639827967953\" target=\"_blank\" rel=\"noopener\"><span style=\"text-decoration: underline; color: #b81657;\"><strong>Cliquez ici\u00a0pour voir toutes les photos des b\u00e9n\u00e9voles au Cambodge !<\/strong><\/span><\/a><\/p>\n","protected":false},"excerpt":{"rendered":"<p>T\u00e9moignage d&rsquo;\u00c9lodie, adh\u00e9rente de l\u2019association GlobAlong\u00a0et b\u00e9n\u00e9vole au\u00a0Cambodge Je souhaitais d\u00e9couvrir une nouvelle culture et me rendre utile aupr\u00e8s des populations les plus d\u00e9munies, quitter le confort europ\u00e9en et d\u00e9couvrir ce qu&rsquo;il se passe \u00e0 l&rsquo;autre bout de la plan\u00e8te. Je conseillerais l&rsquo;association Globalong pour leur fiabilit\u00e9 et le c\u00f4t\u00e9 relationnel. Sinc\u00e8rement pour moi, il [&hellip;]<\/p>\n","protected":false},"author":5,"featured_media":11230,"parent":883,"menu_order":0,"comment_status":"closed","ping_status":"closed","template":"","meta":{"footnotes":""},"yoast_head":"<!-- This site is optimized with the Yoast SEO Premium plugin v23.4 (Yoast SEO v23.4) - https:\/\/yoast.com\/wordpress\/plugins\/seo\/ -->\n<title>Cambodge - \u00c9lodie - Association Globalong<\/title>\n<meta name=\"robots\" content=\"index, follow, max-snippet:-1, max-image-preview:large, max-video-preview:-1\" \/>\n<link rel=\"canonical\" href=\"https:\/\/www.globalong.com\/blog\/avis-temoignages-globalong\/cambodge-elodie-enseignement-anglais-orphelinat-solidaire-asie\/\" \/>\n<meta property=\"og:locale\" content=\"fr_FR\" \/>\n<meta property=\"og:type\" content=\"article\" \/>\n<meta property=\"og:title\" content=\"Cambodge - \u00c9lodie\" \/>\n<meta property=\"og:description\" content=\"T\u00e9moignage d&rsquo;\u00c9lodie, adh\u00e9rente de l\u2019association GlobAlong\u00a0et b\u00e9n\u00e9vole au\u00a0Cambodge Je souhaitais d\u00e9couvrir une nouvelle culture et me rendre utile aupr\u00e8s des populations les plus d\u00e9munies, quitter le confort europ\u00e9en et d\u00e9couvrir ce qu&rsquo;il se passe \u00e0 l&rsquo;autre bout de la plan\u00e8te. Je conseillerais l&rsquo;association Globalong pour leur fiabilit\u00e9 et le c\u00f4t\u00e9 relationnel. Sinc\u00e8rement pour moi, il [&hellip;]\" \/>\n<meta property=\"og:url\" content=\"https:\/\/www.globalong.com\/blog\/avis-temoignages-globalong\/cambodge-elodie-enseignement-anglais-orphelinat-solidaire-asie\/\" \/>\n<meta property=\"og:site_name\" content=\"Association Globalong\" \/>\n<meta property=\"article:publisher\" content=\"https:\/\/www.facebook.com\/globalong\" \/>\n<meta property=\"article:modified_time\" content=\"2022-04-28T16:48:18+00:00\" \/>\n<meta property=\"og:image\" content=\"https:\/\/www.globalong.com\/blog\/wp-content\/uploads\/2018\/09\/IMG_5513-min-1024x387.jpg\" \/>\n\t<meta property=\"og:image:width\" content=\"1024\" \/>\n\t<meta property=\"og:image:height\" content=\"387\" \/>\n\t<meta property=\"og:image:type\" content=\"image\/jpeg\" \/>\n<meta name=\"twitter:card\" content=\"summary_large_image\" \/>\n<meta name=\"twitter:label1\" content=\"Dur\u00e9e de lecture estim\u00e9e\" \/>\n\t<meta name=\"twitter:data1\" content=\"3 minutes\" \/>\n<script type=\"application\/ld+json\" class=\"yoast-schema-graph\">{\"@context\":\"https:\/\/schema.org\",\"@graph\":[{\"@type\":\"WebPage\",\"@id\":\"https:\/\/www.globalong.com\/blog\/avis-temoignages-globalong\/cambodge-elodie-enseignement-anglais-orphelinat-solidaire-asie\/\",\"url\":\"https:\/\/www.globalong.com\/blog\/avis-temoignages-globalong\/cambodge-elodie-enseignement-anglais-orphelinat-solidaire-asie\/\",\"name\":\"Cambodge - \u00c9lodie - Association Globalong\",\"isPartOf\":{\"@id\":\"https:\/\/www.globalong.com\/blog\/#website\"},\"primaryImageOfPage\":{\"@id\":\"https:\/\/www.globalong.com\/blog\/avis-temoignages-globalong\/cambodge-elodie-enseignement-anglais-orphelinat-solidaire-asie\/#primaryimage\"},\"image\":{\"@id\":\"https:\/\/www.globalong.com\/blog\/avis-temoignages-globalong\/cambodge-elodie-enseignement-anglais-orphelinat-solidaire-asie\/#primaryimage\"},\"thumbnailUrl\":\"https:\/\/www.globalong.com\/blog\/wp-content\/uploads\/2018\/09\/IMG_5513-min.jpg\",\"datePublished\":\"2018-12-11T16:14:03+00:00\",\"dateModified\":\"2022-04-28T16:48:18+00:00\",\"breadcrumb\":{\"@id\":\"https:\/\/www.globalong.com\/blog\/avis-temoignages-globalong\/cambodge-elodie-enseignement-anglais-orphelinat-solidaire-asie\/#breadcrumb\"},\"inLanguage\":\"fr-FR\",\"potentialAction\":[{\"@type\":\"ReadAction\",\"target\":[\"https:\/\/www.globalong.com\/blog\/avis-temoignages-globalong\/cambodge-elodie-enseignement-anglais-orphelinat-solidaire-asie\/\"]}]},{\"@type\":\"ImageObject\",\"inLanguage\":\"fr-FR\",\"@id\":\"https:\/\/www.globalong.com\/blog\/avis-temoignages-globalong\/cambodge-elodie-enseignement-anglais-orphelinat-solidaire-asie\/#primaryimage\",\"url\":\"https:\/\/www.globalong.com\/blog\/wp-content\/uploads\/2018\/09\/IMG_5513-min.jpg\",\"contentUrl\":\"https:\/\/www.globalong.com\/blog\/wp-content\/uploads\/2018\/09\/IMG_5513-min.jpg\",\"width\":10186,\"height\":3850},{\"@type\":\"BreadcrumbList\",\"@id\":\"https:\/\/www.globalong.com\/blog\/avis-temoignages-globalong\/cambodge-elodie-enseignement-anglais-orphelinat-solidaire-asie\/#breadcrumb\",\"itemListElement\":[{\"@type\":\"ListItem\",\"position\":1,\"name\":\"Accueil\",\"item\":\"https:\/\/www.globalong.com\/blog\/\"},{\"@type\":\"ListItem\",\"position\":2,\"name\":\"T\u00e9moignages et avis de volontaires Globalong\",\"item\":\"https:\/\/www.globalong.com\/blog\/avis-temoignages-globalong\/\"},{\"@type\":\"ListItem\",\"position\":3,\"name\":\"Cambodge &#8211; \u00c9lodie\"}]},{\"@type\":\"WebSite\",\"@id\":\"https:\/\/www.globalong.com\/blog\/#website\",\"url\":\"https:\/\/www.globalong.com\/blog\/\",\"name\":\"https:\/\/www.globalong.com\/\",\"description\":\"Mission humanitaire, stage \u00e9tudiant et voyage linguistique\",\"publisher\":{\"@id\":\"https:\/\/www.globalong.com\/blog\/#organization\"},\"potentialAction\":[{\"@type\":\"SearchAction\",\"target\":{\"@type\":\"EntryPoint\",\"urlTemplate\":\"https:\/\/www.globalong.com\/blog\/?s={search_term_string}\"},\"query-input\":{\"@type\":\"PropertyValueSpecification\",\"valueRequired\":true,\"valueName\":\"search_term_string\"}}],\"inLanguage\":\"fr-FR\"},{\"@type\":\"Organization\",\"@id\":\"https:\/\/www.globalong.com\/blog\/#organization\",\"name\":\"Association Globalong\",\"url\":\"https:\/\/www.globalong.com\/blog\/\",\"logo\":{\"@type\":\"ImageObject\",\"inLanguage\":\"fr-FR\",\"@id\":\"https:\/\/www.globalong.com\/blog\/#\/schema\/logo\/image\/\",\"url\":\"https:\/\/www.globalong.com\/blog\/wp-content\/uploads\/2014\/11\/cropped-cropped-Logo-et-Afrique-Globalong-petite-taille-2.jpg\",\"contentUrl\":\"https:\/\/www.globalong.com\/blog\/wp-content\/uploads\/2014\/11\/cropped-cropped-Logo-et-Afrique-Globalong-petite-taille-2.jpg\",\"width\":512,\"height\":512,\"caption\":\"Association Globalong\"},\"image\":{\"@id\":\"https:\/\/www.globalong.com\/blog\/#\/schema\/logo\/image\/\"},\"sameAs\":[\"https:\/\/www.facebook.com\/globalong\"]}]}<\/script>\n<!-- \/ Yoast SEO Premium plugin. -->","yoast_head_json":{"title":"Cambodge - \u00c9lodie - Association Globalong","robots":{"index":"index","follow":"follow","max-snippet":"max-snippet:-1","max-image-preview":"max-image-preview:large","max-video-preview":"max-video-preview:-1"},"canonical":"https:\/\/www.globalong.com\/blog\/avis-temoignages-globalong\/cambodge-elodie-enseignement-anglais-orphelinat-solidaire-asie\/","og_locale":"fr_FR","og_type":"article","og_title":"Cambodge - \u00c9lodie","og_description":"T\u00e9moignage d&rsquo;\u00c9lodie, adh\u00e9rente de l\u2019association GlobAlong\u00a0et b\u00e9n\u00e9vole au\u00a0Cambodge Je souhaitais d\u00e9couvrir une nouvelle culture et me rendre utile aupr\u00e8s des populations les plus d\u00e9munies, quitter le confort europ\u00e9en et d\u00e9couvrir ce qu&rsquo;il se passe \u00e0 l&rsquo;autre bout de la plan\u00e8te. Je conseillerais l&rsquo;association Globalong pour leur fiabilit\u00e9 et le c\u00f4t\u00e9 relationnel. Sinc\u00e8rement pour moi, il [&hellip;]","og_url":"https:\/\/www.globalong.com\/blog\/avis-temoignages-globalong\/cambodge-elodie-enseignement-anglais-orphelinat-solidaire-asie\/","og_site_name":"Association Globalong","article_publisher":"https:\/\/www.facebook.com\/globalong","article_modified_time":"2022-04-28T16:48:18+00:00","og_image":[{"width":1024,"height":387,"url":"https:\/\/www.globalong.com\/blog\/wp-content\/uploads\/2018\/09\/IMG_5513-min-1024x387.jpg","type":"image\/jpeg"}],"twitter_card":"summary_large_image","twitter_misc":{"Dur\u00e9e de lecture estim\u00e9e":"3 minutes"},"schema":{"@context":"https:\/\/schema.org","@graph":[{"@type":"WebPage","@id":"https:\/\/www.globalong.com\/blog\/avis-temoignages-globalong\/cambodge-elodie-enseignement-anglais-orphelinat-solidaire-asie\/","url":"https:\/\/www.globalong.com\/blog\/avis-temoignages-globalong\/cambodge-elodie-enseignement-anglais-orphelinat-solidaire-asie\/","name":"Cambodge - \u00c9lodie - Association Globalong","isPartOf":{"@id":"https:\/\/www.globalong.com\/blog\/#website"},"primaryImageOfPage":{"@id":"https:\/\/www.globalong.com\/blog\/avis-temoignages-globalong\/cambodge-elodie-enseignement-anglais-orphelinat-solidaire-asie\/#primaryimage"},"image":{"@id":"https:\/\/www.globalong.com\/blog\/avis-temoignages-globalong\/cambodge-elodie-enseignement-anglais-orphelinat-solidaire-asie\/#primaryimage"},"thumbnailUrl":"https:\/\/www.globalong.com\/blog\/wp-content\/uploads\/2018\/09\/IMG_5513-min.jpg","datePublished":"2018-12-11T16:14:03+00:00","dateModified":"2022-04-28T16:48:18+00:00","breadcrumb":{"@id":"https:\/\/www.globalong.com\/blog\/avis-temoignages-globalong\/cambodge-elodie-enseignement-anglais-orphelinat-solidaire-asie\/#breadcrumb"},"inLanguage":"fr-FR","potentialAction":[{"@type":"ReadAction","target":["https:\/\/www.globalong.com\/blog\/avis-temoignages-globalong\/cambodge-elodie-enseignement-anglais-orphelinat-solidaire-asie\/"]}]},{"@type":"ImageObject","inLanguage":"fr-FR","@id":"https:\/\/www.globalong.com\/blog\/avis-temoignages-globalong\/cambodge-elodie-enseignement-anglais-orphelinat-solidaire-asie\/#primaryimage","url":"https:\/\/www.globalong.com\/blog\/wp-content\/uploads\/2018\/09\/IMG_5513-min.jpg","contentUrl":"https:\/\/www.globalong.com\/blog\/wp-content\/uploads\/2018\/09\/IMG_5513-min.jpg","width":10186,"height":3850},{"@type":"BreadcrumbList","@id":"https:\/\/www.globalong.com\/blog\/avis-temoignages-globalong\/cambodge-elodie-enseignement-anglais-orphelinat-solidaire-asie\/#breadcrumb","itemListElement":[{"@type":"ListItem","position":1,"name":"Accueil","item":"https:\/\/www.globalong.com\/blog\/"},{"@type":"ListItem","position":2,"name":"T\u00e9moignages et avis de volontaires Globalong","item":"https:\/\/www.globalong.com\/blog\/avis-temoignages-globalong\/"},{"@type":"ListItem","position":3,"name":"Cambodge &#8211; \u00c9lodie"}]},{"@type":"WebSite","@id":"https:\/\/www.globalong.com\/blog\/#website","url":"https:\/\/www.globalong.com\/blog\/","name":"https:\/\/www.globalong.com\/","description":"Mission humanitaire, stage \u00e9tudiant et voyage linguistique","publisher":{"@id":"https:\/\/www.globalong.com\/blog\/#organization"},"potentialAction":[{"@type":"SearchAction","target":{"@type":"EntryPoint","urlTemplate":"https:\/\/www.globalong.com\/blog\/?s={search_term_string}"},"query-input":{"@type":"PropertyValueSpecification","valueRequired":true,"valueName":"search_term_string"}}],"inLanguage":"fr-FR"},{"@type":"Organization","@id":"https:\/\/www.globalong.com\/blog\/#organization","name":"Association Globalong","url":"https:\/\/www.globalong.com\/blog\/","logo":{"@type":"ImageObject","inLanguage":"fr-FR","@id":"https:\/\/www.globalong.com\/blog\/#\/schema\/logo\/image\/","url":"https:\/\/www.globalong.com\/blog\/wp-content\/uploads\/2014\/11\/cropped-cropped-Logo-et-Afrique-Globalong-petite-taille-2.jpg","contentUrl":"https:\/\/www.globalong.com\/blog\/wp-content\/uploads\/2014\/11\/cropped-cropped-Logo-et-Afrique-Globalong-petite-taille-2.jpg","width":512,"height":512,"caption":"Association Globalong"},"image":{"@id":"https:\/\/www.globalong.com\/blog\/#\/schema\/logo\/image\/"},"sameAs":["https:\/\/www.facebook.com\/globalong"]}]}},"_links":{"self":[{"href":"https:\/\/www.globalong.com\/blog\/wp-json\/wp\/v2\/pages\/12095"}],"collection":[{"href":"https:\/\/www.globalong.com\/blog\/wp-json\/wp\/v2\/pages"}],"about":[{"href":"https:\/\/www.globalong.com\/blog\/wp-json\/wp\/v2\/types\/page"}],"author":[{"embeddable":true,"href":"https:\/\/www.globalong.com\/blog\/wp-json\/wp\/v2\/users\/5"}],"replies":[{"embeddable":true,"href":"https:\/\/www.globalong.com\/blog\/wp-json\/wp\/v2\/comments?post=12095"}],"version-history":[{"count":22,"href":"https:\/\/www.globalong.com\/blog\/wp-json\/wp\/v2\/pages\/12095\/revisions"}],"predecessor-version":[{"id":14437,"href":"https:\/\/www.globalong.com\/blog\/wp-json\/wp\/v2\/pages\/12095\/revisions\/14437"}],"up":[{"embeddable":true,"href":"https:\/\/www.globalong.com\/blog\/wp-json\/wp\/v2\/pages\/883"}],"wp:featuredmedia":[{"embeddable":true,"href":"https:\/\/www.globalong.com\/blog\/wp-json\/wp\/v2\/media\/11230"}],"wp:attachment":[{"href":"https:\/\/www.globalong.com\/blog\/wp-json\/wp\/v2\/media?parent=12095"}],"curies":[{"name":"wp","href":"https:\/\/api.w.org\/{rel}","templated":true}]}}