{"id":12145,"date":"2018-12-13T15:37:08","date_gmt":"2018-12-13T14:37:08","guid":{"rendered":"https:\/\/www.globalong.com\/blog\/?page_id=12145"},"modified":"2022-05-06T10:40:02","modified_gmt":"2022-05-06T08:40:02","slug":"maroc-myriam-benevolat-humanitaire-developpement-afrique","status":"publish","type":"page","link":"https:\/\/www.globalong.com\/blog\/avis-temoignages-globalong\/maroc-myriam-benevolat-humanitaire-developpement-afrique\/","title":{"rendered":"Maroc &#8211; Myriam"},"content":{"rendered":"<p style=\"text-align: center;\"><span style=\"color: #b81657;\"><strong>T\u00e9moignage de Myriam, adh\u00e9rente de l\u2019association GlobAlong engag\u00e9e au Maroc<\/strong><\/span><\/p>\n<p style=\"text-align: justify;\"><a href=\"https:\/\/www.globalong.com\/blog\/wp-content\/uploads\/2018\/12\/20180810_112927-min.jpg\"><img loading=\"lazy\" decoding=\"async\" class=\"wp-image-12172 aligncenter\" src=\"https:\/\/www.globalong.com\/blog\/wp-content\/uploads\/2018\/12\/20180810_112927-min-150x150.jpg\" alt=\"\" width=\"300\" height=\"339\" srcset=\"https:\/\/www.globalong.com\/blog\/wp-content\/uploads\/2018\/12\/20180810_112927-min-265x300.jpg 265w, https:\/\/www.globalong.com\/blog\/wp-content\/uploads\/2018\/12\/20180810_112927-min-768x869.jpg 768w, https:\/\/www.globalong.com\/blog\/wp-content\/uploads\/2018\/12\/20180810_112927-min-905x1024.jpg 905w, https:\/\/www.globalong.com\/blog\/wp-content\/uploads\/2018\/12\/20180810_112927-min-133x150.jpg 133w\" sizes=\"(max-width: 300px) 100vw, 300px\" \/><\/a>J&rsquo;ai d\u00e9cid\u00e9 de faire du <a href=\"https:\/\/www.globalong.com\/sejour-benevolat\/\" target=\"_blank\" rel=\"noopener\"><span style=\"text-decoration: underline; color: #b81657;\"><strong>b\u00e9n\u00e9volat international<\/strong><\/span><\/a> afin de <strong>conna\u00eetre le <a href=\"https:\/\/www.globalong.com\/sejour-benevolat\/maroc-mission-humanitaire-stage-etranger-afrique.html\" target=\"_blank\" rel=\"noopener\"><span style=\"text-decoration: underline; color: #b81657;\">Maroc<\/span><\/a> diff\u00e9remment<\/strong>.<\/p>\n<p style=\"text-align: justify;\"><strong>Je parle arabe<\/strong>.\u00a0<strong>Je parlais facilement avec les habitants<\/strong> m\u00eame si la langue parl\u00e9e est le berb\u00e8re.<\/p>\n<p style=\"text-align: justify;\"><strong>Ma p\u00e9riode de b\u00e9n\u00e9volat a \u00e9t\u00e9 formidable ! Tout s&rsquo;est bien pass\u00e9.\u00a0<\/strong><strong><a href=\"https:\/\/www.globalong.com\/blog\/benevolat-associatif-bienfaits-psychologie-humanitaire-avis-etranger\/\" target=\"_blank\" rel=\"noopener\"><span style=\"text-decoration: underline; color: #b81657;\">Je suis revenue avec des \u00e9toiles dans les yeux<\/span><\/a>.<\/strong><\/p>\n<p><strong>Quel plaisir de c\u00f4toyer des gens simples qui veulent que vous vous sentiez bien.<\/strong><br \/>\n\u00ab\u00a0As tu faim ? Tu n&rsquo;as rien mang\u00e9 ? As-tu bien dormi ?\u00a0\u00bb<\/p>\n<p style=\"text-align: justify;\">J&rsquo;ai rencontr\u00e9 des personnes int\u00e9ressantes : les <strong>habitants du village<\/strong>, <strong>Audrey<\/strong> qui \u00e9tait b\u00e9n\u00e9vole (une belle rencontre), <strong>Brigitte<\/strong> qui vit \u00e0 Marrakech avec son mari et ses enfants, <strong>Khadija, Nora et Leila<\/strong> qui m&rsquo;apprenaient le berb\u00e8re, <strong>Rachid, Aziz, les parents<\/strong>&#8230;<\/p>\n<p><a href=\"https:\/\/www.globalong.com\/blog\/wp-content\/uploads\/2018\/12\/20180809_160119-min.jpg\"><img loading=\"lazy\" decoding=\"async\" class=\"wp-image-12179 size-medium aligncenter\" src=\"https:\/\/www.globalong.com\/blog\/wp-content\/uploads\/2018\/12\/20180809_160119-min-300x225.jpg\" alt=\"\" width=\"300\" height=\"225\" srcset=\"https:\/\/www.globalong.com\/blog\/wp-content\/uploads\/2018\/12\/20180809_160119-min-300x225.jpg 300w, https:\/\/www.globalong.com\/blog\/wp-content\/uploads\/2018\/12\/20180809_160119-min-768x576.jpg 768w, https:\/\/www.globalong.com\/blog\/wp-content\/uploads\/2018\/12\/20180809_160119-min-1024x768.jpg 1024w, https:\/\/www.globalong.com\/blog\/wp-content\/uploads\/2018\/12\/20180809_160119-min-150x113.jpg 150w\" sizes=\"(max-width: 300px) 100vw, 300px\" \/><\/a>J&rsquo;ai assist\u00e9 aux orages et aux inondations spectaculaires.<\/p>\n<p><strong>Pendant les cours de fran\u00e7ais, les \u00e9l\u00e8ves \u00e9taient par moment plus de 60.<\/strong><br \/>\n<strong>Les enfants pouvaient venir avec leurs petits fr\u00e8res ou s\u0153urs, des b\u00e9b\u00e9s de quelques mois.<\/strong><\/p>\n<p><strong>Le dernier soir, les habitants du village ont organis\u00e9 des danses et des chants berb\u00e8res.<\/strong><\/p>\n<p style=\"text-align: justify;\"><strong>\u00c0 mon retour, j&rsquo;avais trop de choses \u00e0 raconter.\u00a0<\/strong><strong>Les paysages me manquent !<\/strong><\/p>\n<p><a href=\"https:\/\/www.globalong.com\/blog\/wp-content\/uploads\/2018\/12\/20180810_112800-min.jpg\"><img loading=\"lazy\" decoding=\"async\" class=\"wp-image-12178 size-medium aligncenter\" src=\"https:\/\/www.globalong.com\/blog\/wp-content\/uploads\/2018\/12\/20180810_112800-min-300x225.jpg\" alt=\"\" width=\"300\" height=\"225\" srcset=\"https:\/\/www.globalong.com\/blog\/wp-content\/uploads\/2018\/12\/20180810_112800-min-300x225.jpg 300w, https:\/\/www.globalong.com\/blog\/wp-content\/uploads\/2018\/12\/20180810_112800-min-768x576.jpg 768w, https:\/\/www.globalong.com\/blog\/wp-content\/uploads\/2018\/12\/20180810_112800-min-1024x768.jpg 1024w, https:\/\/www.globalong.com\/blog\/wp-content\/uploads\/2018\/12\/20180810_112800-min-150x113.jpg 150w\" sizes=\"(max-width: 300px) 100vw, 300px\" \/><\/a>Cette exp\u00e9rience m&rsquo;a appris quelque chose d&rsquo;important : <strong>il faut que j&rsquo;y retourne !<\/strong><\/p>\n<p style=\"text-align: justify;\">Le conseil que je donnerais aux futurs b\u00e9n\u00e9voles qui souhaitent d\u00e9couvrir le Maroc en faisant du b\u00e9n\u00e9volat ?<br \/>\n<strong>Profitez !!!<\/strong><\/p>\n<p style=\"text-align: center;\">Pour plus de renseignements, n\u2019h\u00e9sitez pas \u00e0 nous contacter \u00e0 l\u2019adresse\u00a0<a href=\"mailto:info@globalong.com\" target=\"_blank\" rel=\"noopener\"><span style=\"text-decoration: underline; color: #b81657;\"><strong>info@globalong.com<\/strong><\/span><\/a><\/p>\n<p>&nbsp;<\/p>\n<p>&nbsp;<\/p>\n<p>&nbsp;<\/p>\n<p style=\"text-align: center;\"><a href=\"https:\/\/www.globalong.com\/sejour-benevolat\/maroc-mission-humanitaire-stage-etranger-afrique\/programme-humanitaire-benevolat-international-maroc-afrique.html\" target=\"_blank\" rel=\"noopener\"><span style=\"text-decoration: underline; color: #b81657;\"><strong>D\u00e9couvrez le programme humanitaire au Maroc !<\/strong><\/span><\/a><\/p>\n<p style=\"text-align: center;\"><a href=\"https:\/\/www.flickr.com\/photos\/globalong\/sets\/72157671283279754\" target=\"_blank\" rel=\"noopener\"><span style=\"text-decoration: underline; color: #b81657;\"><strong>D\u00e9couvrez plus de photos du Maroc !<\/strong><\/span><\/a><\/p>\n<p><span style=\"font-size: 8pt;\">Photos non contractuelles<\/span><\/p>\n","protected":false},"excerpt":{"rendered":"<p>T\u00e9moignage de Myriam, adh\u00e9rente de l\u2019association GlobAlong engag\u00e9e au Maroc J&rsquo;ai d\u00e9cid\u00e9 de faire du b\u00e9n\u00e9volat international afin de conna\u00eetre le Maroc diff\u00e9remment. Je parle arabe.\u00a0Je parlais facilement avec les habitants m\u00eame si la langue parl\u00e9e est le berb\u00e8re. Ma p\u00e9riode de b\u00e9n\u00e9volat a \u00e9t\u00e9 formidable ! Tout s&rsquo;est bien pass\u00e9.\u00a0Je suis revenue avec des [&hellip;]<\/p>\n","protected":false},"author":5,"featured_media":6824,"parent":883,"menu_order":0,"comment_status":"closed","ping_status":"closed","template":"","meta":{"footnotes":""},"yoast_head":"<!-- This site is optimized with the Yoast SEO Premium plugin v23.4 (Yoast SEO v23.4) - https:\/\/yoast.com\/wordpress\/plugins\/seo\/ -->\n<title>Maroc - Myriam - Association Globalong<\/title>\n<meta name=\"robots\" content=\"index, follow, max-snippet:-1, max-image-preview:large, max-video-preview:-1\" \/>\n<link rel=\"canonical\" href=\"https:\/\/www.globalong.com\/blog\/avis-temoignages-globalong\/maroc-myriam-benevolat-humanitaire-developpement-afrique\/\" \/>\n<meta property=\"og:locale\" content=\"fr_FR\" \/>\n<meta property=\"og:type\" content=\"article\" \/>\n<meta property=\"og:title\" content=\"Maroc - Myriam\" \/>\n<meta property=\"og:description\" content=\"T\u00e9moignage de Myriam, adh\u00e9rente de l\u2019association GlobAlong engag\u00e9e au Maroc J&rsquo;ai d\u00e9cid\u00e9 de faire du b\u00e9n\u00e9volat international afin de conna\u00eetre le Maroc diff\u00e9remment. Je parle arabe.\u00a0Je parlais facilement avec les habitants m\u00eame si la langue parl\u00e9e est le berb\u00e8re. Ma p\u00e9riode de b\u00e9n\u00e9volat a \u00e9t\u00e9 formidable ! Tout s&rsquo;est bien pass\u00e9.\u00a0Je suis revenue avec des [&hellip;]\" \/>\n<meta property=\"og:url\" content=\"https:\/\/www.globalong.com\/blog\/avis-temoignages-globalong\/maroc-myriam-benevolat-humanitaire-developpement-afrique\/\" \/>\n<meta property=\"og:site_name\" content=\"Association Globalong\" \/>\n<meta property=\"article:publisher\" content=\"https:\/\/www.facebook.com\/globalong\" \/>\n<meta property=\"article:modified_time\" content=\"2022-05-06T08:40:02+00:00\" \/>\n<meta property=\"og:image\" content=\"https:\/\/www.globalong.com\/blog\/wp-content\/uploads\/2017\/09\/Be\u0301ne\u0301volat-international-au-Maroc-GlobAlong-min.jpg\" \/>\n\t<meta property=\"og:image:width\" content=\"4000\" \/>\n\t<meta property=\"og:image:height\" content=\"3000\" \/>\n\t<meta property=\"og:image:type\" content=\"image\/jpeg\" \/>\n<meta name=\"twitter:card\" content=\"summary_large_image\" \/>\n<meta name=\"twitter:label1\" content=\"Dur\u00e9e de lecture estim\u00e9e\" \/>\n\t<meta name=\"twitter:data1\" content=\"1 minute\" \/>\n<script type=\"application\/ld+json\" class=\"yoast-schema-graph\">{\"@context\":\"https:\/\/schema.org\",\"@graph\":[{\"@type\":\"WebPage\",\"@id\":\"https:\/\/www.globalong.com\/blog\/avis-temoignages-globalong\/maroc-myriam-benevolat-humanitaire-developpement-afrique\/\",\"url\":\"https:\/\/www.globalong.com\/blog\/avis-temoignages-globalong\/maroc-myriam-benevolat-humanitaire-developpement-afrique\/\",\"name\":\"Maroc - Myriam - Association Globalong\",\"isPartOf\":{\"@id\":\"https:\/\/www.globalong.com\/blog\/#website\"},\"primaryImageOfPage\":{\"@id\":\"https:\/\/www.globalong.com\/blog\/avis-temoignages-globalong\/maroc-myriam-benevolat-humanitaire-developpement-afrique\/#primaryimage\"},\"image\":{\"@id\":\"https:\/\/www.globalong.com\/blog\/avis-temoignages-globalong\/maroc-myriam-benevolat-humanitaire-developpement-afrique\/#primaryimage\"},\"thumbnailUrl\":\"https:\/\/www.globalong.com\/blog\/wp-content\/uploads\/2017\/09\/Be\u0301ne\u0301volat-international-au-Maroc-GlobAlong-min.jpg\",\"datePublished\":\"2018-12-13T14:37:08+00:00\",\"dateModified\":\"2022-05-06T08:40:02+00:00\",\"breadcrumb\":{\"@id\":\"https:\/\/www.globalong.com\/blog\/avis-temoignages-globalong\/maroc-myriam-benevolat-humanitaire-developpement-afrique\/#breadcrumb\"},\"inLanguage\":\"fr-FR\",\"potentialAction\":[{\"@type\":\"ReadAction\",\"target\":[\"https:\/\/www.globalong.com\/blog\/avis-temoignages-globalong\/maroc-myriam-benevolat-humanitaire-developpement-afrique\/\"]}]},{\"@type\":\"ImageObject\",\"inLanguage\":\"fr-FR\",\"@id\":\"https:\/\/www.globalong.com\/blog\/avis-temoignages-globalong\/maroc-myriam-benevolat-humanitaire-developpement-afrique\/#primaryimage\",\"url\":\"https:\/\/www.globalong.com\/blog\/wp-content\/uploads\/2017\/09\/Be\u0301ne\u0301volat-international-au-Maroc-GlobAlong-min.jpg\",\"contentUrl\":\"https:\/\/www.globalong.com\/blog\/wp-content\/uploads\/2017\/09\/Be\u0301ne\u0301volat-international-au-Maroc-GlobAlong-min.jpg\",\"width\":4000,\"height\":3000},{\"@type\":\"BreadcrumbList\",\"@id\":\"https:\/\/www.globalong.com\/blog\/avis-temoignages-globalong\/maroc-myriam-benevolat-humanitaire-developpement-afrique\/#breadcrumb\",\"itemListElement\":[{\"@type\":\"ListItem\",\"position\":1,\"name\":\"Accueil\",\"item\":\"https:\/\/www.globalong.com\/blog\/\"},{\"@type\":\"ListItem\",\"position\":2,\"name\":\"T\u00e9moignages et avis de volontaires Globalong\",\"item\":\"https:\/\/www.globalong.com\/blog\/avis-temoignages-globalong\/\"},{\"@type\":\"ListItem\",\"position\":3,\"name\":\"Maroc &#8211; Myriam\"}]},{\"@type\":\"WebSite\",\"@id\":\"https:\/\/www.globalong.com\/blog\/#website\",\"url\":\"https:\/\/www.globalong.com\/blog\/\",\"name\":\"https:\/\/www.globalong.com\/\",\"description\":\"Mission humanitaire, stage \u00e9tudiant et voyage linguistique\",\"publisher\":{\"@id\":\"https:\/\/www.globalong.com\/blog\/#organization\"},\"potentialAction\":[{\"@type\":\"SearchAction\",\"target\":{\"@type\":\"EntryPoint\",\"urlTemplate\":\"https:\/\/www.globalong.com\/blog\/?s={search_term_string}\"},\"query-input\":{\"@type\":\"PropertyValueSpecification\",\"valueRequired\":true,\"valueName\":\"search_term_string\"}}],\"inLanguage\":\"fr-FR\"},{\"@type\":\"Organization\",\"@id\":\"https:\/\/www.globalong.com\/blog\/#organization\",\"name\":\"Association Globalong\",\"url\":\"https:\/\/www.globalong.com\/blog\/\",\"logo\":{\"@type\":\"ImageObject\",\"inLanguage\":\"fr-FR\",\"@id\":\"https:\/\/www.globalong.com\/blog\/#\/schema\/logo\/image\/\",\"url\":\"https:\/\/www.globalong.com\/blog\/wp-content\/uploads\/2014\/11\/cropped-cropped-Logo-et-Afrique-Globalong-petite-taille-2.jpg\",\"contentUrl\":\"https:\/\/www.globalong.com\/blog\/wp-content\/uploads\/2014\/11\/cropped-cropped-Logo-et-Afrique-Globalong-petite-taille-2.jpg\",\"width\":512,\"height\":512,\"caption\":\"Association Globalong\"},\"image\":{\"@id\":\"https:\/\/www.globalong.com\/blog\/#\/schema\/logo\/image\/\"},\"sameAs\":[\"https:\/\/www.facebook.com\/globalong\"]}]}<\/script>\n<!-- \/ Yoast SEO Premium plugin. -->","yoast_head_json":{"title":"Maroc - Myriam - Association Globalong","robots":{"index":"index","follow":"follow","max-snippet":"max-snippet:-1","max-image-preview":"max-image-preview:large","max-video-preview":"max-video-preview:-1"},"canonical":"https:\/\/www.globalong.com\/blog\/avis-temoignages-globalong\/maroc-myriam-benevolat-humanitaire-developpement-afrique\/","og_locale":"fr_FR","og_type":"article","og_title":"Maroc - Myriam","og_description":"T\u00e9moignage de Myriam, adh\u00e9rente de l\u2019association GlobAlong engag\u00e9e au Maroc J&rsquo;ai d\u00e9cid\u00e9 de faire du b\u00e9n\u00e9volat international afin de conna\u00eetre le Maroc diff\u00e9remment. Je parle arabe.\u00a0Je parlais facilement avec les habitants m\u00eame si la langue parl\u00e9e est le berb\u00e8re. Ma p\u00e9riode de b\u00e9n\u00e9volat a \u00e9t\u00e9 formidable ! Tout s&rsquo;est bien pass\u00e9.\u00a0Je suis revenue avec des [&hellip;]","og_url":"https:\/\/www.globalong.com\/blog\/avis-temoignages-globalong\/maroc-myriam-benevolat-humanitaire-developpement-afrique\/","og_site_name":"Association Globalong","article_publisher":"https:\/\/www.facebook.com\/globalong","article_modified_time":"2022-05-06T08:40:02+00:00","og_image":[{"width":4000,"height":3000,"url":"https:\/\/www.globalong.com\/blog\/wp-content\/uploads\/2017\/09\/Be\u0301ne\u0301volat-international-au-Maroc-GlobAlong-min.jpg","type":"image\/jpeg"}],"twitter_card":"summary_large_image","twitter_misc":{"Dur\u00e9e de lecture estim\u00e9e":"1 minute"},"schema":{"@context":"https:\/\/schema.org","@graph":[{"@type":"WebPage","@id":"https:\/\/www.globalong.com\/blog\/avis-temoignages-globalong\/maroc-myriam-benevolat-humanitaire-developpement-afrique\/","url":"https:\/\/www.globalong.com\/blog\/avis-temoignages-globalong\/maroc-myriam-benevolat-humanitaire-developpement-afrique\/","name":"Maroc - Myriam - Association Globalong","isPartOf":{"@id":"https:\/\/www.globalong.com\/blog\/#website"},"primaryImageOfPage":{"@id":"https:\/\/www.globalong.com\/blog\/avis-temoignages-globalong\/maroc-myriam-benevolat-humanitaire-developpement-afrique\/#primaryimage"},"image":{"@id":"https:\/\/www.globalong.com\/blog\/avis-temoignages-globalong\/maroc-myriam-benevolat-humanitaire-developpement-afrique\/#primaryimage"},"thumbnailUrl":"https:\/\/www.globalong.com\/blog\/wp-content\/uploads\/2017\/09\/Be\u0301ne\u0301volat-international-au-Maroc-GlobAlong-min.jpg","datePublished":"2018-12-13T14:37:08+00:00","dateModified":"2022-05-06T08:40:02+00:00","breadcrumb":{"@id":"https:\/\/www.globalong.com\/blog\/avis-temoignages-globalong\/maroc-myriam-benevolat-humanitaire-developpement-afrique\/#breadcrumb"},"inLanguage":"fr-FR","potentialAction":[{"@type":"ReadAction","target":["https:\/\/www.globalong.com\/blog\/avis-temoignages-globalong\/maroc-myriam-benevolat-humanitaire-developpement-afrique\/"]}]},{"@type":"ImageObject","inLanguage":"fr-FR","@id":"https:\/\/www.globalong.com\/blog\/avis-temoignages-globalong\/maroc-myriam-benevolat-humanitaire-developpement-afrique\/#primaryimage","url":"https:\/\/www.globalong.com\/blog\/wp-content\/uploads\/2017\/09\/Be\u0301ne\u0301volat-international-au-Maroc-GlobAlong-min.jpg","contentUrl":"https:\/\/www.globalong.com\/blog\/wp-content\/uploads\/2017\/09\/Be\u0301ne\u0301volat-international-au-Maroc-GlobAlong-min.jpg","width":4000,"height":3000},{"@type":"BreadcrumbList","@id":"https:\/\/www.globalong.com\/blog\/avis-temoignages-globalong\/maroc-myriam-benevolat-humanitaire-developpement-afrique\/#breadcrumb","itemListElement":[{"@type":"ListItem","position":1,"name":"Accueil","item":"https:\/\/www.globalong.com\/blog\/"},{"@type":"ListItem","position":2,"name":"T\u00e9moignages et avis de volontaires Globalong","item":"https:\/\/www.globalong.com\/blog\/avis-temoignages-globalong\/"},{"@type":"ListItem","position":3,"name":"Maroc &#8211; Myriam"}]},{"@type":"WebSite","@id":"https:\/\/www.globalong.com\/blog\/#website","url":"https:\/\/www.globalong.com\/blog\/","name":"https:\/\/www.globalong.com\/","description":"Mission humanitaire, stage \u00e9tudiant et voyage linguistique","publisher":{"@id":"https:\/\/www.globalong.com\/blog\/#organization"},"potentialAction":[{"@type":"SearchAction","target":{"@type":"EntryPoint","urlTemplate":"https:\/\/www.globalong.com\/blog\/?s={search_term_string}"},"query-input":{"@type":"PropertyValueSpecification","valueRequired":true,"valueName":"search_term_string"}}],"inLanguage":"fr-FR"},{"@type":"Organization","@id":"https:\/\/www.globalong.com\/blog\/#organization","name":"Association Globalong","url":"https:\/\/www.globalong.com\/blog\/","logo":{"@type":"ImageObject","inLanguage":"fr-FR","@id":"https:\/\/www.globalong.com\/blog\/#\/schema\/logo\/image\/","url":"https:\/\/www.globalong.com\/blog\/wp-content\/uploads\/2014\/11\/cropped-cropped-Logo-et-Afrique-Globalong-petite-taille-2.jpg","contentUrl":"https:\/\/www.globalong.com\/blog\/wp-content\/uploads\/2014\/11\/cropped-cropped-Logo-et-Afrique-Globalong-petite-taille-2.jpg","width":512,"height":512,"caption":"Association Globalong"},"image":{"@id":"https:\/\/www.globalong.com\/blog\/#\/schema\/logo\/image\/"},"sameAs":["https:\/\/www.facebook.com\/globalong"]}]}},"_links":{"self":[{"href":"https:\/\/www.globalong.com\/blog\/wp-json\/wp\/v2\/pages\/12145"}],"collection":[{"href":"https:\/\/www.globalong.com\/blog\/wp-json\/wp\/v2\/pages"}],"about":[{"href":"https:\/\/www.globalong.com\/blog\/wp-json\/wp\/v2\/types\/page"}],"author":[{"embeddable":true,"href":"https:\/\/www.globalong.com\/blog\/wp-json\/wp\/v2\/users\/5"}],"replies":[{"embeddable":true,"href":"https:\/\/www.globalong.com\/blog\/wp-json\/wp\/v2\/comments?post=12145"}],"version-history":[{"count":16,"href":"https:\/\/www.globalong.com\/blog\/wp-json\/wp\/v2\/pages\/12145\/revisions"}],"predecessor-version":[{"id":14527,"href":"https:\/\/www.globalong.com\/blog\/wp-json\/wp\/v2\/pages\/12145\/revisions\/14527"}],"up":[{"embeddable":true,"href":"https:\/\/www.globalong.com\/blog\/wp-json\/wp\/v2\/pages\/883"}],"wp:featuredmedia":[{"embeddable":true,"href":"https:\/\/www.globalong.com\/blog\/wp-json\/wp\/v2\/media\/6824"}],"wp:attachment":[{"href":"https:\/\/www.globalong.com\/blog\/wp-json\/wp\/v2\/media?parent=12145"}],"curies":[{"name":"wp","href":"https:\/\/api.w.org\/{rel}","templated":true}]}}