{"id":12553,"date":"2019-04-30T11:15:13","date_gmt":"2019-04-30T09:15:13","guid":{"rendered":"https:\/\/www.globalong.com\/blog\/?page_id=12553"},"modified":"2022-05-08T16:04:25","modified_gmt":"2022-05-08T14:04:25","slug":"togo-yannick-humanitaire-benevole-enseignement-ecole-mathematiques-informatique-education-afrique","status":"publish","type":"page","link":"https:\/\/www.globalong.com\/blog\/avis-temoignages-globalong\/togo-yannick-humanitaire-benevole-enseignement-ecole-mathematiques-informatique-education-afrique\/","title":{"rendered":"Togo &#8211; Yannick"},"content":{"rendered":"<p style=\"text-align: justify;\"><a href=\"https:\/\/www.globalong.com\/blog\/wp-content\/uploads\/2019\/04\/11-min.jpg\"><img loading=\"lazy\" decoding=\"async\" class=\"wp-image-12559 aligncenter\" src=\"https:\/\/www.globalong.com\/blog\/wp-content\/uploads\/2019\/04\/11-min-225x300.jpg\" alt=\"\" width=\"300\" height=\"400\" srcset=\"https:\/\/www.globalong.com\/blog\/wp-content\/uploads\/2019\/04\/11-min-225x300.jpg 225w, https:\/\/www.globalong.com\/blog\/wp-content\/uploads\/2019\/04\/11-min-768x1024.jpg 768w, https:\/\/www.globalong.com\/blog\/wp-content\/uploads\/2019\/04\/11-min-113x150.jpg 113w, https:\/\/www.globalong.com\/blog\/wp-content\/uploads\/2019\/04\/11-min.jpg 1224w\" sizes=\"(max-width: 300px) 100vw, 300px\" \/><\/a>Bonjour,<\/p>\n<p style=\"text-align: justify;\">Je m\u2019appelle Yannick.<\/p>\n<p style=\"text-align: justify;\">Informaticien dans le domaine de la sant\u00e9, j\u2019ai 41 ans, je suis mari\u00e9 et p\u00e8re de deux filles de 3 et 9 ans.<\/p>\n<p style=\"text-align: justify;\">Je suis parti au <strong><a href=\"https:\/\/www.globalong.com\/sejour-benevolat\/togo-benevolat-humanitaire.html\" target=\"_blank\" rel=\"noopener noreferrer\"><span style=\"text-decoration: underline; color: #b81657;\">Togo <\/span><\/a><\/strong>dans la ville d\u2019<strong>Atakpam\u00e9<\/strong>.<\/p>\n<p style=\"text-align: justify;\"><strong>J\u2019ai aid\u00e9 les \u00e9quipes locales en math\u00e9matiques dans deux coll\u00e8ges et en informatique dans un orphelinat<\/strong> (initiation au traitement de texte pour des coll\u00e9giens et des \u00e9ducateurs).<\/p>\n<p style=\"text-align: justify;\"><strong>Ma motivation \u00e0 partir fut un profond d\u00e9sir d\u2019aider, concr\u00e8tement, sur le terrain, des enfants dont les conditions d\u2019apprentissage sont plus difficiles qu\u2019en France.<\/strong><\/p>\n<p style=\"text-align: justify;\">\u00c0 cela s\u2019ajoutait l\u2019envie de <strong><a href=\"https:\/\/www.globalong.com\/blog\/benevolat-associatif-bienfaits-psychologie-humanitaire-avis-etranger\/\" target=\"_blank\" rel=\"noopener noreferrer\"><span style=\"text-decoration: underline; color: #b81657;\">relever un d\u00e9fi personnel<\/span><\/a><\/strong>, de me surpasser hors de ma zone de confort et d\u2019<strong>en apprendre ainsi davantage sur moi-m\u00eame<\/strong>.<\/p>\n<p style=\"text-align: justify;\"><a href=\"https:\/\/www.globalong.com\/blog\/wp-content\/uploads\/2019\/04\/02-min.jpg\"><img loading=\"lazy\" decoding=\"async\" class=\"size-medium wp-image-12556 aligncenter\" src=\"https:\/\/www.globalong.com\/blog\/wp-content\/uploads\/2019\/04\/02-min-300x224.jpg\" alt=\"\" width=\"300\" height=\"224\" srcset=\"https:\/\/www.globalong.com\/blog\/wp-content\/uploads\/2019\/04\/02-min-300x224.jpg 300w, https:\/\/www.globalong.com\/blog\/wp-content\/uploads\/2019\/04\/02-min-768x572.jpg 768w, https:\/\/www.globalong.com\/blog\/wp-content\/uploads\/2019\/04\/02-min-1024x763.jpg 1024w, https:\/\/www.globalong.com\/blog\/wp-content\/uploads\/2019\/04\/02-min-150x112.jpg 150w, https:\/\/www.globalong.com\/blog\/wp-content\/uploads\/2019\/04\/02-min.jpg 1632w\" sizes=\"(max-width: 300px) 100vw, 300px\" \/><\/a>Oui, il y a des craintes (\u00e9loignement familial, chaleur, sant\u00e9, confort), surtout quand l\u2019\u00e9ch\u00e9ance du d\u00e9part approche.<br \/>\nMais il y a aussi cette petite voix que j\u2019ai d\u00e9cid\u00e9 d\u2019\u00e9couter, celle qui me soufflait qu\u2019il fallait y aller, que <strong>l\u2019exp\u00e9rience vaudrait forc\u00e9ment le coup<\/strong> et qu\u2019elle serait <strong>inoubliable<\/strong>.<br \/>\nEt ce fut le cas, je vous l\u2019assure !<\/p>\n<p style=\"text-align: justify;\"><strong>La population togolaise est formidable, accueillante et tellement souriante !<\/strong><br \/>\n<strong>Les enfants que j\u2019ai eu la chance de rencontrer<\/strong>, que ce soit aux coll\u00e8ges, \u00e0 l\u2019orphelinat, dans la rue ou dans le quartier de mon lieu de r\u00e9sidence <strong>sont incroyablement vivants<\/strong>.<br \/>\n<a href=\"https:\/\/www.globalong.com\/blog\/wp-content\/uploads\/2019\/04\/04-min.jpg\"><img loading=\"lazy\" decoding=\"async\" class=\"size-medium wp-image-12571 aligncenter\" src=\"https:\/\/www.globalong.com\/blog\/wp-content\/uploads\/2019\/04\/04-min-300x225.jpg\" alt=\"\" width=\"300\" height=\"225\" srcset=\"https:\/\/www.globalong.com\/blog\/wp-content\/uploads\/2019\/04\/04-min-300x225.jpg 300w, https:\/\/www.globalong.com\/blog\/wp-content\/uploads\/2019\/04\/04-min-768x576.jpg 768w, https:\/\/www.globalong.com\/blog\/wp-content\/uploads\/2019\/04\/04-min-1024x768.jpg 1024w, https:\/\/www.globalong.com\/blog\/wp-content\/uploads\/2019\/04\/04-min-150x113.jpg 150w, https:\/\/www.globalong.com\/blog\/wp-content\/uploads\/2019\/04\/04-min.jpg 1632w\" sizes=\"(max-width: 300px) 100vw, 300px\" \/><\/a>Tout ce petit monde m\u2019a donn\u00e9 <strong>force et \u00e9nergie<\/strong> pendant mon s\u00e9jour et <strong>la magie continue d\u2019agir une fois rentr\u00e9<\/strong>.<\/p>\n<p style=\"text-align: justify;\">Du point de vue touristique, j\u2019ai eu l\u2019occasion de me rendre \u00e0 <strong>Aklowa<\/strong> et sa superbe <strong>cascade<\/strong>. Pour l\u2019atteindre, il faut compter \u00be h de marche assez sportive, mais la r\u00e9compense est au bout du chemin et elle vaut tr\u00e8s largement l\u2019effort fourni\u00a0: une majestueuse cascade, encaiss\u00e9e dans la verdure. On s\u2019y trouve seul au monde et la baignade est <strong>un moment r\u00e9ellement exceptionnel<\/strong>. C\u2019est tout ce dont on a besoin et c\u2019est l\u00e0\u00a0: isolement, d\u00e9tente et fra\u00eecheur.<\/p>\n<p style=\"text-align: justify;\"><a href=\"https:\/\/www.globalong.com\/blog\/wp-content\/uploads\/2019\/04\/17-min.jpg\"><img loading=\"lazy\" decoding=\"async\" class=\"size-medium wp-image-12573 aligncenter\" src=\"https:\/\/www.globalong.com\/blog\/wp-content\/uploads\/2019\/04\/17-min-300x225.jpg\" alt=\"\" width=\"300\" height=\"225\" srcset=\"https:\/\/www.globalong.com\/blog\/wp-content\/uploads\/2019\/04\/17-min-300x225.jpg 300w, https:\/\/www.globalong.com\/blog\/wp-content\/uploads\/2019\/04\/17-min-768x576.jpg 768w, https:\/\/www.globalong.com\/blog\/wp-content\/uploads\/2019\/04\/17-min-1024x768.jpg 1024w, https:\/\/www.globalong.com\/blog\/wp-content\/uploads\/2019\/04\/17-min-150x113.jpg 150w, https:\/\/www.globalong.com\/blog\/wp-content\/uploads\/2019\/04\/17-min.jpg 1080w\" sizes=\"(max-width: 300px) 100vw, 300px\" \/><\/a>Je recommande les yeux ferm\u00e9s l\u2019<strong><a href=\"https:\/\/www.globalong.com\/apropos.html\" target=\"_blank\" rel=\"noopener noreferrer\"><span style=\"text-decoration: underline; color: #b81657;\">association Globalong<\/span><\/a><\/strong>.<br \/>\nIl est difficile d\u2019accorder sa confiance sur <strong>internet<\/strong> de nos jours, j\u2019ai tent\u00e9 ma chance avec Globalong et je ne fus pas d\u00e9\u00e7u le moins du monde ! <strong>L\u2019organisation, l\u2019accompagnement, la disponibilit\u00e9 m\u2019ont impressionn\u00e9 et rassur\u00e9 d\u00e8s les premiers \u00e9changes.<\/strong><br \/>\nInutile de dire que <strong>c\u2019est tr\u00e8s important d\u2019\u00eatre \u00e9paul\u00e9 et guid\u00e9 quand on se lance dans cette aventure<\/strong> avec son lot d\u2019incertitudes.<\/p>\n<p style=\"text-align: justify;\"><strong>J\u2019adresse un grand merci \u00e0 ma famille d\u2019accueil\u00a0: Richard, Chantal et leurs 3 enfants.<\/strong><br \/>\n<strong><a href=\"https:\/\/www.globalong.com\/blog\/wp-content\/uploads\/2019\/04\/18-min.jpg\"><img loading=\"lazy\" decoding=\"async\" class=\"size-medium wp-image-12576 aligncenter\" src=\"https:\/\/www.globalong.com\/blog\/wp-content\/uploads\/2019\/04\/18-min-300x225.jpg\" alt=\"\" width=\"300\" height=\"225\" srcset=\"https:\/\/www.globalong.com\/blog\/wp-content\/uploads\/2019\/04\/18-min-300x225.jpg 300w, https:\/\/www.globalong.com\/blog\/wp-content\/uploads\/2019\/04\/18-min-768x576.jpg 768w, https:\/\/www.globalong.com\/blog\/wp-content\/uploads\/2019\/04\/18-min-1024x768.jpg 1024w, https:\/\/www.globalong.com\/blog\/wp-content\/uploads\/2019\/04\/18-min-150x113.jpg 150w, https:\/\/www.globalong.com\/blog\/wp-content\/uploads\/2019\/04\/18-min.jpg 1080w\" sizes=\"(max-width: 300px) 100vw, 300px\" \/><\/a>J\u2019ai \u00e9t\u00e9 formidablement bien re\u00e7u, aid\u00e9 et nourri bien s\u00fbr.<\/strong><br \/>\n<strong>S\u00e9journer en famille d\u2019accueil est tr\u00e8s enrichissant et les discussions vous apportent un regard diff\u00e9rent sur bien de sujets, un nouvel angle de vue.<\/strong><\/p>\n<p style=\"text-align: justify;\"><strong>Mes pens\u00e9es sont \u00e9galement destin\u00e9es \u00e0 ma femme<\/strong> qui, en acceptant de s\u2019occuper de nos deux filles pendant deux semaines, a rendu mon s\u00e9jour possible.<br \/>\n<strong>Et enfin, \u00e0 mes amis et coll\u00e8gues<\/strong>, pour leurs mots touchants et encourageants.<\/p>\n<p><img loading=\"lazy\" decoding=\"async\" class=\"size-medium wp-image-12579 aligncenter\" src=\"https:\/\/www.globalong.com\/blog\/wp-content\/uploads\/2019\/04\/15-min-300x225.jpg\" alt=\"\" width=\"300\" height=\"225\" srcset=\"https:\/\/www.globalong.com\/blog\/wp-content\/uploads\/2019\/04\/15-min-300x225.jpg 300w, https:\/\/www.globalong.com\/blog\/wp-content\/uploads\/2019\/04\/15-min-768x576.jpg 768w, https:\/\/www.globalong.com\/blog\/wp-content\/uploads\/2019\/04\/15-min-1024x768.jpg 1024w, https:\/\/www.globalong.com\/blog\/wp-content\/uploads\/2019\/04\/15-min-150x113.jpg 150w, https:\/\/www.globalong.com\/blog\/wp-content\/uploads\/2019\/04\/15-min.jpg 1632w\" sizes=\"(max-width: 300px) 100vw, 300px\" \/><\/p>\n<p style=\"text-align: justify;\">Je conclurai en pr\u00e9cisant qu\u2019avant de partir, j\u2019ai parcouru quelques <strong>forums sur internet<\/strong>.<br \/>\nCertains internautes consid\u00e9raient qu\u2019il \u00e9tait plus utile, plus \u00ab\u00a0rentable\u00a0\u00bb, pour le prix de la mission, de rester chez soi et d\u2019envoyer des dons.<\/p>\n<p>Pour ma part, je pense que ce n\u2019est pas si simple.<br \/>\n<strong>En se d\u00e9pla\u00e7ant, on montre aux enfants d\u2019un pays moins d\u00e9velopp\u00e9 que des Occidentaux s\u2019int\u00e9ressent \u00e0 eux, croient en leur chance<\/strong> et s\u2019impliquent pour <strong><a href=\"https:\/\/www.globalong.com\/blog\/education-mission-humanitaire-enfants-jeunes-alphabetisation-association-globalong\/\" target=\"_blank\" rel=\"noopener noreferrer\"><span style=\"text-decoration: underline; color: #b81657;\">les aider \u00e0 construire leur destin<\/span><\/a><\/strong>.<br \/>\n<a href=\"https:\/\/www.globalong.com\/blog\/wp-content\/uploads\/2019\/04\/10-min.jpg\"><img loading=\"lazy\" decoding=\"async\" class=\"size-medium wp-image-12584 aligncenter\" src=\"https:\/\/www.globalong.com\/blog\/wp-content\/uploads\/2019\/04\/10-min-300x225.jpg\" alt=\"\" width=\"300\" height=\"225\" srcset=\"https:\/\/www.globalong.com\/blog\/wp-content\/uploads\/2019\/04\/10-min-300x225.jpg 300w, https:\/\/www.globalong.com\/blog\/wp-content\/uploads\/2019\/04\/10-min-768x576.jpg 768w, https:\/\/www.globalong.com\/blog\/wp-content\/uploads\/2019\/04\/10-min-1024x768.jpg 1024w, https:\/\/www.globalong.com\/blog\/wp-content\/uploads\/2019\/04\/10-min-150x113.jpg 150w, https:\/\/www.globalong.com\/blog\/wp-content\/uploads\/2019\/04\/10-min.jpg 1632w\" sizes=\"(max-width: 300px) 100vw, 300px\" \/><\/a>En leur proposant de poser des questions sur la vie en France, l\u2019\u00e9ducation par exemple, en \u00e9changeant, on leur apprend aussi.<br \/>\n<strong>Il est impossible de comparer ces <a href=\"https:\/\/www.globalong.com\/blog\/eco-volontaire-environnement-benevole-enfants-populations-monde-culture-globalong-informations\/\" target=\"_blank\" rel=\"noopener noreferrer\"><span style=\"text-decoration: underline; color: #b81657;\">apports humains<\/span><\/a> et l\u2019argent, alors pourquoi le faire\u00a0?<\/strong><\/p>\n<p style=\"text-align: justify;\"><strong>Le mot de la fin\u00a0: n\u2019h\u00e9sitez pas \u00e0 tenter l\u2019exp\u00e9rience\u00a0!<\/strong><\/p>\n<p>Yannick<\/p>\n<p>&nbsp;<\/p>\n<p>&nbsp;<\/p>\n<p style=\"text-align: center;\"><a href=\"https:\/\/www.globalong.com\/sejour-benevolat\/togo-benevolat-humanitaire\/togo-mission-ecole.html\" target=\"_blank\" rel=\"noopener noreferrer\"><strong><span style=\"text-decoration: underline; color: #b81657;\">D\u00e9couvrez le programme d&rsquo;enseignement au Togo sur lequel Yannick s&rsquo;est engag\u00e9 !<\/span><\/strong><\/a><\/p>\n<p style=\"text-align: center;\"><a href=\"https:\/\/www.flickr.com\/photos\/globalong\/sets\/72157640040896094\" target=\"_blank\" rel=\"noopener noreferrer\"><strong><span style=\"text-decoration: underline; color: #b81657;\">D\u00e9couvrez les photos du Togo de nos adh\u00e9rents<\/span><\/strong><\/a><\/p>\n<p style=\"text-align: center;\"><a href=\"https:\/\/www.globalong.com\/blog\/avis-globalong\/\" target=\"_blank\" rel=\"noopener noreferrer\"><strong><span style=\"text-decoration: underline; color: #b81657;\">D\u00e9couvrez les t\u00e9moignages des b\u00e9n\u00e9voles engag\u00e9s au Togo<\/span><\/strong><\/a><\/p>\n<p style=\"text-align: center;\"><a href=\"https:\/\/www.globalong.com\/blog\/videos-de-nos-destinations-humanitaire-benevolat-international-volunteer-humanitarian-programme\/\" target=\"_blank\" rel=\"noopener noreferrer\"><strong><span style=\"text-decoration: underline; color: #b81657;\">Globalong en vid\u00e9os<\/span><\/strong><\/a><\/p>\n<p><span style=\"font-size: 8pt;\">Photos non contractuelles<\/span><\/p>\n","protected":false},"excerpt":{"rendered":"<p>Bonjour, Je m\u2019appelle Yannick. Informaticien dans le domaine de la sant\u00e9, j\u2019ai 41 ans, je suis mari\u00e9 et p\u00e8re de deux filles de 3 et 9 ans. Je suis parti au Togo dans la ville d\u2019Atakpam\u00e9. J\u2019ai aid\u00e9 les \u00e9quipes locales en math\u00e9matiques dans deux coll\u00e8ges et en informatique dans un orphelinat (initiation au traitement [&hellip;]<\/p>\n","protected":false},"author":5,"featured_media":12556,"parent":883,"menu_order":0,"comment_status":"closed","ping_status":"closed","template":"","meta":{"footnotes":""},"yoast_head":"<!-- This site is optimized with the Yoast SEO Premium plugin v23.4 (Yoast SEO v23.4) - https:\/\/yoast.com\/wordpress\/plugins\/seo\/ -->\n<title>Togo - Yannick - Association Globalong<\/title>\n<meta name=\"robots\" content=\"index, follow, max-snippet:-1, max-image-preview:large, max-video-preview:-1\" \/>\n<link rel=\"canonical\" href=\"https:\/\/www.globalong.com\/blog\/avis-temoignages-globalong\/togo-yannick-humanitaire-benevole-enseignement-ecole-mathematiques-informatique-education-afrique\/\" \/>\n<meta property=\"og:locale\" content=\"fr_FR\" \/>\n<meta property=\"og:type\" content=\"article\" \/>\n<meta property=\"og:title\" content=\"Togo - Yannick\" \/>\n<meta property=\"og:description\" content=\"Bonjour, Je m\u2019appelle Yannick. Informaticien dans le domaine de la sant\u00e9, j\u2019ai 41 ans, je suis mari\u00e9 et p\u00e8re de deux filles de 3 et 9 ans. Je suis parti au Togo dans la ville d\u2019Atakpam\u00e9. J\u2019ai aid\u00e9 les \u00e9quipes locales en math\u00e9matiques dans deux coll\u00e8ges et en informatique dans un orphelinat (initiation au traitement [&hellip;]\" \/>\n<meta property=\"og:url\" content=\"https:\/\/www.globalong.com\/blog\/avis-temoignages-globalong\/togo-yannick-humanitaire-benevole-enseignement-ecole-mathematiques-informatique-education-afrique\/\" \/>\n<meta property=\"og:site_name\" content=\"Association Globalong\" \/>\n<meta property=\"article:publisher\" content=\"https:\/\/www.facebook.com\/globalong\" \/>\n<meta property=\"article:modified_time\" content=\"2022-05-08T14:04:25+00:00\" \/>\n<meta property=\"og:image\" content=\"https:\/\/www.globalong.com\/blog\/wp-content\/uploads\/2019\/04\/02-min.jpg\" \/>\n\t<meta property=\"og:image:width\" content=\"1632\" \/>\n\t<meta property=\"og:image:height\" content=\"1216\" \/>\n\t<meta property=\"og:image:type\" content=\"image\/jpeg\" \/>\n<meta name=\"twitter:card\" content=\"summary_large_image\" \/>\n<meta name=\"twitter:label1\" content=\"Dur\u00e9e de lecture estim\u00e9e\" \/>\n\t<meta name=\"twitter:data1\" content=\"4 minutes\" \/>\n<script type=\"application\/ld+json\" class=\"yoast-schema-graph\">{\"@context\":\"https:\/\/schema.org\",\"@graph\":[{\"@type\":\"WebPage\",\"@id\":\"https:\/\/www.globalong.com\/blog\/avis-temoignages-globalong\/togo-yannick-humanitaire-benevole-enseignement-ecole-mathematiques-informatique-education-afrique\/\",\"url\":\"https:\/\/www.globalong.com\/blog\/avis-temoignages-globalong\/togo-yannick-humanitaire-benevole-enseignement-ecole-mathematiques-informatique-education-afrique\/\",\"name\":\"Togo - Yannick - Association Globalong\",\"isPartOf\":{\"@id\":\"https:\/\/www.globalong.com\/blog\/#website\"},\"primaryImageOfPage\":{\"@id\":\"https:\/\/www.globalong.com\/blog\/avis-temoignages-globalong\/togo-yannick-humanitaire-benevole-enseignement-ecole-mathematiques-informatique-education-afrique\/#primaryimage\"},\"image\":{\"@id\":\"https:\/\/www.globalong.com\/blog\/avis-temoignages-globalong\/togo-yannick-humanitaire-benevole-enseignement-ecole-mathematiques-informatique-education-afrique\/#primaryimage\"},\"thumbnailUrl\":\"https:\/\/www.globalong.com\/blog\/wp-content\/uploads\/2019\/04\/02-min.jpg\",\"datePublished\":\"2019-04-30T09:15:13+00:00\",\"dateModified\":\"2022-05-08T14:04:25+00:00\",\"breadcrumb\":{\"@id\":\"https:\/\/www.globalong.com\/blog\/avis-temoignages-globalong\/togo-yannick-humanitaire-benevole-enseignement-ecole-mathematiques-informatique-education-afrique\/#breadcrumb\"},\"inLanguage\":\"fr-FR\",\"potentialAction\":[{\"@type\":\"ReadAction\",\"target\":[\"https:\/\/www.globalong.com\/blog\/avis-temoignages-globalong\/togo-yannick-humanitaire-benevole-enseignement-ecole-mathematiques-informatique-education-afrique\/\"]}]},{\"@type\":\"ImageObject\",\"inLanguage\":\"fr-FR\",\"@id\":\"https:\/\/www.globalong.com\/blog\/avis-temoignages-globalong\/togo-yannick-humanitaire-benevole-enseignement-ecole-mathematiques-informatique-education-afrique\/#primaryimage\",\"url\":\"https:\/\/www.globalong.com\/blog\/wp-content\/uploads\/2019\/04\/02-min.jpg\",\"contentUrl\":\"https:\/\/www.globalong.com\/blog\/wp-content\/uploads\/2019\/04\/02-min.jpg\",\"width\":1632,\"height\":1216,\"caption\":\"Volontariat humanitaire\"},{\"@type\":\"BreadcrumbList\",\"@id\":\"https:\/\/www.globalong.com\/blog\/avis-temoignages-globalong\/togo-yannick-humanitaire-benevole-enseignement-ecole-mathematiques-informatique-education-afrique\/#breadcrumb\",\"itemListElement\":[{\"@type\":\"ListItem\",\"position\":1,\"name\":\"Accueil\",\"item\":\"https:\/\/www.globalong.com\/blog\/\"},{\"@type\":\"ListItem\",\"position\":2,\"name\":\"T\u00e9moignages et avis de volontaires Globalong\",\"item\":\"https:\/\/www.globalong.com\/blog\/avis-temoignages-globalong\/\"},{\"@type\":\"ListItem\",\"position\":3,\"name\":\"Togo &#8211; Yannick\"}]},{\"@type\":\"WebSite\",\"@id\":\"https:\/\/www.globalong.com\/blog\/#website\",\"url\":\"https:\/\/www.globalong.com\/blog\/\",\"name\":\"https:\/\/www.globalong.com\/\",\"description\":\"Mission humanitaire, stage \u00e9tudiant et voyage linguistique\",\"publisher\":{\"@id\":\"https:\/\/www.globalong.com\/blog\/#organization\"},\"potentialAction\":[{\"@type\":\"SearchAction\",\"target\":{\"@type\":\"EntryPoint\",\"urlTemplate\":\"https:\/\/www.globalong.com\/blog\/?s={search_term_string}\"},\"query-input\":{\"@type\":\"PropertyValueSpecification\",\"valueRequired\":true,\"valueName\":\"search_term_string\"}}],\"inLanguage\":\"fr-FR\"},{\"@type\":\"Organization\",\"@id\":\"https:\/\/www.globalong.com\/blog\/#organization\",\"name\":\"Association Globalong\",\"url\":\"https:\/\/www.globalong.com\/blog\/\",\"logo\":{\"@type\":\"ImageObject\",\"inLanguage\":\"fr-FR\",\"@id\":\"https:\/\/www.globalong.com\/blog\/#\/schema\/logo\/image\/\",\"url\":\"https:\/\/www.globalong.com\/blog\/wp-content\/uploads\/2014\/11\/cropped-cropped-Logo-et-Afrique-Globalong-petite-taille-2.jpg\",\"contentUrl\":\"https:\/\/www.globalong.com\/blog\/wp-content\/uploads\/2014\/11\/cropped-cropped-Logo-et-Afrique-Globalong-petite-taille-2.jpg\",\"width\":512,\"height\":512,\"caption\":\"Association Globalong\"},\"image\":{\"@id\":\"https:\/\/www.globalong.com\/blog\/#\/schema\/logo\/image\/\"},\"sameAs\":[\"https:\/\/www.facebook.com\/globalong\"]}]}<\/script>\n<!-- \/ Yoast SEO Premium plugin. -->","yoast_head_json":{"title":"Togo - Yannick - Association Globalong","robots":{"index":"index","follow":"follow","max-snippet":"max-snippet:-1","max-image-preview":"max-image-preview:large","max-video-preview":"max-video-preview:-1"},"canonical":"https:\/\/www.globalong.com\/blog\/avis-temoignages-globalong\/togo-yannick-humanitaire-benevole-enseignement-ecole-mathematiques-informatique-education-afrique\/","og_locale":"fr_FR","og_type":"article","og_title":"Togo - Yannick","og_description":"Bonjour, Je m\u2019appelle Yannick. Informaticien dans le domaine de la sant\u00e9, j\u2019ai 41 ans, je suis mari\u00e9 et p\u00e8re de deux filles de 3 et 9 ans. Je suis parti au Togo dans la ville d\u2019Atakpam\u00e9. J\u2019ai aid\u00e9 les \u00e9quipes locales en math\u00e9matiques dans deux coll\u00e8ges et en informatique dans un orphelinat (initiation au traitement [&hellip;]","og_url":"https:\/\/www.globalong.com\/blog\/avis-temoignages-globalong\/togo-yannick-humanitaire-benevole-enseignement-ecole-mathematiques-informatique-education-afrique\/","og_site_name":"Association Globalong","article_publisher":"https:\/\/www.facebook.com\/globalong","article_modified_time":"2022-05-08T14:04:25+00:00","og_image":[{"width":1632,"height":1216,"url":"https:\/\/www.globalong.com\/blog\/wp-content\/uploads\/2019\/04\/02-min.jpg","type":"image\/jpeg"}],"twitter_card":"summary_large_image","twitter_misc":{"Dur\u00e9e de lecture estim\u00e9e":"4 minutes"},"schema":{"@context":"https:\/\/schema.org","@graph":[{"@type":"WebPage","@id":"https:\/\/www.globalong.com\/blog\/avis-temoignages-globalong\/togo-yannick-humanitaire-benevole-enseignement-ecole-mathematiques-informatique-education-afrique\/","url":"https:\/\/www.globalong.com\/blog\/avis-temoignages-globalong\/togo-yannick-humanitaire-benevole-enseignement-ecole-mathematiques-informatique-education-afrique\/","name":"Togo - Yannick - Association Globalong","isPartOf":{"@id":"https:\/\/www.globalong.com\/blog\/#website"},"primaryImageOfPage":{"@id":"https:\/\/www.globalong.com\/blog\/avis-temoignages-globalong\/togo-yannick-humanitaire-benevole-enseignement-ecole-mathematiques-informatique-education-afrique\/#primaryimage"},"image":{"@id":"https:\/\/www.globalong.com\/blog\/avis-temoignages-globalong\/togo-yannick-humanitaire-benevole-enseignement-ecole-mathematiques-informatique-education-afrique\/#primaryimage"},"thumbnailUrl":"https:\/\/www.globalong.com\/blog\/wp-content\/uploads\/2019\/04\/02-min.jpg","datePublished":"2019-04-30T09:15:13+00:00","dateModified":"2022-05-08T14:04:25+00:00","breadcrumb":{"@id":"https:\/\/www.globalong.com\/blog\/avis-temoignages-globalong\/togo-yannick-humanitaire-benevole-enseignement-ecole-mathematiques-informatique-education-afrique\/#breadcrumb"},"inLanguage":"fr-FR","potentialAction":[{"@type":"ReadAction","target":["https:\/\/www.globalong.com\/blog\/avis-temoignages-globalong\/togo-yannick-humanitaire-benevole-enseignement-ecole-mathematiques-informatique-education-afrique\/"]}]},{"@type":"ImageObject","inLanguage":"fr-FR","@id":"https:\/\/www.globalong.com\/blog\/avis-temoignages-globalong\/togo-yannick-humanitaire-benevole-enseignement-ecole-mathematiques-informatique-education-afrique\/#primaryimage","url":"https:\/\/www.globalong.com\/blog\/wp-content\/uploads\/2019\/04\/02-min.jpg","contentUrl":"https:\/\/www.globalong.com\/blog\/wp-content\/uploads\/2019\/04\/02-min.jpg","width":1632,"height":1216,"caption":"Volontariat humanitaire"},{"@type":"BreadcrumbList","@id":"https:\/\/www.globalong.com\/blog\/avis-temoignages-globalong\/togo-yannick-humanitaire-benevole-enseignement-ecole-mathematiques-informatique-education-afrique\/#breadcrumb","itemListElement":[{"@type":"ListItem","position":1,"name":"Accueil","item":"https:\/\/www.globalong.com\/blog\/"},{"@type":"ListItem","position":2,"name":"T\u00e9moignages et avis de volontaires Globalong","item":"https:\/\/www.globalong.com\/blog\/avis-temoignages-globalong\/"},{"@type":"ListItem","position":3,"name":"Togo &#8211; Yannick"}]},{"@type":"WebSite","@id":"https:\/\/www.globalong.com\/blog\/#website","url":"https:\/\/www.globalong.com\/blog\/","name":"https:\/\/www.globalong.com\/","description":"Mission humanitaire, stage \u00e9tudiant et voyage linguistique","publisher":{"@id":"https:\/\/www.globalong.com\/blog\/#organization"},"potentialAction":[{"@type":"SearchAction","target":{"@type":"EntryPoint","urlTemplate":"https:\/\/www.globalong.com\/blog\/?s={search_term_string}"},"query-input":{"@type":"PropertyValueSpecification","valueRequired":true,"valueName":"search_term_string"}}],"inLanguage":"fr-FR"},{"@type":"Organization","@id":"https:\/\/www.globalong.com\/blog\/#organization","name":"Association Globalong","url":"https:\/\/www.globalong.com\/blog\/","logo":{"@type":"ImageObject","inLanguage":"fr-FR","@id":"https:\/\/www.globalong.com\/blog\/#\/schema\/logo\/image\/","url":"https:\/\/www.globalong.com\/blog\/wp-content\/uploads\/2014\/11\/cropped-cropped-Logo-et-Afrique-Globalong-petite-taille-2.jpg","contentUrl":"https:\/\/www.globalong.com\/blog\/wp-content\/uploads\/2014\/11\/cropped-cropped-Logo-et-Afrique-Globalong-petite-taille-2.jpg","width":512,"height":512,"caption":"Association Globalong"},"image":{"@id":"https:\/\/www.globalong.com\/blog\/#\/schema\/logo\/image\/"},"sameAs":["https:\/\/www.facebook.com\/globalong"]}]}},"_links":{"self":[{"href":"https:\/\/www.globalong.com\/blog\/wp-json\/wp\/v2\/pages\/12553"}],"collection":[{"href":"https:\/\/www.globalong.com\/blog\/wp-json\/wp\/v2\/pages"}],"about":[{"href":"https:\/\/www.globalong.com\/blog\/wp-json\/wp\/v2\/types\/page"}],"author":[{"embeddable":true,"href":"https:\/\/www.globalong.com\/blog\/wp-json\/wp\/v2\/users\/5"}],"replies":[{"embeddable":true,"href":"https:\/\/www.globalong.com\/blog\/wp-json\/wp\/v2\/comments?post=12553"}],"version-history":[{"count":35,"href":"https:\/\/www.globalong.com\/blog\/wp-json\/wp\/v2\/pages\/12553\/revisions"}],"predecessor-version":[{"id":14603,"href":"https:\/\/www.globalong.com\/blog\/wp-json\/wp\/v2\/pages\/12553\/revisions\/14603"}],"up":[{"embeddable":true,"href":"https:\/\/www.globalong.com\/blog\/wp-json\/wp\/v2\/pages\/883"}],"wp:featuredmedia":[{"embeddable":true,"href":"https:\/\/www.globalong.com\/blog\/wp-json\/wp\/v2\/media\/12556"}],"wp:attachment":[{"href":"https:\/\/www.globalong.com\/blog\/wp-json\/wp\/v2\/media?parent=12553"}],"curies":[{"name":"wp","href":"https:\/\/api.w.org\/{rel}","templated":true}]}}