{"id":15362,"date":"2023-05-11T14:55:05","date_gmt":"2023-05-11T12:55:05","guid":{"rendered":"https:\/\/www.globalong.com\/blog\/?page_id=15362"},"modified":"2025-10-29T16:12:51","modified_gmt":"2025-10-29T15:12:51","slug":"senegal-charlotte-enseignement","status":"publish","type":"page","link":"https:\/\/www.globalong.com\/blog\/avis-temoignages-globalong\/senegal-charlotte-enseignement\/","title":{"rendered":"S\u00e9n\u00e9gal &#8211; Charlotte (enseignement)"},"content":{"rendered":"<p style=\"text-align: justify;\"><strong>Charlotte s&rsquo;est engag\u00e9e au S\u00e9n\u00e9gal, pour une <a href=\"https:\/\/www.globalong.com\/blog\/enseignement-ecoles-monde\/\" target=\"_blank\" rel=\"noopener\">mission d&rsquo;enseignement<\/a> dans une \u00e9cole communautaire. Revenue il y a quelques mois, elle nous livre son t\u00e9moignage et ses r\u00e9flexions.\u00a0<\/strong><\/p>\n<p style=\"text-align: justify;\"><a href=\"https:\/\/www.globalong.com\/blog\/wp-content\/uploads\/2023\/05\/mission-humanitaire-senegal.png\"><img loading=\"lazy\" decoding=\"async\" class=\"aligncenter wp-image-15363 size-large\" src=\"https:\/\/www.globalong.com\/blog\/wp-content\/uploads\/2023\/05\/mission-humanitaire-senegal-1024x434.png\" alt=\"\" width=\"640\" height=\"271\" srcset=\"https:\/\/www.globalong.com\/blog\/wp-content\/uploads\/2023\/05\/mission-humanitaire-senegal-1024x434.png 1024w, https:\/\/www.globalong.com\/blog\/wp-content\/uploads\/2023\/05\/mission-humanitaire-senegal-300x127.png 300w, https:\/\/www.globalong.com\/blog\/wp-content\/uploads\/2023\/05\/mission-humanitaire-senegal-768x326.png 768w, https:\/\/www.globalong.com\/blog\/wp-content\/uploads\/2023\/05\/mission-humanitaire-senegal-1536x651.png 1536w, https:\/\/www.globalong.com\/blog\/wp-content\/uploads\/2023\/05\/mission-humanitaire-senegal.png 1892w\" sizes=\"(max-width: 640px) 100vw, 640px\" \/><\/a><\/p>\n<p class=\"p1\" style=\"text-align: center;\"><strong><em>\u00a0\u00bb Une belle le\u00e7on\u00a0\u00bb<\/em><\/strong><\/p>\n<p class=\"p3\" style=\"text-align: center;\"><strong>Je suis venue leur enseigner les mati\u00e8res g\u00e9n\u00e9rales, mais ces enfants m\u2019ont \u00e9norm\u00e9ment appris.<\/strong><\/p>\n<p class=\"p3\" style=\"text-align: justify;\"><strong>Il y a bient\u00f4t 3 mois, je suis partie en mission humanitaire dans l\u2019\u00e9cole communautaire de Pikine, au S\u00e9n\u00e9gal avec Association GlobAlong.<\/strong><\/p>\n<p class=\"p3\" style=\"text-align: justify;\"><strong>En France, je me souviens de certaines choses \u00e0 l\u2019\u00e9cole primaire,<\/strong><\/p>\n<ul class=\"ul1\" style=\"text-align: justify;\">\n<li class=\"li4\"><strong><span class=\"s3\">on baisse la t\u00eate pour ne pas \u00eatre interrog\u00e9 <\/span><\/strong><\/li>\n<li class=\"li4\"><strong><span class=\"s3\">on rigole quand quelqu\u2019un se trompe<\/span><\/strong><\/li>\n<li class=\"li4\"><strong><span class=\"s3\">on fuit le passage au tableau<\/span><\/strong><\/li>\n<li class=\"li4\"><strong><span class=\"s3\">on surveille l\u2019heure o\u00f9 maman viendra nous chercher<\/span><\/strong><\/li>\n<li class=\"li4\"><strong><span class=\"s3\">on n\u2019est pas des grands fans des devoirs \u00e0 la maison<\/span><\/strong><\/li>\n<li class=\"li4\"><strong><span class=\"s3\">on attend impatiemment la r\u00e9cr\u00e9 pour jouer avec les copains<\/span><\/strong><\/li>\n<\/ul>\n<p class=\"p3\" style=\"text-align: justify;\"><strong>En fait, on ne sait pas trop pour quelles raisons on doit aller \u00e0 l\u2019\u00e9cole, mis \u00e0 part qu\u2019on s\u2019amuse bien et que de toute fa\u00e7on, on y est oblig\u00e9.<\/strong><\/p>\n<p style=\"text-align: justify;\"><a href=\"https:\/\/www.globalong.com\/blog\/wp-content\/uploads\/2023\/05\/mission-humanitaire-Afrique.png\"><img loading=\"lazy\" decoding=\"async\" class=\"aligncenter wp-image-15364 size-large\" src=\"https:\/\/www.globalong.com\/blog\/wp-content\/uploads\/2023\/05\/mission-humanitaire-Afrique-1024x434.png\" alt=\"\" width=\"640\" height=\"271\" srcset=\"https:\/\/www.globalong.com\/blog\/wp-content\/uploads\/2023\/05\/mission-humanitaire-Afrique-1024x434.png 1024w, https:\/\/www.globalong.com\/blog\/wp-content\/uploads\/2023\/05\/mission-humanitaire-Afrique-300x127.png 300w, https:\/\/www.globalong.com\/blog\/wp-content\/uploads\/2023\/05\/mission-humanitaire-Afrique-768x326.png 768w, https:\/\/www.globalong.com\/blog\/wp-content\/uploads\/2023\/05\/mission-humanitaire-Afrique-1536x651.png 1536w, https:\/\/www.globalong.com\/blog\/wp-content\/uploads\/2023\/05\/mission-humanitaire-Afrique.png 1892w\" sizes=\"(max-width: 640px) 100vw, 640px\" \/><\/a><\/p>\n<p class=\"p3\" style=\"text-align: justify;\"><strong>Au S\u00e9n\u00e9gal, le premier cours que j\u2019ai donn\u00e9 m\u2019a stup\u00e9faite, pour \u00eatre honn\u00eate, je m\u2019attendais \u00e0 ne pas trop \u00eatre \u00e9cout\u00e9e, \u00e0 ma grande surprise<\/strong><\/p>\n<ul class=\"ul1\" style=\"text-align: justify;\">\n<li class=\"li4\" style=\"text-align: justify;\"><strong><span class=\"s3\">Les enfants crient au plus fort \u00ab Madame, madame \u00bb pour \u00eatre celui qui va \u00eatre interrog\u00e9 (je vous laisse imaginer le boucan avec 25 \u00e9l\u00e8ves)<\/span><\/strong><\/li>\n<li class=\"li4\" style=\"text-align: justify;\"><strong><span class=\"s3\">Quand quelqu\u2019un se trompe, instinctivement un autre \u00e9l\u00e8ve lui explique pourquoi c\u2019est faux, et ce qui serait plus juste <\/span><\/strong><\/li>\n<li class=\"li4\"><strong><span class=\"s3\">Ils se mettent tous debout quand c\u2019est le moment d\u2019aller au tableau, ils veulent absolument \u00eatre choisis<\/span><\/strong><\/li>\n<li class=\"li4\" style=\"text-align: justify;\"><strong><span class=\"s3\">Ils se portent volontaires pour des cours de soutiens apr\u00e8s les heures scolaires<\/span><\/strong><\/li>\n<li class=\"li4\" style=\"text-align: justify;\"><strong><span class=\"s3\">Ils apprennent et connaissent leurs cours sur le bout des doigts<\/span><\/strong><\/li>\n<li class=\"li4\" style=\"text-align: justify;\"><strong><span class=\"s3\">On appr\u00e9cie beaucoup la r\u00e9cr\u00e9 pour jouer avec les copains aussi <\/span><\/strong><\/li>\n<\/ul>\n<p class=\"p3\" style=\"text-align: justify;\"><strong>Ces enfants ne sont pas contraints d\u2019y aller, ils en ont envie. Ils comprennent l\u2019importance d\u2019aller \u00e0 l\u2019\u00e9cole pour r\u00e9aliser leurs r\u00eaves. Ils se soutiennent les uns, les autres. Il n\u2019y a pas de moqueries. Ils se d\u00e9m\u00e8nent pour avoir de bons r\u00e9sultats, pour avoir la chance de poursuivre au coll\u00e8ge.\u00a0<\/strong><\/p>\n<p class=\"p3\" style=\"text-align: justify;\"><strong>\u00c0 l\u2019\u00e2ge de 9 ans, ils donnent d\u00e9j\u00e0 le meilleur d\u2019eux m\u00eame pour r\u00e9ussir dans la vie.<\/strong><\/p>\n<p class=\"p3\" style=\"text-align: justify;\"><strong>Alors certes, ces deux pays ne reposent pas sur le m\u00eame pied d\u2019\u00e9galit\u00e9, les enjeux sont aussi diff\u00e9rents,<\/strong><\/p>\n<p class=\"p3\" style=\"text-align: justify;\"><strong>Mais simplement pour dire que j\u2019ai trouv\u00e9 cette d\u00e9termination et cet esprit collectif magnifique et exemplaire \u00e0 un si jeune \u00e2ge.<\/strong><\/p>\n<p class=\"p3\" style=\"text-align: justify;\"><strong>Ils ne le savent s\u00fbrement pas encore, mais ils sont tr\u00e8s courageux.<\/strong><\/p>\n<p class=\"p5\" style=\"text-align: justify;\"><strong>C\u2019\u00e9tait une excellente mission, des souvenirs plein la t\u00eate. J\u2019ai h\u00e2te d\u2019en r\u00e9aliser une prochaine avec votre association !<\/strong><\/p>\n<p style=\"text-align: center;\"><a href=\"https:\/\/www.globalong.com\/blog\/wp-content\/uploads\/2023\/05\/Charlotte-en-mission-humanitaire.png\"><img loading=\"lazy\" decoding=\"async\" class=\"alignnone wp-image-15365 size-large\" src=\"https:\/\/www.globalong.com\/blog\/wp-content\/uploads\/2023\/05\/Charlotte-en-mission-humanitaire-1024x434.png\" alt=\"\" width=\"640\" height=\"271\" srcset=\"https:\/\/www.globalong.com\/blog\/wp-content\/uploads\/2023\/05\/Charlotte-en-mission-humanitaire-1024x434.png 1024w, https:\/\/www.globalong.com\/blog\/wp-content\/uploads\/2023\/05\/Charlotte-en-mission-humanitaire-300x127.png 300w, https:\/\/www.globalong.com\/blog\/wp-content\/uploads\/2023\/05\/Charlotte-en-mission-humanitaire-768x326.png 768w, https:\/\/www.globalong.com\/blog\/wp-content\/uploads\/2023\/05\/Charlotte-en-mission-humanitaire-1536x651.png 1536w, https:\/\/www.globalong.com\/blog\/wp-content\/uploads\/2023\/05\/Charlotte-en-mission-humanitaire.png 1892w\" sizes=\"(max-width: 640px) 100vw, 640px\" \/><\/a><\/p>\n<p style=\"text-align: justify;\"><strong>Un grand merci \u00e0 Charlotte pour son engagement ! Si vous souhaitez en savoir plus, n&rsquo;h\u00e9sitez pas \u00e0 nous contacter \u00e0 <a href=\"mailto:info@globalong.com\"><span class=\"s3\">info@globalong.com<\/span><\/a><\/strong><\/p>\n","protected":false},"excerpt":{"rendered":"<p>Charlotte s&rsquo;est engag\u00e9e au S\u00e9n\u00e9gal, pour une mission d&rsquo;enseignement dans une \u00e9cole communautaire. Revenue il y a quelques mois, elle nous livre son t\u00e9moignage et ses r\u00e9flexions.\u00a0 \u00a0\u00bb Une belle le\u00e7on\u00a0\u00bb Je suis venue leur enseigner les mati\u00e8res g\u00e9n\u00e9rales, mais ces enfants m\u2019ont \u00e9norm\u00e9ment appris. Il y a bient\u00f4t 3 mois, je suis partie en [&hellip;]<\/p>\n","protected":false},"author":9,"featured_media":15367,"parent":883,"menu_order":0,"comment_status":"closed","ping_status":"closed","template":"","meta":{"footnotes":""},"yoast_head":"<!-- This site is optimized with the Yoast SEO Premium plugin v23.4 (Yoast SEO v23.4) - https:\/\/yoast.com\/wordpress\/plugins\/seo\/ -->\n<title>S\u00e9n\u00e9gal - Charlotte (enseignement) - Association Globalong<\/title>\n<meta name=\"robots\" content=\"index, follow, max-snippet:-1, max-image-preview:large, max-video-preview:-1\" \/>\n<link rel=\"canonical\" href=\"https:\/\/www.globalong.com\/blog\/avis-temoignages-globalong\/senegal-charlotte-enseignement\/\" \/>\n<meta property=\"og:locale\" content=\"fr_FR\" \/>\n<meta property=\"og:type\" content=\"article\" \/>\n<meta property=\"og:title\" content=\"S\u00e9n\u00e9gal - Charlotte (enseignement)\" \/>\n<meta property=\"og:description\" content=\"Charlotte s&rsquo;est engag\u00e9e au S\u00e9n\u00e9gal, pour une mission d&rsquo;enseignement dans une \u00e9cole communautaire. Revenue il y a quelques mois, elle nous livre son t\u00e9moignage et ses r\u00e9flexions.\u00a0 \u00a0\u00bb Une belle le\u00e7on\u00a0\u00bb Je suis venue leur enseigner les mati\u00e8res g\u00e9n\u00e9rales, mais ces enfants m\u2019ont \u00e9norm\u00e9ment appris. Il y a bient\u00f4t 3 mois, je suis partie en [&hellip;]\" \/>\n<meta property=\"og:url\" content=\"https:\/\/www.globalong.com\/blog\/avis-temoignages-globalong\/senegal-charlotte-enseignement\/\" \/>\n<meta property=\"og:site_name\" content=\"Association Globalong\" \/>\n<meta property=\"article:publisher\" content=\"https:\/\/www.facebook.com\/globalong\" \/>\n<meta property=\"article:modified_time\" content=\"2025-10-29T15:12:51+00:00\" \/>\n<meta property=\"og:image\" content=\"https:\/\/www.globalong.com\/blog\/wp-content\/uploads\/2023\/05\/charlotte-en-mission-humanitaire-.jpeg\" \/>\n\t<meta property=\"og:image:width\" content=\"768\" \/>\n\t<meta property=\"og:image:height\" content=\"1024\" \/>\n\t<meta property=\"og:image:type\" content=\"image\/jpeg\" \/>\n<meta name=\"twitter:card\" content=\"summary_large_image\" \/>\n<meta name=\"twitter:label1\" content=\"Dur\u00e9e de lecture estim\u00e9e\" \/>\n\t<meta name=\"twitter:data1\" content=\"4 minutes\" \/>\n<script type=\"application\/ld+json\" class=\"yoast-schema-graph\">{\"@context\":\"https:\/\/schema.org\",\"@graph\":[{\"@type\":\"WebPage\",\"@id\":\"https:\/\/www.globalong.com\/blog\/avis-temoignages-globalong\/senegal-charlotte-enseignement\/\",\"url\":\"https:\/\/www.globalong.com\/blog\/avis-temoignages-globalong\/senegal-charlotte-enseignement\/\",\"name\":\"S\u00e9n\u00e9gal - Charlotte (enseignement) - Association Globalong\",\"isPartOf\":{\"@id\":\"https:\/\/www.globalong.com\/blog\/#website\"},\"primaryImageOfPage\":{\"@id\":\"https:\/\/www.globalong.com\/blog\/avis-temoignages-globalong\/senegal-charlotte-enseignement\/#primaryimage\"},\"image\":{\"@id\":\"https:\/\/www.globalong.com\/blog\/avis-temoignages-globalong\/senegal-charlotte-enseignement\/#primaryimage\"},\"thumbnailUrl\":\"https:\/\/www.globalong.com\/blog\/wp-content\/uploads\/2023\/05\/charlotte-en-mission-humanitaire-.jpeg\",\"datePublished\":\"2023-05-11T12:55:05+00:00\",\"dateModified\":\"2025-10-29T15:12:51+00:00\",\"breadcrumb\":{\"@id\":\"https:\/\/www.globalong.com\/blog\/avis-temoignages-globalong\/senegal-charlotte-enseignement\/#breadcrumb\"},\"inLanguage\":\"fr-FR\",\"potentialAction\":[{\"@type\":\"ReadAction\",\"target\":[\"https:\/\/www.globalong.com\/blog\/avis-temoignages-globalong\/senegal-charlotte-enseignement\/\"]}]},{\"@type\":\"ImageObject\",\"inLanguage\":\"fr-FR\",\"@id\":\"https:\/\/www.globalong.com\/blog\/avis-temoignages-globalong\/senegal-charlotte-enseignement\/#primaryimage\",\"url\":\"https:\/\/www.globalong.com\/blog\/wp-content\/uploads\/2023\/05\/charlotte-en-mission-humanitaire-.jpeg\",\"contentUrl\":\"https:\/\/www.globalong.com\/blog\/wp-content\/uploads\/2023\/05\/charlotte-en-mission-humanitaire-.jpeg\",\"width\":768,\"height\":1024},{\"@type\":\"BreadcrumbList\",\"@id\":\"https:\/\/www.globalong.com\/blog\/avis-temoignages-globalong\/senegal-charlotte-enseignement\/#breadcrumb\",\"itemListElement\":[{\"@type\":\"ListItem\",\"position\":1,\"name\":\"Accueil\",\"item\":\"https:\/\/www.globalong.com\/blog\/\"},{\"@type\":\"ListItem\",\"position\":2,\"name\":\"T\u00e9moignages et avis de volontaires Globalong\",\"item\":\"https:\/\/www.globalong.com\/blog\/avis-temoignages-globalong\/\"},{\"@type\":\"ListItem\",\"position\":3,\"name\":\"S\u00e9n\u00e9gal &#8211; Charlotte (enseignement)\"}]},{\"@type\":\"WebSite\",\"@id\":\"https:\/\/www.globalong.com\/blog\/#website\",\"url\":\"https:\/\/www.globalong.com\/blog\/\",\"name\":\"https:\/\/www.globalong.com\/\",\"description\":\"Mission humanitaire, stage \u00e9tudiant et voyage linguistique\",\"publisher\":{\"@id\":\"https:\/\/www.globalong.com\/blog\/#organization\"},\"potentialAction\":[{\"@type\":\"SearchAction\",\"target\":{\"@type\":\"EntryPoint\",\"urlTemplate\":\"https:\/\/www.globalong.com\/blog\/?s={search_term_string}\"},\"query-input\":{\"@type\":\"PropertyValueSpecification\",\"valueRequired\":true,\"valueName\":\"search_term_string\"}}],\"inLanguage\":\"fr-FR\"},{\"@type\":\"Organization\",\"@id\":\"https:\/\/www.globalong.com\/blog\/#organization\",\"name\":\"Association Globalong\",\"url\":\"https:\/\/www.globalong.com\/blog\/\",\"logo\":{\"@type\":\"ImageObject\",\"inLanguage\":\"fr-FR\",\"@id\":\"https:\/\/www.globalong.com\/blog\/#\/schema\/logo\/image\/\",\"url\":\"https:\/\/www.globalong.com\/blog\/wp-content\/uploads\/2014\/11\/cropped-cropped-Logo-et-Afrique-Globalong-petite-taille-2.jpg\",\"contentUrl\":\"https:\/\/www.globalong.com\/blog\/wp-content\/uploads\/2014\/11\/cropped-cropped-Logo-et-Afrique-Globalong-petite-taille-2.jpg\",\"width\":512,\"height\":512,\"caption\":\"Association Globalong\"},\"image\":{\"@id\":\"https:\/\/www.globalong.com\/blog\/#\/schema\/logo\/image\/\"},\"sameAs\":[\"https:\/\/www.facebook.com\/globalong\"]}]}<\/script>\n<!-- \/ Yoast SEO Premium plugin. -->","yoast_head_json":{"title":"S\u00e9n\u00e9gal - Charlotte (enseignement) - Association Globalong","robots":{"index":"index","follow":"follow","max-snippet":"max-snippet:-1","max-image-preview":"max-image-preview:large","max-video-preview":"max-video-preview:-1"},"canonical":"https:\/\/www.globalong.com\/blog\/avis-temoignages-globalong\/senegal-charlotte-enseignement\/","og_locale":"fr_FR","og_type":"article","og_title":"S\u00e9n\u00e9gal - Charlotte (enseignement)","og_description":"Charlotte s&rsquo;est engag\u00e9e au S\u00e9n\u00e9gal, pour une mission d&rsquo;enseignement dans une \u00e9cole communautaire. Revenue il y a quelques mois, elle nous livre son t\u00e9moignage et ses r\u00e9flexions.\u00a0 \u00a0\u00bb Une belle le\u00e7on\u00a0\u00bb Je suis venue leur enseigner les mati\u00e8res g\u00e9n\u00e9rales, mais ces enfants m\u2019ont \u00e9norm\u00e9ment appris. Il y a bient\u00f4t 3 mois, je suis partie en [&hellip;]","og_url":"https:\/\/www.globalong.com\/blog\/avis-temoignages-globalong\/senegal-charlotte-enseignement\/","og_site_name":"Association Globalong","article_publisher":"https:\/\/www.facebook.com\/globalong","article_modified_time":"2025-10-29T15:12:51+00:00","og_image":[{"width":768,"height":1024,"url":"https:\/\/www.globalong.com\/blog\/wp-content\/uploads\/2023\/05\/charlotte-en-mission-humanitaire-.jpeg","type":"image\/jpeg"}],"twitter_card":"summary_large_image","twitter_misc":{"Dur\u00e9e de lecture estim\u00e9e":"4 minutes"},"schema":{"@context":"https:\/\/schema.org","@graph":[{"@type":"WebPage","@id":"https:\/\/www.globalong.com\/blog\/avis-temoignages-globalong\/senegal-charlotte-enseignement\/","url":"https:\/\/www.globalong.com\/blog\/avis-temoignages-globalong\/senegal-charlotte-enseignement\/","name":"S\u00e9n\u00e9gal - Charlotte (enseignement) - Association Globalong","isPartOf":{"@id":"https:\/\/www.globalong.com\/blog\/#website"},"primaryImageOfPage":{"@id":"https:\/\/www.globalong.com\/blog\/avis-temoignages-globalong\/senegal-charlotte-enseignement\/#primaryimage"},"image":{"@id":"https:\/\/www.globalong.com\/blog\/avis-temoignages-globalong\/senegal-charlotte-enseignement\/#primaryimage"},"thumbnailUrl":"https:\/\/www.globalong.com\/blog\/wp-content\/uploads\/2023\/05\/charlotte-en-mission-humanitaire-.jpeg","datePublished":"2023-05-11T12:55:05+00:00","dateModified":"2025-10-29T15:12:51+00:00","breadcrumb":{"@id":"https:\/\/www.globalong.com\/blog\/avis-temoignages-globalong\/senegal-charlotte-enseignement\/#breadcrumb"},"inLanguage":"fr-FR","potentialAction":[{"@type":"ReadAction","target":["https:\/\/www.globalong.com\/blog\/avis-temoignages-globalong\/senegal-charlotte-enseignement\/"]}]},{"@type":"ImageObject","inLanguage":"fr-FR","@id":"https:\/\/www.globalong.com\/blog\/avis-temoignages-globalong\/senegal-charlotte-enseignement\/#primaryimage","url":"https:\/\/www.globalong.com\/blog\/wp-content\/uploads\/2023\/05\/charlotte-en-mission-humanitaire-.jpeg","contentUrl":"https:\/\/www.globalong.com\/blog\/wp-content\/uploads\/2023\/05\/charlotte-en-mission-humanitaire-.jpeg","width":768,"height":1024},{"@type":"BreadcrumbList","@id":"https:\/\/www.globalong.com\/blog\/avis-temoignages-globalong\/senegal-charlotte-enseignement\/#breadcrumb","itemListElement":[{"@type":"ListItem","position":1,"name":"Accueil","item":"https:\/\/www.globalong.com\/blog\/"},{"@type":"ListItem","position":2,"name":"T\u00e9moignages et avis de volontaires Globalong","item":"https:\/\/www.globalong.com\/blog\/avis-temoignages-globalong\/"},{"@type":"ListItem","position":3,"name":"S\u00e9n\u00e9gal &#8211; Charlotte (enseignement)"}]},{"@type":"WebSite","@id":"https:\/\/www.globalong.com\/blog\/#website","url":"https:\/\/www.globalong.com\/blog\/","name":"https:\/\/www.globalong.com\/","description":"Mission humanitaire, stage \u00e9tudiant et voyage linguistique","publisher":{"@id":"https:\/\/www.globalong.com\/blog\/#organization"},"potentialAction":[{"@type":"SearchAction","target":{"@type":"EntryPoint","urlTemplate":"https:\/\/www.globalong.com\/blog\/?s={search_term_string}"},"query-input":{"@type":"PropertyValueSpecification","valueRequired":true,"valueName":"search_term_string"}}],"inLanguage":"fr-FR"},{"@type":"Organization","@id":"https:\/\/www.globalong.com\/blog\/#organization","name":"Association Globalong","url":"https:\/\/www.globalong.com\/blog\/","logo":{"@type":"ImageObject","inLanguage":"fr-FR","@id":"https:\/\/www.globalong.com\/blog\/#\/schema\/logo\/image\/","url":"https:\/\/www.globalong.com\/blog\/wp-content\/uploads\/2014\/11\/cropped-cropped-Logo-et-Afrique-Globalong-petite-taille-2.jpg","contentUrl":"https:\/\/www.globalong.com\/blog\/wp-content\/uploads\/2014\/11\/cropped-cropped-Logo-et-Afrique-Globalong-petite-taille-2.jpg","width":512,"height":512,"caption":"Association Globalong"},"image":{"@id":"https:\/\/www.globalong.com\/blog\/#\/schema\/logo\/image\/"},"sameAs":["https:\/\/www.facebook.com\/globalong"]}]}},"_links":{"self":[{"href":"https:\/\/www.globalong.com\/blog\/wp-json\/wp\/v2\/pages\/15362"}],"collection":[{"href":"https:\/\/www.globalong.com\/blog\/wp-json\/wp\/v2\/pages"}],"about":[{"href":"https:\/\/www.globalong.com\/blog\/wp-json\/wp\/v2\/types\/page"}],"author":[{"embeddable":true,"href":"https:\/\/www.globalong.com\/blog\/wp-json\/wp\/v2\/users\/9"}],"replies":[{"embeddable":true,"href":"https:\/\/www.globalong.com\/blog\/wp-json\/wp\/v2\/comments?post=15362"}],"version-history":[{"count":5,"href":"https:\/\/www.globalong.com\/blog\/wp-json\/wp\/v2\/pages\/15362\/revisions"}],"predecessor-version":[{"id":22153,"href":"https:\/\/www.globalong.com\/blog\/wp-json\/wp\/v2\/pages\/15362\/revisions\/22153"}],"up":[{"embeddable":true,"href":"https:\/\/www.globalong.com\/blog\/wp-json\/wp\/v2\/pages\/883"}],"wp:featuredmedia":[{"embeddable":true,"href":"https:\/\/www.globalong.com\/blog\/wp-json\/wp\/v2\/media\/15367"}],"wp:attachment":[{"href":"https:\/\/www.globalong.com\/blog\/wp-json\/wp\/v2\/media?parent=15362"}],"curies":[{"name":"wp","href":"https:\/\/api.w.org\/{rel}","templated":true}]}}