{"id":15387,"date":"2023-06-02T12:50:19","date_gmt":"2023-06-02T10:50:19","guid":{"rendered":"https:\/\/www.globalong.com\/blog\/?page_id=15387"},"modified":"2023-06-02T12:53:33","modified_gmt":"2023-06-02T10:53:33","slug":"togo-orlane","status":"publish","type":"page","link":"https:\/\/www.globalong.com\/blog\/avis-temoignages-globalong\/togo-orlane\/","title":{"rendered":"Togo &#8211; Orlane"},"content":{"rendered":"<div dir=\"ltr\">\n<p class=\"p1\" style=\"text-align: center;\"><strong>Orlane, adh\u00e9rente de Globalong, partie en mission dans les orphelinats au Togo est rentr\u00e9e il y a peu de temps et nous livre son ressenti !<\/strong><\/p>\n<p class=\"p1\">J&rsquo;ai \u00e9t\u00e9 tr\u00e8s bien re\u00e7u par la famille \u00e0 Richard. Moi qui appr\u00e9hendai mon adaptation en partant seule, je n&rsquo;ai eu aucun probl\u00e8me, ni avec la famille de Richard, ni au sein du village de la joie. La directrice, les mamas, tatas, papas comme on les appelle sont adorables et bienveillants. Et les enfants&#8230;. d\u00e8s le premier jour, j&rsquo;\u00e9tais d\u00e9j\u00e0 attach\u00e9e \u00e0 eux, alors imaginez le dernier jour&#8230; ils sont tellement remplis d&rsquo;amour, farceurs pour certains, c&rsquo;\u00e9tait un bonheur de voir leur si beau sourire.<\/p>\n<p class=\"p1\">Les journ\u00e9es \u00e9taient bien remplies, lorsque nous n&rsquo;\u00e9tions pas en train d&rsquo;aider les mamas dans toutes les t\u00e2ches quotidiennes aupr\u00e8s des enfants, nous mettions en place des activit\u00e9s ludiques et sportives pour les moyens et plus grands d&rsquo;entre eux qui s&rsquo;impliquaient dans toutes ces activit\u00e9s.<\/p>\n<p class=\"p1\">Si vous aimez les \u00ab\u00a0enfants\u00a0\u00bb, allez y les yeux ferm\u00e9s. Ils sont tous formidables.<\/p>\n<p class=\"p1\">Je n&rsquo;aurai pas pu r\u00eaver mieux comme premi\u00e8re mission humanitaire donc merci \u00e0 vous Globalong, j&rsquo;en garderai un magnifique souvenir !<\/p>\n<p class=\"p1\">Voici quelques photos de mon superbe s\u00e9jour et mon retour par rapport \u00e0 la mission.<\/p>\n<\/div>\n<div dir=\"ltr\"><a href=\"https:\/\/www.globalong.com\/blog\/wp-content\/uploads\/2023\/06\/be\u0301ne\u0301volat-orphelinats-afrique.png\"><img loading=\"lazy\" decoding=\"async\" class=\"aligncenter wp-image-15388 size-full\" src=\"https:\/\/www.globalong.com\/blog\/wp-content\/uploads\/2023\/06\/be\u0301ne\u0301volat-orphelinats-afrique.png\" alt=\"\" width=\"2348\" height=\"924\" srcset=\"https:\/\/www.globalong.com\/blog\/wp-content\/uploads\/2023\/06\/be\u0301ne\u0301volat-orphelinats-afrique.png 2348w, https:\/\/www.globalong.com\/blog\/wp-content\/uploads\/2023\/06\/be\u0301ne\u0301volat-orphelinats-afrique-300x118.png 300w, https:\/\/www.globalong.com\/blog\/wp-content\/uploads\/2023\/06\/be\u0301ne\u0301volat-orphelinats-afrique-1024x403.png 1024w, https:\/\/www.globalong.com\/blog\/wp-content\/uploads\/2023\/06\/be\u0301ne\u0301volat-orphelinats-afrique-768x302.png 768w, https:\/\/www.globalong.com\/blog\/wp-content\/uploads\/2023\/06\/be\u0301ne\u0301volat-orphelinats-afrique-1536x604.png 1536w, https:\/\/www.globalong.com\/blog\/wp-content\/uploads\/2023\/06\/be\u0301ne\u0301volat-orphelinats-afrique-2048x806.png 2048w\" sizes=\"(max-width: 2348px) 100vw, 2348px\" \/><\/a><\/div>\n<div dir=\"ltr\"><a href=\"https:\/\/www.globalong.com\/blog\/wp-content\/uploads\/2023\/06\/mission-humanitaire-en-afrique.png\"><img loading=\"lazy\" decoding=\"async\" class=\"alignnone size-full wp-image-15389\" src=\"https:\/\/www.globalong.com\/blog\/wp-content\/uploads\/2023\/06\/mission-humanitaire-en-afrique.png\" alt=\"\" width=\"2348\" height=\"924\" srcset=\"https:\/\/www.globalong.com\/blog\/wp-content\/uploads\/2023\/06\/mission-humanitaire-en-afrique.png 2348w, https:\/\/www.globalong.com\/blog\/wp-content\/uploads\/2023\/06\/mission-humanitaire-en-afrique-300x118.png 300w, https:\/\/www.globalong.com\/blog\/wp-content\/uploads\/2023\/06\/mission-humanitaire-en-afrique-1024x403.png 1024w, https:\/\/www.globalong.com\/blog\/wp-content\/uploads\/2023\/06\/mission-humanitaire-en-afrique-768x302.png 768w, https:\/\/www.globalong.com\/blog\/wp-content\/uploads\/2023\/06\/mission-humanitaire-en-afrique-1536x604.png 1536w, https:\/\/www.globalong.com\/blog\/wp-content\/uploads\/2023\/06\/mission-humanitaire-en-afrique-2048x806.png 2048w\" sizes=\"(max-width: 2348px) 100vw, 2348px\" \/><\/a><\/div>\n<div dir=\"ltr\"><\/div>\n<div dir=\"ltr\">Merci \u00e0 Orlane pour son engagement ! Si vous aussi vous souhaitez <span style=\"text-decoration: underline;\"><a href=\"https:\/\/www.globalong.com\/sejour-benevolat\/togo-benevolat-humanitaire.html\" target=\"_blank\" rel=\"noopener\">vous engager au Togo<\/a><\/span>, n&rsquo;h\u00e9sitez pas \u00e0 nous contacter \u00e0 <u><a href=\"mailto:info@globalong.com\">info@globalong.com<\/a><\/u><\/div>\n","protected":false},"excerpt":{"rendered":"<p>Orlane, adh\u00e9rente de Globalong, partie en mission dans les orphelinats au Togo est rentr\u00e9e il y a peu de temps et nous livre son ressenti ! J&rsquo;ai \u00e9t\u00e9 tr\u00e8s bien re\u00e7u par la famille \u00e0 Richard. Moi qui appr\u00e9hendai mon adaptation en partant seule, je n&rsquo;ai eu aucun probl\u00e8me, ni avec la famille de Richard, [&hellip;]<\/p>\n","protected":false},"author":9,"featured_media":15390,"parent":883,"menu_order":0,"comment_status":"closed","ping_status":"closed","template":"","meta":{"footnotes":""},"yoast_head":"<!-- This site is optimized with the Yoast SEO Premium plugin v23.4 (Yoast SEO v23.4) - https:\/\/yoast.com\/wordpress\/plugins\/seo\/ -->\n<title>Togo - Orlane - Association Globalong<\/title>\n<meta name=\"robots\" content=\"index, follow, max-snippet:-1, max-image-preview:large, max-video-preview:-1\" \/>\n<link rel=\"canonical\" href=\"https:\/\/www.globalong.com\/blog\/avis-temoignages-globalong\/togo-orlane\/\" \/>\n<meta property=\"og:locale\" content=\"fr_FR\" \/>\n<meta property=\"og:type\" content=\"article\" \/>\n<meta property=\"og:title\" content=\"Togo - Orlane\" \/>\n<meta property=\"og:description\" content=\"Orlane, adh\u00e9rente de Globalong, partie en mission dans les orphelinats au Togo est rentr\u00e9e il y a peu de temps et nous livre son ressenti ! J&rsquo;ai \u00e9t\u00e9 tr\u00e8s bien re\u00e7u par la famille \u00e0 Richard. Moi qui appr\u00e9hendai mon adaptation en partant seule, je n&rsquo;ai eu aucun probl\u00e8me, ni avec la famille de Richard, [&hellip;]\" \/>\n<meta property=\"og:url\" content=\"https:\/\/www.globalong.com\/blog\/avis-temoignages-globalong\/togo-orlane\/\" \/>\n<meta property=\"og:site_name\" content=\"Association Globalong\" \/>\n<meta property=\"article:publisher\" content=\"https:\/\/www.facebook.com\/globalong\" \/>\n<meta property=\"article:modified_time\" content=\"2023-06-02T10:53:33+00:00\" \/>\n<meta property=\"og:image\" content=\"https:\/\/www.globalong.com\/blog\/wp-content\/uploads\/2023\/06\/Mission-orphelinats-togo-scaled.jpg\" \/>\n\t<meta property=\"og:image:width\" content=\"1920\" \/>\n\t<meta property=\"og:image:height\" content=\"2560\" \/>\n\t<meta property=\"og:image:type\" content=\"image\/jpeg\" \/>\n<meta name=\"twitter:card\" content=\"summary_large_image\" \/>\n<meta name=\"twitter:label1\" content=\"Dur\u00e9e de lecture estim\u00e9e\" \/>\n\t<meta name=\"twitter:data1\" content=\"2 minutes\" \/>\n<script type=\"application\/ld+json\" class=\"yoast-schema-graph\">{\"@context\":\"https:\/\/schema.org\",\"@graph\":[{\"@type\":\"WebPage\",\"@id\":\"https:\/\/www.globalong.com\/blog\/avis-temoignages-globalong\/togo-orlane\/\",\"url\":\"https:\/\/www.globalong.com\/blog\/avis-temoignages-globalong\/togo-orlane\/\",\"name\":\"Togo - Orlane - Association Globalong\",\"isPartOf\":{\"@id\":\"https:\/\/www.globalong.com\/blog\/#website\"},\"primaryImageOfPage\":{\"@id\":\"https:\/\/www.globalong.com\/blog\/avis-temoignages-globalong\/togo-orlane\/#primaryimage\"},\"image\":{\"@id\":\"https:\/\/www.globalong.com\/blog\/avis-temoignages-globalong\/togo-orlane\/#primaryimage\"},\"thumbnailUrl\":\"https:\/\/www.globalong.com\/blog\/wp-content\/uploads\/2023\/06\/Mission-orphelinats-togo-scaled.jpg\",\"datePublished\":\"2023-06-02T10:50:19+00:00\",\"dateModified\":\"2023-06-02T10:53:33+00:00\",\"breadcrumb\":{\"@id\":\"https:\/\/www.globalong.com\/blog\/avis-temoignages-globalong\/togo-orlane\/#breadcrumb\"},\"inLanguage\":\"fr-FR\",\"potentialAction\":[{\"@type\":\"ReadAction\",\"target\":[\"https:\/\/www.globalong.com\/blog\/avis-temoignages-globalong\/togo-orlane\/\"]}]},{\"@type\":\"ImageObject\",\"inLanguage\":\"fr-FR\",\"@id\":\"https:\/\/www.globalong.com\/blog\/avis-temoignages-globalong\/togo-orlane\/#primaryimage\",\"url\":\"https:\/\/www.globalong.com\/blog\/wp-content\/uploads\/2023\/06\/Mission-orphelinats-togo-scaled.jpg\",\"contentUrl\":\"https:\/\/www.globalong.com\/blog\/wp-content\/uploads\/2023\/06\/Mission-orphelinats-togo-scaled.jpg\",\"width\":1920,\"height\":2560,\"caption\":\"Mission pouponni\u00e8re\"},{\"@type\":\"BreadcrumbList\",\"@id\":\"https:\/\/www.globalong.com\/blog\/avis-temoignages-globalong\/togo-orlane\/#breadcrumb\",\"itemListElement\":[{\"@type\":\"ListItem\",\"position\":1,\"name\":\"Accueil\",\"item\":\"https:\/\/www.globalong.com\/blog\/\"},{\"@type\":\"ListItem\",\"position\":2,\"name\":\"T\u00e9moignages et avis de volontaires Globalong\",\"item\":\"https:\/\/www.globalong.com\/blog\/avis-temoignages-globalong\/\"},{\"@type\":\"ListItem\",\"position\":3,\"name\":\"Togo &#8211; Orlane\"}]},{\"@type\":\"WebSite\",\"@id\":\"https:\/\/www.globalong.com\/blog\/#website\",\"url\":\"https:\/\/www.globalong.com\/blog\/\",\"name\":\"https:\/\/www.globalong.com\/\",\"description\":\"Mission humanitaire, stage \u00e9tudiant et voyage linguistique\",\"publisher\":{\"@id\":\"https:\/\/www.globalong.com\/blog\/#organization\"},\"potentialAction\":[{\"@type\":\"SearchAction\",\"target\":{\"@type\":\"EntryPoint\",\"urlTemplate\":\"https:\/\/www.globalong.com\/blog\/?s={search_term_string}\"},\"query-input\":{\"@type\":\"PropertyValueSpecification\",\"valueRequired\":true,\"valueName\":\"search_term_string\"}}],\"inLanguage\":\"fr-FR\"},{\"@type\":\"Organization\",\"@id\":\"https:\/\/www.globalong.com\/blog\/#organization\",\"name\":\"Association Globalong\",\"url\":\"https:\/\/www.globalong.com\/blog\/\",\"logo\":{\"@type\":\"ImageObject\",\"inLanguage\":\"fr-FR\",\"@id\":\"https:\/\/www.globalong.com\/blog\/#\/schema\/logo\/image\/\",\"url\":\"https:\/\/www.globalong.com\/blog\/wp-content\/uploads\/2014\/11\/cropped-cropped-Logo-et-Afrique-Globalong-petite-taille-2.jpg\",\"contentUrl\":\"https:\/\/www.globalong.com\/blog\/wp-content\/uploads\/2014\/11\/cropped-cropped-Logo-et-Afrique-Globalong-petite-taille-2.jpg\",\"width\":512,\"height\":512,\"caption\":\"Association Globalong\"},\"image\":{\"@id\":\"https:\/\/www.globalong.com\/blog\/#\/schema\/logo\/image\/\"},\"sameAs\":[\"https:\/\/www.facebook.com\/globalong\"]}]}<\/script>\n<!-- \/ Yoast SEO Premium plugin. -->","yoast_head_json":{"title":"Togo - Orlane - Association Globalong","robots":{"index":"index","follow":"follow","max-snippet":"max-snippet:-1","max-image-preview":"max-image-preview:large","max-video-preview":"max-video-preview:-1"},"canonical":"https:\/\/www.globalong.com\/blog\/avis-temoignages-globalong\/togo-orlane\/","og_locale":"fr_FR","og_type":"article","og_title":"Togo - Orlane","og_description":"Orlane, adh\u00e9rente de Globalong, partie en mission dans les orphelinats au Togo est rentr\u00e9e il y a peu de temps et nous livre son ressenti ! J&rsquo;ai \u00e9t\u00e9 tr\u00e8s bien re\u00e7u par la famille \u00e0 Richard. Moi qui appr\u00e9hendai mon adaptation en partant seule, je n&rsquo;ai eu aucun probl\u00e8me, ni avec la famille de Richard, [&hellip;]","og_url":"https:\/\/www.globalong.com\/blog\/avis-temoignages-globalong\/togo-orlane\/","og_site_name":"Association Globalong","article_publisher":"https:\/\/www.facebook.com\/globalong","article_modified_time":"2023-06-02T10:53:33+00:00","og_image":[{"width":1920,"height":2560,"url":"https:\/\/www.globalong.com\/blog\/wp-content\/uploads\/2023\/06\/Mission-orphelinats-togo-scaled.jpg","type":"image\/jpeg"}],"twitter_card":"summary_large_image","twitter_misc":{"Dur\u00e9e de lecture estim\u00e9e":"2 minutes"},"schema":{"@context":"https:\/\/schema.org","@graph":[{"@type":"WebPage","@id":"https:\/\/www.globalong.com\/blog\/avis-temoignages-globalong\/togo-orlane\/","url":"https:\/\/www.globalong.com\/blog\/avis-temoignages-globalong\/togo-orlane\/","name":"Togo - Orlane - Association Globalong","isPartOf":{"@id":"https:\/\/www.globalong.com\/blog\/#website"},"primaryImageOfPage":{"@id":"https:\/\/www.globalong.com\/blog\/avis-temoignages-globalong\/togo-orlane\/#primaryimage"},"image":{"@id":"https:\/\/www.globalong.com\/blog\/avis-temoignages-globalong\/togo-orlane\/#primaryimage"},"thumbnailUrl":"https:\/\/www.globalong.com\/blog\/wp-content\/uploads\/2023\/06\/Mission-orphelinats-togo-scaled.jpg","datePublished":"2023-06-02T10:50:19+00:00","dateModified":"2023-06-02T10:53:33+00:00","breadcrumb":{"@id":"https:\/\/www.globalong.com\/blog\/avis-temoignages-globalong\/togo-orlane\/#breadcrumb"},"inLanguage":"fr-FR","potentialAction":[{"@type":"ReadAction","target":["https:\/\/www.globalong.com\/blog\/avis-temoignages-globalong\/togo-orlane\/"]}]},{"@type":"ImageObject","inLanguage":"fr-FR","@id":"https:\/\/www.globalong.com\/blog\/avis-temoignages-globalong\/togo-orlane\/#primaryimage","url":"https:\/\/www.globalong.com\/blog\/wp-content\/uploads\/2023\/06\/Mission-orphelinats-togo-scaled.jpg","contentUrl":"https:\/\/www.globalong.com\/blog\/wp-content\/uploads\/2023\/06\/Mission-orphelinats-togo-scaled.jpg","width":1920,"height":2560,"caption":"Mission pouponni\u00e8re"},{"@type":"BreadcrumbList","@id":"https:\/\/www.globalong.com\/blog\/avis-temoignages-globalong\/togo-orlane\/#breadcrumb","itemListElement":[{"@type":"ListItem","position":1,"name":"Accueil","item":"https:\/\/www.globalong.com\/blog\/"},{"@type":"ListItem","position":2,"name":"T\u00e9moignages et avis de volontaires Globalong","item":"https:\/\/www.globalong.com\/blog\/avis-temoignages-globalong\/"},{"@type":"ListItem","position":3,"name":"Togo &#8211; Orlane"}]},{"@type":"WebSite","@id":"https:\/\/www.globalong.com\/blog\/#website","url":"https:\/\/www.globalong.com\/blog\/","name":"https:\/\/www.globalong.com\/","description":"Mission humanitaire, stage \u00e9tudiant et voyage linguistique","publisher":{"@id":"https:\/\/www.globalong.com\/blog\/#organization"},"potentialAction":[{"@type":"SearchAction","target":{"@type":"EntryPoint","urlTemplate":"https:\/\/www.globalong.com\/blog\/?s={search_term_string}"},"query-input":{"@type":"PropertyValueSpecification","valueRequired":true,"valueName":"search_term_string"}}],"inLanguage":"fr-FR"},{"@type":"Organization","@id":"https:\/\/www.globalong.com\/blog\/#organization","name":"Association Globalong","url":"https:\/\/www.globalong.com\/blog\/","logo":{"@type":"ImageObject","inLanguage":"fr-FR","@id":"https:\/\/www.globalong.com\/blog\/#\/schema\/logo\/image\/","url":"https:\/\/www.globalong.com\/blog\/wp-content\/uploads\/2014\/11\/cropped-cropped-Logo-et-Afrique-Globalong-petite-taille-2.jpg","contentUrl":"https:\/\/www.globalong.com\/blog\/wp-content\/uploads\/2014\/11\/cropped-cropped-Logo-et-Afrique-Globalong-petite-taille-2.jpg","width":512,"height":512,"caption":"Association Globalong"},"image":{"@id":"https:\/\/www.globalong.com\/blog\/#\/schema\/logo\/image\/"},"sameAs":["https:\/\/www.facebook.com\/globalong"]}]}},"_links":{"self":[{"href":"https:\/\/www.globalong.com\/blog\/wp-json\/wp\/v2\/pages\/15387"}],"collection":[{"href":"https:\/\/www.globalong.com\/blog\/wp-json\/wp\/v2\/pages"}],"about":[{"href":"https:\/\/www.globalong.com\/blog\/wp-json\/wp\/v2\/types\/page"}],"author":[{"embeddable":true,"href":"https:\/\/www.globalong.com\/blog\/wp-json\/wp\/v2\/users\/9"}],"replies":[{"embeddable":true,"href":"https:\/\/www.globalong.com\/blog\/wp-json\/wp\/v2\/comments?post=15387"}],"version-history":[{"count":6,"href":"https:\/\/www.globalong.com\/blog\/wp-json\/wp\/v2\/pages\/15387\/revisions"}],"predecessor-version":[{"id":19531,"href":"https:\/\/www.globalong.com\/blog\/wp-json\/wp\/v2\/pages\/15387\/revisions\/19531"}],"up":[{"embeddable":true,"href":"https:\/\/www.globalong.com\/blog\/wp-json\/wp\/v2\/pages\/883"}],"wp:featuredmedia":[{"embeddable":true,"href":"https:\/\/www.globalong.com\/blog\/wp-json\/wp\/v2\/media\/15390"}],"wp:attachment":[{"href":"https:\/\/www.globalong.com\/blog\/wp-json\/wp\/v2\/media?parent=15387"}],"curies":[{"name":"wp","href":"https:\/\/api.w.org\/{rel}","templated":true}]}}