{"id":15406,"date":"2023-06-12T10:55:21","date_gmt":"2023-06-12T08:55:21","guid":{"rendered":"https:\/\/www.globalong.com\/blog\/?page_id=15406"},"modified":"2026-02-11T22:51:18","modified_gmt":"2026-02-11T21:51:18","slug":"cambodge-jean-francois-management","status":"publish","type":"page","link":"https:\/\/www.globalong.com\/blog\/avis-temoignages-globalong\/cambodge-jean-francois-management\/","title":{"rendered":"Cambodge &#8211; Jean-Fran\u00e7ois (Management)"},"content":{"rendered":"<p style=\"text-align: center;\"><strong>Jean-Fran\u00e7ois, adh\u00e9rent de l&rsquo;association Globalong, engag\u00e9 sur la mission de Management des Affaires Publiques dans le cadre d&rsquo;un stage de ses \u00e9tudes. Rentr\u00e9 il y a quelques jours du Cambodge, il nous partage son t\u00e9moignage :\u00a0<\/strong><\/p>\n<p class=\"p1\"><em><strong>\u00a0\u00bb Je suis tr\u00e8s content, car il y a une grande coh\u00e9sion de groupe avec les membres de l&rsquo;ONG et les volontaires. Avec Th\u00e9o (le fran\u00e7ais qui travaille sur le m\u00eame programme que moi) et deux Danoises, nous formons un bon groupe et nous nous retrouvons souvent en fin de journ\u00e9e ou en d\u00e9but de journ\u00e9e pour aller manger.<\/strong><\/em><\/p>\n<p class=\"p1\"><em><strong>Nous avons profit\u00e9 du week-end pour visiter les temples d&rsquo;Angkor \u00e0 Siem Reap. Cela nous a permis de voir \u00e0 quoi ressemble l&rsquo;arri\u00e8re-pays.<\/strong><\/em><\/p>\n<p class=\"p1\"><em><strong>Ma premi\u00e8re impression est que les Cambodgiens sont tr\u00e8s accueillants malgr\u00e9 le fait que j&rsquo;ai l&rsquo;impression qu&rsquo;ils sont vraiment surpris de nous voir. Ainsi, au restaurant ou dans la rue, il est assez fr\u00e9quent que les gens nous fixent o\u00f9 nous saluent de loin. En ce qui concerne le travail, le programme sur lequel nous travaillons avec Theo est tr\u00e8s int\u00e9ressant.<\/strong><\/em><\/p>\n<p class=\"p1\"><em><strong>Les premiers jours, nous n&rsquo;avons pas beaucoup travaill\u00e9. Ils ont surtout servi \u00e0 nous expliquer la mission et les t\u00e2ches que nous aurons \u00e0 accomplir. \u00c0 l&rsquo;heure o\u00f9 je vous \u00e9cris, nous sommes actuellement \u00e0 Kampong Chhnang o\u00f9 nous allons organiser une pr\u00e9sentation sur l&rsquo;importance de la jeunesse dans les institutions publiques.<\/strong><\/em><\/p>\n<p class=\"p3\"><em><strong>Je voulais faire <a href=\"https:\/\/www.globalong.com\/blog\/stage-management-international\/?_gl=1*pc8so4*_up*MQ..&amp;gclid=Cj0KCQjwmYzIBhC6ARIsAHA3IkSvxzgLlqzgP7rrbo4irAVWTdjJMhcU-l2KumOHqIqaAtyy-knX7BoaApC4EALw_wcB&amp;gbraid=0AAAAADod5yjfRnQd0dY3btRRtKMQl0JZZ&amp;utm_source=google&amp;utm_medium=cpc&amp;utm_campaign=AfC_Payant_marque\" target=\"_blank\" rel=\"noopener\">un stage dans une ONG<\/a> en rapport avec mes \u00e9tudes. Le stage de management des affaires publiques au Cambodge m&rsquo;a permis d&rsquo;avoir un nouveau regard sur l&rsquo;Asie et les enjeux du d\u00e9veloppement dans ces pays d\u00e9favoris\u00e9s. Je voulais avoir une exp\u00e9rience originale et qui rend service \u00e0 la soci\u00e9t\u00e9.<\/strong><\/em><\/p>\n<p class=\"p3\"><em><strong>Nous avions des longues journ\u00e9es. Parfois de 7 h 30 jusqu&rsquo;\u00e0 19h quand nous \u00e9tions en voyage en province. Sinon habituellement, nous faisions du 8h-17 h 30. Certains jours, nous n&rsquo;avions pas de travail. Nous avions deux heures pour manger le midi. Mais en g\u00e9n\u00e9ral les journ\u00e9es \u00e9taient bien remplies.<\/strong><\/em><\/p>\n<p class=\"p5\"><em><strong>Nos t\u00e2ches quotidiennes \u00e9taient l\u2019\u00e9laboration de documents, powerpoints, excel, visites sur le terrain, conf\u00e9rences etc&#8230; Concernant le support mat\u00e9riel \u00e0 disposition, nous travaillons dans un bureau climatis\u00e9 et nos ordinateurs pour travailler.<\/strong><\/em><\/p>\n<p class=\"p7\"><em><strong>Cette mission m\u2019a apport\u00e9 beaucoup de maturit\u00e9 sur certains aspects. La mission a \u00e9t\u00e9 conforme \u00e0 mes attentes, je pense que je n&rsquo;en esp\u00e9rais pas autant. La qualit\u00e9 des missions m&rsquo;a aid\u00e9 \u00e0 progresser.<\/strong><\/em><\/p>\n<p class=\"p5\"><em><strong>Mes conseils pour les prochains b\u00e9n\u00e9voles :<\/strong><\/em><\/p>\n<p class=\"p7\"><em><strong>Faire tr\u00e8s attention \u00e0 ce que vous mangez. Ne pas tenter des choses qui paraissent louches.<\/strong><\/em><\/p>\n<p class=\"p7\"><em><strong>Souvent, on dit de retirer des dollars et de ne pas payer en riel sauf que si vous faites \u00e7a vous allez vous faire arnaquer avec les taux \u00e0 chaque fois. Payez en riels, en plus \u00e7a aide l&rsquo;\u00e9conomie locale.<\/strong><\/em><\/p>\n<p class=\"p5\"><em><strong>Pour moi, la d\u00e9finition de l&rsquo;engagement b\u00e9n\u00e9vole \u00e0 l&rsquo;international, c&rsquo;est mettre \u00e0 disposition ses comp\u00e9tences et son savoir-faire \u00e0 profit de cultures et de personnes \u00e9trang\u00e8res tout en s&rsquo;am\u00e9liorant sur le plan personnel. \u00ab\u00a0<\/strong><\/em><\/p>\n<p style=\"text-align: center;\"><strong>Pour en savoir plus sur cette mission, <a href=\"https:\/\/www.globalong.com\/sejour-benevolat\/benevolat-cambodge-enfants\/humanitaire-stage-management-des-affaires-publiques-cambodge-asie.html\" target=\"_blank\" rel=\"noopener\">cliquez ici<\/a> !<\/strong><\/p>\n<p style=\"text-align: center;\"><strong>Pour plus d&rsquo;informations, n&rsquo;h\u00e9sitez pas \u00e0 nous contacter par mail \u00e0 l&rsquo;adresse <span style=\"text-decoration: underline;\"><a href=\"mailto:info@globalong.com\"><span class=\"s2\">info@globalong.com<\/span><\/a><\/span><\/strong><\/p>\n","protected":false},"excerpt":{"rendered":"<p>Jean-Fran\u00e7ois, adh\u00e9rent de l&rsquo;association Globalong, engag\u00e9 sur la mission de Management des Affaires Publiques dans le cadre d&rsquo;un stage de ses \u00e9tudes. Rentr\u00e9 il y a quelques jours du Cambodge, il nous partage son t\u00e9moignage :\u00a0 \u00a0\u00bb Je suis tr\u00e8s content, car il y a une grande coh\u00e9sion de groupe avec les membres de l&rsquo;ONG [&hellip;]<\/p>\n","protected":false},"author":9,"featured_media":15407,"parent":883,"menu_order":0,"comment_status":"closed","ping_status":"closed","template":"","meta":{"footnotes":""},"yoast_head":"<!-- This site is optimized with the Yoast SEO Premium plugin v23.4 (Yoast SEO v23.4) - https:\/\/yoast.com\/wordpress\/plugins\/seo\/ -->\n<title>Cambodge - Jean-Fran\u00e7ois (Management) - Association Globalong<\/title>\n<meta name=\"robots\" content=\"index, follow, max-snippet:-1, max-image-preview:large, max-video-preview:-1\" \/>\n<link rel=\"canonical\" href=\"https:\/\/www.globalong.com\/blog\/avis-temoignages-globalong\/cambodge-jean-francois-management\/\" \/>\n<meta property=\"og:locale\" content=\"fr_FR\" \/>\n<meta property=\"og:type\" content=\"article\" \/>\n<meta property=\"og:title\" content=\"Cambodge - Jean-Fran\u00e7ois (Management)\" \/>\n<meta property=\"og:description\" content=\"Jean-Fran\u00e7ois, adh\u00e9rent de l&rsquo;association Globalong, engag\u00e9 sur la mission de Management des Affaires Publiques dans le cadre d&rsquo;un stage de ses \u00e9tudes. Rentr\u00e9 il y a quelques jours du Cambodge, il nous partage son t\u00e9moignage :\u00a0 \u00a0\u00bb Je suis tr\u00e8s content, car il y a une grande coh\u00e9sion de groupe avec les membres de l&rsquo;ONG [&hellip;]\" \/>\n<meta property=\"og:url\" content=\"https:\/\/www.globalong.com\/blog\/avis-temoignages-globalong\/cambodge-jean-francois-management\/\" \/>\n<meta property=\"og:site_name\" content=\"Association Globalong\" \/>\n<meta property=\"article:publisher\" content=\"https:\/\/www.facebook.com\/globalong\" \/>\n<meta property=\"article:modified_time\" content=\"2026-02-11T21:51:18+00:00\" \/>\n<meta property=\"og:image\" content=\"https:\/\/www.globalong.com\/blog\/wp-content\/uploads\/2023\/06\/Management-des-affaires-publiques-cambodge-896x1024.png\" \/>\n\t<meta property=\"og:image:width\" content=\"896\" \/>\n\t<meta property=\"og:image:height\" content=\"1024\" \/>\n\t<meta property=\"og:image:type\" content=\"image\/png\" \/>\n<meta name=\"twitter:card\" content=\"summary_large_image\" \/>\n<meta name=\"twitter:label1\" content=\"Dur\u00e9e de lecture estim\u00e9e\" \/>\n\t<meta name=\"twitter:data1\" content=\"3 minutes\" \/>\n<script type=\"application\/ld+json\" class=\"yoast-schema-graph\">{\"@context\":\"https:\/\/schema.org\",\"@graph\":[{\"@type\":\"WebPage\",\"@id\":\"https:\/\/www.globalong.com\/blog\/avis-temoignages-globalong\/cambodge-jean-francois-management\/\",\"url\":\"https:\/\/www.globalong.com\/blog\/avis-temoignages-globalong\/cambodge-jean-francois-management\/\",\"name\":\"Cambodge - Jean-Fran\u00e7ois (Management) - Association Globalong\",\"isPartOf\":{\"@id\":\"https:\/\/www.globalong.com\/blog\/#website\"},\"primaryImageOfPage\":{\"@id\":\"https:\/\/www.globalong.com\/blog\/avis-temoignages-globalong\/cambodge-jean-francois-management\/#primaryimage\"},\"image\":{\"@id\":\"https:\/\/www.globalong.com\/blog\/avis-temoignages-globalong\/cambodge-jean-francois-management\/#primaryimage\"},\"thumbnailUrl\":\"https:\/\/www.globalong.com\/blog\/wp-content\/uploads\/2023\/06\/Management-des-affaires-publiques-cambodge.png\",\"datePublished\":\"2023-06-12T08:55:21+00:00\",\"dateModified\":\"2026-02-11T21:51:18+00:00\",\"breadcrumb\":{\"@id\":\"https:\/\/www.globalong.com\/blog\/avis-temoignages-globalong\/cambodge-jean-francois-management\/#breadcrumb\"},\"inLanguage\":\"fr-FR\",\"potentialAction\":[{\"@type\":\"ReadAction\",\"target\":[\"https:\/\/www.globalong.com\/blog\/avis-temoignages-globalong\/cambodge-jean-francois-management\/\"]}]},{\"@type\":\"ImageObject\",\"inLanguage\":\"fr-FR\",\"@id\":\"https:\/\/www.globalong.com\/blog\/avis-temoignages-globalong\/cambodge-jean-francois-management\/#primaryimage\",\"url\":\"https:\/\/www.globalong.com\/blog\/wp-content\/uploads\/2023\/06\/Management-des-affaires-publiques-cambodge.png\",\"contentUrl\":\"https:\/\/www.globalong.com\/blog\/wp-content\/uploads\/2023\/06\/Management-des-affaires-publiques-cambodge.png\",\"width\":966,\"height\":1104},{\"@type\":\"BreadcrumbList\",\"@id\":\"https:\/\/www.globalong.com\/blog\/avis-temoignages-globalong\/cambodge-jean-francois-management\/#breadcrumb\",\"itemListElement\":[{\"@type\":\"ListItem\",\"position\":1,\"name\":\"Accueil\",\"item\":\"https:\/\/www.globalong.com\/blog\/\"},{\"@type\":\"ListItem\",\"position\":2,\"name\":\"T\u00e9moignages et avis de volontaires Globalong\",\"item\":\"https:\/\/www.globalong.com\/blog\/avis-temoignages-globalong\/\"},{\"@type\":\"ListItem\",\"position\":3,\"name\":\"Cambodge &#8211; Jean-Fran\u00e7ois (Management)\"}]},{\"@type\":\"WebSite\",\"@id\":\"https:\/\/www.globalong.com\/blog\/#website\",\"url\":\"https:\/\/www.globalong.com\/blog\/\",\"name\":\"https:\/\/www.globalong.com\/\",\"description\":\"Mission humanitaire, stage \u00e9tudiant et voyage linguistique\",\"publisher\":{\"@id\":\"https:\/\/www.globalong.com\/blog\/#organization\"},\"potentialAction\":[{\"@type\":\"SearchAction\",\"target\":{\"@type\":\"EntryPoint\",\"urlTemplate\":\"https:\/\/www.globalong.com\/blog\/?s={search_term_string}\"},\"query-input\":{\"@type\":\"PropertyValueSpecification\",\"valueRequired\":true,\"valueName\":\"search_term_string\"}}],\"inLanguage\":\"fr-FR\"},{\"@type\":\"Organization\",\"@id\":\"https:\/\/www.globalong.com\/blog\/#organization\",\"name\":\"Association Globalong\",\"url\":\"https:\/\/www.globalong.com\/blog\/\",\"logo\":{\"@type\":\"ImageObject\",\"inLanguage\":\"fr-FR\",\"@id\":\"https:\/\/www.globalong.com\/blog\/#\/schema\/logo\/image\/\",\"url\":\"https:\/\/www.globalong.com\/blog\/wp-content\/uploads\/2014\/11\/cropped-cropped-Logo-et-Afrique-Globalong-petite-taille-2.jpg\",\"contentUrl\":\"https:\/\/www.globalong.com\/blog\/wp-content\/uploads\/2014\/11\/cropped-cropped-Logo-et-Afrique-Globalong-petite-taille-2.jpg\",\"width\":512,\"height\":512,\"caption\":\"Association Globalong\"},\"image\":{\"@id\":\"https:\/\/www.globalong.com\/blog\/#\/schema\/logo\/image\/\"},\"sameAs\":[\"https:\/\/www.facebook.com\/globalong\"]}]}<\/script>\n<!-- \/ Yoast SEO Premium plugin. -->","yoast_head_json":{"title":"Cambodge - Jean-Fran\u00e7ois (Management) - Association Globalong","robots":{"index":"index","follow":"follow","max-snippet":"max-snippet:-1","max-image-preview":"max-image-preview:large","max-video-preview":"max-video-preview:-1"},"canonical":"https:\/\/www.globalong.com\/blog\/avis-temoignages-globalong\/cambodge-jean-francois-management\/","og_locale":"fr_FR","og_type":"article","og_title":"Cambodge - Jean-Fran\u00e7ois (Management)","og_description":"Jean-Fran\u00e7ois, adh\u00e9rent de l&rsquo;association Globalong, engag\u00e9 sur la mission de Management des Affaires Publiques dans le cadre d&rsquo;un stage de ses \u00e9tudes. Rentr\u00e9 il y a quelques jours du Cambodge, il nous partage son t\u00e9moignage :\u00a0 \u00a0\u00bb Je suis tr\u00e8s content, car il y a une grande coh\u00e9sion de groupe avec les membres de l&rsquo;ONG [&hellip;]","og_url":"https:\/\/www.globalong.com\/blog\/avis-temoignages-globalong\/cambodge-jean-francois-management\/","og_site_name":"Association Globalong","article_publisher":"https:\/\/www.facebook.com\/globalong","article_modified_time":"2026-02-11T21:51:18+00:00","og_image":[{"width":896,"height":1024,"url":"https:\/\/www.globalong.com\/blog\/wp-content\/uploads\/2023\/06\/Management-des-affaires-publiques-cambodge-896x1024.png","type":"image\/png"}],"twitter_card":"summary_large_image","twitter_misc":{"Dur\u00e9e de lecture estim\u00e9e":"3 minutes"},"schema":{"@context":"https:\/\/schema.org","@graph":[{"@type":"WebPage","@id":"https:\/\/www.globalong.com\/blog\/avis-temoignages-globalong\/cambodge-jean-francois-management\/","url":"https:\/\/www.globalong.com\/blog\/avis-temoignages-globalong\/cambodge-jean-francois-management\/","name":"Cambodge - Jean-Fran\u00e7ois (Management) - Association Globalong","isPartOf":{"@id":"https:\/\/www.globalong.com\/blog\/#website"},"primaryImageOfPage":{"@id":"https:\/\/www.globalong.com\/blog\/avis-temoignages-globalong\/cambodge-jean-francois-management\/#primaryimage"},"image":{"@id":"https:\/\/www.globalong.com\/blog\/avis-temoignages-globalong\/cambodge-jean-francois-management\/#primaryimage"},"thumbnailUrl":"https:\/\/www.globalong.com\/blog\/wp-content\/uploads\/2023\/06\/Management-des-affaires-publiques-cambodge.png","datePublished":"2023-06-12T08:55:21+00:00","dateModified":"2026-02-11T21:51:18+00:00","breadcrumb":{"@id":"https:\/\/www.globalong.com\/blog\/avis-temoignages-globalong\/cambodge-jean-francois-management\/#breadcrumb"},"inLanguage":"fr-FR","potentialAction":[{"@type":"ReadAction","target":["https:\/\/www.globalong.com\/blog\/avis-temoignages-globalong\/cambodge-jean-francois-management\/"]}]},{"@type":"ImageObject","inLanguage":"fr-FR","@id":"https:\/\/www.globalong.com\/blog\/avis-temoignages-globalong\/cambodge-jean-francois-management\/#primaryimage","url":"https:\/\/www.globalong.com\/blog\/wp-content\/uploads\/2023\/06\/Management-des-affaires-publiques-cambodge.png","contentUrl":"https:\/\/www.globalong.com\/blog\/wp-content\/uploads\/2023\/06\/Management-des-affaires-publiques-cambodge.png","width":966,"height":1104},{"@type":"BreadcrumbList","@id":"https:\/\/www.globalong.com\/blog\/avis-temoignages-globalong\/cambodge-jean-francois-management\/#breadcrumb","itemListElement":[{"@type":"ListItem","position":1,"name":"Accueil","item":"https:\/\/www.globalong.com\/blog\/"},{"@type":"ListItem","position":2,"name":"T\u00e9moignages et avis de volontaires Globalong","item":"https:\/\/www.globalong.com\/blog\/avis-temoignages-globalong\/"},{"@type":"ListItem","position":3,"name":"Cambodge &#8211; Jean-Fran\u00e7ois (Management)"}]},{"@type":"WebSite","@id":"https:\/\/www.globalong.com\/blog\/#website","url":"https:\/\/www.globalong.com\/blog\/","name":"https:\/\/www.globalong.com\/","description":"Mission humanitaire, stage \u00e9tudiant et voyage linguistique","publisher":{"@id":"https:\/\/www.globalong.com\/blog\/#organization"},"potentialAction":[{"@type":"SearchAction","target":{"@type":"EntryPoint","urlTemplate":"https:\/\/www.globalong.com\/blog\/?s={search_term_string}"},"query-input":{"@type":"PropertyValueSpecification","valueRequired":true,"valueName":"search_term_string"}}],"inLanguage":"fr-FR"},{"@type":"Organization","@id":"https:\/\/www.globalong.com\/blog\/#organization","name":"Association Globalong","url":"https:\/\/www.globalong.com\/blog\/","logo":{"@type":"ImageObject","inLanguage":"fr-FR","@id":"https:\/\/www.globalong.com\/blog\/#\/schema\/logo\/image\/","url":"https:\/\/www.globalong.com\/blog\/wp-content\/uploads\/2014\/11\/cropped-cropped-Logo-et-Afrique-Globalong-petite-taille-2.jpg","contentUrl":"https:\/\/www.globalong.com\/blog\/wp-content\/uploads\/2014\/11\/cropped-cropped-Logo-et-Afrique-Globalong-petite-taille-2.jpg","width":512,"height":512,"caption":"Association Globalong"},"image":{"@id":"https:\/\/www.globalong.com\/blog\/#\/schema\/logo\/image\/"},"sameAs":["https:\/\/www.facebook.com\/globalong"]}]}},"_links":{"self":[{"href":"https:\/\/www.globalong.com\/blog\/wp-json\/wp\/v2\/pages\/15406"}],"collection":[{"href":"https:\/\/www.globalong.com\/blog\/wp-json\/wp\/v2\/pages"}],"about":[{"href":"https:\/\/www.globalong.com\/blog\/wp-json\/wp\/v2\/types\/page"}],"author":[{"embeddable":true,"href":"https:\/\/www.globalong.com\/blog\/wp-json\/wp\/v2\/users\/9"}],"replies":[{"embeddable":true,"href":"https:\/\/www.globalong.com\/blog\/wp-json\/wp\/v2\/comments?post=15406"}],"version-history":[{"count":2,"href":"https:\/\/www.globalong.com\/blog\/wp-json\/wp\/v2\/pages\/15406\/revisions"}],"predecessor-version":[{"id":24798,"href":"https:\/\/www.globalong.com\/blog\/wp-json\/wp\/v2\/pages\/15406\/revisions\/24798"}],"up":[{"embeddable":true,"href":"https:\/\/www.globalong.com\/blog\/wp-json\/wp\/v2\/pages\/883"}],"wp:featuredmedia":[{"embeddable":true,"href":"https:\/\/www.globalong.com\/blog\/wp-json\/wp\/v2\/media\/15407"}],"wp:attachment":[{"href":"https:\/\/www.globalong.com\/blog\/wp-json\/wp\/v2\/media?parent=15406"}],"curies":[{"name":"wp","href":"https:\/\/api.w.org\/{rel}","templated":true}]}}