{"id":15423,"date":"2023-06-20T09:45:12","date_gmt":"2023-06-20T07:45:12","guid":{"rendered":"https:\/\/www.globalong.com\/blog\/?page_id=15423"},"modified":"2025-11-12T16:07:17","modified_gmt":"2025-11-12T15:07:17","slug":"republique-dominicaine-flavie","status":"publish","type":"page","link":"https:\/\/www.globalong.com\/blog\/avis-temoignages-globalong\/republique-dominicaine-flavie\/","title":{"rendered":"R\u00e9publique dominicaine &#8211; Flavie"},"content":{"rendered":"<p style=\"text-align: center;\"><strong>Apr\u00e8s une premi\u00e8re mission en Namibie en 2021, Flavie s&rsquo;est engag\u00e9e il y a quelques semaines en <a href=\"https:\/\/www.globalong.com\/blog\/missions-humanitaires-republique-dominicaine\/\" target=\"_blank\" rel=\"noopener\">R\u00e9publique Dominicaine<\/a> ! Engag\u00e9e plusieurs semaines sur une mission de gestion et administration des ONG, Flavie est rentr\u00e9e il y a quelques jours et nous livre son t\u00e9moignage !<\/strong><\/p>\n<p>&nbsp;<\/p>\n<p class=\"p1\"><strong>\u00a0\u00bb Je suis partie pour effectuer mon stage d\u2019\u00e9tudes. Mes attentes \u00e9taient de d\u00e9couvrir le fonctionnement d\u2019une ONG dans un pays en d\u00e9veloppement. D\u00e9couvrir leur culture, leur fa\u00e7on de travailler et avoir une exp\u00e9rience professionnelle dans le management. Je souhaitais \u00e9galement am\u00e9liorer mon niveau en anglais et en espagnol.<\/strong><\/p>\n<p class=\"p1\"><strong>Je n\u2019ai rien \u00e0 redire sur les services de Globalong, tout s\u2019est parfaitement bien pass\u00e9.<\/strong><\/p>\n<p class=\"p1\"><strong>Concernant le planning des activit\u00e9s quotidiennes, j\u2019avais des cours d\u2019espagnol le mardi et jeudi matin, je travaillais de 9h \u00e0 12h et de 14h \u00e0 16h au sein des bureaux de l\u2019ONG.<\/strong><\/p>\n<p class=\"p1\"><strong>Mes t\u00e2ches quotidiennes \u00e9taient d\u2019aider les coordinateurs dans leurs t\u00e2ches, cr\u00e9er de nouveaux projets pour contribuer au d\u00e9veloppement de la communaut\u00e9, continuer les projets d\u00e9j\u00e0 existants.<\/strong><\/p>\n<p class=\"p1\"><strong>Concernant le mat\u00e9riel mis \u00e0 disposition, j\u2019ai surtout travaill\u00e9 avec mon ordinateur (que j\u2019avais emmen\u00e9 moi-m\u00eame).<\/strong><\/p>\n<p class=\"p1\"><strong>J\u2019ai am\u00e9lior\u00e9 mon niveau d\u2019anglais et d\u2019espagnol et j&rsquo;ai acquis des connaissances manag\u00e9riales ainsi que de meilleures connaissances du fonctionnement d\u2019une ONG.<\/strong><\/p>\n<p class=\"p1\"><strong>Mes conseils pour les futurs b\u00e9n\u00e9voles sont les suivants : Se pr\u00e9parer \u00e0 un vrai changement culturel. Tout est diff\u00e9rent : la fa\u00e7on de vivre, de travailler, la chaleur, la mentalit\u00e9 (tr\u00e8s tr\u00e8s macho a Samana), la nourriture, les coupures d\u2019eau dans le logement des b\u00e9n\u00e9voles (tous les jours au moins une coupure de plusieurs heures, et \u00e7a nous est arriv\u00e9 de ne pas avoir d\u2019eau pendant cinq jours complets).<\/strong><\/p>\n<p class=\"p1\"><strong>Cette mission m\u2019a apport\u00e9 de l&rsquo;ouverture d\u2019esprit, ouverture au monde, des rencontres avec beaucoup de nouvelles personnes venant de partout dans le monde. Adaptation, flexibilit\u00e9, am\u00e9lioration du niveau de langue, d\u00e9couverte d\u2019un nouveau pays, d\u2019une nouvelle culture, de nouvelles traditions\u2026<\/strong><\/p>\n<p class=\"p1\"><strong>Cette mission a \u00e9t\u00e9 conforme \u00e0 mes attentes, car j\u2019ai vraiment \u00e9t\u00e9 \u00ab plong\u00e9e \u00bb dans la culture dominicaine. J\u2019ai beaucoup am\u00e9lior\u00e9 mon niveau d\u2019espagnol et d\u2019anglais en parlant avec les autres volontaires. J\u2019ai ador\u00e9 la collocation avec les six autres filles volontaires, \u00e7a m\u2019a cr\u00e9\u00e9 de nombreux nouveaux souvenirs que je n\u2019oublierais pas. J\u2019ai ador\u00e9 d\u00e9couvrir la culture et les lieux du pays, et j\u2019ai beaucoup aim\u00e9 le travail que j\u2019ai fait au sein de l\u2019ONG, les projets et les activit\u00e9s que nous avons faites.<\/strong><\/p>\n<p class=\"p1\"><strong>L\u2019engagement b\u00e9n\u00e9vole \u00e0 l\u2019international est selon moi la meilleure fa\u00e7on de voyager. Il permet de d\u00e9couvrir un nouveau pays, une nouvelle vie et nouvelle culture, tout en contribuant \u00e0 son d\u00e9veloppement, et en nous permettant d\u2019aider \u00e0 notre \u00e9chelle les populations locales.<\/strong><\/p>\n<p class=\"p1\"><strong>L\u2019impact de cette mission sur mon quotidien au retour est vraiment mon ouverture au monde, ouverture d\u2019esprit, ma patience (j\u2019ai appris \u00e0 \u00eatre tr\u00e8s patiente ici, car leur fa\u00e7on de vivre est tr\u00e8s calme et beaucoup plus lente), je suis beaucoup plus sensibilis\u00e9e aux probl\u00e8mes de pauvret\u00e9, de gaspillage, de pollution parce qu&rsquo;ils \u00e9taient pro\u00e9minents ici.<\/strong><\/p>\n<p class=\"p1\"><strong>Mes bonnes adresses : Je suis all\u00e9e \u00e0 Cayo Levantado, au parc naturel Los Haitises, et plusieurs fois dans la ville de Las Terrenas. \u00ab\u00a0<\/strong><\/p>\n<p><strong>Encore merci \u00e0 Flavie pour son engagement, si vous souhaitez en savoir plus sur cette mission de Gestion et administration des ONG en R\u00e9publique Dominicaine, n&rsquo;h\u00e9sitez pas \u00e0 nous contacter \u00e0 <u><a href=\"mailto:info@globalong.com\">info@globalong.com<\/a><\/u><\/strong><\/p>\n<p><a href=\"https:\/\/www.globalong.com\/blog\/wp-content\/uploads\/2023\/06\/Mission-de-gestion-des-ong.png\"><img loading=\"lazy\" decoding=\"async\" class=\"alignnone size-full wp-image-15424\" src=\"https:\/\/www.globalong.com\/blog\/wp-content\/uploads\/2023\/06\/Mission-de-gestion-des-ong.png\" alt=\"\" width=\"2366\" height=\"940\" srcset=\"https:\/\/www.globalong.com\/blog\/wp-content\/uploads\/2023\/06\/Mission-de-gestion-des-ong.png 2366w, https:\/\/www.globalong.com\/blog\/wp-content\/uploads\/2023\/06\/Mission-de-gestion-des-ong-300x119.png 300w, https:\/\/www.globalong.com\/blog\/wp-content\/uploads\/2023\/06\/Mission-de-gestion-des-ong-1024x407.png 1024w, https:\/\/www.globalong.com\/blog\/wp-content\/uploads\/2023\/06\/Mission-de-gestion-des-ong-768x305.png 768w, https:\/\/www.globalong.com\/blog\/wp-content\/uploads\/2023\/06\/Mission-de-gestion-des-ong-1536x610.png 1536w, https:\/\/www.globalong.com\/blog\/wp-content\/uploads\/2023\/06\/Mission-de-gestion-des-ong-2048x814.png 2048w\" sizes=\"(max-width: 2366px) 100vw, 2366px\" \/><\/a> <a href=\"https:\/\/www.globalong.com\/blog\/wp-content\/uploads\/2023\/06\/stage-relations-internationales-rep-dom.png\"><img loading=\"lazy\" decoding=\"async\" class=\"alignnone size-full wp-image-15425\" src=\"https:\/\/www.globalong.com\/blog\/wp-content\/uploads\/2023\/06\/stage-relations-internationales-rep-dom.png\" alt=\"\" width=\"2366\" height=\"940\" srcset=\"https:\/\/www.globalong.com\/blog\/wp-content\/uploads\/2023\/06\/stage-relations-internationales-rep-dom.png 2366w, https:\/\/www.globalong.com\/blog\/wp-content\/uploads\/2023\/06\/stage-relations-internationales-rep-dom-300x119.png 300w, https:\/\/www.globalong.com\/blog\/wp-content\/uploads\/2023\/06\/stage-relations-internationales-rep-dom-1024x407.png 1024w, https:\/\/www.globalong.com\/blog\/wp-content\/uploads\/2023\/06\/stage-relations-internationales-rep-dom-768x305.png 768w, https:\/\/www.globalong.com\/blog\/wp-content\/uploads\/2023\/06\/stage-relations-internationales-rep-dom-1536x610.png 1536w, https:\/\/www.globalong.com\/blog\/wp-content\/uploads\/2023\/06\/stage-relations-internationales-rep-dom-2048x814.png 2048w\" sizes=\"(max-width: 2366px) 100vw, 2366px\" \/><\/a><\/p>\n","protected":false},"excerpt":{"rendered":"<p>Apr\u00e8s une premi\u00e8re mission en Namibie en 2021, Flavie s&rsquo;est engag\u00e9e il y a quelques semaines en R\u00e9publique Dominicaine ! Engag\u00e9e plusieurs semaines sur une mission de gestion et administration des ONG, Flavie est rentr\u00e9e il y a quelques jours et nous livre son t\u00e9moignage ! &nbsp; \u00a0\u00bb Je suis partie pour effectuer mon stage [&hellip;]<\/p>\n","protected":false},"author":9,"featured_media":15426,"parent":883,"menu_order":0,"comment_status":"closed","ping_status":"closed","template":"","meta":{"footnotes":""},"yoast_head":"<!-- This site is optimized with the Yoast SEO Premium plugin v23.4 (Yoast SEO v23.4) - https:\/\/yoast.com\/wordpress\/plugins\/seo\/ -->\n<title>R\u00e9publique dominicaine - Flavie - Association Globalong<\/title>\n<meta name=\"robots\" content=\"index, follow, max-snippet:-1, max-image-preview:large, max-video-preview:-1\" \/>\n<link rel=\"canonical\" href=\"https:\/\/www.globalong.com\/blog\/avis-temoignages-globalong\/republique-dominicaine-flavie\/\" \/>\n<meta property=\"og:locale\" content=\"fr_FR\" \/>\n<meta property=\"og:type\" content=\"article\" \/>\n<meta property=\"og:title\" content=\"R\u00e9publique dominicaine - Flavie\" \/>\n<meta property=\"og:description\" content=\"Apr\u00e8s une premi\u00e8re mission en Namibie en 2021, Flavie s&rsquo;est engag\u00e9e il y a quelques semaines en R\u00e9publique Dominicaine ! Engag\u00e9e plusieurs semaines sur une mission de gestion et administration des ONG, Flavie est rentr\u00e9e il y a quelques jours et nous livre son t\u00e9moignage ! &nbsp; \u00a0\u00bb Je suis partie pour effectuer mon stage [&hellip;]\" \/>\n<meta property=\"og:url\" content=\"https:\/\/www.globalong.com\/blog\/avis-temoignages-globalong\/republique-dominicaine-flavie\/\" \/>\n<meta property=\"og:site_name\" content=\"Association Globalong\" \/>\n<meta property=\"article:publisher\" content=\"https:\/\/www.facebook.com\/globalong\" \/>\n<meta property=\"article:modified_time\" content=\"2025-11-12T15:07:17+00:00\" \/>\n<meta property=\"og:image\" content=\"https:\/\/www.globalong.com\/blog\/wp-content\/uploads\/2023\/06\/mission-humanitaire-republique-dominicaine-scaled.jpeg\" \/>\n\t<meta property=\"og:image:width\" content=\"1920\" \/>\n\t<meta property=\"og:image:height\" content=\"2560\" \/>\n\t<meta property=\"og:image:type\" content=\"image\/jpeg\" \/>\n<meta name=\"twitter:card\" content=\"summary_large_image\" \/>\n<meta name=\"twitter:label1\" content=\"Dur\u00e9e de lecture estim\u00e9e\" \/>\n\t<meta name=\"twitter:data1\" content=\"4 minutes\" \/>\n<script type=\"application\/ld+json\" class=\"yoast-schema-graph\">{\"@context\":\"https:\/\/schema.org\",\"@graph\":[{\"@type\":\"WebPage\",\"@id\":\"https:\/\/www.globalong.com\/blog\/avis-temoignages-globalong\/republique-dominicaine-flavie\/\",\"url\":\"https:\/\/www.globalong.com\/blog\/avis-temoignages-globalong\/republique-dominicaine-flavie\/\",\"name\":\"R\u00e9publique dominicaine - Flavie - Association Globalong\",\"isPartOf\":{\"@id\":\"https:\/\/www.globalong.com\/blog\/#website\"},\"primaryImageOfPage\":{\"@id\":\"https:\/\/www.globalong.com\/blog\/avis-temoignages-globalong\/republique-dominicaine-flavie\/#primaryimage\"},\"image\":{\"@id\":\"https:\/\/www.globalong.com\/blog\/avis-temoignages-globalong\/republique-dominicaine-flavie\/#primaryimage\"},\"thumbnailUrl\":\"https:\/\/www.globalong.com\/blog\/wp-content\/uploads\/2023\/06\/mission-humanitaire-republique-dominicaine-scaled.jpeg\",\"datePublished\":\"2023-06-20T07:45:12+00:00\",\"dateModified\":\"2025-11-12T15:07:17+00:00\",\"breadcrumb\":{\"@id\":\"https:\/\/www.globalong.com\/blog\/avis-temoignages-globalong\/republique-dominicaine-flavie\/#breadcrumb\"},\"inLanguage\":\"fr-FR\",\"potentialAction\":[{\"@type\":\"ReadAction\",\"target\":[\"https:\/\/www.globalong.com\/blog\/avis-temoignages-globalong\/republique-dominicaine-flavie\/\"]}]},{\"@type\":\"ImageObject\",\"inLanguage\":\"fr-FR\",\"@id\":\"https:\/\/www.globalong.com\/blog\/avis-temoignages-globalong\/republique-dominicaine-flavie\/#primaryimage\",\"url\":\"https:\/\/www.globalong.com\/blog\/wp-content\/uploads\/2023\/06\/mission-humanitaire-republique-dominicaine-scaled.jpeg\",\"contentUrl\":\"https:\/\/www.globalong.com\/blog\/wp-content\/uploads\/2023\/06\/mission-humanitaire-republique-dominicaine-scaled.jpeg\",\"width\":1920,\"height\":2560,\"caption\":\"Stage en R\u00e9publique dominicaine\"},{\"@type\":\"BreadcrumbList\",\"@id\":\"https:\/\/www.globalong.com\/blog\/avis-temoignages-globalong\/republique-dominicaine-flavie\/#breadcrumb\",\"itemListElement\":[{\"@type\":\"ListItem\",\"position\":1,\"name\":\"Accueil\",\"item\":\"https:\/\/www.globalong.com\/blog\/\"},{\"@type\":\"ListItem\",\"position\":2,\"name\":\"T\u00e9moignages et avis de volontaires Globalong\",\"item\":\"https:\/\/www.globalong.com\/blog\/avis-temoignages-globalong\/\"},{\"@type\":\"ListItem\",\"position\":3,\"name\":\"R\u00e9publique dominicaine &#8211; Flavie\"}]},{\"@type\":\"WebSite\",\"@id\":\"https:\/\/www.globalong.com\/blog\/#website\",\"url\":\"https:\/\/www.globalong.com\/blog\/\",\"name\":\"https:\/\/www.globalong.com\/\",\"description\":\"Mission humanitaire, stage \u00e9tudiant et voyage linguistique\",\"publisher\":{\"@id\":\"https:\/\/www.globalong.com\/blog\/#organization\"},\"potentialAction\":[{\"@type\":\"SearchAction\",\"target\":{\"@type\":\"EntryPoint\",\"urlTemplate\":\"https:\/\/www.globalong.com\/blog\/?s={search_term_string}\"},\"query-input\":{\"@type\":\"PropertyValueSpecification\",\"valueRequired\":true,\"valueName\":\"search_term_string\"}}],\"inLanguage\":\"fr-FR\"},{\"@type\":\"Organization\",\"@id\":\"https:\/\/www.globalong.com\/blog\/#organization\",\"name\":\"Association Globalong\",\"url\":\"https:\/\/www.globalong.com\/blog\/\",\"logo\":{\"@type\":\"ImageObject\",\"inLanguage\":\"fr-FR\",\"@id\":\"https:\/\/www.globalong.com\/blog\/#\/schema\/logo\/image\/\",\"url\":\"https:\/\/www.globalong.com\/blog\/wp-content\/uploads\/2014\/11\/cropped-cropped-Logo-et-Afrique-Globalong-petite-taille-2.jpg\",\"contentUrl\":\"https:\/\/www.globalong.com\/blog\/wp-content\/uploads\/2014\/11\/cropped-cropped-Logo-et-Afrique-Globalong-petite-taille-2.jpg\",\"width\":512,\"height\":512,\"caption\":\"Association Globalong\"},\"image\":{\"@id\":\"https:\/\/www.globalong.com\/blog\/#\/schema\/logo\/image\/\"},\"sameAs\":[\"https:\/\/www.facebook.com\/globalong\"]}]}<\/script>\n<!-- \/ Yoast SEO Premium plugin. -->","yoast_head_json":{"title":"R\u00e9publique dominicaine - Flavie - Association Globalong","robots":{"index":"index","follow":"follow","max-snippet":"max-snippet:-1","max-image-preview":"max-image-preview:large","max-video-preview":"max-video-preview:-1"},"canonical":"https:\/\/www.globalong.com\/blog\/avis-temoignages-globalong\/republique-dominicaine-flavie\/","og_locale":"fr_FR","og_type":"article","og_title":"R\u00e9publique dominicaine - Flavie","og_description":"Apr\u00e8s une premi\u00e8re mission en Namibie en 2021, Flavie s&rsquo;est engag\u00e9e il y a quelques semaines en R\u00e9publique Dominicaine ! Engag\u00e9e plusieurs semaines sur une mission de gestion et administration des ONG, Flavie est rentr\u00e9e il y a quelques jours et nous livre son t\u00e9moignage ! &nbsp; \u00a0\u00bb Je suis partie pour effectuer mon stage [&hellip;]","og_url":"https:\/\/www.globalong.com\/blog\/avis-temoignages-globalong\/republique-dominicaine-flavie\/","og_site_name":"Association Globalong","article_publisher":"https:\/\/www.facebook.com\/globalong","article_modified_time":"2025-11-12T15:07:17+00:00","og_image":[{"width":1920,"height":2560,"url":"https:\/\/www.globalong.com\/blog\/wp-content\/uploads\/2023\/06\/mission-humanitaire-republique-dominicaine-scaled.jpeg","type":"image\/jpeg"}],"twitter_card":"summary_large_image","twitter_misc":{"Dur\u00e9e de lecture estim\u00e9e":"4 minutes"},"schema":{"@context":"https:\/\/schema.org","@graph":[{"@type":"WebPage","@id":"https:\/\/www.globalong.com\/blog\/avis-temoignages-globalong\/republique-dominicaine-flavie\/","url":"https:\/\/www.globalong.com\/blog\/avis-temoignages-globalong\/republique-dominicaine-flavie\/","name":"R\u00e9publique dominicaine - Flavie - Association Globalong","isPartOf":{"@id":"https:\/\/www.globalong.com\/blog\/#website"},"primaryImageOfPage":{"@id":"https:\/\/www.globalong.com\/blog\/avis-temoignages-globalong\/republique-dominicaine-flavie\/#primaryimage"},"image":{"@id":"https:\/\/www.globalong.com\/blog\/avis-temoignages-globalong\/republique-dominicaine-flavie\/#primaryimage"},"thumbnailUrl":"https:\/\/www.globalong.com\/blog\/wp-content\/uploads\/2023\/06\/mission-humanitaire-republique-dominicaine-scaled.jpeg","datePublished":"2023-06-20T07:45:12+00:00","dateModified":"2025-11-12T15:07:17+00:00","breadcrumb":{"@id":"https:\/\/www.globalong.com\/blog\/avis-temoignages-globalong\/republique-dominicaine-flavie\/#breadcrumb"},"inLanguage":"fr-FR","potentialAction":[{"@type":"ReadAction","target":["https:\/\/www.globalong.com\/blog\/avis-temoignages-globalong\/republique-dominicaine-flavie\/"]}]},{"@type":"ImageObject","inLanguage":"fr-FR","@id":"https:\/\/www.globalong.com\/blog\/avis-temoignages-globalong\/republique-dominicaine-flavie\/#primaryimage","url":"https:\/\/www.globalong.com\/blog\/wp-content\/uploads\/2023\/06\/mission-humanitaire-republique-dominicaine-scaled.jpeg","contentUrl":"https:\/\/www.globalong.com\/blog\/wp-content\/uploads\/2023\/06\/mission-humanitaire-republique-dominicaine-scaled.jpeg","width":1920,"height":2560,"caption":"Stage en R\u00e9publique dominicaine"},{"@type":"BreadcrumbList","@id":"https:\/\/www.globalong.com\/blog\/avis-temoignages-globalong\/republique-dominicaine-flavie\/#breadcrumb","itemListElement":[{"@type":"ListItem","position":1,"name":"Accueil","item":"https:\/\/www.globalong.com\/blog\/"},{"@type":"ListItem","position":2,"name":"T\u00e9moignages et avis de volontaires Globalong","item":"https:\/\/www.globalong.com\/blog\/avis-temoignages-globalong\/"},{"@type":"ListItem","position":3,"name":"R\u00e9publique dominicaine &#8211; Flavie"}]},{"@type":"WebSite","@id":"https:\/\/www.globalong.com\/blog\/#website","url":"https:\/\/www.globalong.com\/blog\/","name":"https:\/\/www.globalong.com\/","description":"Mission humanitaire, stage \u00e9tudiant et voyage linguistique","publisher":{"@id":"https:\/\/www.globalong.com\/blog\/#organization"},"potentialAction":[{"@type":"SearchAction","target":{"@type":"EntryPoint","urlTemplate":"https:\/\/www.globalong.com\/blog\/?s={search_term_string}"},"query-input":{"@type":"PropertyValueSpecification","valueRequired":true,"valueName":"search_term_string"}}],"inLanguage":"fr-FR"},{"@type":"Organization","@id":"https:\/\/www.globalong.com\/blog\/#organization","name":"Association Globalong","url":"https:\/\/www.globalong.com\/blog\/","logo":{"@type":"ImageObject","inLanguage":"fr-FR","@id":"https:\/\/www.globalong.com\/blog\/#\/schema\/logo\/image\/","url":"https:\/\/www.globalong.com\/blog\/wp-content\/uploads\/2014\/11\/cropped-cropped-Logo-et-Afrique-Globalong-petite-taille-2.jpg","contentUrl":"https:\/\/www.globalong.com\/blog\/wp-content\/uploads\/2014\/11\/cropped-cropped-Logo-et-Afrique-Globalong-petite-taille-2.jpg","width":512,"height":512,"caption":"Association Globalong"},"image":{"@id":"https:\/\/www.globalong.com\/blog\/#\/schema\/logo\/image\/"},"sameAs":["https:\/\/www.facebook.com\/globalong"]}]}},"_links":{"self":[{"href":"https:\/\/www.globalong.com\/blog\/wp-json\/wp\/v2\/pages\/15423"}],"collection":[{"href":"https:\/\/www.globalong.com\/blog\/wp-json\/wp\/v2\/pages"}],"about":[{"href":"https:\/\/www.globalong.com\/blog\/wp-json\/wp\/v2\/types\/page"}],"author":[{"embeddable":true,"href":"https:\/\/www.globalong.com\/blog\/wp-json\/wp\/v2\/users\/9"}],"replies":[{"embeddable":true,"href":"https:\/\/www.globalong.com\/blog\/wp-json\/wp\/v2\/comments?post=15423"}],"version-history":[{"count":2,"href":"https:\/\/www.globalong.com\/blog\/wp-json\/wp\/v2\/pages\/15423\/revisions"}],"predecessor-version":[{"id":22492,"href":"https:\/\/www.globalong.com\/blog\/wp-json\/wp\/v2\/pages\/15423\/revisions\/22492"}],"up":[{"embeddable":true,"href":"https:\/\/www.globalong.com\/blog\/wp-json\/wp\/v2\/pages\/883"}],"wp:featuredmedia":[{"embeddable":true,"href":"https:\/\/www.globalong.com\/blog\/wp-json\/wp\/v2\/media\/15426"}],"wp:attachment":[{"href":"https:\/\/www.globalong.com\/blog\/wp-json\/wp\/v2\/media?parent=15423"}],"curies":[{"name":"wp","href":"https:\/\/api.w.org\/{rel}","templated":true}]}}