{"id":15513,"date":"2023-07-26T15:11:41","date_gmt":"2023-07-26T13:11:41","guid":{"rendered":"https:\/\/www.globalong.com\/blog\/?page_id=15513"},"modified":"2025-03-08T12:53:25","modified_gmt":"2025-03-08T11:53:25","slug":"argentine-alan","status":"publish","type":"page","link":"https:\/\/www.globalong.com\/blog\/avis-temoignages-globalong\/argentine-alan\/","title":{"rendered":"Argentine &#8211; Alan"},"content":{"rendered":"<p style=\"text-align: center;\"><strong>Allan, adh\u00e9rent de l&rsquo;Association Globalong, s&rsquo;est engag\u00e9 sur une mission dans un centre d&rsquo;accueil pour enfants d\u00e9favoris\u00e9s en Argentine et nous livre son t\u00e9moignage :<\/strong><\/p>\n<p class=\"p1\">\u00a0\u00bb Bonjour l&rsquo;\u00e9quipe de Globalong,<\/p>\n<p class=\"p1\">J&rsquo;ai en effet commenc\u00e9 mon programme de volontariat depuis deux semaines en <a href=\"https:\/\/www.globalong.com\/blog\/voyage-humanitaire-en-argentine\/\" target=\"_blank\" rel=\"noopener\">Argentine<\/a>. La premi\u00e8re semaine de la mission \u00e9tait consacr\u00e9e \u00e0 des cours d\u2019espagnol \u00e0 l\u2019\u00e9cole, qui est \u00e0 la fois l&rsquo;\u00e9cole de langue qui organise les cours inclus dans la mission, et l&rsquo;organisme de coordination entre vous et le lieu de volontariat. Durant cette premi\u00e8re semaine, j&rsquo;ai pu suivre 15h de cours d&rsquo;espagnol avec deux professeurs g\u00e9niaux. Lors de ces cr\u00e9neaux, nous n&rsquo;\u00e9tions que 2 \u00e9tudiants, ce qui a permis de b\u00e9n\u00e9ficier d&rsquo;un accompagnement tr\u00e8s individualis\u00e9. \u00c0 c\u00f4t\u00e9 des cours, plusieurs activit\u00e9s ont \u00e9t\u00e9 organis\u00e9es comme un atelier d\u00e9couverte du <i>Mate<\/i>, une r\u00e9elle coutume en Argentine. Il s&rsquo;agit d&rsquo;un th\u00e9 tr\u00e8s typique et populaire, qui se partage et qui est tr\u00e8s ritualis\u00e9. \u00c9galement, une d\u00e9gustation de vins locaux de la r\u00e9gion de C\u00f3rdoba ou encore une visite du centre de la ville et de ses lieux touristiques.<\/p>\n<p class=\"p1\">J&rsquo;y ai \u00e9t\u00e9 tr\u00e8s bien accueilli, notamment par Laura, la coordinatrice qui est extr\u00eamement bienveillante \u00e0 mon \u00e9gard et qui sera mon interlocutrice durant toute la dur\u00e9e du volontariat.<\/p>\n<p class=\"p1\">Depuis la semaine derni\u00e8re, j&rsquo;ai commenc\u00e9 ma mission de volontariat dans une biblioth\u00e8que populaire d&rsquo;un quartier d\u00e9favoris\u00e9 de C\u00f3rdoba. Une fois de plus, j&rsquo;y ai \u00e9t\u00e9 tr\u00e8s bien accueilli, d\u00e9cid\u00e9ment l&rsquo;accueil des Argentins est absolument chaleureux, <i>muy lindo !\u00a0<\/i>comme ils disent souvent pour d\u00e9crire quelque chose de mignon, adorable, sympathique.<\/p>\n<p class=\"p1\">En revanche, pour \u00eatre honn\u00eate, ce n&rsquo;est pas tout \u00e0 fait le type de lieu o\u00f9 s&rsquo;exerce le travail que je recherchais. L&rsquo;accueil d&rsquo;enfants et les activit\u00e9s organis\u00e9es y sont tr\u00e8s pauvres et je n&rsquo;ai pas r\u00e9ellement l&rsquo;occasion de passer beaucoup de temps avec des enfants. C&rsquo;est pourquoi Laura a trouv\u00e9 un second lieu de mission au sein duquel je travaillerai les mercredis. Il s&rsquo;agit l\u00e0 d&rsquo;un centre social d&rsquo;aide et de soutien pour les familles vivant dans ce quartier populaire, et le mercredi, sont organis\u00e9s des temps de soutien scolaire, de jeux \u00e9ducatifs, de discussions, et activit\u00e9s pour les enfants. J&rsquo;interviendrai sur ces temps-l\u00e0, cette fois directement au contact des enfants. Ma premi\u00e8re apr\u00e8s midi la semaine derni\u00e8re a \u00e9t\u00e9 tr\u00e8s enrichissante et j&rsquo;ai pass\u00e9 un moment de d\u00e9couverte avec les enfants tr\u00e8s int\u00e9ressant. Le football \u00e9tant presque une religion pour les Argentins, et suite au final de la derni\u00e8re coupe du monde, j&rsquo;\u00e9tais un peu l&rsquo;attraction de la journ\u00e9e pour ces enfants qui n&rsquo;avaient jamais rencontr\u00e9 de fran\u00e7ais. Tr\u00e8s sympathique, cela a bien favoris\u00e9 la rencontre !<\/p>\n<p class=\"p1\">Enfin, je suis h\u00e9berg\u00e9 par une dame extr\u00eamement chaleureuse, d&rsquo;une grande hospitalit\u00e9 et amabilit\u00e9. Nous discutons beaucoup, elle m&rsquo;apprend beaucoup de choses et je d\u00e9couvre ses coutumes et celles de l&rsquo;argentine au fur et \u00e0 mesure des jours. Je m&rsquo;y sens tr\u00e8s bien et elle sait mettre \u00e0 l&rsquo;aise. Aussi, elle vit en plein c\u0153ur du centre de Cordoba ce qui est tr\u00e8s pratique !<\/p>\n<p class=\"p1\">Merci \u00e0 vous ! \u00ab\u00a0<\/p>\n<p><strong>Merci \u00e0 vous, Alan, pour votre engagement ! Si vous aussi, vous souhaitez en savoir plus sur les missions de volontariat, n&rsquo;h\u00e9sitez pas<\/strong> <strong>\u00e0 nous contacter \u00e0\u00a0<u><a href=\"mailto:info@globalong.com\">info@globalong.com<\/a><\/u><\/strong><\/p>\n<p><a href=\"https:\/\/www.globalong.com\/blog\/wp-content\/uploads\/2023\/07\/mission-humanitaire-argentine.jpeg\" target=\"_blank\" rel=\"noopener\"><img loading=\"lazy\" decoding=\"async\" class=\"aligncenter wp-image-15514 size-full\" src=\"https:\/\/www.globalong.com\/blog\/wp-content\/uploads\/2023\/07\/mission-humanitaire-argentine.jpeg\" alt=\"\" width=\"750\" height=\"450\" srcset=\"https:\/\/www.globalong.com\/blog\/wp-content\/uploads\/2023\/07\/mission-humanitaire-argentine.jpeg 750w, https:\/\/www.globalong.com\/blog\/wp-content\/uploads\/2023\/07\/mission-humanitaire-argentine-300x180.jpeg 300w\" sizes=\"(max-width: 750px) 100vw, 750px\" \/><\/a><\/p>\n","protected":false},"excerpt":{"rendered":"<p>Allan, adh\u00e9rent de l&rsquo;Association Globalong, s&rsquo;est engag\u00e9 sur une mission dans un centre d&rsquo;accueil pour enfants d\u00e9favoris\u00e9s en Argentine et nous livre son t\u00e9moignage : \u00a0\u00bb Bonjour l&rsquo;\u00e9quipe de Globalong, J&rsquo;ai en effet commenc\u00e9 mon programme de volontariat depuis deux semaines en Argentine. La premi\u00e8re semaine de la mission \u00e9tait consacr\u00e9e \u00e0 des cours d\u2019espagnol [&hellip;]<\/p>\n","protected":false},"author":9,"featured_media":15514,"parent":883,"menu_order":0,"comment_status":"closed","ping_status":"closed","template":"","meta":{"footnotes":""},"yoast_head":"<!-- This site is optimized with the Yoast SEO Premium plugin v23.4 (Yoast SEO v23.4) - https:\/\/yoast.com\/wordpress\/plugins\/seo\/ -->\n<title>Argentine - Alan - Association Globalong<\/title>\n<meta name=\"robots\" content=\"index, follow, max-snippet:-1, max-image-preview:large, max-video-preview:-1\" \/>\n<link rel=\"canonical\" href=\"https:\/\/www.globalong.com\/blog\/avis-temoignages-globalong\/argentine-alan\/\" \/>\n<meta property=\"og:locale\" content=\"fr_FR\" \/>\n<meta property=\"og:type\" content=\"article\" \/>\n<meta property=\"og:title\" content=\"Argentine - Alan\" \/>\n<meta property=\"og:description\" content=\"Allan, adh\u00e9rent de l&rsquo;Association Globalong, s&rsquo;est engag\u00e9 sur une mission dans un centre d&rsquo;accueil pour enfants d\u00e9favoris\u00e9s en Argentine et nous livre son t\u00e9moignage : \u00a0\u00bb Bonjour l&rsquo;\u00e9quipe de Globalong, J&rsquo;ai en effet commenc\u00e9 mon programme de volontariat depuis deux semaines en Argentine. La premi\u00e8re semaine de la mission \u00e9tait consacr\u00e9e \u00e0 des cours d\u2019espagnol [&hellip;]\" \/>\n<meta property=\"og:url\" content=\"https:\/\/www.globalong.com\/blog\/avis-temoignages-globalong\/argentine-alan\/\" \/>\n<meta property=\"og:site_name\" content=\"Association Globalong\" \/>\n<meta property=\"article:publisher\" content=\"https:\/\/www.facebook.com\/globalong\" \/>\n<meta property=\"article:modified_time\" content=\"2025-03-08T11:53:25+00:00\" \/>\n<meta property=\"og:image\" content=\"https:\/\/www.globalong.com\/blog\/wp-content\/uploads\/2023\/07\/mission-humanitaire-argentine.jpeg\" \/>\n\t<meta property=\"og:image:width\" content=\"750\" \/>\n\t<meta property=\"og:image:height\" content=\"450\" \/>\n\t<meta property=\"og:image:type\" content=\"image\/jpeg\" \/>\n<meta name=\"twitter:card\" content=\"summary_large_image\" \/>\n<meta name=\"twitter:label1\" content=\"Dur\u00e9e de lecture estim\u00e9e\" \/>\n\t<meta name=\"twitter:data1\" content=\"4 minutes\" \/>\n<script type=\"application\/ld+json\" class=\"yoast-schema-graph\">{\"@context\":\"https:\/\/schema.org\",\"@graph\":[{\"@type\":\"WebPage\",\"@id\":\"https:\/\/www.globalong.com\/blog\/avis-temoignages-globalong\/argentine-alan\/\",\"url\":\"https:\/\/www.globalong.com\/blog\/avis-temoignages-globalong\/argentine-alan\/\",\"name\":\"Argentine - Alan - Association Globalong\",\"isPartOf\":{\"@id\":\"https:\/\/www.globalong.com\/blog\/#website\"},\"primaryImageOfPage\":{\"@id\":\"https:\/\/www.globalong.com\/blog\/avis-temoignages-globalong\/argentine-alan\/#primaryimage\"},\"image\":{\"@id\":\"https:\/\/www.globalong.com\/blog\/avis-temoignages-globalong\/argentine-alan\/#primaryimage\"},\"thumbnailUrl\":\"https:\/\/www.globalong.com\/blog\/wp-content\/uploads\/2023\/07\/mission-humanitaire-argentine.jpeg\",\"datePublished\":\"2023-07-26T13:11:41+00:00\",\"dateModified\":\"2025-03-08T11:53:25+00:00\",\"breadcrumb\":{\"@id\":\"https:\/\/www.globalong.com\/blog\/avis-temoignages-globalong\/argentine-alan\/#breadcrumb\"},\"inLanguage\":\"fr-FR\",\"potentialAction\":[{\"@type\":\"ReadAction\",\"target\":[\"https:\/\/www.globalong.com\/blog\/avis-temoignages-globalong\/argentine-alan\/\"]}]},{\"@type\":\"ImageObject\",\"inLanguage\":\"fr-FR\",\"@id\":\"https:\/\/www.globalong.com\/blog\/avis-temoignages-globalong\/argentine-alan\/#primaryimage\",\"url\":\"https:\/\/www.globalong.com\/blog\/wp-content\/uploads\/2023\/07\/mission-humanitaire-argentine.jpeg\",\"contentUrl\":\"https:\/\/www.globalong.com\/blog\/wp-content\/uploads\/2023\/07\/mission-humanitaire-argentine.jpeg\",\"width\":750,\"height\":450,\"caption\":\"mission humanitaire en Argentine\"},{\"@type\":\"BreadcrumbList\",\"@id\":\"https:\/\/www.globalong.com\/blog\/avis-temoignages-globalong\/argentine-alan\/#breadcrumb\",\"itemListElement\":[{\"@type\":\"ListItem\",\"position\":1,\"name\":\"Accueil\",\"item\":\"https:\/\/www.globalong.com\/blog\/\"},{\"@type\":\"ListItem\",\"position\":2,\"name\":\"T\u00e9moignages et avis de volontaires Globalong\",\"item\":\"https:\/\/www.globalong.com\/blog\/avis-temoignages-globalong\/\"},{\"@type\":\"ListItem\",\"position\":3,\"name\":\"Argentine &#8211; Alan\"}]},{\"@type\":\"WebSite\",\"@id\":\"https:\/\/www.globalong.com\/blog\/#website\",\"url\":\"https:\/\/www.globalong.com\/blog\/\",\"name\":\"https:\/\/www.globalong.com\/\",\"description\":\"Mission humanitaire, stage \u00e9tudiant et voyage linguistique\",\"publisher\":{\"@id\":\"https:\/\/www.globalong.com\/blog\/#organization\"},\"potentialAction\":[{\"@type\":\"SearchAction\",\"target\":{\"@type\":\"EntryPoint\",\"urlTemplate\":\"https:\/\/www.globalong.com\/blog\/?s={search_term_string}\"},\"query-input\":{\"@type\":\"PropertyValueSpecification\",\"valueRequired\":true,\"valueName\":\"search_term_string\"}}],\"inLanguage\":\"fr-FR\"},{\"@type\":\"Organization\",\"@id\":\"https:\/\/www.globalong.com\/blog\/#organization\",\"name\":\"Association Globalong\",\"url\":\"https:\/\/www.globalong.com\/blog\/\",\"logo\":{\"@type\":\"ImageObject\",\"inLanguage\":\"fr-FR\",\"@id\":\"https:\/\/www.globalong.com\/blog\/#\/schema\/logo\/image\/\",\"url\":\"https:\/\/www.globalong.com\/blog\/wp-content\/uploads\/2014\/11\/cropped-cropped-Logo-et-Afrique-Globalong-petite-taille-2.jpg\",\"contentUrl\":\"https:\/\/www.globalong.com\/blog\/wp-content\/uploads\/2014\/11\/cropped-cropped-Logo-et-Afrique-Globalong-petite-taille-2.jpg\",\"width\":512,\"height\":512,\"caption\":\"Association Globalong\"},\"image\":{\"@id\":\"https:\/\/www.globalong.com\/blog\/#\/schema\/logo\/image\/\"},\"sameAs\":[\"https:\/\/www.facebook.com\/globalong\"]}]}<\/script>\n<!-- \/ Yoast SEO Premium plugin. -->","yoast_head_json":{"title":"Argentine - Alan - Association Globalong","robots":{"index":"index","follow":"follow","max-snippet":"max-snippet:-1","max-image-preview":"max-image-preview:large","max-video-preview":"max-video-preview:-1"},"canonical":"https:\/\/www.globalong.com\/blog\/avis-temoignages-globalong\/argentine-alan\/","og_locale":"fr_FR","og_type":"article","og_title":"Argentine - Alan","og_description":"Allan, adh\u00e9rent de l&rsquo;Association Globalong, s&rsquo;est engag\u00e9 sur une mission dans un centre d&rsquo;accueil pour enfants d\u00e9favoris\u00e9s en Argentine et nous livre son t\u00e9moignage : \u00a0\u00bb Bonjour l&rsquo;\u00e9quipe de Globalong, J&rsquo;ai en effet commenc\u00e9 mon programme de volontariat depuis deux semaines en Argentine. La premi\u00e8re semaine de la mission \u00e9tait consacr\u00e9e \u00e0 des cours d\u2019espagnol [&hellip;]","og_url":"https:\/\/www.globalong.com\/blog\/avis-temoignages-globalong\/argentine-alan\/","og_site_name":"Association Globalong","article_publisher":"https:\/\/www.facebook.com\/globalong","article_modified_time":"2025-03-08T11:53:25+00:00","og_image":[{"width":750,"height":450,"url":"https:\/\/www.globalong.com\/blog\/wp-content\/uploads\/2023\/07\/mission-humanitaire-argentine.jpeg","type":"image\/jpeg"}],"twitter_card":"summary_large_image","twitter_misc":{"Dur\u00e9e de lecture estim\u00e9e":"4 minutes"},"schema":{"@context":"https:\/\/schema.org","@graph":[{"@type":"WebPage","@id":"https:\/\/www.globalong.com\/blog\/avis-temoignages-globalong\/argentine-alan\/","url":"https:\/\/www.globalong.com\/blog\/avis-temoignages-globalong\/argentine-alan\/","name":"Argentine - Alan - Association Globalong","isPartOf":{"@id":"https:\/\/www.globalong.com\/blog\/#website"},"primaryImageOfPage":{"@id":"https:\/\/www.globalong.com\/blog\/avis-temoignages-globalong\/argentine-alan\/#primaryimage"},"image":{"@id":"https:\/\/www.globalong.com\/blog\/avis-temoignages-globalong\/argentine-alan\/#primaryimage"},"thumbnailUrl":"https:\/\/www.globalong.com\/blog\/wp-content\/uploads\/2023\/07\/mission-humanitaire-argentine.jpeg","datePublished":"2023-07-26T13:11:41+00:00","dateModified":"2025-03-08T11:53:25+00:00","breadcrumb":{"@id":"https:\/\/www.globalong.com\/blog\/avis-temoignages-globalong\/argentine-alan\/#breadcrumb"},"inLanguage":"fr-FR","potentialAction":[{"@type":"ReadAction","target":["https:\/\/www.globalong.com\/blog\/avis-temoignages-globalong\/argentine-alan\/"]}]},{"@type":"ImageObject","inLanguage":"fr-FR","@id":"https:\/\/www.globalong.com\/blog\/avis-temoignages-globalong\/argentine-alan\/#primaryimage","url":"https:\/\/www.globalong.com\/blog\/wp-content\/uploads\/2023\/07\/mission-humanitaire-argentine.jpeg","contentUrl":"https:\/\/www.globalong.com\/blog\/wp-content\/uploads\/2023\/07\/mission-humanitaire-argentine.jpeg","width":750,"height":450,"caption":"mission humanitaire en Argentine"},{"@type":"BreadcrumbList","@id":"https:\/\/www.globalong.com\/blog\/avis-temoignages-globalong\/argentine-alan\/#breadcrumb","itemListElement":[{"@type":"ListItem","position":1,"name":"Accueil","item":"https:\/\/www.globalong.com\/blog\/"},{"@type":"ListItem","position":2,"name":"T\u00e9moignages et avis de volontaires Globalong","item":"https:\/\/www.globalong.com\/blog\/avis-temoignages-globalong\/"},{"@type":"ListItem","position":3,"name":"Argentine &#8211; Alan"}]},{"@type":"WebSite","@id":"https:\/\/www.globalong.com\/blog\/#website","url":"https:\/\/www.globalong.com\/blog\/","name":"https:\/\/www.globalong.com\/","description":"Mission humanitaire, stage \u00e9tudiant et voyage linguistique","publisher":{"@id":"https:\/\/www.globalong.com\/blog\/#organization"},"potentialAction":[{"@type":"SearchAction","target":{"@type":"EntryPoint","urlTemplate":"https:\/\/www.globalong.com\/blog\/?s={search_term_string}"},"query-input":{"@type":"PropertyValueSpecification","valueRequired":true,"valueName":"search_term_string"}}],"inLanguage":"fr-FR"},{"@type":"Organization","@id":"https:\/\/www.globalong.com\/blog\/#organization","name":"Association Globalong","url":"https:\/\/www.globalong.com\/blog\/","logo":{"@type":"ImageObject","inLanguage":"fr-FR","@id":"https:\/\/www.globalong.com\/blog\/#\/schema\/logo\/image\/","url":"https:\/\/www.globalong.com\/blog\/wp-content\/uploads\/2014\/11\/cropped-cropped-Logo-et-Afrique-Globalong-petite-taille-2.jpg","contentUrl":"https:\/\/www.globalong.com\/blog\/wp-content\/uploads\/2014\/11\/cropped-cropped-Logo-et-Afrique-Globalong-petite-taille-2.jpg","width":512,"height":512,"caption":"Association Globalong"},"image":{"@id":"https:\/\/www.globalong.com\/blog\/#\/schema\/logo\/image\/"},"sameAs":["https:\/\/www.facebook.com\/globalong"]}]}},"_links":{"self":[{"href":"https:\/\/www.globalong.com\/blog\/wp-json\/wp\/v2\/pages\/15513"}],"collection":[{"href":"https:\/\/www.globalong.com\/blog\/wp-json\/wp\/v2\/pages"}],"about":[{"href":"https:\/\/www.globalong.com\/blog\/wp-json\/wp\/v2\/types\/page"}],"author":[{"embeddable":true,"href":"https:\/\/www.globalong.com\/blog\/wp-json\/wp\/v2\/users\/9"}],"replies":[{"embeddable":true,"href":"https:\/\/www.globalong.com\/blog\/wp-json\/wp\/v2\/comments?post=15513"}],"version-history":[{"count":2,"href":"https:\/\/www.globalong.com\/blog\/wp-json\/wp\/v2\/pages\/15513\/revisions"}],"predecessor-version":[{"id":20903,"href":"https:\/\/www.globalong.com\/blog\/wp-json\/wp\/v2\/pages\/15513\/revisions\/20903"}],"up":[{"embeddable":true,"href":"https:\/\/www.globalong.com\/blog\/wp-json\/wp\/v2\/pages\/883"}],"wp:featuredmedia":[{"embeddable":true,"href":"https:\/\/www.globalong.com\/blog\/wp-json\/wp\/v2\/media\/15514"}],"wp:attachment":[{"href":"https:\/\/www.globalong.com\/blog\/wp-json\/wp\/v2\/media?parent=15513"}],"curies":[{"name":"wp","href":"https:\/\/api.w.org\/{rel}","templated":true}]}}