{"id":15554,"date":"2023-08-04T15:42:25","date_gmt":"2023-08-04T13:42:25","guid":{"rendered":"https:\/\/www.globalong.com\/blog\/?page_id=15554"},"modified":"2025-09-14T15:22:00","modified_gmt":"2025-09-14T13:22:00","slug":"islande-pauline","status":"publish","type":"page","link":"https:\/\/www.globalong.com\/blog\/avis-temoignages-globalong\/islande-pauline\/","title":{"rendered":"Islande &#8211; Pauline"},"content":{"rendered":"<p class=\"p1\" style=\"text-align: center;\"><strong><span class=\"s1\">Pauline, adh\u00e9rente <\/span>de l\u2019<a href=\"https:\/\/www.globalong.com\/association-globalong.html\"><span class=\"s2\">Association Globalong<\/span><\/a> s\u2019est engag\u00e9e sur <a href=\"https:\/\/www.globalong.com\/sejour-benevolat\/volontariat-international-islande-stage-etudiant-europe\/mission-humanitaire-eco-volontariat-international-islande.html\" target=\"_blank\" rel=\"noopener\">une mission de protection de l\u2019environnement en Islande de l\u2019Est<\/a> !<\/strong><\/p>\n<p class=\"p3\" style=\"text-align: center;\"><strong>D\u00e9couvrez son t\u00e9moignage \u00a0<span class=\"s3\">&#x2935;<\/span><\/strong><\/p>\n<p class=\"p4\" style=\"text-align: justify;\">\u00ab\u00a0Je suis partie pour vivre une exp\u00e9rience enrichissante dans un domaine qui me tient \u00e0 c\u0153ur : la pr\u00e9servation de l&rsquo;environnement, <a href=\"https:\/\/www.globalong.com\/blog\/volontariat-islande-stage\/\" target=\"_blank\" rel=\"noopener\">l&rsquo;Islande<\/a> m&rsquo;a donc sembl\u00e9 \u00eatre un choix judicieux compte tenu de l&rsquo;implication de sa soci\u00e9t\u00e9 et de son gouvernement dans la protection de son environnement. Je m&rsquo;attendais \u00e0 en apprendre plus sur l&rsquo;\u00e9cologie, la biodiversit\u00e9 et sa pr\u00e9servation et bien entendus \u00e0 partager ses connaissances et activit\u00e9s avec les autres volontaires sur place !<\/p>\n<p class=\"p4\" style=\"text-align: justify;\">Concernant le planning quotidien, nous travaillions le matin de 9h \u00e0 13h, prenions le d\u00e9jeuner aux alentours de 14\/15h, puis enchainions sur des workshops et des activit\u00e9s l&rsquo;aprem et nous prenions le diner aux alentours de 20h.<\/p>\n<p class=\"p4\" style=\"text-align: justify;\">\u00c0 l\u2019h\u00e9bergement, nous nous \u00e9tions r\u00e9parti un planning des t\u00e2ches m\u00e9nag\u00e8res \u00e0 effectuer comme les repas, la vaisselle, faire le pain, laver les surfaces et la salle de bain, sortir les poubelles\u2026<\/p>\n<p class=\"p4\" style=\"text-align: justify;\">Nous avions \u00e0 notre disposition des outils de jardinage, des gants et une voiture.<\/p>\n<p class=\"p4\" style=\"text-align: justify;\">J\u2019ai acquis de nouvelles connaissances et notamment comment pr\u00e9server la flore islandaise, et sur le tri des d\u00e9chets plus pouss\u00e9.<\/p>\n<p class=\"p4\" style=\"text-align: justify;\">Mes conseils pour les futurs b\u00e9n\u00e9voles : soyez vigilants sur les dates des vols, vous ne serez ramen\u00e9s \u00e0 la capitale que vers 18 heures le dernier jour.<span class=\"Apple-converted-space\">\u00a0 <\/span>En Islande de l&rsquo;Est, en \u00e9t\u00e9 le temps change rapidement, prenez des v\u00eatements thermiques, de sports, confortables et pratiques, emportez un sac de couchage (c&rsquo;est toujours utile).<\/p>\n<p class=\"p4\" style=\"text-align: justify;\">Cette mission m\u2019a apport\u00e9 la rencontre de nouveaux amis, de nouvelles exp\u00e9riences, plus de connaissance sur la culture islandaise, mais aussi celle de mes compagnons de voyage, de la bonne humeur et des souvenirs incroyables !!<\/p>\n<p class=\"p4\" style=\"text-align: justify;\">Cette mission a \u00e9t\u00e9 conforme \u00e0 mes attentes, oui, car j&rsquo;ai pu aider la population sur place \u00e0 faire face \u00e0 diverse probl\u00e8mes li\u00e9s \u00e0 l&rsquo;\u00e9cosyst\u00e8me islandais.<\/p>\n<p class=\"p4\" style=\"text-align: justify;\">Pour moi, la d\u00e9finition de l&rsquo;engagement b\u00e9n\u00e9vole \u00e0 l&rsquo;international, c&rsquo;est servir une cause qui me semble juste et qui vient en aide aux populations, \u00e0 l&rsquo;environnement local tout en respectant leur int\u00e9grit\u00e9 et leur souverainet\u00e9.<\/p>\n<p class=\"p4\" style=\"text-align: justify;\">L\u2019impact sur mon quotidien \u00e0 mon retour de mission est que je trie plus mes d\u00e9chets, mon anglais s&rsquo;est am\u00e9lior\u00e9 (et continuera de s&rsquo;am\u00e9liorer, car je garde contact avec les autres b\u00e9n\u00e9voles internationales), j&rsquo;ai une plus grande r\u00e9sistance au froid ;), je serai plus impliqu\u00e9e dans les actions b\u00e9n\u00e9voles de ma ville.<\/p>\n<p class=\"p4\" style=\"text-align: justify;\"><strong>Mes bonnes adresses en Islande : Golden Circle et V\u00f6k Baths<\/strong><\/p>\n<p class=\"p4\" style=\"text-align: justify;\"><strong>Le budget que je conseille par semaine : 50 euros\u00a0\u00bb<\/strong><\/p>\n<p style=\"text-align: center;\"><strong>Merci \u00e0 Pauline pour son engagement ! &#x1f91d;&#x1f1ee;&#x1f1f8; <\/strong><\/p>\n<p class=\"p4\" style=\"text-align: center;\"><strong>Pour plus d\u2019informations, n\u2019h\u00e9sitez pas \u00e0 nous contacter \u00e0 l\u2019adresse\u00a0<a href=\"mailto:info@globalong.com\"><span class=\"s2\">info@globalong.com<\/span><\/a><\/strong><\/p>\n<p class=\"p4\" style=\"text-align: center;\"><strong>Pour en savoir plus sur l\u2019Association Globalong et ses adh\u00e9rents, rendez-vous sur\u00a0<a href=\"https:\/\/www.instagram.com\/globalongofficiel\/\"><span class=\"s2\">Instagram<\/span><\/a>,\u00a0<a href=\"https:\/\/www.facebook.com\/globalong\"><span class=\"s2\">Facebook<\/span><\/a>,\u00a0<a href=\"https:\/\/www.linkedin.com\/company\/5113177\/admin\/feed\/posts\/\"><span class=\"s2\">LinkedIn<\/span><\/a>\u00a0et\u00a0<a href=\"https:\/\/www.youtube.com\/c\/globalong\/videos\"><span class=\"s2\">Youtube<\/span><\/a>\u00a0!\u00a0<\/strong><\/p>\n<p><a href=\"https:\/\/www.globalong.com\/blog\/wp-content\/uploads\/2023\/08\/eco-volontariat-en-Islande.jpeg\"><img loading=\"lazy\" decoding=\"async\" class=\"size-full wp-image-15555 aligncenter\" src=\"https:\/\/www.globalong.com\/blog\/wp-content\/uploads\/2023\/08\/eco-volontariat-en-Islande.jpeg\" alt=\"\" width=\"750\" height=\"450\" srcset=\"https:\/\/www.globalong.com\/blog\/wp-content\/uploads\/2023\/08\/eco-volontariat-en-Islande.jpeg 750w, https:\/\/www.globalong.com\/blog\/wp-content\/uploads\/2023\/08\/eco-volontariat-en-Islande-300x180.jpeg 300w\" sizes=\"(max-width: 750px) 100vw, 750px\" \/><\/a><\/p>\n","protected":false},"excerpt":{"rendered":"<p>Pauline, adh\u00e9rente de l\u2019Association Globalong s\u2019est engag\u00e9e sur une mission de protection de l\u2019environnement en Islande de l\u2019Est ! D\u00e9couvrez son t\u00e9moignage \u00a0&#x2935; \u00ab\u00a0Je suis partie pour vivre une exp\u00e9rience enrichissante dans un domaine qui me tient \u00e0 c\u0153ur : la pr\u00e9servation de l&rsquo;environnement, l&rsquo;Islande m&rsquo;a donc sembl\u00e9 \u00eatre un choix judicieux compte tenu de [&hellip;]<\/p>\n","protected":false},"author":9,"featured_media":15555,"parent":883,"menu_order":0,"comment_status":"closed","ping_status":"closed","template":"","meta":{"footnotes":""},"yoast_head":"<!-- This site is optimized with the Yoast SEO Premium plugin v23.4 (Yoast SEO v23.4) - https:\/\/yoast.com\/wordpress\/plugins\/seo\/ -->\n<title>Islande - Pauline - Association Globalong<\/title>\n<meta name=\"robots\" content=\"index, follow, max-snippet:-1, max-image-preview:large, max-video-preview:-1\" \/>\n<link rel=\"canonical\" href=\"https:\/\/www.globalong.com\/blog\/avis-temoignages-globalong\/islande-pauline\/\" \/>\n<meta property=\"og:locale\" content=\"fr_FR\" \/>\n<meta property=\"og:type\" content=\"article\" \/>\n<meta property=\"og:title\" content=\"Islande - Pauline\" \/>\n<meta property=\"og:description\" content=\"Pauline, adh\u00e9rente de l\u2019Association Globalong s\u2019est engag\u00e9e sur une mission de protection de l\u2019environnement en Islande de l\u2019Est ! D\u00e9couvrez son t\u00e9moignage \u00a0&#x2935; \u00ab\u00a0Je suis partie pour vivre une exp\u00e9rience enrichissante dans un domaine qui me tient \u00e0 c\u0153ur : la pr\u00e9servation de l&rsquo;environnement, l&rsquo;Islande m&rsquo;a donc sembl\u00e9 \u00eatre un choix judicieux compte tenu de [&hellip;]\" \/>\n<meta property=\"og:url\" content=\"https:\/\/www.globalong.com\/blog\/avis-temoignages-globalong\/islande-pauline\/\" \/>\n<meta property=\"og:site_name\" content=\"Association Globalong\" \/>\n<meta property=\"article:publisher\" content=\"https:\/\/www.facebook.com\/globalong\" \/>\n<meta property=\"article:modified_time\" content=\"2025-09-14T13:22:00+00:00\" \/>\n<meta property=\"og:image\" content=\"https:\/\/www.globalong.com\/blog\/wp-content\/uploads\/2023\/08\/eco-volontariat-en-Islande.jpeg\" \/>\n\t<meta property=\"og:image:width\" content=\"750\" \/>\n\t<meta property=\"og:image:height\" content=\"450\" \/>\n\t<meta property=\"og:image:type\" content=\"image\/jpeg\" \/>\n<meta name=\"twitter:card\" content=\"summary_large_image\" \/>\n<meta name=\"twitter:label1\" content=\"Dur\u00e9e de lecture estim\u00e9e\" \/>\n\t<meta name=\"twitter:data1\" content=\"3 minutes\" \/>\n<script type=\"application\/ld+json\" class=\"yoast-schema-graph\">{\"@context\":\"https:\/\/schema.org\",\"@graph\":[{\"@type\":\"WebPage\",\"@id\":\"https:\/\/www.globalong.com\/blog\/avis-temoignages-globalong\/islande-pauline\/\",\"url\":\"https:\/\/www.globalong.com\/blog\/avis-temoignages-globalong\/islande-pauline\/\",\"name\":\"Islande - Pauline - Association Globalong\",\"isPartOf\":{\"@id\":\"https:\/\/www.globalong.com\/blog\/#website\"},\"primaryImageOfPage\":{\"@id\":\"https:\/\/www.globalong.com\/blog\/avis-temoignages-globalong\/islande-pauline\/#primaryimage\"},\"image\":{\"@id\":\"https:\/\/www.globalong.com\/blog\/avis-temoignages-globalong\/islande-pauline\/#primaryimage\"},\"thumbnailUrl\":\"https:\/\/www.globalong.com\/blog\/wp-content\/uploads\/2023\/08\/eco-volontariat-en-Islande.jpeg\",\"datePublished\":\"2023-08-04T13:42:25+00:00\",\"dateModified\":\"2025-09-14T13:22:00+00:00\",\"breadcrumb\":{\"@id\":\"https:\/\/www.globalong.com\/blog\/avis-temoignages-globalong\/islande-pauline\/#breadcrumb\"},\"inLanguage\":\"fr-FR\",\"potentialAction\":[{\"@type\":\"ReadAction\",\"target\":[\"https:\/\/www.globalong.com\/blog\/avis-temoignages-globalong\/islande-pauline\/\"]}]},{\"@type\":\"ImageObject\",\"inLanguage\":\"fr-FR\",\"@id\":\"https:\/\/www.globalong.com\/blog\/avis-temoignages-globalong\/islande-pauline\/#primaryimage\",\"url\":\"https:\/\/www.globalong.com\/blog\/wp-content\/uploads\/2023\/08\/eco-volontariat-en-Islande.jpeg\",\"contentUrl\":\"https:\/\/www.globalong.com\/blog\/wp-content\/uploads\/2023\/08\/eco-volontariat-en-Islande.jpeg\",\"width\":750,\"height\":450,\"caption\":\"Volontariat \u00e0 court terme vs volontariat \u00e0 long terme\"},{\"@type\":\"BreadcrumbList\",\"@id\":\"https:\/\/www.globalong.com\/blog\/avis-temoignages-globalong\/islande-pauline\/#breadcrumb\",\"itemListElement\":[{\"@type\":\"ListItem\",\"position\":1,\"name\":\"Accueil\",\"item\":\"https:\/\/www.globalong.com\/blog\/\"},{\"@type\":\"ListItem\",\"position\":2,\"name\":\"T\u00e9moignages et avis de volontaires Globalong\",\"item\":\"https:\/\/www.globalong.com\/blog\/avis-temoignages-globalong\/\"},{\"@type\":\"ListItem\",\"position\":3,\"name\":\"Islande &#8211; Pauline\"}]},{\"@type\":\"WebSite\",\"@id\":\"https:\/\/www.globalong.com\/blog\/#website\",\"url\":\"https:\/\/www.globalong.com\/blog\/\",\"name\":\"https:\/\/www.globalong.com\/\",\"description\":\"Mission humanitaire, stage \u00e9tudiant et voyage linguistique\",\"publisher\":{\"@id\":\"https:\/\/www.globalong.com\/blog\/#organization\"},\"potentialAction\":[{\"@type\":\"SearchAction\",\"target\":{\"@type\":\"EntryPoint\",\"urlTemplate\":\"https:\/\/www.globalong.com\/blog\/?s={search_term_string}\"},\"query-input\":{\"@type\":\"PropertyValueSpecification\",\"valueRequired\":true,\"valueName\":\"search_term_string\"}}],\"inLanguage\":\"fr-FR\"},{\"@type\":\"Organization\",\"@id\":\"https:\/\/www.globalong.com\/blog\/#organization\",\"name\":\"Association Globalong\",\"url\":\"https:\/\/www.globalong.com\/blog\/\",\"logo\":{\"@type\":\"ImageObject\",\"inLanguage\":\"fr-FR\",\"@id\":\"https:\/\/www.globalong.com\/blog\/#\/schema\/logo\/image\/\",\"url\":\"https:\/\/www.globalong.com\/blog\/wp-content\/uploads\/2014\/11\/cropped-cropped-Logo-et-Afrique-Globalong-petite-taille-2.jpg\",\"contentUrl\":\"https:\/\/www.globalong.com\/blog\/wp-content\/uploads\/2014\/11\/cropped-cropped-Logo-et-Afrique-Globalong-petite-taille-2.jpg\",\"width\":512,\"height\":512,\"caption\":\"Association Globalong\"},\"image\":{\"@id\":\"https:\/\/www.globalong.com\/blog\/#\/schema\/logo\/image\/\"},\"sameAs\":[\"https:\/\/www.facebook.com\/globalong\"]}]}<\/script>\n<!-- \/ Yoast SEO Premium plugin. -->","yoast_head_json":{"title":"Islande - Pauline - Association Globalong","robots":{"index":"index","follow":"follow","max-snippet":"max-snippet:-1","max-image-preview":"max-image-preview:large","max-video-preview":"max-video-preview:-1"},"canonical":"https:\/\/www.globalong.com\/blog\/avis-temoignages-globalong\/islande-pauline\/","og_locale":"fr_FR","og_type":"article","og_title":"Islande - Pauline","og_description":"Pauline, adh\u00e9rente de l\u2019Association Globalong s\u2019est engag\u00e9e sur une mission de protection de l\u2019environnement en Islande de l\u2019Est ! D\u00e9couvrez son t\u00e9moignage \u00a0&#x2935; \u00ab\u00a0Je suis partie pour vivre une exp\u00e9rience enrichissante dans un domaine qui me tient \u00e0 c\u0153ur : la pr\u00e9servation de l&rsquo;environnement, l&rsquo;Islande m&rsquo;a donc sembl\u00e9 \u00eatre un choix judicieux compte tenu de [&hellip;]","og_url":"https:\/\/www.globalong.com\/blog\/avis-temoignages-globalong\/islande-pauline\/","og_site_name":"Association Globalong","article_publisher":"https:\/\/www.facebook.com\/globalong","article_modified_time":"2025-09-14T13:22:00+00:00","og_image":[{"width":750,"height":450,"url":"https:\/\/www.globalong.com\/blog\/wp-content\/uploads\/2023\/08\/eco-volontariat-en-Islande.jpeg","type":"image\/jpeg"}],"twitter_card":"summary_large_image","twitter_misc":{"Dur\u00e9e de lecture estim\u00e9e":"3 minutes"},"schema":{"@context":"https:\/\/schema.org","@graph":[{"@type":"WebPage","@id":"https:\/\/www.globalong.com\/blog\/avis-temoignages-globalong\/islande-pauline\/","url":"https:\/\/www.globalong.com\/blog\/avis-temoignages-globalong\/islande-pauline\/","name":"Islande - Pauline - Association Globalong","isPartOf":{"@id":"https:\/\/www.globalong.com\/blog\/#website"},"primaryImageOfPage":{"@id":"https:\/\/www.globalong.com\/blog\/avis-temoignages-globalong\/islande-pauline\/#primaryimage"},"image":{"@id":"https:\/\/www.globalong.com\/blog\/avis-temoignages-globalong\/islande-pauline\/#primaryimage"},"thumbnailUrl":"https:\/\/www.globalong.com\/blog\/wp-content\/uploads\/2023\/08\/eco-volontariat-en-Islande.jpeg","datePublished":"2023-08-04T13:42:25+00:00","dateModified":"2025-09-14T13:22:00+00:00","breadcrumb":{"@id":"https:\/\/www.globalong.com\/blog\/avis-temoignages-globalong\/islande-pauline\/#breadcrumb"},"inLanguage":"fr-FR","potentialAction":[{"@type":"ReadAction","target":["https:\/\/www.globalong.com\/blog\/avis-temoignages-globalong\/islande-pauline\/"]}]},{"@type":"ImageObject","inLanguage":"fr-FR","@id":"https:\/\/www.globalong.com\/blog\/avis-temoignages-globalong\/islande-pauline\/#primaryimage","url":"https:\/\/www.globalong.com\/blog\/wp-content\/uploads\/2023\/08\/eco-volontariat-en-Islande.jpeg","contentUrl":"https:\/\/www.globalong.com\/blog\/wp-content\/uploads\/2023\/08\/eco-volontariat-en-Islande.jpeg","width":750,"height":450,"caption":"Volontariat \u00e0 court terme vs volontariat \u00e0 long terme"},{"@type":"BreadcrumbList","@id":"https:\/\/www.globalong.com\/blog\/avis-temoignages-globalong\/islande-pauline\/#breadcrumb","itemListElement":[{"@type":"ListItem","position":1,"name":"Accueil","item":"https:\/\/www.globalong.com\/blog\/"},{"@type":"ListItem","position":2,"name":"T\u00e9moignages et avis de volontaires Globalong","item":"https:\/\/www.globalong.com\/blog\/avis-temoignages-globalong\/"},{"@type":"ListItem","position":3,"name":"Islande &#8211; Pauline"}]},{"@type":"WebSite","@id":"https:\/\/www.globalong.com\/blog\/#website","url":"https:\/\/www.globalong.com\/blog\/","name":"https:\/\/www.globalong.com\/","description":"Mission humanitaire, stage \u00e9tudiant et voyage linguistique","publisher":{"@id":"https:\/\/www.globalong.com\/blog\/#organization"},"potentialAction":[{"@type":"SearchAction","target":{"@type":"EntryPoint","urlTemplate":"https:\/\/www.globalong.com\/blog\/?s={search_term_string}"},"query-input":{"@type":"PropertyValueSpecification","valueRequired":true,"valueName":"search_term_string"}}],"inLanguage":"fr-FR"},{"@type":"Organization","@id":"https:\/\/www.globalong.com\/blog\/#organization","name":"Association Globalong","url":"https:\/\/www.globalong.com\/blog\/","logo":{"@type":"ImageObject","inLanguage":"fr-FR","@id":"https:\/\/www.globalong.com\/blog\/#\/schema\/logo\/image\/","url":"https:\/\/www.globalong.com\/blog\/wp-content\/uploads\/2014\/11\/cropped-cropped-Logo-et-Afrique-Globalong-petite-taille-2.jpg","contentUrl":"https:\/\/www.globalong.com\/blog\/wp-content\/uploads\/2014\/11\/cropped-cropped-Logo-et-Afrique-Globalong-petite-taille-2.jpg","width":512,"height":512,"caption":"Association Globalong"},"image":{"@id":"https:\/\/www.globalong.com\/blog\/#\/schema\/logo\/image\/"},"sameAs":["https:\/\/www.facebook.com\/globalong"]}]}},"_links":{"self":[{"href":"https:\/\/www.globalong.com\/blog\/wp-json\/wp\/v2\/pages\/15554"}],"collection":[{"href":"https:\/\/www.globalong.com\/blog\/wp-json\/wp\/v2\/pages"}],"about":[{"href":"https:\/\/www.globalong.com\/blog\/wp-json\/wp\/v2\/types\/page"}],"author":[{"embeddable":true,"href":"https:\/\/www.globalong.com\/blog\/wp-json\/wp\/v2\/users\/9"}],"replies":[{"embeddable":true,"href":"https:\/\/www.globalong.com\/blog\/wp-json\/wp\/v2\/comments?post=15554"}],"version-history":[{"count":3,"href":"https:\/\/www.globalong.com\/blog\/wp-json\/wp\/v2\/pages\/15554\/revisions"}],"predecessor-version":[{"id":21827,"href":"https:\/\/www.globalong.com\/blog\/wp-json\/wp\/v2\/pages\/15554\/revisions\/21827"}],"up":[{"embeddable":true,"href":"https:\/\/www.globalong.com\/blog\/wp-json\/wp\/v2\/pages\/883"}],"wp:featuredmedia":[{"embeddable":true,"href":"https:\/\/www.globalong.com\/blog\/wp-json\/wp\/v2\/media\/15555"}],"wp:attachment":[{"href":"https:\/\/www.globalong.com\/blog\/wp-json\/wp\/v2\/media?parent=15554"}],"curies":[{"name":"wp","href":"https:\/\/api.w.org\/{rel}","templated":true}]}}