{"id":15557,"date":"2023-08-04T16:22:16","date_gmt":"2023-08-04T14:22:16","guid":{"rendered":"https:\/\/www.globalong.com\/blog\/?page_id=15557"},"modified":"2025-10-29T18:18:14","modified_gmt":"2025-10-29T17:18:14","slug":"namibie-clara","status":"publish","type":"page","link":"https:\/\/www.globalong.com\/blog\/avis-temoignages-globalong\/namibie-clara\/","title":{"rendered":"Namibie &#8211; Clara"},"content":{"rendered":"<p class=\"p1\" style=\"text-align: justify;\"><strong>Clara, adh\u00e9rente de l\u2019<a href=\"https:\/\/www.globalong.com\/association-globalong.html\"><span class=\"s1\">Association Globalong<\/span><\/a> et <a href=\"https:\/\/www.globalong.com\/blog\/stage-etudiant-veterinaire-a-l-etranger\/\">\u00e9tudiante v\u00e9t\u00e9rinaire<\/a>,\u00a0s\u2019est engag\u00e9e sur une mission de protection animale dans une r\u00e9serve naturelle en Namibie.<\/strong><\/p>\n<p class=\"p3\" style=\"text-align: justify;\"><strong>D\u00e9couvrez son t\u00e9moignage \u00a0<span class=\"s2\">&#x2935;<\/span><\/strong><\/p>\n<p class=\"p4\" style=\"text-align: justify;\"><strong>\u00ab\u00a0Je suis partie, car j\u2019ai toujours r\u00eav\u00e9 de voyager en Afrique, et dans le cadre de mes \u00e9tudes je devais faire un stage d\u2019un mois \u00e0 l\u2019\u00e9tranger, donc j\u2019en ai profit\u00e9 pour le faire en Namibie ! Au niveau de mes attentes : \u00eatre au plus pr\u00e8s des animaux, les nourrir, les soigner, nettoyer leurs enclos etc.<\/strong><\/p>\n<p class=\"p4\" style=\"text-align: justify;\"><strong>Concernant le planning des activit\u00e9s, voil\u00e0 comment se d\u00e9roule une journ\u00e9e type :<\/strong><\/p>\n<ul style=\"text-align: justify;\">\n<li class=\"p4\" style=\"text-align: justify;\"><strong>petit d\u00e9jeuner de 7h \u00e0 8h,<\/strong><\/li>\n<li class=\"p4\" style=\"text-align: justify;\"><strong>activit\u00e9s du matin de 8h \u00e0 12h-13h<\/strong><\/li>\n<li class=\"p4\" style=\"text-align: justify;\"><strong>d\u00e9jeuner de 13h \u00e0 14h30<\/strong><\/li>\n<li class=\"p4\" style=\"text-align: justify;\"><strong>activit\u00e9s de l\u2019apr\u00e8s-midi de 14h30 \u00e0 16h-17h<\/strong><\/li>\n<li class=\"p4\" style=\"text-align: justify;\"><strong>d\u00eener \u00e0 18h<\/strong><\/li>\n<\/ul>\n<p class=\"p5\" style=\"text-align: justify;\"><strong>Les activit\u00e9s changent tous les jours!! nous avons pu pr\u00e9parer la nourriture pour les animaux, les nourrir, sortir les singes, aller voir les \u00e9l\u00e9phants, r\u00e9cup\u00e9rer des images sur des cam\u00e9ras et regarder les diff\u00e9rents animaux pr\u00e9sents pour les recenser, balade \u00e0 cheval pour aller voir les girafes, nourrir les rapaces, construire une cage pour les vautours, entra\u00eenement canin avec des rangers, aller voir les rhinoc\u00e9ros, mesurer l\u2019\u00e9lectricit\u00e9 des barri\u00e8res de la r\u00e9serve, cr\u00e9er des jeux pour enrichir les enclos des singes, nettoyer les enclos, peindre des conteneurs, aller \u00e0 l\u2019\u00e9cole voir les enfants, aller dans l\u2019enclos des gu\u00e9pards et les faire courir apr\u00e8s une peluche accroch\u00e9e \u00e0 une corde\u2026..<\/strong><\/p>\n<p class=\"p5\" style=\"text-align: justify;\"><strong>Mes conseils pour les futurs b\u00e9n\u00e9voles sont d\u2019apporter beaucoup de pulls, il fait tr\u00e8s tr\u00e8s froid la nuit!!! Pas d\u2019eau chaude donc penser peut-\u00eatre \u00e0 prendre des lingettes ! Et prendre une gourde, car l\u2019eau est potable !<\/strong><\/p>\n<p class=\"p5\" style=\"text-align: justify;\"><strong>J\u2019avais vraiment l\u2019impression d\u2019\u00eatre en vacances\/ safari, pas vraiment l\u2019impression de travailler, ce qui est tr\u00e8s agr\u00e9able. Je suis tomb\u00e9e amoureuse de l\u2019Afrique, les gens sont adorables et les animaux sont incroyables !<\/strong><\/p>\n<p class=\"p5\" style=\"text-align: justify;\"><strong>Cette mission a \u00e9t\u00e9 encore mieux que mes attentes car comme dit juste avant, je n\u2019ai pas eu l\u2019impression de travailler !<\/strong><\/p>\n<p class=\"p5\" style=\"text-align: justify;\"><strong>Pour moi, la d\u00e9finition de l&rsquo;engagement b\u00e9n\u00e9vole \u00e0 l&rsquo;international c\u2019est de<\/strong><\/p>\n<p class=\"p7\" style=\"text-align: justify;\"><strong>pouvoir aider des populations (que ce soit par notre main d\u2019\u0153uvre ou notre argent) contre des le\u00e7ons de vies incroyables.<\/strong><\/p>\n<p class=\"p7\" style=\"text-align: justify;\"><strong>\u00c0 mon retour cette mission a eu un impact positif!! je pousse tout mon entourage \u00e0 partir faire du <a href=\"https:\/\/www.globalong.com\/blog\/mission-humanitaire-en-namibie\/\" target=\"_blank\" rel=\"noopener\">volontariat en Afrique<\/a> !<\/strong><\/p>\n<p class=\"p7\" style=\"text-align: justify;\"><strong>Au niveau budget sur place, si on veut ne rien d\u00e9penser, on peut ! <\/strong><\/p>\n<p class=\"p7\" style=\"text-align: justify;\"><strong>Au niveau de mes d\u00e9penses :<\/strong><\/p>\n<p class=\"p5\" style=\"text-align: justify;\"><strong>glaces, kit kat : entre 1 et 3\u20ac l\u2019unit\u00e9 \/ <\/strong><strong>bi\u00e8res : environ 2\u20ac \/ <\/strong><strong>bouteille de vin : environ 13-14\u20ac\/ <\/strong><strong>tee-shirt \u00ab volontaire \u00bb : 7\u20ac \/ <\/strong><strong>polaire \u00ab Naankuse \u00bb : 50-60\u20ac \/ <\/strong><strong>chips : environ 3\u20ac<\/strong><\/p>\n<p class=\"p5\" style=\"text-align: justify;\"><strong>Au niveau des activit\u00e9s :<\/strong><\/p>\n<p class=\"p5\" style=\"text-align: justify;\"><strong>&#8211; balade \u00e0 cheval au coucher de soleil : 50-60\u20ac<\/strong><\/p>\n<p class=\"p5\" style=\"text-align: justify;\"><strong>&#8211; balade avec les gu\u00e9pards : 80\u20ac<\/strong><\/p>\n<p class=\"p5\" style=\"text-align: justify;\"><strong>&#8211; dimanche \u00e0 Windhoek : 15\u20ac juste pour le trajet (apr\u00e8s, on a pay\u00e9 le restau et les souvenirs)<\/strong><\/p>\n<p class=\"p5\" style=\"text-align: justify;\"><strong>Et apr\u00e8s si on veut aller dans les autres r\u00e9serves, il faut payer environ 80\u20ac et apr\u00e8s, il y a des frais sur place pour les activit\u00e9s !\u00a0\u00bb<\/strong><\/p>\n<p class=\"p5\" style=\"text-align: justify;\"><strong>Encore merci \u00e0 Clara pour son engagement ! &#x1f1f3;&#x1f1e6;<\/strong><\/p>\n<p class=\"p9\" style=\"text-align: justify;\"><b>Pour plus d\u2019informations, n\u2019h\u00e9sitez pas \u00e0 nous contacter \u00e0 l\u2019adresse\u00a0<\/b><a href=\"mailto:info@globalong.com\"><span class=\"s3\"><b>info@globalong.com<\/b><\/span><\/a><b>.<\/b><\/p>\n<p class=\"p10\" style=\"text-align: justify;\"><b>Pour en savoir plus sur l\u2019Association Globalong et ses adh\u00e9rents, rendez-vous sur\u00a0<\/b><a href=\"https:\/\/www.instagram.com\/globalongofficiel\/\"><span class=\"s4\"><b>Instagram<\/b><\/span><\/a><b>,\u00a0<\/b><a href=\"https:\/\/www.facebook.com\/globalong\"><span class=\"s4\"><b>Facebook<\/b><\/span><\/a><b>,\u00a0<\/b><a href=\"https:\/\/www.linkedin.com\/company\/5113177\/admin\/feed\/posts\/\"><span class=\"s4\"><b>LinkedIn<\/b><\/span><\/a><b>\u00a0et\u00a0<\/b><a href=\"https:\/\/www.youtube.com\/c\/globalong\/videos\"><span class=\"s4\"><b>Youtube<\/b><\/span><\/a><b>\u00a0!\u00a0<\/b><\/p>\n<p style=\"text-align: justify;\">\n","protected":false},"excerpt":{"rendered":"<p>Clara, adh\u00e9rente de l\u2019Association Globalong et \u00e9tudiante v\u00e9t\u00e9rinaire,\u00a0s\u2019est engag\u00e9e sur une mission de protection animale dans une r\u00e9serve naturelle en Namibie. D\u00e9couvrez son t\u00e9moignage \u00a0&#x2935; \u00ab\u00a0Je suis partie, car j\u2019ai toujours r\u00eav\u00e9 de voyager en Afrique, et dans le cadre de mes \u00e9tudes je devais faire un stage d\u2019un mois \u00e0 l\u2019\u00e9tranger, donc j\u2019en ai [&hellip;]<\/p>\n","protected":false},"author":9,"featured_media":15558,"parent":883,"menu_order":0,"comment_status":"closed","ping_status":"closed","template":"","meta":{"footnotes":""},"yoast_head":"<!-- This site is optimized with the Yoast SEO Premium plugin v23.4 (Yoast SEO v23.4) - https:\/\/yoast.com\/wordpress\/plugins\/seo\/ -->\n<title>Namibie - Clara - Association Globalong<\/title>\n<meta name=\"robots\" content=\"index, follow, max-snippet:-1, max-image-preview:large, max-video-preview:-1\" \/>\n<link rel=\"canonical\" href=\"https:\/\/www.globalong.com\/blog\/avis-temoignages-globalong\/namibie-clara\/\" \/>\n<meta property=\"og:locale\" content=\"fr_FR\" \/>\n<meta property=\"og:type\" content=\"article\" \/>\n<meta property=\"og:title\" content=\"Namibie - Clara\" \/>\n<meta property=\"og:description\" content=\"Clara, adh\u00e9rente de l\u2019Association Globalong et \u00e9tudiante v\u00e9t\u00e9rinaire,\u00a0s\u2019est engag\u00e9e sur une mission de protection animale dans une r\u00e9serve naturelle en Namibie. D\u00e9couvrez son t\u00e9moignage \u00a0&#x2935; \u00ab\u00a0Je suis partie, car j\u2019ai toujours r\u00eav\u00e9 de voyager en Afrique, et dans le cadre de mes \u00e9tudes je devais faire un stage d\u2019un mois \u00e0 l\u2019\u00e9tranger, donc j\u2019en ai [&hellip;]\" \/>\n<meta property=\"og:url\" content=\"https:\/\/www.globalong.com\/blog\/avis-temoignages-globalong\/namibie-clara\/\" \/>\n<meta property=\"og:site_name\" content=\"Association Globalong\" \/>\n<meta property=\"article:publisher\" content=\"https:\/\/www.facebook.com\/globalong\" \/>\n<meta property=\"article:modified_time\" content=\"2025-10-29T17:18:14+00:00\" \/>\n<meta property=\"og:image\" content=\"https:\/\/www.globalong.com\/blog\/wp-content\/uploads\/2023\/08\/mission-humanitaire-namibie.jpeg\" \/>\n\t<meta property=\"og:image:width\" content=\"750\" \/>\n\t<meta property=\"og:image:height\" content=\"450\" \/>\n\t<meta property=\"og:image:type\" content=\"image\/jpeg\" \/>\n<meta name=\"twitter:card\" content=\"summary_large_image\" \/>\n<meta name=\"twitter:label1\" content=\"Dur\u00e9e de lecture estim\u00e9e\" \/>\n\t<meta name=\"twitter:data1\" content=\"3 minutes\" \/>\n<script type=\"application\/ld+json\" class=\"yoast-schema-graph\">{\"@context\":\"https:\/\/schema.org\",\"@graph\":[{\"@type\":\"WebPage\",\"@id\":\"https:\/\/www.globalong.com\/blog\/avis-temoignages-globalong\/namibie-clara\/\",\"url\":\"https:\/\/www.globalong.com\/blog\/avis-temoignages-globalong\/namibie-clara\/\",\"name\":\"Namibie - Clara - Association Globalong\",\"isPartOf\":{\"@id\":\"https:\/\/www.globalong.com\/blog\/#website\"},\"primaryImageOfPage\":{\"@id\":\"https:\/\/www.globalong.com\/blog\/avis-temoignages-globalong\/namibie-clara\/#primaryimage\"},\"image\":{\"@id\":\"https:\/\/www.globalong.com\/blog\/avis-temoignages-globalong\/namibie-clara\/#primaryimage\"},\"thumbnailUrl\":\"https:\/\/www.globalong.com\/blog\/wp-content\/uploads\/2023\/08\/mission-humanitaire-namibie.jpeg\",\"datePublished\":\"2023-08-04T14:22:16+00:00\",\"dateModified\":\"2025-10-29T17:18:14+00:00\",\"breadcrumb\":{\"@id\":\"https:\/\/www.globalong.com\/blog\/avis-temoignages-globalong\/namibie-clara\/#breadcrumb\"},\"inLanguage\":\"fr-FR\",\"potentialAction\":[{\"@type\":\"ReadAction\",\"target\":[\"https:\/\/www.globalong.com\/blog\/avis-temoignages-globalong\/namibie-clara\/\"]}]},{\"@type\":\"ImageObject\",\"inLanguage\":\"fr-FR\",\"@id\":\"https:\/\/www.globalong.com\/blog\/avis-temoignages-globalong\/namibie-clara\/#primaryimage\",\"url\":\"https:\/\/www.globalong.com\/blog\/wp-content\/uploads\/2023\/08\/mission-humanitaire-namibie.jpeg\",\"contentUrl\":\"https:\/\/www.globalong.com\/blog\/wp-content\/uploads\/2023\/08\/mission-humanitaire-namibie.jpeg\",\"width\":750,\"height\":450,\"caption\":\"\u00c9tudiant v\u00e9t\u00e9rinaire travaillant avec des animaux lors d'un stage \u00e0 l'\u00e9tranger.\"},{\"@type\":\"BreadcrumbList\",\"@id\":\"https:\/\/www.globalong.com\/blog\/avis-temoignages-globalong\/namibie-clara\/#breadcrumb\",\"itemListElement\":[{\"@type\":\"ListItem\",\"position\":1,\"name\":\"Accueil\",\"item\":\"https:\/\/www.globalong.com\/blog\/\"},{\"@type\":\"ListItem\",\"position\":2,\"name\":\"T\u00e9moignages et avis de volontaires Globalong\",\"item\":\"https:\/\/www.globalong.com\/blog\/avis-temoignages-globalong\/\"},{\"@type\":\"ListItem\",\"position\":3,\"name\":\"Namibie &#8211; Clara\"}]},{\"@type\":\"WebSite\",\"@id\":\"https:\/\/www.globalong.com\/blog\/#website\",\"url\":\"https:\/\/www.globalong.com\/blog\/\",\"name\":\"https:\/\/www.globalong.com\/\",\"description\":\"Mission humanitaire, stage \u00e9tudiant et voyage linguistique\",\"publisher\":{\"@id\":\"https:\/\/www.globalong.com\/blog\/#organization\"},\"potentialAction\":[{\"@type\":\"SearchAction\",\"target\":{\"@type\":\"EntryPoint\",\"urlTemplate\":\"https:\/\/www.globalong.com\/blog\/?s={search_term_string}\"},\"query-input\":{\"@type\":\"PropertyValueSpecification\",\"valueRequired\":true,\"valueName\":\"search_term_string\"}}],\"inLanguage\":\"fr-FR\"},{\"@type\":\"Organization\",\"@id\":\"https:\/\/www.globalong.com\/blog\/#organization\",\"name\":\"Association Globalong\",\"url\":\"https:\/\/www.globalong.com\/blog\/\",\"logo\":{\"@type\":\"ImageObject\",\"inLanguage\":\"fr-FR\",\"@id\":\"https:\/\/www.globalong.com\/blog\/#\/schema\/logo\/image\/\",\"url\":\"https:\/\/www.globalong.com\/blog\/wp-content\/uploads\/2014\/11\/cropped-cropped-Logo-et-Afrique-Globalong-petite-taille-2.jpg\",\"contentUrl\":\"https:\/\/www.globalong.com\/blog\/wp-content\/uploads\/2014\/11\/cropped-cropped-Logo-et-Afrique-Globalong-petite-taille-2.jpg\",\"width\":512,\"height\":512,\"caption\":\"Association Globalong\"},\"image\":{\"@id\":\"https:\/\/www.globalong.com\/blog\/#\/schema\/logo\/image\/\"},\"sameAs\":[\"https:\/\/www.facebook.com\/globalong\"]}]}<\/script>\n<!-- \/ Yoast SEO Premium plugin. -->","yoast_head_json":{"title":"Namibie - Clara - Association Globalong","robots":{"index":"index","follow":"follow","max-snippet":"max-snippet:-1","max-image-preview":"max-image-preview:large","max-video-preview":"max-video-preview:-1"},"canonical":"https:\/\/www.globalong.com\/blog\/avis-temoignages-globalong\/namibie-clara\/","og_locale":"fr_FR","og_type":"article","og_title":"Namibie - Clara","og_description":"Clara, adh\u00e9rente de l\u2019Association Globalong et \u00e9tudiante v\u00e9t\u00e9rinaire,\u00a0s\u2019est engag\u00e9e sur une mission de protection animale dans une r\u00e9serve naturelle en Namibie. D\u00e9couvrez son t\u00e9moignage \u00a0&#x2935; \u00ab\u00a0Je suis partie, car j\u2019ai toujours r\u00eav\u00e9 de voyager en Afrique, et dans le cadre de mes \u00e9tudes je devais faire un stage d\u2019un mois \u00e0 l\u2019\u00e9tranger, donc j\u2019en ai [&hellip;]","og_url":"https:\/\/www.globalong.com\/blog\/avis-temoignages-globalong\/namibie-clara\/","og_site_name":"Association Globalong","article_publisher":"https:\/\/www.facebook.com\/globalong","article_modified_time":"2025-10-29T17:18:14+00:00","og_image":[{"width":750,"height":450,"url":"https:\/\/www.globalong.com\/blog\/wp-content\/uploads\/2023\/08\/mission-humanitaire-namibie.jpeg","type":"image\/jpeg"}],"twitter_card":"summary_large_image","twitter_misc":{"Dur\u00e9e de lecture estim\u00e9e":"3 minutes"},"schema":{"@context":"https:\/\/schema.org","@graph":[{"@type":"WebPage","@id":"https:\/\/www.globalong.com\/blog\/avis-temoignages-globalong\/namibie-clara\/","url":"https:\/\/www.globalong.com\/blog\/avis-temoignages-globalong\/namibie-clara\/","name":"Namibie - Clara - Association Globalong","isPartOf":{"@id":"https:\/\/www.globalong.com\/blog\/#website"},"primaryImageOfPage":{"@id":"https:\/\/www.globalong.com\/blog\/avis-temoignages-globalong\/namibie-clara\/#primaryimage"},"image":{"@id":"https:\/\/www.globalong.com\/blog\/avis-temoignages-globalong\/namibie-clara\/#primaryimage"},"thumbnailUrl":"https:\/\/www.globalong.com\/blog\/wp-content\/uploads\/2023\/08\/mission-humanitaire-namibie.jpeg","datePublished":"2023-08-04T14:22:16+00:00","dateModified":"2025-10-29T17:18:14+00:00","breadcrumb":{"@id":"https:\/\/www.globalong.com\/blog\/avis-temoignages-globalong\/namibie-clara\/#breadcrumb"},"inLanguage":"fr-FR","potentialAction":[{"@type":"ReadAction","target":["https:\/\/www.globalong.com\/blog\/avis-temoignages-globalong\/namibie-clara\/"]}]},{"@type":"ImageObject","inLanguage":"fr-FR","@id":"https:\/\/www.globalong.com\/blog\/avis-temoignages-globalong\/namibie-clara\/#primaryimage","url":"https:\/\/www.globalong.com\/blog\/wp-content\/uploads\/2023\/08\/mission-humanitaire-namibie.jpeg","contentUrl":"https:\/\/www.globalong.com\/blog\/wp-content\/uploads\/2023\/08\/mission-humanitaire-namibie.jpeg","width":750,"height":450,"caption":"\u00c9tudiant v\u00e9t\u00e9rinaire travaillant avec des animaux lors d'un stage \u00e0 l'\u00e9tranger."},{"@type":"BreadcrumbList","@id":"https:\/\/www.globalong.com\/blog\/avis-temoignages-globalong\/namibie-clara\/#breadcrumb","itemListElement":[{"@type":"ListItem","position":1,"name":"Accueil","item":"https:\/\/www.globalong.com\/blog\/"},{"@type":"ListItem","position":2,"name":"T\u00e9moignages et avis de volontaires Globalong","item":"https:\/\/www.globalong.com\/blog\/avis-temoignages-globalong\/"},{"@type":"ListItem","position":3,"name":"Namibie &#8211; Clara"}]},{"@type":"WebSite","@id":"https:\/\/www.globalong.com\/blog\/#website","url":"https:\/\/www.globalong.com\/blog\/","name":"https:\/\/www.globalong.com\/","description":"Mission humanitaire, stage \u00e9tudiant et voyage linguistique","publisher":{"@id":"https:\/\/www.globalong.com\/blog\/#organization"},"potentialAction":[{"@type":"SearchAction","target":{"@type":"EntryPoint","urlTemplate":"https:\/\/www.globalong.com\/blog\/?s={search_term_string}"},"query-input":{"@type":"PropertyValueSpecification","valueRequired":true,"valueName":"search_term_string"}}],"inLanguage":"fr-FR"},{"@type":"Organization","@id":"https:\/\/www.globalong.com\/blog\/#organization","name":"Association Globalong","url":"https:\/\/www.globalong.com\/blog\/","logo":{"@type":"ImageObject","inLanguage":"fr-FR","@id":"https:\/\/www.globalong.com\/blog\/#\/schema\/logo\/image\/","url":"https:\/\/www.globalong.com\/blog\/wp-content\/uploads\/2014\/11\/cropped-cropped-Logo-et-Afrique-Globalong-petite-taille-2.jpg","contentUrl":"https:\/\/www.globalong.com\/blog\/wp-content\/uploads\/2014\/11\/cropped-cropped-Logo-et-Afrique-Globalong-petite-taille-2.jpg","width":512,"height":512,"caption":"Association Globalong"},"image":{"@id":"https:\/\/www.globalong.com\/blog\/#\/schema\/logo\/image\/"},"sameAs":["https:\/\/www.facebook.com\/globalong"]}]}},"_links":{"self":[{"href":"https:\/\/www.globalong.com\/blog\/wp-json\/wp\/v2\/pages\/15557"}],"collection":[{"href":"https:\/\/www.globalong.com\/blog\/wp-json\/wp\/v2\/pages"}],"about":[{"href":"https:\/\/www.globalong.com\/blog\/wp-json\/wp\/v2\/types\/page"}],"author":[{"embeddable":true,"href":"https:\/\/www.globalong.com\/blog\/wp-json\/wp\/v2\/users\/9"}],"replies":[{"embeddable":true,"href":"https:\/\/www.globalong.com\/blog\/wp-json\/wp\/v2\/comments?post=15557"}],"version-history":[{"count":7,"href":"https:\/\/www.globalong.com\/blog\/wp-json\/wp\/v2\/pages\/15557\/revisions"}],"predecessor-version":[{"id":22212,"href":"https:\/\/www.globalong.com\/blog\/wp-json\/wp\/v2\/pages\/15557\/revisions\/22212"}],"up":[{"embeddable":true,"href":"https:\/\/www.globalong.com\/blog\/wp-json\/wp\/v2\/pages\/883"}],"wp:featuredmedia":[{"embeddable":true,"href":"https:\/\/www.globalong.com\/blog\/wp-json\/wp\/v2\/media\/15558"}],"wp:attachment":[{"href":"https:\/\/www.globalong.com\/blog\/wp-json\/wp\/v2\/media?parent=15557"}],"curies":[{"name":"wp","href":"https:\/\/api.w.org\/{rel}","templated":true}]}}