{"id":16610,"date":"2024-05-24T13:42:45","date_gmt":"2024-05-24T11:42:45","guid":{"rendered":"https:\/\/www.globalong.com\/blog\/?page_id=16610"},"modified":"2024-05-24T13:42:45","modified_gmt":"2024-05-24T11:42:45","slug":"togo-sophie","status":"publish","type":"page","link":"https:\/\/www.globalong.com\/blog\/avis-temoignages-globalong\/togo-sophie\/","title":{"rendered":"Togo &#8211; Sophie"},"content":{"rendered":"<p style=\"text-align: justify;\">Sophie d&rsquo;une cinquantaine d&rsquo;ann\u00e9es qui a su montrer \u00e0 plusieurs reprises son engagement et sa volont\u00e9, en l&rsquo;espace de deux ans elle est partie 4 fois au Togo . Elle a particip\u00e9 \u00e0 la lev\u00e9e de fonds pour la cr\u00e9ation d&rsquo;un dispensaire. Cette fois-ci, Sophie a \u00e9t\u00e9 soutenue par une entreprise roumaine qui se sp\u00e9cialise dans le d\u00e9veloppement et dans la production d&rsquo;\u00e9lastom\u00e8res thermoplastiques innovants, \u00e9co-durables et biod\u00e9gradables, KIK Compounds. Nous vous laissons d\u00e9couvrir son t\u00e9moignage.<\/p>\n<p>Bonjour \u00e0 tous,<\/p>\n<p>Je viens de rentrer en France apr\u00e8s ma quatri\u00e8me mission au Togo avec l&rsquo;association Globalong, et je tenais \u00e0 partager avec vous une exp\u00e9rience particuli\u00e8rement marquante.<\/p>\n<p>Lors de notre premi\u00e8re action \u00e0 Okama, nous avons mobilis\u00e9 tout le monde pour un quartier propre et sain. Tous les villageois, du plus jeune au plus ancien, se sont rassembl\u00e9s pour collecter les d\u00e9chets plastiques dans leur village. C&rsquo;\u00e9tait un v\u00e9ritable \u00e9lan de solidarit\u00e9 et de bonne humeur. Voir tout le monde s&rsquo;impliquer de cette mani\u00e8re m&rsquo;a combl\u00e9e de joie. Les photos et les vid\u00e9os parlent d&rsquo;elles-m\u00eames, il n&rsquo;y a pas besoin d&rsquo;en dire plus.<\/p>\n<figure id=\"attachment_16613\" aria-describedby=\"caption-attachment-16613\" style=\"width: 380px\" class=\"wp-caption aligncenter\"><a href=\"https:\/\/www.globalong.com\/blog\/wp-content\/uploads\/2024\/05\/WhatsApp-Image-2024-05-02-at-15.08.05-1.jpeg\"><img loading=\"lazy\" decoding=\"async\" class=\"wp-image-16613 \" src=\"https:\/\/www.globalong.com\/blog\/wp-content\/uploads\/2024\/05\/WhatsApp-Image-2024-05-02-at-15.08.05-1-300x225.jpeg\" alt=\"\" width=\"380\" height=\"285\" srcset=\"https:\/\/www.globalong.com\/blog\/wp-content\/uploads\/2024\/05\/WhatsApp-Image-2024-05-02-at-15.08.05-1-300x225.jpeg 300w, https:\/\/www.globalong.com\/blog\/wp-content\/uploads\/2024\/05\/WhatsApp-Image-2024-05-02-at-15.08.05-1-1024x768.jpeg 1024w, https:\/\/www.globalong.com\/blog\/wp-content\/uploads\/2024\/05\/WhatsApp-Image-2024-05-02-at-15.08.05-1-768x576.jpeg 768w, https:\/\/www.globalong.com\/blog\/wp-content\/uploads\/2024\/05\/WhatsApp-Image-2024-05-02-at-15.08.05-1-1536x1152.jpeg 1536w, https:\/\/www.globalong.com\/blog\/wp-content\/uploads\/2024\/05\/WhatsApp-Image-2024-05-02-at-15.08.05-1.jpeg 1600w\" sizes=\"(max-width: 380px) 100vw, 380px\" \/><\/a><figcaption id=\"caption-attachment-16613\" class=\"wp-caption-text\">Tous les membres du village r\u00e9unis pour l&rsquo;action de nettoyage.<\/figcaption><\/figure>\n<p>Le pr\u00e9sident du comit\u00e9 des villageois, Monsieur Innocent, a propos\u00e9 de reconduire cette action une fois par mois, le dimanche apr\u00e8s la messe. Cette id\u00e9e a \u00e9t\u00e9 accueillie avec enthousiasme par tous les villageois. Je suis tellement contente ! Si ce projet devient r\u00e9gulier, il pourrait vraiment s&rsquo;inscrire dans la dur\u00e9e. Richard s&rsquo;est propos\u00e9 pour r\u00e9cup\u00e9rer les d\u00e9chets et les emmener chez Monsieur David, sur le site de tri s\u00e9lectif \u00e0 Atakpam\u00e9.<\/p>\n<p>Pendant notre collecte, nous avons rencontr\u00e9 des gens qui fabriquaient des briques et des mamas qui pr\u00e9paraient de l&rsquo;huile de palme. Rien ne se perd l\u00e0-bas, tout est r\u00e9utilis\u00e9.<\/p>\n<p>C&rsquo;\u00e9tait une matin\u00e9e extraordinaire ! Je ne m&rsquo;attendais pas \u00e0 un tel succ\u00e8s. Ce n&rsquo;est pas un r\u00eave, mais presque. J&rsquo;ai quitt\u00e9 Okama le c\u0153ur rempli de bonheur et la t\u00eate pleine de beaux souvenirs.<a href=\"https:\/\/www.globalong.com\/blog\/wp-content\/uploads\/2024\/05\/Design-sans-titre-1-1.png\"><img loading=\"lazy\" decoding=\"async\" class=\"aligncenter wp-image-16615\" src=\"https:\/\/www.globalong.com\/blog\/wp-content\/uploads\/2024\/05\/Design-sans-titre-1-1-300x169.png\" alt=\"\" width=\"417\" height=\"235\" srcset=\"https:\/\/www.globalong.com\/blog\/wp-content\/uploads\/2024\/05\/Design-sans-titre-1-1-300x169.png 300w, https:\/\/www.globalong.com\/blog\/wp-content\/uploads\/2024\/05\/Design-sans-titre-1-1-1024x576.png 1024w, https:\/\/www.globalong.com\/blog\/wp-content\/uploads\/2024\/05\/Design-sans-titre-1-1-768x432.png 768w, https:\/\/www.globalong.com\/blog\/wp-content\/uploads\/2024\/05\/Design-sans-titre-1-1-1536x864.png 1536w, https:\/\/www.globalong.com\/blog\/wp-content\/uploads\/2024\/05\/Design-sans-titre-1-1.png 1920w\" sizes=\"(max-width: 417px) 100vw, 417px\" \/><\/a>Pendant mon s\u00e9jour chez Richard \u00e0 Atakpam\u00e9, les nouvelles rencontres et les actions men\u00e9es l\u00e0-bas ont donn\u00e9 tout son sens \u00e0 cette mission humanitaire. Je sais que je reviendrai enrichie, que ce soit par les \u00e9motions, les \u00e9changes avec les Togolais&#8230; J&rsquo;ai rapport\u00e9 beaucoup de photos et vid\u00e9os que je partagerai avec vous.<\/p>\n<p>Pour vous donner une id\u00e9e de notre quotidien l\u00e0-bas : il faisait tr\u00e8s chaud et il y avait \u00e9norm\u00e9ment de moustiques (moins dr\u00f4le). La collecte des d\u00e9chets plastiques \u00e9tait pr\u00e9vue tr\u00e8s t\u00f4t le matin \u00e0 Okama et le samedi matin \u00e0 Atakpam\u00e9. Les dates \u00e9taient fix\u00e9es, c&rsquo;\u00e9tait super ! Richard g\u00e9rait \u00e7a d&rsquo;une main de ma\u00eetre. Nous devions penser \u00e0 l&rsquo;organisation et avons pr\u00e9vu de faire une affiche pour soutenir notre action.<\/p>\n<p>Je ressentais un m\u00e9lange de bonheur, d&rsquo;excitation et d&rsquo;appr\u00e9hension. Je ne r\u00e9alisais pas encore compl\u00e8tement la mission que je menais au Togo. Les Togolais sont conscients de l&rsquo;importance de la collecte des d\u00e9chets pour le bien-\u00eatre de la plan\u00e8te, de l&rsquo;environnement et de l&rsquo;homme. Tout est li\u00e9, c&rsquo;est une \u00e9vidence. Ils sont enthousiastes et se joignent \u00e0 cette mission.<\/p>\n<p>Nous avons rencontr\u00e9 David, un responsable du tri et du recyclage des d\u00e9chets \u00e0 Atakpam\u00e9. Ils r\u00e9cup\u00e8rent tous les d\u00e9chets puis les trient. Les d\u00e9chets organiques sont transform\u00e9s en compost pour am\u00e9liorer la terre, tandis que les plastiques sont transport\u00e9s \u00e0 Lom\u00e9 pour \u00eatre transform\u00e9s en pav\u00e9s. David nous a propos\u00e9 d&rsquo;acheter nos sacs de d\u00e9chets pour 50 CFA le kilo. Avec cet argent, Richard pourra acheter des poubelles pour les quartiers d\u00e9j\u00e0 nettoy\u00e9s.Je ne r\u00e9alisais pas encore tout ce qui se passait. Il y a six mois, je n&rsquo;aurais jamais imagin\u00e9 mener une telle action. Mais nous \u00e9tions l\u00e0, et nous foncions. Go, go, go !<\/p>\n<figure id=\"attachment_16617\" aria-describedby=\"caption-attachment-16617\" style=\"width: 300px\" class=\"wp-caption aligncenter\"><a href=\"https:\/\/www.globalong.com\/blog\/wp-content\/uploads\/2024\/05\/WhatsApp-Image-2024-05-02-at-15.07.17-1.jpeg\"><img loading=\"lazy\" decoding=\"async\" class=\"wp-image-16617 size-medium\" src=\"https:\/\/www.globalong.com\/blog\/wp-content\/uploads\/2024\/05\/WhatsApp-Image-2024-05-02-at-15.07.17-1-300x225.jpeg\" alt=\"\" width=\"300\" height=\"225\" srcset=\"https:\/\/www.globalong.com\/blog\/wp-content\/uploads\/2024\/05\/WhatsApp-Image-2024-05-02-at-15.07.17-1-300x225.jpeg 300w, https:\/\/www.globalong.com\/blog\/wp-content\/uploads\/2024\/05\/WhatsApp-Image-2024-05-02-at-15.07.17-1-1024x768.jpeg 1024w, https:\/\/www.globalong.com\/blog\/wp-content\/uploads\/2024\/05\/WhatsApp-Image-2024-05-02-at-15.07.17-1-768x576.jpeg 768w, https:\/\/www.globalong.com\/blog\/wp-content\/uploads\/2024\/05\/WhatsApp-Image-2024-05-02-at-15.07.17-1-1536x1152.jpeg 1536w, https:\/\/www.globalong.com\/blog\/wp-content\/uploads\/2024\/05\/WhatsApp-Image-2024-05-02-at-15.07.17-1.jpeg 1600w\" sizes=\"(max-width: 300px) 100vw, 300px\" \/><\/a><figcaption id=\"caption-attachment-16617\" class=\"wp-caption-text\">Rencontre avec David<\/figcaption><\/figure>\n<p style=\"text-align: justify;\">Je suis loin de construire des puits ou des toilettes, mais ce que nous faisions l\u00e0-bas est tout aussi important. David est une personne tr\u00e8s engag\u00e9e pour son pays, sensibilisant la population au tri et \u00e0 la protection de l&rsquo;environnement. Il nous a remerci\u00e9s pour notre engagement et nous soutient \u00e0 100% pour p\u00e9renniser ce projet. Il esp\u00e8re qu&rsquo;Atakpam\u00e9 devienne une ville propre. C&rsquo;est certain, cela prendra du temps pour que les Togolais s&rsquo;habituent \u00e0 trier et recycler, mais nous avan\u00e7ons.<\/p>\n<p>Des kits de tri commencent \u00e0 \u00eatre distribu\u00e9s dans les \u00e9coles, c&rsquo;est un bon d\u00e9but. Tout avance doucement mais s\u00fbrement.<\/p>\n<p>Nous pouvons \u00eatre fiers de nous.<\/p>\n<p>Belle fin de journ\u00e9e \u00e0 tous,<\/p>\n<p>Sophie, pour toute l&rsquo;\u00e9quipe de Globalong.<\/p>\n<div><div class=\"su-image-carousel  su-image-carousel-has-spacing su-image-carousel-crop su-image-carousel-crop-4-3 su-image-carousel-has-outline su-image-carousel-adaptive su-image-carousel-slides-style-photo su-image-carousel-controls-style-dark su-image-carousel-align-center\" style=\"\" data-flickity-options='{\"groupCells\":true,\"cellSelector\":\".su-image-carousel-item\",\"adaptiveHeight\":false,\"cellAlign\":\"left\",\"prevNextButtons\":true,\"pageDots\":true,\"autoPlay\":5000,\"imagesLoaded\":true,\"contain\":true,\"selectedAttraction\":0.025,\"friction\":0.28}' id=\"su_image_carousel_69e1f53963489\"><div class=\"su-image-carousel-item\"><div class=\"su-image-carousel-item-content\"><img loading=\"lazy\" decoding=\"async\" width=\"640\" height=\"360\" src=\"https:\/\/www.globalong.com\/blog\/wp-content\/uploads\/2024\/05\/Design-sans-titre-1-1-1024x576.jpg\" class=\"\" alt=\"Impact positif du b\u00e9n\u00e9volat\" srcset=\"https:\/\/www.globalong.com\/blog\/wp-content\/uploads\/2024\/05\/Design-sans-titre-1-1-1024x576.jpg 1024w, https:\/\/www.globalong.com\/blog\/wp-content\/uploads\/2024\/05\/Design-sans-titre-1-1-300x169.jpg 300w, https:\/\/www.globalong.com\/blog\/wp-content\/uploads\/2024\/05\/Design-sans-titre-1-1-768x432.jpg 768w, https:\/\/www.globalong.com\/blog\/wp-content\/uploads\/2024\/05\/Design-sans-titre-1-1-1536x864.jpg 1536w, https:\/\/www.globalong.com\/blog\/wp-content\/uploads\/2024\/05\/Design-sans-titre-1-1.jpg 1920w\" sizes=\"(max-width: 640px) 100vw, 640px\" \/><\/div><\/div><div class=\"su-image-carousel-item\"><div class=\"su-image-carousel-item-content\"><img loading=\"lazy\" decoding=\"async\" width=\"640\" height=\"853\" src=\"https:\/\/www.globalong.com\/blog\/wp-content\/uploads\/2024\/05\/WhatsApp-Image-2024-05-02-at-15.08.00-1-768x1024.jpeg\" class=\"\" alt=\"\" srcset=\"https:\/\/www.globalong.com\/blog\/wp-content\/uploads\/2024\/05\/WhatsApp-Image-2024-05-02-at-15.08.00-1-768x1024.jpeg 768w, https:\/\/www.globalong.com\/blog\/wp-content\/uploads\/2024\/05\/WhatsApp-Image-2024-05-02-at-15.08.00-1-225x300.jpeg 225w, https:\/\/www.globalong.com\/blog\/wp-content\/uploads\/2024\/05\/WhatsApp-Image-2024-05-02-at-15.08.00-1-1152x1536.jpeg 1152w, https:\/\/www.globalong.com\/blog\/wp-content\/uploads\/2024\/05\/WhatsApp-Image-2024-05-02-at-15.08.00-1.jpeg 1200w\" sizes=\"(max-width: 640px) 100vw, 640px\" \/><\/div><\/div><div class=\"su-image-carousel-item\"><div class=\"su-image-carousel-item-content\"><img loading=\"lazy\" decoding=\"async\" width=\"640\" height=\"853\" src=\"https:\/\/www.globalong.com\/blog\/wp-content\/uploads\/2024\/05\/WhatsApp-Image-2024-05-02-at-15.07.55-768x1024.jpeg\" class=\"\" alt=\"\" srcset=\"https:\/\/www.globalong.com\/blog\/wp-content\/uploads\/2024\/05\/WhatsApp-Image-2024-05-02-at-15.07.55-768x1024.jpeg 768w, https:\/\/www.globalong.com\/blog\/wp-content\/uploads\/2024\/05\/WhatsApp-Image-2024-05-02-at-15.07.55-225x300.jpeg 225w, https:\/\/www.globalong.com\/blog\/wp-content\/uploads\/2024\/05\/WhatsApp-Image-2024-05-02-at-15.07.55-1152x1536.jpeg 1152w, https:\/\/www.globalong.com\/blog\/wp-content\/uploads\/2024\/05\/WhatsApp-Image-2024-05-02-at-15.07.55.jpeg 1200w\" sizes=\"(max-width: 640px) 100vw, 640px\" \/><\/div><\/div><div class=\"su-image-carousel-item\"><div class=\"su-image-carousel-item-content\"><img loading=\"lazy\" decoding=\"async\" width=\"640\" height=\"853\" src=\"https:\/\/www.globalong.com\/blog\/wp-content\/uploads\/2024\/05\/WhatsApp-Image-2024-05-02-at-15.08.02-768x1024.jpeg\" class=\"\" alt=\"\" srcset=\"https:\/\/www.globalong.com\/blog\/wp-content\/uploads\/2024\/05\/WhatsApp-Image-2024-05-02-at-15.08.02-768x1024.jpeg 768w, https:\/\/www.globalong.com\/blog\/wp-content\/uploads\/2024\/05\/WhatsApp-Image-2024-05-02-at-15.08.02-225x300.jpeg 225w, https:\/\/www.globalong.com\/blog\/wp-content\/uploads\/2024\/05\/WhatsApp-Image-2024-05-02-at-15.08.02-1152x1536.jpeg 1152w, https:\/\/www.globalong.com\/blog\/wp-content\/uploads\/2024\/05\/WhatsApp-Image-2024-05-02-at-15.08.02.jpeg 1200w\" sizes=\"(max-width: 640px) 100vw, 640px\" \/><\/div><\/div><\/div><script id=\"su_image_carousel_69e1f53963489_script\">if(window.SUImageCarousel){setTimeout(function() {window.SUImageCarousel.initGallery(document.getElementById(\"su_image_carousel_69e1f53963489\"))}, 0);}var su_image_carousel_69e1f53963489_script=document.getElementById(\"su_image_carousel_69e1f53963489_script\");if(su_image_carousel_69e1f53963489_script){su_image_carousel_69e1f53963489_script.parentNode.removeChild(su_image_carousel_69e1f53963489_script);}<\/script><\/div>\n","protected":false},"excerpt":{"rendered":"<p>Sophie d&rsquo;une cinquantaine d&rsquo;ann\u00e9es qui a su montrer \u00e0 plusieurs reprises son engagement et sa volont\u00e9, en l&rsquo;espace de deux ans elle est partie 4 fois au Togo . Elle a particip\u00e9 \u00e0 la lev\u00e9e de fonds pour la cr\u00e9ation d&rsquo;un dispensaire. Cette fois-ci, Sophie a \u00e9t\u00e9 soutenue par une entreprise roumaine qui se sp\u00e9cialise [&hellip;]<\/p>\n","protected":false},"author":11,"featured_media":16612,"parent":883,"menu_order":0,"comment_status":"closed","ping_status":"closed","template":"","meta":{"footnotes":""},"yoast_head":"<!-- This site is optimized with the Yoast SEO Premium plugin v23.4 (Yoast SEO v23.4) - https:\/\/yoast.com\/wordpress\/plugins\/seo\/ -->\n<title>Togo - Sophie - Association Globalong<\/title>\n<meta name=\"robots\" content=\"index, follow, max-snippet:-1, max-image-preview:large, max-video-preview:-1\" \/>\n<link rel=\"canonical\" href=\"https:\/\/www.globalong.com\/blog\/avis-temoignages-globalong\/togo-sophie\/\" \/>\n<meta property=\"og:locale\" content=\"fr_FR\" \/>\n<meta property=\"og:type\" content=\"article\" \/>\n<meta property=\"og:title\" content=\"Togo - Sophie\" \/>\n<meta property=\"og:description\" content=\"Sophie d&rsquo;une cinquantaine d&rsquo;ann\u00e9es qui a su montrer \u00e0 plusieurs reprises son engagement et sa volont\u00e9, en l&rsquo;espace de deux ans elle est partie 4 fois au Togo . Elle a particip\u00e9 \u00e0 la lev\u00e9e de fonds pour la cr\u00e9ation d&rsquo;un dispensaire. Cette fois-ci, Sophie a \u00e9t\u00e9 soutenue par une entreprise roumaine qui se sp\u00e9cialise [&hellip;]\" \/>\n<meta property=\"og:url\" content=\"https:\/\/www.globalong.com\/blog\/avis-temoignages-globalong\/togo-sophie\/\" \/>\n<meta property=\"og:site_name\" content=\"Association Globalong\" \/>\n<meta property=\"article:publisher\" content=\"https:\/\/www.facebook.com\/globalong\" \/>\n<meta property=\"og:image\" content=\"https:\/\/www.globalong.com\/blog\/wp-content\/uploads\/2024\/05\/Design-sans-titre-1-1024x576.png\" \/>\n\t<meta property=\"og:image:width\" content=\"1024\" \/>\n\t<meta property=\"og:image:height\" content=\"576\" \/>\n\t<meta property=\"og:image:type\" content=\"image\/png\" \/>\n<meta name=\"twitter:card\" content=\"summary_large_image\" \/>\n<meta name=\"twitter:label1\" content=\"Dur\u00e9e de lecture estim\u00e9e\" \/>\n\t<meta name=\"twitter:data1\" content=\"4 minutes\" \/>\n<script type=\"application\/ld+json\" class=\"yoast-schema-graph\">{\"@context\":\"https:\/\/schema.org\",\"@graph\":[{\"@type\":\"WebPage\",\"@id\":\"https:\/\/www.globalong.com\/blog\/avis-temoignages-globalong\/togo-sophie\/\",\"url\":\"https:\/\/www.globalong.com\/blog\/avis-temoignages-globalong\/togo-sophie\/\",\"name\":\"Togo - Sophie - Association Globalong\",\"isPartOf\":{\"@id\":\"https:\/\/www.globalong.com\/blog\/#website\"},\"primaryImageOfPage\":{\"@id\":\"https:\/\/www.globalong.com\/blog\/avis-temoignages-globalong\/togo-sophie\/#primaryimage\"},\"image\":{\"@id\":\"https:\/\/www.globalong.com\/blog\/avis-temoignages-globalong\/togo-sophie\/#primaryimage\"},\"thumbnailUrl\":\"https:\/\/www.globalong.com\/blog\/wp-content\/uploads\/2024\/05\/Design-sans-titre-1.png\",\"datePublished\":\"2024-05-24T11:42:45+00:00\",\"dateModified\":\"2024-05-24T11:42:45+00:00\",\"breadcrumb\":{\"@id\":\"https:\/\/www.globalong.com\/blog\/avis-temoignages-globalong\/togo-sophie\/#breadcrumb\"},\"inLanguage\":\"fr-FR\",\"potentialAction\":[{\"@type\":\"ReadAction\",\"target\":[\"https:\/\/www.globalong.com\/blog\/avis-temoignages-globalong\/togo-sophie\/\"]}]},{\"@type\":\"ImageObject\",\"inLanguage\":\"fr-FR\",\"@id\":\"https:\/\/www.globalong.com\/blog\/avis-temoignages-globalong\/togo-sophie\/#primaryimage\",\"url\":\"https:\/\/www.globalong.com\/blog\/wp-content\/uploads\/2024\/05\/Design-sans-titre-1.png\",\"contentUrl\":\"https:\/\/www.globalong.com\/blog\/wp-content\/uploads\/2024\/05\/Design-sans-titre-1.png\",\"width\":1920,\"height\":1080,\"caption\":\"Employ\u00e9s participant \u00e0 un programme de volontariat dans le cadre de la RSE.\"},{\"@type\":\"BreadcrumbList\",\"@id\":\"https:\/\/www.globalong.com\/blog\/avis-temoignages-globalong\/togo-sophie\/#breadcrumb\",\"itemListElement\":[{\"@type\":\"ListItem\",\"position\":1,\"name\":\"Accueil\",\"item\":\"https:\/\/www.globalong.com\/blog\/\"},{\"@type\":\"ListItem\",\"position\":2,\"name\":\"T\u00e9moignages et avis de volontaires Globalong\",\"item\":\"https:\/\/www.globalong.com\/blog\/avis-temoignages-globalong\/\"},{\"@type\":\"ListItem\",\"position\":3,\"name\":\"Togo &#8211; Sophie\"}]},{\"@type\":\"WebSite\",\"@id\":\"https:\/\/www.globalong.com\/blog\/#website\",\"url\":\"https:\/\/www.globalong.com\/blog\/\",\"name\":\"https:\/\/www.globalong.com\/\",\"description\":\"Mission humanitaire, stage \u00e9tudiant et voyage linguistique\",\"publisher\":{\"@id\":\"https:\/\/www.globalong.com\/blog\/#organization\"},\"potentialAction\":[{\"@type\":\"SearchAction\",\"target\":{\"@type\":\"EntryPoint\",\"urlTemplate\":\"https:\/\/www.globalong.com\/blog\/?s={search_term_string}\"},\"query-input\":{\"@type\":\"PropertyValueSpecification\",\"valueRequired\":true,\"valueName\":\"search_term_string\"}}],\"inLanguage\":\"fr-FR\"},{\"@type\":\"Organization\",\"@id\":\"https:\/\/www.globalong.com\/blog\/#organization\",\"name\":\"Association Globalong\",\"url\":\"https:\/\/www.globalong.com\/blog\/\",\"logo\":{\"@type\":\"ImageObject\",\"inLanguage\":\"fr-FR\",\"@id\":\"https:\/\/www.globalong.com\/blog\/#\/schema\/logo\/image\/\",\"url\":\"https:\/\/www.globalong.com\/blog\/wp-content\/uploads\/2014\/11\/cropped-cropped-Logo-et-Afrique-Globalong-petite-taille-2.jpg\",\"contentUrl\":\"https:\/\/www.globalong.com\/blog\/wp-content\/uploads\/2014\/11\/cropped-cropped-Logo-et-Afrique-Globalong-petite-taille-2.jpg\",\"width\":512,\"height\":512,\"caption\":\"Association Globalong\"},\"image\":{\"@id\":\"https:\/\/www.globalong.com\/blog\/#\/schema\/logo\/image\/\"},\"sameAs\":[\"https:\/\/www.facebook.com\/globalong\"]}]}<\/script>\n<!-- \/ Yoast SEO Premium plugin. -->","yoast_head_json":{"title":"Togo - Sophie - Association Globalong","robots":{"index":"index","follow":"follow","max-snippet":"max-snippet:-1","max-image-preview":"max-image-preview:large","max-video-preview":"max-video-preview:-1"},"canonical":"https:\/\/www.globalong.com\/blog\/avis-temoignages-globalong\/togo-sophie\/","og_locale":"fr_FR","og_type":"article","og_title":"Togo - Sophie","og_description":"Sophie d&rsquo;une cinquantaine d&rsquo;ann\u00e9es qui a su montrer \u00e0 plusieurs reprises son engagement et sa volont\u00e9, en l&rsquo;espace de deux ans elle est partie 4 fois au Togo . Elle a particip\u00e9 \u00e0 la lev\u00e9e de fonds pour la cr\u00e9ation d&rsquo;un dispensaire. Cette fois-ci, Sophie a \u00e9t\u00e9 soutenue par une entreprise roumaine qui se sp\u00e9cialise [&hellip;]","og_url":"https:\/\/www.globalong.com\/blog\/avis-temoignages-globalong\/togo-sophie\/","og_site_name":"Association Globalong","article_publisher":"https:\/\/www.facebook.com\/globalong","og_image":[{"width":1024,"height":576,"url":"https:\/\/www.globalong.com\/blog\/wp-content\/uploads\/2024\/05\/Design-sans-titre-1-1024x576.png","type":"image\/png"}],"twitter_card":"summary_large_image","twitter_misc":{"Dur\u00e9e de lecture estim\u00e9e":"4 minutes"},"schema":{"@context":"https:\/\/schema.org","@graph":[{"@type":"WebPage","@id":"https:\/\/www.globalong.com\/blog\/avis-temoignages-globalong\/togo-sophie\/","url":"https:\/\/www.globalong.com\/blog\/avis-temoignages-globalong\/togo-sophie\/","name":"Togo - Sophie - Association Globalong","isPartOf":{"@id":"https:\/\/www.globalong.com\/blog\/#website"},"primaryImageOfPage":{"@id":"https:\/\/www.globalong.com\/blog\/avis-temoignages-globalong\/togo-sophie\/#primaryimage"},"image":{"@id":"https:\/\/www.globalong.com\/blog\/avis-temoignages-globalong\/togo-sophie\/#primaryimage"},"thumbnailUrl":"https:\/\/www.globalong.com\/blog\/wp-content\/uploads\/2024\/05\/Design-sans-titre-1.png","datePublished":"2024-05-24T11:42:45+00:00","dateModified":"2024-05-24T11:42:45+00:00","breadcrumb":{"@id":"https:\/\/www.globalong.com\/blog\/avis-temoignages-globalong\/togo-sophie\/#breadcrumb"},"inLanguage":"fr-FR","potentialAction":[{"@type":"ReadAction","target":["https:\/\/www.globalong.com\/blog\/avis-temoignages-globalong\/togo-sophie\/"]}]},{"@type":"ImageObject","inLanguage":"fr-FR","@id":"https:\/\/www.globalong.com\/blog\/avis-temoignages-globalong\/togo-sophie\/#primaryimage","url":"https:\/\/www.globalong.com\/blog\/wp-content\/uploads\/2024\/05\/Design-sans-titre-1.png","contentUrl":"https:\/\/www.globalong.com\/blog\/wp-content\/uploads\/2024\/05\/Design-sans-titre-1.png","width":1920,"height":1080,"caption":"Employ\u00e9s participant \u00e0 un programme de volontariat dans le cadre de la RSE."},{"@type":"BreadcrumbList","@id":"https:\/\/www.globalong.com\/blog\/avis-temoignages-globalong\/togo-sophie\/#breadcrumb","itemListElement":[{"@type":"ListItem","position":1,"name":"Accueil","item":"https:\/\/www.globalong.com\/blog\/"},{"@type":"ListItem","position":2,"name":"T\u00e9moignages et avis de volontaires Globalong","item":"https:\/\/www.globalong.com\/blog\/avis-temoignages-globalong\/"},{"@type":"ListItem","position":3,"name":"Togo &#8211; Sophie"}]},{"@type":"WebSite","@id":"https:\/\/www.globalong.com\/blog\/#website","url":"https:\/\/www.globalong.com\/blog\/","name":"https:\/\/www.globalong.com\/","description":"Mission humanitaire, stage \u00e9tudiant et voyage linguistique","publisher":{"@id":"https:\/\/www.globalong.com\/blog\/#organization"},"potentialAction":[{"@type":"SearchAction","target":{"@type":"EntryPoint","urlTemplate":"https:\/\/www.globalong.com\/blog\/?s={search_term_string}"},"query-input":{"@type":"PropertyValueSpecification","valueRequired":true,"valueName":"search_term_string"}}],"inLanguage":"fr-FR"},{"@type":"Organization","@id":"https:\/\/www.globalong.com\/blog\/#organization","name":"Association Globalong","url":"https:\/\/www.globalong.com\/blog\/","logo":{"@type":"ImageObject","inLanguage":"fr-FR","@id":"https:\/\/www.globalong.com\/blog\/#\/schema\/logo\/image\/","url":"https:\/\/www.globalong.com\/blog\/wp-content\/uploads\/2014\/11\/cropped-cropped-Logo-et-Afrique-Globalong-petite-taille-2.jpg","contentUrl":"https:\/\/www.globalong.com\/blog\/wp-content\/uploads\/2014\/11\/cropped-cropped-Logo-et-Afrique-Globalong-petite-taille-2.jpg","width":512,"height":512,"caption":"Association Globalong"},"image":{"@id":"https:\/\/www.globalong.com\/blog\/#\/schema\/logo\/image\/"},"sameAs":["https:\/\/www.facebook.com\/globalong"]}]}},"_links":{"self":[{"href":"https:\/\/www.globalong.com\/blog\/wp-json\/wp\/v2\/pages\/16610"}],"collection":[{"href":"https:\/\/www.globalong.com\/blog\/wp-json\/wp\/v2\/pages"}],"about":[{"href":"https:\/\/www.globalong.com\/blog\/wp-json\/wp\/v2\/types\/page"}],"author":[{"embeddable":true,"href":"https:\/\/www.globalong.com\/blog\/wp-json\/wp\/v2\/users\/11"}],"replies":[{"embeddable":true,"href":"https:\/\/www.globalong.com\/blog\/wp-json\/wp\/v2\/comments?post=16610"}],"version-history":[{"count":7,"href":"https:\/\/www.globalong.com\/blog\/wp-json\/wp\/v2\/pages\/16610\/revisions"}],"predecessor-version":[{"id":16633,"href":"https:\/\/www.globalong.com\/blog\/wp-json\/wp\/v2\/pages\/16610\/revisions\/16633"}],"up":[{"embeddable":true,"href":"https:\/\/www.globalong.com\/blog\/wp-json\/wp\/v2\/pages\/883"}],"wp:featuredmedia":[{"embeddable":true,"href":"https:\/\/www.globalong.com\/blog\/wp-json\/wp\/v2\/media\/16612"}],"wp:attachment":[{"href":"https:\/\/www.globalong.com\/blog\/wp-json\/wp\/v2\/media?parent=16610"}],"curies":[{"name":"wp","href":"https:\/\/api.w.org\/{rel}","templated":true}]}}