{"id":16680,"date":"2024-05-31T09:09:55","date_gmt":"2024-05-31T07:09:55","guid":{"rendered":"https:\/\/www.globalong.com\/blog\/?page_id=16680"},"modified":"2024-05-31T09:09:55","modified_gmt":"2024-05-31T07:09:55","slug":"nicaragua-orianne","status":"publish","type":"page","link":"https:\/\/www.globalong.com\/blog\/avis-temoignages-globalong\/nicaragua-orianne\/","title":{"rendered":"Nicaragua &#8211; Orianne"},"content":{"rendered":"<p>Je suis Orianne, j&rsquo;ai 21 ans et fin 2023, j&rsquo;ai eu la chance de partir au Nicaragua afin de r\u00e9aliser une mission de protection des tortues marines pendant 1 mois. Je suis parti avec un ami pour cette mission. Mon ami ne parlait pas un mot d&rsquo;espagnol et moi j&rsquo;avais quelques bases lointaines, nous parlions \u00e9galement anglais tous les deux niveau bac+2. Pour ce projet, le fait de ne pas parler espagnol n&rsquo;a pas \u00e9t\u00e9 un souci \u00e0 proprement parler, car tout le monde parlait anglais, c&rsquo;\u00e9tait juste un peu plus dur pour communiquer avec les locaux.<\/p>\n<p>La mission se d\u00e9roule sur une \u00eele entour\u00e9e de la Mangrove et de l&rsquo;Oc\u00e9an Pacifique, elle est quasiment coll\u00e9e au continent. L&rsquo;acc\u00e8s \u00e0 l&rsquo;\u00eele se fait uniquement par bateau, l&rsquo;\u00eele est habit\u00e9e par deux missions locales, h\u00f4tel et quelques familles. La mission se d\u00e9roule autour d&rsquo;une maison de b\u00e9n\u00e9voles entre la mangrove et la plage, une famille vit \u00e0 l&rsquo;ann\u00e9e sur le terrain de la mission et y travaille. La mission poss\u00e8de une nurserie afin de faire \u00e9clore les \u0153ufs de tortues sans pr\u00e9dateurs, une tour de surveillance pour r\u00e9cup\u00e9rer les \u0153ufs la nuit.<\/p>\n<p><a href=\"https:\/\/www.globalong.com\/blog\/wp-content\/uploads\/2024\/05\/IMG_4135-scaled.jpeg\"><img loading=\"lazy\" decoding=\"async\" class=\"size-medium wp-image-16686 aligncenter\" src=\"https:\/\/www.globalong.com\/blog\/wp-content\/uploads\/2024\/05\/IMG_4135-225x300.jpeg\" alt=\"\" width=\"225\" height=\"300\" srcset=\"https:\/\/www.globalong.com\/blog\/wp-content\/uploads\/2024\/05\/IMG_4135-225x300.jpeg 225w, https:\/\/www.globalong.com\/blog\/wp-content\/uploads\/2024\/05\/IMG_4135-768x1024.jpeg 768w, https:\/\/www.globalong.com\/blog\/wp-content\/uploads\/2024\/05\/IMG_4135-1152x1536.jpeg 1152w, https:\/\/www.globalong.com\/blog\/wp-content\/uploads\/2024\/05\/IMG_4135-1536x2048.jpeg 1536w, https:\/\/www.globalong.com\/blog\/wp-content\/uploads\/2024\/05\/IMG_4135-scaled.jpeg 1920w\" sizes=\"(max-width: 225px) 100vw, 225px\" \/><\/a><\/p>\n<p>G\u00e9n\u00e9ralement, on passe peu de temps \u00e0 l&rsquo;int\u00e9rieur (uniquement pour dormir ou cuisiner), nous avons pass\u00e9 le plus clair de notre temps dehors \u00e0 effectuer diverses t\u00e2ches, d&rsquo;abord les t\u00e2ches li\u00e9es \u00e0 la vie en communaut\u00e9 (cuisine, m\u00e9nage, tri des d\u00e9chets,&#8230;) puis aux t\u00e2ches li\u00e9es directement \u00e0 la mission comme le nettoyage des plages, plantation dans la mangrove, surveillance de la nurserie, releasing des b\u00e9b\u00e9s tortues dans l&rsquo;oc\u00e9an, marche sur la plage le matin pour rep\u00e9rer des traces de tortues, patrouille de nuit sur la plage pour rencontrer des tortues en train de pondre.<\/p>\n<p><a href=\"https:\/\/www.globalong.com\/blog\/wp-content\/uploads\/2024\/05\/IMG_1115-scaled.jpeg\"><img loading=\"lazy\" decoding=\"async\" class=\"size-medium wp-image-16684 aligncenter\" src=\"https:\/\/www.globalong.com\/blog\/wp-content\/uploads\/2024\/05\/IMG_1115-225x300.jpeg\" alt=\"\" width=\"225\" height=\"300\" srcset=\"https:\/\/www.globalong.com\/blog\/wp-content\/uploads\/2024\/05\/IMG_1115-225x300.jpeg 225w, https:\/\/www.globalong.com\/blog\/wp-content\/uploads\/2024\/05\/IMG_1115-768x1024.jpeg 768w, https:\/\/www.globalong.com\/blog\/wp-content\/uploads\/2024\/05\/IMG_1115-1152x1536.jpeg 1152w, https:\/\/www.globalong.com\/blog\/wp-content\/uploads\/2024\/05\/IMG_1115-1536x2048.jpeg 1536w, https:\/\/www.globalong.com\/blog\/wp-content\/uploads\/2024\/05\/IMG_1115-scaled.jpeg 1920w\" sizes=\"(max-width: 225px) 100vw, 225px\" \/><\/a><\/p>\n<p>J&rsquo;ai eu la chance de rencontrer plusieurs tortues pendant les patrouilles nocturnes, j&rsquo;ai m\u00eame pu en taguer une afin qu&rsquo;elle soit identifiable lorsqu&rsquo;elle reviendra pondre, c&rsquo;est l&rsquo;un de mes meilleurs souvenirs ! Nous avons effectu\u00e9 plein d&rsquo;autres t\u00e2ches annexes qui ont \u00e9t\u00e9 super enrichissantes. Dans l&rsquo;ensemble, la mission s&rsquo;est extr\u00eamement bien pass\u00e9e, les locaux avec qui nous travaillions \u00e9taient d&rsquo;une grande gentillesse, toujours l\u00e0 pour nous aider, le coordinateur de la mission tr\u00e8s \u00e0 l&rsquo;\u00e9coute et vraiment investi dans ce qu&rsquo;il fait. Tous les b\u00e9n\u00e9voles que nous avons rencontr\u00e9s viennent du monde entier et j&rsquo;ai pu apprendre tellement de choses en si peu de temps, j&rsquo;en suis vraiment reconnaissante !<\/p>\n<p><a href=\"https:\/\/www.globalong.com\/blog\/wp-content\/uploads\/2024\/05\/c5141386-547d-4663-9e14-3902849dd100-e1717081538758.jpeg\"><img loading=\"lazy\" decoding=\"async\" class=\"size-medium wp-image-16687 aligncenter\" src=\"https:\/\/www.globalong.com\/blog\/wp-content\/uploads\/2024\/05\/c5141386-547d-4663-9e14-3902849dd100-225x300.jpeg\" alt=\"\" width=\"225\" height=\"300\" \/><\/a><\/p>\n<p>Pendant la mission, nous avons pu voyager un peu dans le Nicaragua lors de nos jours de repos, mais je conseille de prendre quelques jours apr\u00e8s la mission pour aller vraiment visiter ce pays qui en vaut vraiment la peine ! Par exemple aller visiter Corn Island ou l&rsquo;\u00eele d&rsquo;Ometepe.<\/p>\n<p>La nourriture locale est vraiment bonne, ainsi que leur sp\u00e9cialit\u00e9 ! Il n&rsquo;y a que quelques petits points n\u00e9gatifs : le chocolat n&rsquo;est pas tr\u00e8s bon au Nicaragua malgr\u00e9 leur plantation de cacao, et je conseille de prendre des v\u00eatements l\u00e9gers et longs pour le soir sur l&rsquo;\u00eele, car les moustiques et les insectes ne rigolent vraiment pas l\u00e0-bas. Les sprays anti-moustique et les cr\u00e8mes fran\u00e7aises sont inutiles, il vaut mieux acheter directement l\u00e0-bas dans une petite pharmacie, ces produits-l\u00e0 sont beaucoup plus efficaces.<\/p>\n<p>Si, \u00e9galement, des futurs volontaires se questionnent, je serai ravie de r\u00e9pondre \u00e0 leurs questions !<\/p>\n<p>&nbsp;<\/p>\n<p style=\"text-align: center;\"><a href=\"https:\/\/www.globalong.com\/treeprod?prefilter-get=true&amp;nodes[]=269&amp;nodes[]=55\">CLIQUEZ ICI<\/a>, pour acc\u00e9der \u00e0 la mission dont il est question.<\/p>\n<p>N\u2019h\u00e9sitez pas \u00e0 nous contacter par mail pour plus d\u2019informations \u00e0 <a href=\"mailto:info@globalong.com\">info@globalong.com<\/a> ou remplissez le <a href=\"https:\/\/www.globalong.com\/#tel-contact-form-glob\">formulaire de contact<\/a>.<\/p>\n<p>&nbsp;<\/p>\n<div class=\"su-image-carousel  su-image-carousel-has-spacing su-image-carousel-crop su-image-carousel-crop-4-3 su-image-carousel-has-outline su-image-carousel-adaptive su-image-carousel-slides-style-photo su-image-carousel-controls-style-dark su-image-carousel-align-center\" style=\"\" data-flickity-options='{\"groupCells\":true,\"cellSelector\":\".su-image-carousel-item\",\"adaptiveHeight\":false,\"cellAlign\":\"left\",\"prevNextButtons\":true,\"pageDots\":true,\"autoPlay\":5000,\"imagesLoaded\":true,\"contain\":true,\"selectedAttraction\":0.025,\"friction\":0.28}' id=\"su_image_carousel_69ef821badaf7\"><div class=\"su-image-carousel-item\"><div class=\"su-image-carousel-item-content\"><img loading=\"lazy\" decoding=\"async\" width=\"576\" height=\"1024\" src=\"https:\/\/www.globalong.com\/blog\/wp-content\/uploads\/2024\/05\/F9449711-1DF6-4838-9952-580425B25504-576x1024.jpeg\" class=\"\" alt=\"\" srcset=\"https:\/\/www.globalong.com\/blog\/wp-content\/uploads\/2024\/05\/F9449711-1DF6-4838-9952-580425B25504-576x1024.jpeg 576w, https:\/\/www.globalong.com\/blog\/wp-content\/uploads\/2024\/05\/F9449711-1DF6-4838-9952-580425B25504-169x300.jpeg 169w, https:\/\/www.globalong.com\/blog\/wp-content\/uploads\/2024\/05\/F9449711-1DF6-4838-9952-580425B25504-768x1365.jpeg 768w, https:\/\/www.globalong.com\/blog\/wp-content\/uploads\/2024\/05\/F9449711-1DF6-4838-9952-580425B25504-864x1536.jpeg 864w, https:\/\/www.globalong.com\/blog\/wp-content\/uploads\/2024\/05\/F9449711-1DF6-4838-9952-580425B25504-1152x2048.jpeg 1152w, https:\/\/www.globalong.com\/blog\/wp-content\/uploads\/2024\/05\/F9449711-1DF6-4838-9952-580425B25504-scaled.jpeg 1440w\" sizes=\"(max-width: 576px) 100vw, 576px\" \/><\/div><\/div><div class=\"su-image-carousel-item\"><div class=\"su-image-carousel-item-content\"><img loading=\"lazy\" decoding=\"async\" width=\"640\" height=\"853\" src=\"https:\/\/www.globalong.com\/blog\/wp-content\/uploads\/2024\/05\/IMG_1115-768x1024.jpeg\" class=\"\" alt=\"\" srcset=\"https:\/\/www.globalong.com\/blog\/wp-content\/uploads\/2024\/05\/IMG_1115-768x1024.jpeg 768w, https:\/\/www.globalong.com\/blog\/wp-content\/uploads\/2024\/05\/IMG_1115-225x300.jpeg 225w, https:\/\/www.globalong.com\/blog\/wp-content\/uploads\/2024\/05\/IMG_1115-1152x1536.jpeg 1152w, https:\/\/www.globalong.com\/blog\/wp-content\/uploads\/2024\/05\/IMG_1115-1536x2048.jpeg 1536w, https:\/\/www.globalong.com\/blog\/wp-content\/uploads\/2024\/05\/IMG_1115-scaled.jpeg 1920w\" sizes=\"(max-width: 640px) 100vw, 640px\" \/><\/div><\/div><div class=\"su-image-carousel-item\"><div class=\"su-image-carousel-item-content\"><img loading=\"lazy\" decoding=\"async\" width=\"640\" height=\"853\" src=\"https:\/\/www.globalong.com\/blog\/wp-content\/uploads\/2024\/05\/IMG_2783-768x1024.jpg\" class=\"\" alt=\"\" srcset=\"https:\/\/www.globalong.com\/blog\/wp-content\/uploads\/2024\/05\/IMG_2783-768x1024.jpg 768w, https:\/\/www.globalong.com\/blog\/wp-content\/uploads\/2024\/05\/IMG_2783-225x300.jpg 225w, https:\/\/www.globalong.com\/blog\/wp-content\/uploads\/2024\/05\/IMG_2783-1152x1536.jpg 1152w, https:\/\/www.globalong.com\/blog\/wp-content\/uploads\/2024\/05\/IMG_2783-1536x2048.jpg 1536w, https:\/\/www.globalong.com\/blog\/wp-content\/uploads\/2024\/05\/IMG_2783-scaled-e1717081592175.jpg 711w\" sizes=\"(max-width: 640px) 100vw, 640px\" \/><\/div><\/div><div class=\"su-image-carousel-item\"><div class=\"su-image-carousel-item-content\"><img loading=\"lazy\" decoding=\"async\" width=\"640\" height=\"853\" src=\"https:\/\/www.globalong.com\/blog\/wp-content\/uploads\/2024\/05\/IMG_4135-768x1024.jpeg\" class=\"\" alt=\"\" srcset=\"https:\/\/www.globalong.com\/blog\/wp-content\/uploads\/2024\/05\/IMG_4135-768x1024.jpeg 768w, https:\/\/www.globalong.com\/blog\/wp-content\/uploads\/2024\/05\/IMG_4135-225x300.jpeg 225w, https:\/\/www.globalong.com\/blog\/wp-content\/uploads\/2024\/05\/IMG_4135-1152x1536.jpeg 1152w, https:\/\/www.globalong.com\/blog\/wp-content\/uploads\/2024\/05\/IMG_4135-1536x2048.jpeg 1536w, https:\/\/www.globalong.com\/blog\/wp-content\/uploads\/2024\/05\/IMG_4135-scaled.jpeg 1920w\" sizes=\"(max-width: 640px) 100vw, 640px\" \/><\/div><\/div><div class=\"su-image-carousel-item\"><div class=\"su-image-carousel-item-content\"><img loading=\"lazy\" decoding=\"async\" width=\"640\" height=\"853\" src=\"https:\/\/www.globalong.com\/blog\/wp-content\/uploads\/2024\/05\/c5141386-547d-4663-9e14-3902849dd100-768x1024.jpeg\" class=\"\" alt=\"\" srcset=\"https:\/\/www.globalong.com\/blog\/wp-content\/uploads\/2024\/05\/c5141386-547d-4663-9e14-3902849dd100-768x1024.jpeg 768w, https:\/\/www.globalong.com\/blog\/wp-content\/uploads\/2024\/05\/c5141386-547d-4663-9e14-3902849dd100-225x300.jpeg 225w, https:\/\/www.globalong.com\/blog\/wp-content\/uploads\/2024\/05\/c5141386-547d-4663-9e14-3902849dd100-1152x1536.jpeg 1152w, https:\/\/www.globalong.com\/blog\/wp-content\/uploads\/2024\/05\/c5141386-547d-4663-9e14-3902849dd100-e1717081538758.jpeg 786w\" sizes=\"(max-width: 640px) 100vw, 640px\" \/><\/div><\/div><\/div><script id=\"su_image_carousel_69ef821badaf7_script\">if(window.SUImageCarousel){setTimeout(function() {window.SUImageCarousel.initGallery(document.getElementById(\"su_image_carousel_69ef821badaf7\"))}, 0);}var su_image_carousel_69ef821badaf7_script=document.getElementById(\"su_image_carousel_69ef821badaf7_script\");if(su_image_carousel_69ef821badaf7_script){su_image_carousel_69ef821badaf7_script.parentNode.removeChild(su_image_carousel_69ef821badaf7_script);}<\/script>\n<p style=\"text-align: center;\">30 Mai 2024<\/p>\n","protected":false},"excerpt":{"rendered":"<p>Je suis Orianne, j&rsquo;ai 21 ans et fin 2023, j&rsquo;ai eu la chance de partir au Nicaragua afin de r\u00e9aliser une mission de protection des tortues marines pendant 1 mois. Je suis parti avec un ami pour cette mission. Mon ami ne parlait pas un mot d&rsquo;espagnol et moi j&rsquo;avais quelques bases lointaines, nous parlions [&hellip;]<\/p>\n","protected":false},"author":11,"featured_media":16685,"parent":883,"menu_order":0,"comment_status":"closed","ping_status":"closed","template":"","meta":{"footnotes":""},"yoast_head":"<!-- This site is optimized with the Yoast SEO Premium plugin v23.4 (Yoast SEO v23.4) - https:\/\/yoast.com\/wordpress\/plugins\/seo\/ -->\n<title>Nicaragua - Orianne - Association Globalong<\/title>\n<meta name=\"robots\" content=\"index, follow, max-snippet:-1, max-image-preview:large, max-video-preview:-1\" \/>\n<link rel=\"canonical\" href=\"https:\/\/www.globalong.com\/blog\/avis-temoignages-globalong\/nicaragua-orianne\/\" \/>\n<meta property=\"og:locale\" content=\"fr_FR\" \/>\n<meta property=\"og:type\" content=\"article\" \/>\n<meta property=\"og:title\" content=\"Nicaragua - Orianne\" \/>\n<meta property=\"og:description\" content=\"Je suis Orianne, j&rsquo;ai 21 ans et fin 2023, j&rsquo;ai eu la chance de partir au Nicaragua afin de r\u00e9aliser une mission de protection des tortues marines pendant 1 mois. Je suis parti avec un ami pour cette mission. Mon ami ne parlait pas un mot d&rsquo;espagnol et moi j&rsquo;avais quelques bases lointaines, nous parlions [&hellip;]\" \/>\n<meta property=\"og:url\" content=\"https:\/\/www.globalong.com\/blog\/avis-temoignages-globalong\/nicaragua-orianne\/\" \/>\n<meta property=\"og:site_name\" content=\"Association Globalong\" \/>\n<meta property=\"article:publisher\" content=\"https:\/\/www.facebook.com\/globalong\" \/>\n<meta property=\"og:image\" content=\"https:\/\/www.globalong.com\/blog\/wp-content\/uploads\/2024\/05\/IMG_2783-scaled-e1717081592175.jpg\" \/>\n\t<meta property=\"og:image:width\" content=\"711\" \/>\n\t<meta property=\"og:image:height\" content=\"948\" \/>\n\t<meta property=\"og:image:type\" content=\"image\/jpeg\" \/>\n<meta name=\"twitter:card\" content=\"summary_large_image\" \/>\n<meta name=\"twitter:label1\" content=\"Dur\u00e9e de lecture estim\u00e9e\" \/>\n\t<meta name=\"twitter:data1\" content=\"3 minutes\" \/>\n<script type=\"application\/ld+json\" class=\"yoast-schema-graph\">{\"@context\":\"https:\/\/schema.org\",\"@graph\":[{\"@type\":\"WebPage\",\"@id\":\"https:\/\/www.globalong.com\/blog\/avis-temoignages-globalong\/nicaragua-orianne\/\",\"url\":\"https:\/\/www.globalong.com\/blog\/avis-temoignages-globalong\/nicaragua-orianne\/\",\"name\":\"Nicaragua - Orianne - Association Globalong\",\"isPartOf\":{\"@id\":\"https:\/\/www.globalong.com\/blog\/#website\"},\"primaryImageOfPage\":{\"@id\":\"https:\/\/www.globalong.com\/blog\/avis-temoignages-globalong\/nicaragua-orianne\/#primaryimage\"},\"image\":{\"@id\":\"https:\/\/www.globalong.com\/blog\/avis-temoignages-globalong\/nicaragua-orianne\/#primaryimage\"},\"thumbnailUrl\":\"https:\/\/www.globalong.com\/blog\/wp-content\/uploads\/2024\/05\/IMG_2783-scaled-e1717081592175.jpg\",\"datePublished\":\"2024-05-31T07:09:55+00:00\",\"dateModified\":\"2024-05-31T07:09:55+00:00\",\"breadcrumb\":{\"@id\":\"https:\/\/www.globalong.com\/blog\/avis-temoignages-globalong\/nicaragua-orianne\/#breadcrumb\"},\"inLanguage\":\"fr-FR\",\"potentialAction\":[{\"@type\":\"ReadAction\",\"target\":[\"https:\/\/www.globalong.com\/blog\/avis-temoignages-globalong\/nicaragua-orianne\/\"]}]},{\"@type\":\"ImageObject\",\"inLanguage\":\"fr-FR\",\"@id\":\"https:\/\/www.globalong.com\/blog\/avis-temoignages-globalong\/nicaragua-orianne\/#primaryimage\",\"url\":\"https:\/\/www.globalong.com\/blog\/wp-content\/uploads\/2024\/05\/IMG_2783-scaled-e1717081592175.jpg\",\"contentUrl\":\"https:\/\/www.globalong.com\/blog\/wp-content\/uploads\/2024\/05\/IMG_2783-scaled-e1717081592175.jpg\",\"width\":711,\"height\":948},{\"@type\":\"BreadcrumbList\",\"@id\":\"https:\/\/www.globalong.com\/blog\/avis-temoignages-globalong\/nicaragua-orianne\/#breadcrumb\",\"itemListElement\":[{\"@type\":\"ListItem\",\"position\":1,\"name\":\"Accueil\",\"item\":\"https:\/\/www.globalong.com\/blog\/\"},{\"@type\":\"ListItem\",\"position\":2,\"name\":\"T\u00e9moignages et avis de volontaires Globalong\",\"item\":\"https:\/\/www.globalong.com\/blog\/avis-temoignages-globalong\/\"},{\"@type\":\"ListItem\",\"position\":3,\"name\":\"Nicaragua &#8211; Orianne\"}]},{\"@type\":\"WebSite\",\"@id\":\"https:\/\/www.globalong.com\/blog\/#website\",\"url\":\"https:\/\/www.globalong.com\/blog\/\",\"name\":\"https:\/\/www.globalong.com\/\",\"description\":\"Mission humanitaire, stage \u00e9tudiant et voyage linguistique\",\"publisher\":{\"@id\":\"https:\/\/www.globalong.com\/blog\/#organization\"},\"potentialAction\":[{\"@type\":\"SearchAction\",\"target\":{\"@type\":\"EntryPoint\",\"urlTemplate\":\"https:\/\/www.globalong.com\/blog\/?s={search_term_string}\"},\"query-input\":{\"@type\":\"PropertyValueSpecification\",\"valueRequired\":true,\"valueName\":\"search_term_string\"}}],\"inLanguage\":\"fr-FR\"},{\"@type\":\"Organization\",\"@id\":\"https:\/\/www.globalong.com\/blog\/#organization\",\"name\":\"Association Globalong\",\"url\":\"https:\/\/www.globalong.com\/blog\/\",\"logo\":{\"@type\":\"ImageObject\",\"inLanguage\":\"fr-FR\",\"@id\":\"https:\/\/www.globalong.com\/blog\/#\/schema\/logo\/image\/\",\"url\":\"https:\/\/www.globalong.com\/blog\/wp-content\/uploads\/2014\/11\/cropped-cropped-Logo-et-Afrique-Globalong-petite-taille-2.jpg\",\"contentUrl\":\"https:\/\/www.globalong.com\/blog\/wp-content\/uploads\/2014\/11\/cropped-cropped-Logo-et-Afrique-Globalong-petite-taille-2.jpg\",\"width\":512,\"height\":512,\"caption\":\"Association Globalong\"},\"image\":{\"@id\":\"https:\/\/www.globalong.com\/blog\/#\/schema\/logo\/image\/\"},\"sameAs\":[\"https:\/\/www.facebook.com\/globalong\"]}]}<\/script>\n<!-- \/ Yoast SEO Premium plugin. -->","yoast_head_json":{"title":"Nicaragua - Orianne - Association Globalong","robots":{"index":"index","follow":"follow","max-snippet":"max-snippet:-1","max-image-preview":"max-image-preview:large","max-video-preview":"max-video-preview:-1"},"canonical":"https:\/\/www.globalong.com\/blog\/avis-temoignages-globalong\/nicaragua-orianne\/","og_locale":"fr_FR","og_type":"article","og_title":"Nicaragua - Orianne","og_description":"Je suis Orianne, j&rsquo;ai 21 ans et fin 2023, j&rsquo;ai eu la chance de partir au Nicaragua afin de r\u00e9aliser une mission de protection des tortues marines pendant 1 mois. Je suis parti avec un ami pour cette mission. Mon ami ne parlait pas un mot d&rsquo;espagnol et moi j&rsquo;avais quelques bases lointaines, nous parlions [&hellip;]","og_url":"https:\/\/www.globalong.com\/blog\/avis-temoignages-globalong\/nicaragua-orianne\/","og_site_name":"Association Globalong","article_publisher":"https:\/\/www.facebook.com\/globalong","og_image":[{"width":711,"height":948,"url":"https:\/\/www.globalong.com\/blog\/wp-content\/uploads\/2024\/05\/IMG_2783-scaled-e1717081592175.jpg","type":"image\/jpeg"}],"twitter_card":"summary_large_image","twitter_misc":{"Dur\u00e9e de lecture estim\u00e9e":"3 minutes"},"schema":{"@context":"https:\/\/schema.org","@graph":[{"@type":"WebPage","@id":"https:\/\/www.globalong.com\/blog\/avis-temoignages-globalong\/nicaragua-orianne\/","url":"https:\/\/www.globalong.com\/blog\/avis-temoignages-globalong\/nicaragua-orianne\/","name":"Nicaragua - Orianne - Association Globalong","isPartOf":{"@id":"https:\/\/www.globalong.com\/blog\/#website"},"primaryImageOfPage":{"@id":"https:\/\/www.globalong.com\/blog\/avis-temoignages-globalong\/nicaragua-orianne\/#primaryimage"},"image":{"@id":"https:\/\/www.globalong.com\/blog\/avis-temoignages-globalong\/nicaragua-orianne\/#primaryimage"},"thumbnailUrl":"https:\/\/www.globalong.com\/blog\/wp-content\/uploads\/2024\/05\/IMG_2783-scaled-e1717081592175.jpg","datePublished":"2024-05-31T07:09:55+00:00","dateModified":"2024-05-31T07:09:55+00:00","breadcrumb":{"@id":"https:\/\/www.globalong.com\/blog\/avis-temoignages-globalong\/nicaragua-orianne\/#breadcrumb"},"inLanguage":"fr-FR","potentialAction":[{"@type":"ReadAction","target":["https:\/\/www.globalong.com\/blog\/avis-temoignages-globalong\/nicaragua-orianne\/"]}]},{"@type":"ImageObject","inLanguage":"fr-FR","@id":"https:\/\/www.globalong.com\/blog\/avis-temoignages-globalong\/nicaragua-orianne\/#primaryimage","url":"https:\/\/www.globalong.com\/blog\/wp-content\/uploads\/2024\/05\/IMG_2783-scaled-e1717081592175.jpg","contentUrl":"https:\/\/www.globalong.com\/blog\/wp-content\/uploads\/2024\/05\/IMG_2783-scaled-e1717081592175.jpg","width":711,"height":948},{"@type":"BreadcrumbList","@id":"https:\/\/www.globalong.com\/blog\/avis-temoignages-globalong\/nicaragua-orianne\/#breadcrumb","itemListElement":[{"@type":"ListItem","position":1,"name":"Accueil","item":"https:\/\/www.globalong.com\/blog\/"},{"@type":"ListItem","position":2,"name":"T\u00e9moignages et avis de volontaires Globalong","item":"https:\/\/www.globalong.com\/blog\/avis-temoignages-globalong\/"},{"@type":"ListItem","position":3,"name":"Nicaragua &#8211; Orianne"}]},{"@type":"WebSite","@id":"https:\/\/www.globalong.com\/blog\/#website","url":"https:\/\/www.globalong.com\/blog\/","name":"https:\/\/www.globalong.com\/","description":"Mission humanitaire, stage \u00e9tudiant et voyage linguistique","publisher":{"@id":"https:\/\/www.globalong.com\/blog\/#organization"},"potentialAction":[{"@type":"SearchAction","target":{"@type":"EntryPoint","urlTemplate":"https:\/\/www.globalong.com\/blog\/?s={search_term_string}"},"query-input":{"@type":"PropertyValueSpecification","valueRequired":true,"valueName":"search_term_string"}}],"inLanguage":"fr-FR"},{"@type":"Organization","@id":"https:\/\/www.globalong.com\/blog\/#organization","name":"Association Globalong","url":"https:\/\/www.globalong.com\/blog\/","logo":{"@type":"ImageObject","inLanguage":"fr-FR","@id":"https:\/\/www.globalong.com\/blog\/#\/schema\/logo\/image\/","url":"https:\/\/www.globalong.com\/blog\/wp-content\/uploads\/2014\/11\/cropped-cropped-Logo-et-Afrique-Globalong-petite-taille-2.jpg","contentUrl":"https:\/\/www.globalong.com\/blog\/wp-content\/uploads\/2014\/11\/cropped-cropped-Logo-et-Afrique-Globalong-petite-taille-2.jpg","width":512,"height":512,"caption":"Association Globalong"},"image":{"@id":"https:\/\/www.globalong.com\/blog\/#\/schema\/logo\/image\/"},"sameAs":["https:\/\/www.facebook.com\/globalong"]}]}},"_links":{"self":[{"href":"https:\/\/www.globalong.com\/blog\/wp-json\/wp\/v2\/pages\/16680"}],"collection":[{"href":"https:\/\/www.globalong.com\/blog\/wp-json\/wp\/v2\/pages"}],"about":[{"href":"https:\/\/www.globalong.com\/blog\/wp-json\/wp\/v2\/types\/page"}],"author":[{"embeddable":true,"href":"https:\/\/www.globalong.com\/blog\/wp-json\/wp\/v2\/users\/11"}],"replies":[{"embeddable":true,"href":"https:\/\/www.globalong.com\/blog\/wp-json\/wp\/v2\/comments?post=16680"}],"version-history":[{"count":11,"href":"https:\/\/www.globalong.com\/blog\/wp-json\/wp\/v2\/pages\/16680\/revisions"}],"predecessor-version":[{"id":16706,"href":"https:\/\/www.globalong.com\/blog\/wp-json\/wp\/v2\/pages\/16680\/revisions\/16706"}],"up":[{"embeddable":true,"href":"https:\/\/www.globalong.com\/blog\/wp-json\/wp\/v2\/pages\/883"}],"wp:featuredmedia":[{"embeddable":true,"href":"https:\/\/www.globalong.com\/blog\/wp-json\/wp\/v2\/media\/16685"}],"wp:attachment":[{"href":"https:\/\/www.globalong.com\/blog\/wp-json\/wp\/v2\/media?parent=16680"}],"curies":[{"name":"wp","href":"https:\/\/api.w.org\/{rel}","templated":true}]}}