{"id":16923,"date":"2024-06-14T14:58:38","date_gmt":"2024-06-14T12:58:38","guid":{"rendered":"https:\/\/www.globalong.com\/blog\/?page_id=16923"},"modified":"2024-12-23T10:34:55","modified_gmt":"2024-12-23T09:34:55","slug":"thailande-andrea","status":"publish","type":"page","link":"https:\/\/www.globalong.com\/blog\/avis-temoignages-globalong\/thailande-andrea\/","title":{"rendered":"Tha\u00eflande &#8211; Andr\u00e9a"},"content":{"rendered":"<div>Une b\u00e9n\u00e9vole de l&rsquo;association Globalong, Andr\u00e9a, est partie en 2023 en <a href=\"https:\/\/www.globalong.com\/blog\/temoignage-globalong-thailande-sri-lanka-inde\/\" target=\"_blank\" rel=\"noopener\">Tha\u00eflande<\/a> dans un sanctuaire pour \u00e9l\u00e9phant. Voici son t\u00e9moignage :<\/div>\n<div><span style=\"color: #ffffff;\">t<\/span><\/div>\n<div>J&rsquo;ai r\u00e9alis\u00e9 ma mission avec Globalong dans un sanctuaire pour <a href=\"https:\/\/www.globalong.com\/blog\/volontariat-ethique-animale-que-savoir\/\">animaux<\/a> dans le Phetchaburi. Ce sanctuaire accueille aussi bien des \u00e9l\u00e9phants que des singes, f\u00e9lins, loutres, oiseaux ou autres. Quand j&rsquo;y suis all\u00e9e, il y avait 23 \u00e9l\u00e9phants sauv\u00e9s. Les b\u00e9n\u00e9voles venant du monde entier y sont log\u00e9s sur place dans des chambres pour 3\/4 personnes (ou des chambres pour deux dans le cadre d&rsquo;une demande en amont).<\/div>\n<div><span style=\"color: #ffffff;\">t<\/span><\/div>\n<div><strong><span style=\"text-decoration: underline;\">Journ\u00e9e type<\/span> :\u00a0<\/strong><\/div>\n<div><span style=\"color: #ffffff;\">t<\/span><\/div>\n<div>Une fois sur place, nous avons le droit \u00e0 une visite du sanctuaire avant de d\u00e9couvrir l&#8217;emploi du temps. Le matin nous travaillions \u00e0 partir de 6h30 \u00e0 faire le petit d\u00e9jeuner des \u00e9l\u00e9phants, puis il y avait une pause d\u00e9jeuner vers 8h avant de retourner travailler au nettoyage des enclos et du mat\u00e9riel. Un jour sur deux , un groupe partait \u00e0 ce moment faire le \u00ab\u00a0harvest\u00a0\u00bb c&rsquo;est-\u00e0-dire couper des bananiers (que les \u00e9l\u00e9phants mangent). Puis il y avait la pause d\u00e9jeuner \u00e0 12h, ensuite nous travaillions jusqu&rsquo; \u00e0 17h, \u00e0 ce moment nous faisions des banana balls et des enrichissements (jouets cachants des fruits) avant de les donner aux \u00e9l\u00e9phants et pour certain nous leur faisions leur douche ou leur promenade. Le d\u00eener \u00e9tait servi \u00e0 18h (tous les repas \u00e9taient inclus). Durant ces journ\u00e9es de travail nous \u00e9tions par groupe, dirig\u00e9 par les b\u00e9n\u00e9voles les plus anciens (ayant au moins travaill\u00e9 deux fois sur la zone).<\/div>\n<div><span style=\"color: #ffffff;\">t<\/span><\/div>\n<div><strong><span style=\"text-decoration: underline;\">Logement<\/span> :\u00a0<\/strong><\/div>\n<div><span style=\"color: #ffffff;\">t<\/span><\/div>\n<div>\u00c9videmment le logement n&rsquo;\u00e9tait pas le grand luxe mais vous serez tr\u00e8s content de savoir qu&rsquo;ils poss\u00e8dent des ventilos qui nous sauvent face \u00e0 la chaleur \u00e9crasante de ce pays.<\/div>\n<div><span style=\"color: #ffffff;\">t<\/span><\/div>\n<div><strong><span style=\"text-decoration: underline;\">Journ\u00e9e de repos<\/span> :<\/strong><\/div>\n<div><\/div>\n<div>Je pr\u00e9cise que nous avions un jour de repos par semaine et que le sanctuaire organise quelques sorties dans les environs apr\u00e8s le travail.<\/div>\n<div><span style=\"color: #ffffff;\">t<\/span><\/div>\n<div><strong><span style=\"text-decoration: underline;\">Quelques recommandations<\/span> :\u00a0<\/strong><\/div>\n<div><span style=\"color: #ffffff;\">t<\/span><\/div>\n<div>Au niveau de la <a href=\"https:\/\/www.globalong.com\/blog\/voyage-sans-visa-thailande-60-jours\/\" target=\"_blank\" rel=\"noopener\">pr\u00e9paration du voyage<\/a>, je conseille de prendre des v\u00eatements dans l&rsquo;optique qu&rsquo;ils seront salis, personnellement j&rsquo;\u00e9tait en t-shirt avec des pantalons fins, je conseille aussi une bonne paire de basket et de sandale (\u00a0attention\u00a0une tenue correcte est exig\u00e9e dans le sanctuaire \u00e9tant le sur le territoire des moines de la r\u00e9gions).<\/div>\n<div><span style=\"color: #ffffff;\">t<\/span><\/div>\n<div>Je recommande \u00e0 100% cette mission qui m&rsquo;a permis d&rsquo;en apprendre beaucoup sur moi-m\u00eame et mes capacit\u00e9s mais aussi sur les animaux et leur besoin, c&rsquo;est un sentiment indescriptible que de se sentir utile pour une bonne cause. Je repartirais \u00e0 coup s\u00fbr\u00a0vers d&rsquo;autres destinations pour la cause animale.<\/div>\n<div><span style=\"color: #ffffff;\">t<\/span><\/div>\n<div>\n<p>D\u00e9couvrez tous\u00a0<a href=\"https:\/\/www.globalong.com\/treeprod?prefilter-get=true&amp;nodes[]=326\" target=\"_blank\" rel=\"noopener\">les programmes disponibles<\/a>\u00a0en Tha\u00eflande !<\/p>\n<p>Pour plus d\u2019informations, n\u2019h\u00e9sitez pas \u00e0 nous contacter \u00e0\u00a0<a href=\"mailto:info@globalong.com\">info@globalong.com<\/a><\/p>\n<\/div>\n<div><span style=\"color: #ffffff;\">t<\/span><\/div>\n<div><div class=\"su-image-carousel  su-image-carousel-has-spacing su-image-carousel-crop su-image-carousel-crop-4-3 su-image-carousel-has-outline su-image-carousel-adaptive su-image-carousel-slides-style-photo su-image-carousel-controls-style-dark su-image-carousel-align-center\" style=\"\" data-flickity-options='{\"groupCells\":true,\"cellSelector\":\".su-image-carousel-item\",\"adaptiveHeight\":false,\"cellAlign\":\"left\",\"prevNextButtons\":true,\"pageDots\":true,\"autoPlay\":5000,\"imagesLoaded\":true,\"contain\":true,\"selectedAttraction\":1,\"friction\":1}' id=\"su_image_carousel_69ef8322afbd9\"><div class=\"su-image-carousel-item\"><div class=\"su-image-carousel-item-content\"><img loading=\"lazy\" decoding=\"async\" width=\"640\" height=\"853\" src=\"https:\/\/www.globalong.com\/blog\/wp-content\/uploads\/2024\/06\/IMG_9865-768x1024.jpg\" class=\"\" alt=\"\" srcset=\"https:\/\/www.globalong.com\/blog\/wp-content\/uploads\/2024\/06\/IMG_9865-768x1024.jpg 768w, https:\/\/www.globalong.com\/blog\/wp-content\/uploads\/2024\/06\/IMG_9865-225x300.jpg 225w, https:\/\/www.globalong.com\/blog\/wp-content\/uploads\/2024\/06\/IMG_9865-1152x1536.jpg 1152w, https:\/\/www.globalong.com\/blog\/wp-content\/uploads\/2024\/06\/IMG_9865-1536x2048.jpg 1536w, https:\/\/www.globalong.com\/blog\/wp-content\/uploads\/2024\/06\/IMG_9865-scaled.jpg 1920w\" sizes=\"(max-width: 640px) 100vw, 640px\" \/><\/div><\/div><div class=\"su-image-carousel-item\"><div class=\"su-image-carousel-item-content\"><img loading=\"lazy\" decoding=\"async\" width=\"640\" height=\"854\" src=\"https:\/\/www.globalong.com\/blog\/wp-content\/uploads\/2024\/06\/Capture-decran-2024-06-14-a-14.52.59-767x1024.png\" class=\"\" alt=\"\" srcset=\"https:\/\/www.globalong.com\/blog\/wp-content\/uploads\/2024\/06\/Capture-decran-2024-06-14-a-14.52.59-767x1024.png 767w, https:\/\/www.globalong.com\/blog\/wp-content\/uploads\/2024\/06\/Capture-decran-2024-06-14-a-14.52.59-225x300.png 225w, https:\/\/www.globalong.com\/blog\/wp-content\/uploads\/2024\/06\/Capture-decran-2024-06-14-a-14.52.59-768x1026.png 768w, https:\/\/www.globalong.com\/blog\/wp-content\/uploads\/2024\/06\/Capture-decran-2024-06-14-a-14.52.59.png 924w\" sizes=\"(max-width: 640px) 100vw, 640px\" \/><\/div><\/div><div class=\"su-image-carousel-item\"><div class=\"su-image-carousel-item-content\"><img loading=\"lazy\" decoding=\"async\" width=\"640\" height=\"548\" src=\"https:\/\/www.globalong.com\/blog\/wp-content\/uploads\/2024\/06\/Capture-decran-2024-06-14-a-14.53.14-1024x876.png\" class=\"\" alt=\"Mission humanitaire \u00e9l\u00e9phants\" srcset=\"https:\/\/www.globalong.com\/blog\/wp-content\/uploads\/2024\/06\/Capture-decran-2024-06-14-a-14.53.14-1024x876.png 1024w, https:\/\/www.globalong.com\/blog\/wp-content\/uploads\/2024\/06\/Capture-decran-2024-06-14-a-14.53.14-300x257.png 300w, https:\/\/www.globalong.com\/blog\/wp-content\/uploads\/2024\/06\/Capture-decran-2024-06-14-a-14.53.14-768x657.png 768w, https:\/\/www.globalong.com\/blog\/wp-content\/uploads\/2024\/06\/Capture-decran-2024-06-14-a-14.53.14.png 1449w\" sizes=\"(max-width: 640px) 100vw, 640px\" \/><\/div><\/div><\/div><script id=\"su_image_carousel_69ef8322afbd9_script\">if(window.SUImageCarousel){setTimeout(function() {window.SUImageCarousel.initGallery(document.getElementById(\"su_image_carousel_69ef8322afbd9\"))}, 0);}var su_image_carousel_69ef8322afbd9_script=document.getElementById(\"su_image_carousel_69ef8322afbd9_script\");if(su_image_carousel_69ef8322afbd9_script){su_image_carousel_69ef8322afbd9_script.parentNode.removeChild(su_image_carousel_69ef8322afbd9_script);}<\/script><\/div>\n<div><\/div>\n<div style=\"text-align: center;\">14\/06\/2024<\/div>\n","protected":false},"excerpt":{"rendered":"<p>Une b\u00e9n\u00e9vole de l&rsquo;association Globalong, Andr\u00e9a, est partie en 2023 en Tha\u00eflande dans un sanctuaire pour \u00e9l\u00e9phant. Voici son t\u00e9moignage : t J&rsquo;ai r\u00e9alis\u00e9 ma mission avec Globalong dans un sanctuaire pour animaux dans le Phetchaburi. Ce sanctuaire accueille aussi bien des \u00e9l\u00e9phants que des singes, f\u00e9lins, loutres, oiseaux ou autres. Quand j&rsquo;y suis all\u00e9e, [&hellip;]<\/p>\n","protected":false},"author":11,"featured_media":16928,"parent":883,"menu_order":0,"comment_status":"closed","ping_status":"closed","template":"","meta":{"footnotes":""},"yoast_head":"<!-- This site is optimized with the Yoast SEO Premium plugin v23.4 (Yoast SEO v23.4) - https:\/\/yoast.com\/wordpress\/plugins\/seo\/ -->\n<title>Tha\u00eflande - Andr\u00e9a - Association Globalong<\/title>\n<meta name=\"robots\" content=\"index, follow, max-snippet:-1, max-image-preview:large, max-video-preview:-1\" \/>\n<link rel=\"canonical\" href=\"https:\/\/www.globalong.com\/blog\/avis-temoignages-globalong\/thailande-andrea\/\" \/>\n<meta property=\"og:locale\" content=\"fr_FR\" \/>\n<meta property=\"og:type\" content=\"article\" \/>\n<meta property=\"og:title\" content=\"Tha\u00eflande - Andr\u00e9a\" \/>\n<meta property=\"og:description\" content=\"Une b\u00e9n\u00e9vole de l&rsquo;association Globalong, Andr\u00e9a, est partie en 2023 en Tha\u00eflande dans un sanctuaire pour \u00e9l\u00e9phant. Voici son t\u00e9moignage : t J&rsquo;ai r\u00e9alis\u00e9 ma mission avec Globalong dans un sanctuaire pour animaux dans le Phetchaburi. Ce sanctuaire accueille aussi bien des \u00e9l\u00e9phants que des singes, f\u00e9lins, loutres, oiseaux ou autres. Quand j&rsquo;y suis all\u00e9e, [&hellip;]\" \/>\n<meta property=\"og:url\" content=\"https:\/\/www.globalong.com\/blog\/avis-temoignages-globalong\/thailande-andrea\/\" \/>\n<meta property=\"og:site_name\" content=\"Association Globalong\" \/>\n<meta property=\"article:publisher\" content=\"https:\/\/www.facebook.com\/globalong\" \/>\n<meta property=\"article:modified_time\" content=\"2024-12-23T09:34:55+00:00\" \/>\n<meta property=\"og:image\" content=\"https:\/\/www.globalong.com\/blog\/wp-content\/uploads\/2024\/06\/Capture-decran-2024-06-14-a-14.53.14-1024x876.png\" \/>\n\t<meta property=\"og:image:width\" content=\"1024\" \/>\n\t<meta property=\"og:image:height\" content=\"876\" \/>\n\t<meta property=\"og:image:type\" content=\"image\/png\" \/>\n<meta name=\"twitter:card\" content=\"summary_large_image\" \/>\n<meta name=\"twitter:label1\" content=\"Dur\u00e9e de lecture estim\u00e9e\" \/>\n\t<meta name=\"twitter:data1\" content=\"3 minutes\" \/>\n<script type=\"application\/ld+json\" class=\"yoast-schema-graph\">{\"@context\":\"https:\/\/schema.org\",\"@graph\":[{\"@type\":\"WebPage\",\"@id\":\"https:\/\/www.globalong.com\/blog\/avis-temoignages-globalong\/thailande-andrea\/\",\"url\":\"https:\/\/www.globalong.com\/blog\/avis-temoignages-globalong\/thailande-andrea\/\",\"name\":\"Tha\u00eflande - Andr\u00e9a - Association Globalong\",\"isPartOf\":{\"@id\":\"https:\/\/www.globalong.com\/blog\/#website\"},\"primaryImageOfPage\":{\"@id\":\"https:\/\/www.globalong.com\/blog\/avis-temoignages-globalong\/thailande-andrea\/#primaryimage\"},\"image\":{\"@id\":\"https:\/\/www.globalong.com\/blog\/avis-temoignages-globalong\/thailande-andrea\/#primaryimage\"},\"thumbnailUrl\":\"https:\/\/www.globalong.com\/blog\/wp-content\/uploads\/2024\/06\/Capture-decran-2024-06-14-a-14.53.14.png\",\"datePublished\":\"2024-06-14T12:58:38+00:00\",\"dateModified\":\"2024-12-23T09:34:55+00:00\",\"breadcrumb\":{\"@id\":\"https:\/\/www.globalong.com\/blog\/avis-temoignages-globalong\/thailande-andrea\/#breadcrumb\"},\"inLanguage\":\"fr-FR\",\"potentialAction\":[{\"@type\":\"ReadAction\",\"target\":[\"https:\/\/www.globalong.com\/blog\/avis-temoignages-globalong\/thailande-andrea\/\"]}]},{\"@type\":\"ImageObject\",\"inLanguage\":\"fr-FR\",\"@id\":\"https:\/\/www.globalong.com\/blog\/avis-temoignages-globalong\/thailande-andrea\/#primaryimage\",\"url\":\"https:\/\/www.globalong.com\/blog\/wp-content\/uploads\/2024\/06\/Capture-decran-2024-06-14-a-14.53.14.png\",\"contentUrl\":\"https:\/\/www.globalong.com\/blog\/wp-content\/uploads\/2024\/06\/Capture-decran-2024-06-14-a-14.53.14.png\",\"width\":1449,\"height\":1240,\"caption\":\"Mission humanitaire \u00e9l\u00e9phants\"},{\"@type\":\"BreadcrumbList\",\"@id\":\"https:\/\/www.globalong.com\/blog\/avis-temoignages-globalong\/thailande-andrea\/#breadcrumb\",\"itemListElement\":[{\"@type\":\"ListItem\",\"position\":1,\"name\":\"Accueil\",\"item\":\"https:\/\/www.globalong.com\/blog\/\"},{\"@type\":\"ListItem\",\"position\":2,\"name\":\"T\u00e9moignages et avis de volontaires Globalong\",\"item\":\"https:\/\/www.globalong.com\/blog\/avis-temoignages-globalong\/\"},{\"@type\":\"ListItem\",\"position\":3,\"name\":\"Tha\u00eflande &#8211; Andr\u00e9a\"}]},{\"@type\":\"WebSite\",\"@id\":\"https:\/\/www.globalong.com\/blog\/#website\",\"url\":\"https:\/\/www.globalong.com\/blog\/\",\"name\":\"https:\/\/www.globalong.com\/\",\"description\":\"Mission humanitaire, stage \u00e9tudiant et voyage linguistique\",\"publisher\":{\"@id\":\"https:\/\/www.globalong.com\/blog\/#organization\"},\"potentialAction\":[{\"@type\":\"SearchAction\",\"target\":{\"@type\":\"EntryPoint\",\"urlTemplate\":\"https:\/\/www.globalong.com\/blog\/?s={search_term_string}\"},\"query-input\":{\"@type\":\"PropertyValueSpecification\",\"valueRequired\":true,\"valueName\":\"search_term_string\"}}],\"inLanguage\":\"fr-FR\"},{\"@type\":\"Organization\",\"@id\":\"https:\/\/www.globalong.com\/blog\/#organization\",\"name\":\"Association Globalong\",\"url\":\"https:\/\/www.globalong.com\/blog\/\",\"logo\":{\"@type\":\"ImageObject\",\"inLanguage\":\"fr-FR\",\"@id\":\"https:\/\/www.globalong.com\/blog\/#\/schema\/logo\/image\/\",\"url\":\"https:\/\/www.globalong.com\/blog\/wp-content\/uploads\/2014\/11\/cropped-cropped-Logo-et-Afrique-Globalong-petite-taille-2.jpg\",\"contentUrl\":\"https:\/\/www.globalong.com\/blog\/wp-content\/uploads\/2014\/11\/cropped-cropped-Logo-et-Afrique-Globalong-petite-taille-2.jpg\",\"width\":512,\"height\":512,\"caption\":\"Association Globalong\"},\"image\":{\"@id\":\"https:\/\/www.globalong.com\/blog\/#\/schema\/logo\/image\/\"},\"sameAs\":[\"https:\/\/www.facebook.com\/globalong\"]}]}<\/script>\n<!-- \/ Yoast SEO Premium plugin. -->","yoast_head_json":{"title":"Tha\u00eflande - Andr\u00e9a - Association Globalong","robots":{"index":"index","follow":"follow","max-snippet":"max-snippet:-1","max-image-preview":"max-image-preview:large","max-video-preview":"max-video-preview:-1"},"canonical":"https:\/\/www.globalong.com\/blog\/avis-temoignages-globalong\/thailande-andrea\/","og_locale":"fr_FR","og_type":"article","og_title":"Tha\u00eflande - Andr\u00e9a","og_description":"Une b\u00e9n\u00e9vole de l&rsquo;association Globalong, Andr\u00e9a, est partie en 2023 en Tha\u00eflande dans un sanctuaire pour \u00e9l\u00e9phant. Voici son t\u00e9moignage : t J&rsquo;ai r\u00e9alis\u00e9 ma mission avec Globalong dans un sanctuaire pour animaux dans le Phetchaburi. Ce sanctuaire accueille aussi bien des \u00e9l\u00e9phants que des singes, f\u00e9lins, loutres, oiseaux ou autres. Quand j&rsquo;y suis all\u00e9e, [&hellip;]","og_url":"https:\/\/www.globalong.com\/blog\/avis-temoignages-globalong\/thailande-andrea\/","og_site_name":"Association Globalong","article_publisher":"https:\/\/www.facebook.com\/globalong","article_modified_time":"2024-12-23T09:34:55+00:00","og_image":[{"width":1024,"height":876,"url":"https:\/\/www.globalong.com\/blog\/wp-content\/uploads\/2024\/06\/Capture-decran-2024-06-14-a-14.53.14-1024x876.png","type":"image\/png"}],"twitter_card":"summary_large_image","twitter_misc":{"Dur\u00e9e de lecture estim\u00e9e":"3 minutes"},"schema":{"@context":"https:\/\/schema.org","@graph":[{"@type":"WebPage","@id":"https:\/\/www.globalong.com\/blog\/avis-temoignages-globalong\/thailande-andrea\/","url":"https:\/\/www.globalong.com\/blog\/avis-temoignages-globalong\/thailande-andrea\/","name":"Tha\u00eflande - Andr\u00e9a - Association Globalong","isPartOf":{"@id":"https:\/\/www.globalong.com\/blog\/#website"},"primaryImageOfPage":{"@id":"https:\/\/www.globalong.com\/blog\/avis-temoignages-globalong\/thailande-andrea\/#primaryimage"},"image":{"@id":"https:\/\/www.globalong.com\/blog\/avis-temoignages-globalong\/thailande-andrea\/#primaryimage"},"thumbnailUrl":"https:\/\/www.globalong.com\/blog\/wp-content\/uploads\/2024\/06\/Capture-decran-2024-06-14-a-14.53.14.png","datePublished":"2024-06-14T12:58:38+00:00","dateModified":"2024-12-23T09:34:55+00:00","breadcrumb":{"@id":"https:\/\/www.globalong.com\/blog\/avis-temoignages-globalong\/thailande-andrea\/#breadcrumb"},"inLanguage":"fr-FR","potentialAction":[{"@type":"ReadAction","target":["https:\/\/www.globalong.com\/blog\/avis-temoignages-globalong\/thailande-andrea\/"]}]},{"@type":"ImageObject","inLanguage":"fr-FR","@id":"https:\/\/www.globalong.com\/blog\/avis-temoignages-globalong\/thailande-andrea\/#primaryimage","url":"https:\/\/www.globalong.com\/blog\/wp-content\/uploads\/2024\/06\/Capture-decran-2024-06-14-a-14.53.14.png","contentUrl":"https:\/\/www.globalong.com\/blog\/wp-content\/uploads\/2024\/06\/Capture-decran-2024-06-14-a-14.53.14.png","width":1449,"height":1240,"caption":"Mission humanitaire \u00e9l\u00e9phants"},{"@type":"BreadcrumbList","@id":"https:\/\/www.globalong.com\/blog\/avis-temoignages-globalong\/thailande-andrea\/#breadcrumb","itemListElement":[{"@type":"ListItem","position":1,"name":"Accueil","item":"https:\/\/www.globalong.com\/blog\/"},{"@type":"ListItem","position":2,"name":"T\u00e9moignages et avis de volontaires Globalong","item":"https:\/\/www.globalong.com\/blog\/avis-temoignages-globalong\/"},{"@type":"ListItem","position":3,"name":"Tha\u00eflande &#8211; Andr\u00e9a"}]},{"@type":"WebSite","@id":"https:\/\/www.globalong.com\/blog\/#website","url":"https:\/\/www.globalong.com\/blog\/","name":"https:\/\/www.globalong.com\/","description":"Mission humanitaire, stage \u00e9tudiant et voyage linguistique","publisher":{"@id":"https:\/\/www.globalong.com\/blog\/#organization"},"potentialAction":[{"@type":"SearchAction","target":{"@type":"EntryPoint","urlTemplate":"https:\/\/www.globalong.com\/blog\/?s={search_term_string}"},"query-input":{"@type":"PropertyValueSpecification","valueRequired":true,"valueName":"search_term_string"}}],"inLanguage":"fr-FR"},{"@type":"Organization","@id":"https:\/\/www.globalong.com\/blog\/#organization","name":"Association Globalong","url":"https:\/\/www.globalong.com\/blog\/","logo":{"@type":"ImageObject","inLanguage":"fr-FR","@id":"https:\/\/www.globalong.com\/blog\/#\/schema\/logo\/image\/","url":"https:\/\/www.globalong.com\/blog\/wp-content\/uploads\/2014\/11\/cropped-cropped-Logo-et-Afrique-Globalong-petite-taille-2.jpg","contentUrl":"https:\/\/www.globalong.com\/blog\/wp-content\/uploads\/2014\/11\/cropped-cropped-Logo-et-Afrique-Globalong-petite-taille-2.jpg","width":512,"height":512,"caption":"Association Globalong"},"image":{"@id":"https:\/\/www.globalong.com\/blog\/#\/schema\/logo\/image\/"},"sameAs":["https:\/\/www.facebook.com\/globalong"]}]}},"_links":{"self":[{"href":"https:\/\/www.globalong.com\/blog\/wp-json\/wp\/v2\/pages\/16923"}],"collection":[{"href":"https:\/\/www.globalong.com\/blog\/wp-json\/wp\/v2\/pages"}],"about":[{"href":"https:\/\/www.globalong.com\/blog\/wp-json\/wp\/v2\/types\/page"}],"author":[{"embeddable":true,"href":"https:\/\/www.globalong.com\/blog\/wp-json\/wp\/v2\/users\/11"}],"replies":[{"embeddable":true,"href":"https:\/\/www.globalong.com\/blog\/wp-json\/wp\/v2\/comments?post=16923"}],"version-history":[{"count":9,"href":"https:\/\/www.globalong.com\/blog\/wp-json\/wp\/v2\/pages\/16923\/revisions"}],"predecessor-version":[{"id":19792,"href":"https:\/\/www.globalong.com\/blog\/wp-json\/wp\/v2\/pages\/16923\/revisions\/19792"}],"up":[{"embeddable":true,"href":"https:\/\/www.globalong.com\/blog\/wp-json\/wp\/v2\/pages\/883"}],"wp:featuredmedia":[{"embeddable":true,"href":"https:\/\/www.globalong.com\/blog\/wp-json\/wp\/v2\/media\/16928"}],"wp:attachment":[{"href":"https:\/\/www.globalong.com\/blog\/wp-json\/wp\/v2\/media?parent=16923"}],"curies":[{"name":"wp","href":"https:\/\/api.w.org\/{rel}","templated":true}]}}