{"id":3211,"date":"2016-03-30T14:21:32","date_gmt":"2016-03-30T12:21:32","guid":{"rendered":"https:\/\/www.globalong.com\/blog\/?page_id=3211"},"modified":"2022-04-20T17:19:25","modified_gmt":"2022-04-20T15:19:25","slug":"afrique-du-sud-benevolat-globalong-international-afrique-humanitaire-volontariat-mission-programme-voyager-autrement","status":"publish","type":"page","link":"https:\/\/www.globalong.com\/blog\/avis-temoignages-globalong\/afrique-du-sud-benevolat-globalong-international-afrique-humanitaire-volontariat-mission-programme-voyager-autrement\/","title":{"rendered":"Afrique du Sud &#8211; Pierre-Alexandre"},"content":{"rendered":"<h4 style=\"text-align: center;\"><span style=\"color: #b81657;\">T\u00e9moignage de Pierre-Alexandre, b\u00e9n\u00e9vole avec Globalong\u00a0en Afrique du Sud<\/span><\/h4>\n<p style=\"text-align: justify;\"><a href=\"https:\/\/www.globalong.com\/blog\/wp-content\/uploads\/2016\/03\/DSCF7842-Copy.jpg\" rel=\"attachment wp-att-3226\"><img loading=\"lazy\" decoding=\"async\" class=\"size-medium wp-image-3226 aligncenter\" src=\"https:\/\/www.globalong.com\/blog\/wp-content\/uploads\/2016\/03\/DSCF7842-Copy-300x200.jpg\" alt=\"Mission de b\u00e9n\u00e9volat globalong en Afrique du Sud\" width=\"300\" height=\"200\" srcset=\"https:\/\/www.globalong.com\/blog\/wp-content\/uploads\/2016\/03\/DSCF7842-Copy-300x200.jpg 300w, https:\/\/www.globalong.com\/blog\/wp-content\/uploads\/2016\/03\/DSCF7842-Copy-768x512.jpg 768w, https:\/\/www.globalong.com\/blog\/wp-content\/uploads\/2016\/03\/DSCF7842-Copy-1024x683.jpg 1024w, https:\/\/www.globalong.com\/blog\/wp-content\/uploads\/2016\/03\/DSCF7842-Copy-150x100.jpg 150w, https:\/\/www.globalong.com\/blog\/wp-content\/uploads\/2016\/03\/DSCF7842-Copy.jpg 1152w\" sizes=\"(max-width: 300px) 100vw, 300px\" \/><\/a>Je suis parti en Afrique du Sud pendant 12 semaines.<\/p>\n<p style=\"text-align: justify;\">Lors de mon s\u00e9jour en Afrique du Sud j\u2019ai fait des rencontres int\u00e9ressantes et j\u2019ai pu pendant mon temps libre partir en excursions.<br \/>\nJe voulais partir pour am\u00e9liorer mon niveau d&rsquo;anglais, vivre une aventure, d\u00e9couvrir un nouveau pays avec une histoire forte.<\/p>\n<p style=\"text-align: justify;\">J\u2019ai effectu\u00e9 une p\u00e9riode d\u2019introduction, j\u2019ai donc suivi des cours individuels qui \u00e9taient de tr\u00e8s grande qualit\u00e9 ! Ensuite, j\u2019ai commenc\u00e9 ma p\u00e9riode de b\u00e9n\u00e9volat !<br \/>\nA l&rsquo;\u00e9cole, le prof avec qui j&rsquo;\u00e9tais, \u00e9tait tr\u00e8s sympa.<\/p>\n<p style=\"text-align: justify;\"><a href=\"https:\/\/www.globalong.com\/blog\/wp-content\/uploads\/2016\/03\/DSCF7843-Copy.jpg\" rel=\"attachment wp-att-3227\"><img loading=\"lazy\" decoding=\"async\" class=\"size-medium wp-image-3227 aligncenter\" src=\"https:\/\/www.globalong.com\/blog\/wp-content\/uploads\/2016\/03\/DSCF7843-Copy-300x200.jpg\" alt=\"Professeur en Afrique du Sud avec Globalong\" width=\"300\" height=\"200\" srcset=\"https:\/\/www.globalong.com\/blog\/wp-content\/uploads\/2016\/03\/DSCF7843-Copy-300x200.jpg 300w, https:\/\/www.globalong.com\/blog\/wp-content\/uploads\/2016\/03\/DSCF7843-Copy-768x512.jpg 768w, https:\/\/www.globalong.com\/blog\/wp-content\/uploads\/2016\/03\/DSCF7843-Copy-1024x683.jpg 1024w, https:\/\/www.globalong.com\/blog\/wp-content\/uploads\/2016\/03\/DSCF7843-Copy-150x100.jpg 150w, https:\/\/www.globalong.com\/blog\/wp-content\/uploads\/2016\/03\/DSCF7843-Copy.jpg 1152w\" sizes=\"(max-width: 300px) 100vw, 300px\" \/><\/a>C\u2019\u00e9tait tr\u00e8s int\u00e9ressant de c\u00f4toyer les enfants m\u00eame si nos classes \u00e9taient difficiles \u00e0 g\u00e9rer et leur anglais difficile \u00e0 comprendre.<br \/>\nA l&rsquo;h\u00f4pital, les enfants \u00e9taient adorables.<br \/>\nNous nous entendions tr\u00e8s bien.<\/p>\n<p style=\"text-align: justify;\">Cette exp\u00e9rience m\u2019a permis d\u2019am\u00e9liorer mon anglais et surtout de m\u2019apporter une ouverture d\u2019esprit cons\u00e9quente !<\/p>\n<p style=\"text-align: justify;\">Mon retour chez moi c\u2019est bien pass\u00e9, mais c\u2019\u00e9tait difficile de retourner en hier apr\u00e8s les semaines que j\u2019avais pass\u00e9 au soleil !<\/p>\n<p style=\"text-align: justify;\"><a href=\"https:\/\/www.globalong.com\/blog\/wp-content\/uploads\/2016\/03\/workshop.jpg\" rel=\"attachment wp-att-3229\"><img loading=\"lazy\" decoding=\"async\" class=\"size-medium wp-image-3229 aligncenter\" src=\"https:\/\/www.globalong.com\/blog\/wp-content\/uploads\/2016\/03\/workshop-300x234.jpg\" alt=\"Enseigner en Afrique du Sud avec Globalong B\u00e9n\u00e9volat \" width=\"300\" height=\"234\" srcset=\"https:\/\/www.globalong.com\/blog\/wp-content\/uploads\/2016\/03\/workshop-300x234.jpg 300w, https:\/\/www.globalong.com\/blog\/wp-content\/uploads\/2016\/03\/workshop-768x598.jpg 768w, https:\/\/www.globalong.com\/blog\/wp-content\/uploads\/2016\/03\/workshop-150x117.jpg 150w, https:\/\/www.globalong.com\/blog\/wp-content\/uploads\/2016\/03\/workshop.jpg 960w\" sizes=\"(max-width: 300px) 100vw, 300px\" \/><\/a>Je conseille aux futurs participants de prendre des initiatives. Il ne faut pas attendre qu\u2019on ait besoin de nous. Bien s\u00fbr, je vous conseille aussi de profiter \u00e0 fond.<\/p>\n<p style=\"text-align: justify;\">Globalong est un organisme super !! Je le recommande \u00e0 tous ceux qui veulent partir en missions humanitaire internationale !<\/p>\n<p style=\"text-align: justify;\">Pierre-Alexandre.<\/p>\n<p style=\"text-align: center;\">Vous aussi partez en mission de b\u00e9n\u00e9volat en Afrique du Sud avec Globalong ! <span style=\"text-decoration: underline; color: #b81657;\"><a style=\"color: #b81657; text-decoration: underline;\" href=\"https:\/\/www.globalong.com\/sejour-benevolat\/benevolat-afrique-du-sud.html\" target=\"_blank\" rel=\"noopener\">D\u00e9couvrez les missions ici !<\/a><\/span><\/p>\n<p style=\"text-align: center;\">N&rsquo;h\u00e9sitez pas \u00e0 nous contacter pour plus d&rsquo;informations \u00e0 <span style=\"text-decoration: underline; color: #b81657;\"><a style=\"color: #b81657; text-decoration: underline;\" href=\"mailto:info@globalong.com\">info@globalong.com<\/a><\/span><\/p>\n<p style=\"text-align: center;\"><span style=\"text-decoration: underline;\"><span style=\"color: #b81657;\"><a style=\"color: #b81657; text-decoration: underline;\" href=\"https:\/\/www.flickr.com\/photos\/globalong\/albums\/72157640876582423\" target=\"_blank\" rel=\"noopener\">Pour plus de photos sur l&rsquo;Afrique du Sud c&rsquo;est par l\u00e0 !<\/a><\/span><\/span><\/p>\n","protected":false},"excerpt":{"rendered":"<p>T\u00e9moignage de Pierre-Alexandre, b\u00e9n\u00e9vole avec Globalong\u00a0en Afrique du Sud Je suis parti en Afrique du Sud pendant 12 semaines. Lors de mon s\u00e9jour en Afrique du Sud j\u2019ai fait des rencontres int\u00e9ressantes et j\u2019ai pu pendant mon temps libre partir en excursions. Je voulais partir pour am\u00e9liorer mon niveau d&rsquo;anglais, vivre une aventure, d\u00e9couvrir un [&hellip;]<\/p>\n","protected":false},"author":3,"featured_media":5520,"parent":883,"menu_order":0,"comment_status":"open","ping_status":"closed","template":"","meta":{"footnotes":""},"yoast_head":"<!-- This site is optimized with the Yoast SEO Premium plugin v23.4 (Yoast SEO v23.4) - https:\/\/yoast.com\/wordpress\/plugins\/seo\/ -->\n<title>Afrique du Sud - Pierre-Alexandre - Association Globalong<\/title>\n<meta name=\"robots\" content=\"index, follow, max-snippet:-1, max-image-preview:large, max-video-preview:-1\" \/>\n<link rel=\"canonical\" href=\"https:\/\/www.globalong.com\/blog\/avis-temoignages-globalong\/afrique-du-sud-benevolat-globalong-international-afrique-humanitaire-volontariat-mission-programme-voyager-autrement\/\" \/>\n<meta property=\"og:locale\" content=\"fr_FR\" \/>\n<meta property=\"og:type\" content=\"article\" \/>\n<meta property=\"og:title\" content=\"Afrique du Sud - Pierre-Alexandre\" \/>\n<meta property=\"og:description\" content=\"T\u00e9moignage de Pierre-Alexandre, b\u00e9n\u00e9vole avec Globalong\u00a0en Afrique du Sud Je suis parti en Afrique du Sud pendant 12 semaines. Lors de mon s\u00e9jour en Afrique du Sud j\u2019ai fait des rencontres int\u00e9ressantes et j\u2019ai pu pendant mon temps libre partir en excursions. Je voulais partir pour am\u00e9liorer mon niveau d&rsquo;anglais, vivre une aventure, d\u00e9couvrir un [&hellip;]\" \/>\n<meta property=\"og:url\" content=\"https:\/\/www.globalong.com\/blog\/avis-temoignages-globalong\/afrique-du-sud-benevolat-globalong-international-afrique-humanitaire-volontariat-mission-programme-voyager-autrement\/\" \/>\n<meta property=\"og:site_name\" content=\"Association Globalong\" \/>\n<meta property=\"article:publisher\" content=\"https:\/\/www.facebook.com\/globalong\" \/>\n<meta property=\"article:modified_time\" content=\"2022-04-20T15:19:25+00:00\" \/>\n<meta property=\"og:image\" content=\"https:\/\/www.globalong.com\/blog\/wp-content\/uploads\/2016\/09\/Elephant-solitaire-Afrique-du-Sud-Globalong-1024x685.jpg\" \/>\n\t<meta property=\"og:image:width\" content=\"1024\" \/>\n\t<meta property=\"og:image:height\" content=\"685\" \/>\n\t<meta property=\"og:image:type\" content=\"image\/jpeg\" \/>\n<meta name=\"twitter:card\" content=\"summary_large_image\" \/>\n<meta name=\"twitter:label1\" content=\"Dur\u00e9e de lecture estim\u00e9e\" \/>\n\t<meta name=\"twitter:data1\" content=\"1 minute\" \/>\n<script type=\"application\/ld+json\" class=\"yoast-schema-graph\">{\"@context\":\"https:\/\/schema.org\",\"@graph\":[{\"@type\":\"WebPage\",\"@id\":\"https:\/\/www.globalong.com\/blog\/avis-temoignages-globalong\/afrique-du-sud-benevolat-globalong-international-afrique-humanitaire-volontariat-mission-programme-voyager-autrement\/\",\"url\":\"https:\/\/www.globalong.com\/blog\/avis-temoignages-globalong\/afrique-du-sud-benevolat-globalong-international-afrique-humanitaire-volontariat-mission-programme-voyager-autrement\/\",\"name\":\"Afrique du Sud - Pierre-Alexandre - Association Globalong\",\"isPartOf\":{\"@id\":\"https:\/\/www.globalong.com\/blog\/#website\"},\"primaryImageOfPage\":{\"@id\":\"https:\/\/www.globalong.com\/blog\/avis-temoignages-globalong\/afrique-du-sud-benevolat-globalong-international-afrique-humanitaire-volontariat-mission-programme-voyager-autrement\/#primaryimage\"},\"image\":{\"@id\":\"https:\/\/www.globalong.com\/blog\/avis-temoignages-globalong\/afrique-du-sud-benevolat-globalong-international-afrique-humanitaire-volontariat-mission-programme-voyager-autrement\/#primaryimage\"},\"thumbnailUrl\":\"https:\/\/www.globalong.com\/blog\/wp-content\/uploads\/2016\/09\/Elephant-solitaire-Afrique-du-Sud-Globalong.jpg\",\"datePublished\":\"2016-03-30T12:21:32+00:00\",\"dateModified\":\"2022-04-20T15:19:25+00:00\",\"breadcrumb\":{\"@id\":\"https:\/\/www.globalong.com\/blog\/avis-temoignages-globalong\/afrique-du-sud-benevolat-globalong-international-afrique-humanitaire-volontariat-mission-programme-voyager-autrement\/#breadcrumb\"},\"inLanguage\":\"fr-FR\",\"potentialAction\":[{\"@type\":\"ReadAction\",\"target\":[\"https:\/\/www.globalong.com\/blog\/avis-temoignages-globalong\/afrique-du-sud-benevolat-globalong-international-afrique-humanitaire-volontariat-mission-programme-voyager-autrement\/\"]}]},{\"@type\":\"ImageObject\",\"inLanguage\":\"fr-FR\",\"@id\":\"https:\/\/www.globalong.com\/blog\/avis-temoignages-globalong\/afrique-du-sud-benevolat-globalong-international-afrique-humanitaire-volontariat-mission-programme-voyager-autrement\/#primaryimage\",\"url\":\"https:\/\/www.globalong.com\/blog\/wp-content\/uploads\/2016\/09\/Elephant-solitaire-Afrique-du-Sud-Globalong.jpg\",\"contentUrl\":\"https:\/\/www.globalong.com\/blog\/wp-content\/uploads\/2016\/09\/Elephant-solitaire-Afrique-du-Sud-Globalong.jpg\",\"width\":3872,\"height\":2592,\"caption\":\"2l\u00e9phant en Afrique du Sud Safari et b\u00e9n\u00e9volat Globalong\"},{\"@type\":\"BreadcrumbList\",\"@id\":\"https:\/\/www.globalong.com\/blog\/avis-temoignages-globalong\/afrique-du-sud-benevolat-globalong-international-afrique-humanitaire-volontariat-mission-programme-voyager-autrement\/#breadcrumb\",\"itemListElement\":[{\"@type\":\"ListItem\",\"position\":1,\"name\":\"Accueil\",\"item\":\"https:\/\/www.globalong.com\/blog\/\"},{\"@type\":\"ListItem\",\"position\":2,\"name\":\"T\u00e9moignages et avis de volontaires Globalong\",\"item\":\"https:\/\/www.globalong.com\/blog\/avis-temoignages-globalong\/\"},{\"@type\":\"ListItem\",\"position\":3,\"name\":\"Afrique du Sud &#8211; Pierre-Alexandre\"}]},{\"@type\":\"WebSite\",\"@id\":\"https:\/\/www.globalong.com\/blog\/#website\",\"url\":\"https:\/\/www.globalong.com\/blog\/\",\"name\":\"https:\/\/www.globalong.com\/\",\"description\":\"Mission humanitaire, stage \u00e9tudiant et voyage linguistique\",\"publisher\":{\"@id\":\"https:\/\/www.globalong.com\/blog\/#organization\"},\"potentialAction\":[{\"@type\":\"SearchAction\",\"target\":{\"@type\":\"EntryPoint\",\"urlTemplate\":\"https:\/\/www.globalong.com\/blog\/?s={search_term_string}\"},\"query-input\":{\"@type\":\"PropertyValueSpecification\",\"valueRequired\":true,\"valueName\":\"search_term_string\"}}],\"inLanguage\":\"fr-FR\"},{\"@type\":\"Organization\",\"@id\":\"https:\/\/www.globalong.com\/blog\/#organization\",\"name\":\"Association Globalong\",\"url\":\"https:\/\/www.globalong.com\/blog\/\",\"logo\":{\"@type\":\"ImageObject\",\"inLanguage\":\"fr-FR\",\"@id\":\"https:\/\/www.globalong.com\/blog\/#\/schema\/logo\/image\/\",\"url\":\"https:\/\/www.globalong.com\/blog\/wp-content\/uploads\/2014\/11\/cropped-cropped-Logo-et-Afrique-Globalong-petite-taille-2.jpg\",\"contentUrl\":\"https:\/\/www.globalong.com\/blog\/wp-content\/uploads\/2014\/11\/cropped-cropped-Logo-et-Afrique-Globalong-petite-taille-2.jpg\",\"width\":512,\"height\":512,\"caption\":\"Association Globalong\"},\"image\":{\"@id\":\"https:\/\/www.globalong.com\/blog\/#\/schema\/logo\/image\/\"},\"sameAs\":[\"https:\/\/www.facebook.com\/globalong\"]}]}<\/script>\n<!-- \/ Yoast SEO Premium plugin. -->","yoast_head_json":{"title":"Afrique du Sud - Pierre-Alexandre - Association Globalong","robots":{"index":"index","follow":"follow","max-snippet":"max-snippet:-1","max-image-preview":"max-image-preview:large","max-video-preview":"max-video-preview:-1"},"canonical":"https:\/\/www.globalong.com\/blog\/avis-temoignages-globalong\/afrique-du-sud-benevolat-globalong-international-afrique-humanitaire-volontariat-mission-programme-voyager-autrement\/","og_locale":"fr_FR","og_type":"article","og_title":"Afrique du Sud - Pierre-Alexandre","og_description":"T\u00e9moignage de Pierre-Alexandre, b\u00e9n\u00e9vole avec Globalong\u00a0en Afrique du Sud Je suis parti en Afrique du Sud pendant 12 semaines. Lors de mon s\u00e9jour en Afrique du Sud j\u2019ai fait des rencontres int\u00e9ressantes et j\u2019ai pu pendant mon temps libre partir en excursions. Je voulais partir pour am\u00e9liorer mon niveau d&rsquo;anglais, vivre une aventure, d\u00e9couvrir un [&hellip;]","og_url":"https:\/\/www.globalong.com\/blog\/avis-temoignages-globalong\/afrique-du-sud-benevolat-globalong-international-afrique-humanitaire-volontariat-mission-programme-voyager-autrement\/","og_site_name":"Association Globalong","article_publisher":"https:\/\/www.facebook.com\/globalong","article_modified_time":"2022-04-20T15:19:25+00:00","og_image":[{"width":1024,"height":685,"url":"https:\/\/www.globalong.com\/blog\/wp-content\/uploads\/2016\/09\/Elephant-solitaire-Afrique-du-Sud-Globalong-1024x685.jpg","type":"image\/jpeg"}],"twitter_card":"summary_large_image","twitter_misc":{"Dur\u00e9e de lecture estim\u00e9e":"1 minute"},"schema":{"@context":"https:\/\/schema.org","@graph":[{"@type":"WebPage","@id":"https:\/\/www.globalong.com\/blog\/avis-temoignages-globalong\/afrique-du-sud-benevolat-globalong-international-afrique-humanitaire-volontariat-mission-programme-voyager-autrement\/","url":"https:\/\/www.globalong.com\/blog\/avis-temoignages-globalong\/afrique-du-sud-benevolat-globalong-international-afrique-humanitaire-volontariat-mission-programme-voyager-autrement\/","name":"Afrique du Sud - Pierre-Alexandre - Association Globalong","isPartOf":{"@id":"https:\/\/www.globalong.com\/blog\/#website"},"primaryImageOfPage":{"@id":"https:\/\/www.globalong.com\/blog\/avis-temoignages-globalong\/afrique-du-sud-benevolat-globalong-international-afrique-humanitaire-volontariat-mission-programme-voyager-autrement\/#primaryimage"},"image":{"@id":"https:\/\/www.globalong.com\/blog\/avis-temoignages-globalong\/afrique-du-sud-benevolat-globalong-international-afrique-humanitaire-volontariat-mission-programme-voyager-autrement\/#primaryimage"},"thumbnailUrl":"https:\/\/www.globalong.com\/blog\/wp-content\/uploads\/2016\/09\/Elephant-solitaire-Afrique-du-Sud-Globalong.jpg","datePublished":"2016-03-30T12:21:32+00:00","dateModified":"2022-04-20T15:19:25+00:00","breadcrumb":{"@id":"https:\/\/www.globalong.com\/blog\/avis-temoignages-globalong\/afrique-du-sud-benevolat-globalong-international-afrique-humanitaire-volontariat-mission-programme-voyager-autrement\/#breadcrumb"},"inLanguage":"fr-FR","potentialAction":[{"@type":"ReadAction","target":["https:\/\/www.globalong.com\/blog\/avis-temoignages-globalong\/afrique-du-sud-benevolat-globalong-international-afrique-humanitaire-volontariat-mission-programme-voyager-autrement\/"]}]},{"@type":"ImageObject","inLanguage":"fr-FR","@id":"https:\/\/www.globalong.com\/blog\/avis-temoignages-globalong\/afrique-du-sud-benevolat-globalong-international-afrique-humanitaire-volontariat-mission-programme-voyager-autrement\/#primaryimage","url":"https:\/\/www.globalong.com\/blog\/wp-content\/uploads\/2016\/09\/Elephant-solitaire-Afrique-du-Sud-Globalong.jpg","contentUrl":"https:\/\/www.globalong.com\/blog\/wp-content\/uploads\/2016\/09\/Elephant-solitaire-Afrique-du-Sud-Globalong.jpg","width":3872,"height":2592,"caption":"2l\u00e9phant en Afrique du Sud Safari et b\u00e9n\u00e9volat Globalong"},{"@type":"BreadcrumbList","@id":"https:\/\/www.globalong.com\/blog\/avis-temoignages-globalong\/afrique-du-sud-benevolat-globalong-international-afrique-humanitaire-volontariat-mission-programme-voyager-autrement\/#breadcrumb","itemListElement":[{"@type":"ListItem","position":1,"name":"Accueil","item":"https:\/\/www.globalong.com\/blog\/"},{"@type":"ListItem","position":2,"name":"T\u00e9moignages et avis de volontaires Globalong","item":"https:\/\/www.globalong.com\/blog\/avis-temoignages-globalong\/"},{"@type":"ListItem","position":3,"name":"Afrique du Sud &#8211; Pierre-Alexandre"}]},{"@type":"WebSite","@id":"https:\/\/www.globalong.com\/blog\/#website","url":"https:\/\/www.globalong.com\/blog\/","name":"https:\/\/www.globalong.com\/","description":"Mission humanitaire, stage \u00e9tudiant et voyage linguistique","publisher":{"@id":"https:\/\/www.globalong.com\/blog\/#organization"},"potentialAction":[{"@type":"SearchAction","target":{"@type":"EntryPoint","urlTemplate":"https:\/\/www.globalong.com\/blog\/?s={search_term_string}"},"query-input":{"@type":"PropertyValueSpecification","valueRequired":true,"valueName":"search_term_string"}}],"inLanguage":"fr-FR"},{"@type":"Organization","@id":"https:\/\/www.globalong.com\/blog\/#organization","name":"Association Globalong","url":"https:\/\/www.globalong.com\/blog\/","logo":{"@type":"ImageObject","inLanguage":"fr-FR","@id":"https:\/\/www.globalong.com\/blog\/#\/schema\/logo\/image\/","url":"https:\/\/www.globalong.com\/blog\/wp-content\/uploads\/2014\/11\/cropped-cropped-Logo-et-Afrique-Globalong-petite-taille-2.jpg","contentUrl":"https:\/\/www.globalong.com\/blog\/wp-content\/uploads\/2014\/11\/cropped-cropped-Logo-et-Afrique-Globalong-petite-taille-2.jpg","width":512,"height":512,"caption":"Association Globalong"},"image":{"@id":"https:\/\/www.globalong.com\/blog\/#\/schema\/logo\/image\/"},"sameAs":["https:\/\/www.facebook.com\/globalong"]}]}},"_links":{"self":[{"href":"https:\/\/www.globalong.com\/blog\/wp-json\/wp\/v2\/pages\/3211"}],"collection":[{"href":"https:\/\/www.globalong.com\/blog\/wp-json\/wp\/v2\/pages"}],"about":[{"href":"https:\/\/www.globalong.com\/blog\/wp-json\/wp\/v2\/types\/page"}],"author":[{"embeddable":true,"href":"https:\/\/www.globalong.com\/blog\/wp-json\/wp\/v2\/users\/3"}],"replies":[{"embeddable":true,"href":"https:\/\/www.globalong.com\/blog\/wp-json\/wp\/v2\/comments?post=3211"}],"version-history":[{"count":19,"href":"https:\/\/www.globalong.com\/blog\/wp-json\/wp\/v2\/pages\/3211\/revisions"}],"predecessor-version":[{"id":14394,"href":"https:\/\/www.globalong.com\/blog\/wp-json\/wp\/v2\/pages\/3211\/revisions\/14394"}],"up":[{"embeddable":true,"href":"https:\/\/www.globalong.com\/blog\/wp-json\/wp\/v2\/pages\/883"}],"wp:featuredmedia":[{"embeddable":true,"href":"https:\/\/www.globalong.com\/blog\/wp-json\/wp\/v2\/media\/5520"}],"wp:attachment":[{"href":"https:\/\/www.globalong.com\/blog\/wp-json\/wp\/v2\/media?parent=3211"}],"curies":[{"name":"wp","href":"https:\/\/api.w.org\/{rel}","templated":true}]}}