{"id":3314,"date":"2016-03-30T16:19:21","date_gmt":"2016-03-30T14:19:21","guid":{"rendered":"https:\/\/www.globalong.com\/blog\/?page_id=3314"},"modified":"2022-04-28T18:39:19","modified_gmt":"2022-04-28T16:39:19","slug":"cambodge-alexia-humanitaire-voyager-autrement-change-la-vie-globalong-benevolat-humanitariat-enfants-volontariat-aide-missions-orphelinat","status":"publish","type":"page","link":"https:\/\/www.globalong.com\/blog\/avis-temoignages-globalong\/cambodge-alexia-humanitaire-voyager-autrement-change-la-vie-globalong-benevolat-humanitariat-enfants-volontariat-aide-missions-orphelinat\/","title":{"rendered":"Cambodge &#8211; Alexia"},"content":{"rendered":"<h4 style=\"text-align: center;\"><span style=\"text-decoration: underline;\"><span style=\"color: #b81657; text-decoration: underline;\">T\u00e9moignage d&rsquo;Alexia b\u00e9n\u00e9vole au Cambodge\u00a0avec Globalong,<\/span><\/span><\/h4>\n<p style=\"text-align: justify;\"><a href=\"https:\/\/www.globalong.com\/blog\/wp-content\/uploads\/2016\/03\/IMG_1779.jpg\" rel=\"attachment wp-att-3316\"><img loading=\"lazy\" decoding=\"async\" class=\"wp-image-3316 aligncenter\" src=\"https:\/\/www.globalong.com\/blog\/wp-content\/uploads\/2016\/03\/IMG_1779-225x300.jpg\" alt=\"Mission de b\u00e9n\u00e9volat au Cambodge avec Globalong\" width=\"250\" height=\"333\" srcset=\"https:\/\/www.globalong.com\/blog\/wp-content\/uploads\/2016\/03\/IMG_1779-225x300.jpg 225w, https:\/\/www.globalong.com\/blog\/wp-content\/uploads\/2016\/03\/IMG_1779-113x150.jpg 113w, https:\/\/www.globalong.com\/blog\/wp-content\/uploads\/2016\/03\/IMG_1779.jpg 240w\" sizes=\"(max-width: 250px) 100vw, 250px\" \/><\/a>Je suis partie au Cambodge \u00e0 Pnom Penh dans un orphelinat pendant 3 semaines.<\/p>\n<p style=\"text-align: justify;\">Le week-end j&rsquo;ai visit\u00e9 la capitale et le week-end d&rsquo;apr\u00e8s des temples anciens aux alentours de la ville.<\/p>\n<p style=\"text-align: justify;\">J\u2019ai aussi eu l\u2019occasion de rencontrer des personnes int\u00e9ressantes comme un cuisinier de la maison Star Kampuchea, le r\u00e9ceptionniste et des volontaires fran\u00e7ais pr\u00e9sents en m\u00eame temps que moi dans la maison.<\/p>\n<p style=\"text-align: justify;\">Je voulais partir pour aider ceux qui en ont besoin, savoir ce que c&rsquo;est d&rsquo;\u00eatre utile, d\u00e9couvrir une nouvelle culture donc d\u00e9velopper son esprit critique !<\/p>\n<p style=\"text-align: justify;\">Lors de ma p\u00e9riode de b\u00e9n\u00e9volat le staff communiquais peu. J\u2019\u00e9tais un peu livr\u00e9e \u00e0 moi-m\u00eame (horaires, activit\u00e9s\u2026) mais sinon les enfants sont adorables et toujours partants pour de nouveaux jeux.<\/p>\n<p style=\"text-align: justify;\">Le coordinateur \u00e9tait tr\u00e8s disponible et souriant.<\/p>\n<p style=\"text-align: justify;\"><a href=\"https:\/\/www.globalong.com\/blog\/wp-content\/uploads\/2016\/03\/IMG_1761-1.jpg\" rel=\"attachment wp-att-3320\"><img loading=\"lazy\" decoding=\"async\" class=\"wp-image-3320 aligncenter\" src=\"https:\/\/www.globalong.com\/blog\/wp-content\/uploads\/2016\/03\/IMG_1761-1-225x300.jpg\" alt=\"B\u00e9n\u00e9volat Cambodge Globalong humanitaire Phnom penh\" width=\"250\" height=\"333\" srcset=\"https:\/\/www.globalong.com\/blog\/wp-content\/uploads\/2016\/03\/IMG_1761-1-225x300.jpg 225w, https:\/\/www.globalong.com\/blog\/wp-content\/uploads\/2016\/03\/IMG_1761-1-113x150.jpg 113w, https:\/\/www.globalong.com\/blog\/wp-content\/uploads\/2016\/03\/IMG_1761-1.jpg 240w\" sizes=\"(max-width: 250px) 100vw, 250px\" \/><\/a>D&rsquo;un point de vue personnel cette exp\u00e9rience ne m\u2019a pas apport\u00e9e une nouvelle vision de la vie mais j&rsquo;ai appris de nombreuses choses sur les diff\u00e9rences culturelles, le fait de vivre dans un pays si\u2026 bouleversant et compliqu\u00e9.<\/p>\n<p style=\"text-align: justify;\">Le retour chez moi \u00e9tait facile car j&rsquo;avais la chance d&rsquo;avoir des vacances apr\u00e8s mon exp\u00e9rience. Mais ma t\u00eate \u00e9tait toujours au Cambodge\u2026 Avec les enfants\u2026 Et revoir les photos est difficile.<\/p>\n<p style=\"text-align: justify;\">Je conseillerais aux futurs b\u00e9n\u00e9voles de venir avec de l\u2019argent. Vous serez plus libre de faire ce qu\u2019il vous plait.<\/p>\n<p style=\"text-align: justify;\">Je recommande Globalong sans probl\u00e8me. De plus Sophie est tr\u00e8s disponible et communiquer avec elle est facile !<\/p>\n<p style=\"text-align: justify;\">Alexia.<\/p>\n<p style=\"text-align: left;\">Vous aussi partez en mission avec Globalong au Cambodge <span style=\"text-decoration: underline;\"><span style=\"color: #b81657;\"><a style=\"color: #b81657; text-decoration: underline;\" href=\"https:\/\/www.globalong.com\/sejour-benevolat\/benevolat-cambodge-enfants.html\" target=\"_blank\" rel=\"noopener\">en cliquant ici !<\/a><\/span><\/span><\/p>\n<p style=\"text-align: left;\">N&rsquo;h\u00e9sitez pas \u00e0 nous contacter pour plus d&rsquo;informations \u00e0 l&rsquo;adresse <span style=\"text-decoration: underline;\"><a href=\"mailto:info@globalong.com\">info@globalong.com<\/a><\/span><\/p>\n<p style=\"text-align: left;\"><span style=\"text-decoration: underline;\"><span style=\"color: #b81657;\"><a style=\"color: #b81657; text-decoration: underline;\" href=\"https:\/\/www.flickr.com\/photos\/globalong\/albums\/72157639827967953\/page1\" target=\"_blank\" rel=\"noopener\">D\u00e9couvrez plus de photos du Cambodge ici !<\/a><\/span><\/span><\/p>\n","protected":false},"excerpt":{"rendered":"<p>T\u00e9moignage d&rsquo;Alexia b\u00e9n\u00e9vole au Cambodge\u00a0avec Globalong, Je suis partie au Cambodge \u00e0 Pnom Penh dans un orphelinat pendant 3 semaines. Le week-end j&rsquo;ai visit\u00e9 la capitale et le week-end d&rsquo;apr\u00e8s des temples anciens aux alentours de la ville. J\u2019ai aussi eu l\u2019occasion de rencontrer des personnes int\u00e9ressantes comme un cuisinier de la maison Star Kampuchea, [&hellip;]<\/p>\n","protected":false},"author":3,"featured_media":3322,"parent":883,"menu_order":0,"comment_status":"open","ping_status":"closed","template":"","meta":{"footnotes":""},"yoast_head":"<!-- This site is optimized with the Yoast SEO Premium plugin v23.4 (Yoast SEO v23.4) - https:\/\/yoast.com\/wordpress\/plugins\/seo\/ -->\n<title>Cambodge - Alexia - Association Globalong<\/title>\n<meta name=\"robots\" content=\"index, follow, max-snippet:-1, max-image-preview:large, max-video-preview:-1\" \/>\n<link rel=\"canonical\" href=\"https:\/\/www.globalong.com\/blog\/avis-temoignages-globalong\/cambodge-alexia-humanitaire-voyager-autrement-change-la-vie-globalong-benevolat-humanitariat-enfants-volontariat-aide-missions-orphelinat\/\" \/>\n<meta property=\"og:locale\" content=\"fr_FR\" \/>\n<meta property=\"og:type\" content=\"article\" \/>\n<meta property=\"og:title\" content=\"Cambodge - Alexia\" \/>\n<meta property=\"og:description\" content=\"T\u00e9moignage d&rsquo;Alexia b\u00e9n\u00e9vole au Cambodge\u00a0avec Globalong, Je suis partie au Cambodge \u00e0 Pnom Penh dans un orphelinat pendant 3 semaines. Le week-end j&rsquo;ai visit\u00e9 la capitale et le week-end d&rsquo;apr\u00e8s des temples anciens aux alentours de la ville. J\u2019ai aussi eu l\u2019occasion de rencontrer des personnes int\u00e9ressantes comme un cuisinier de la maison Star Kampuchea, [&hellip;]\" \/>\n<meta property=\"og:url\" content=\"https:\/\/www.globalong.com\/blog\/avis-temoignages-globalong\/cambodge-alexia-humanitaire-voyager-autrement-change-la-vie-globalong-benevolat-humanitariat-enfants-volontariat-aide-missions-orphelinat\/\" \/>\n<meta property=\"og:site_name\" content=\"Association Globalong\" \/>\n<meta property=\"article:publisher\" content=\"https:\/\/www.facebook.com\/globalong\" \/>\n<meta property=\"article:modified_time\" content=\"2022-04-28T16:39:19+00:00\" \/>\n<meta property=\"og:image\" content=\"https:\/\/www.globalong.com\/blog\/wp-content\/uploads\/2016\/03\/IMG_1820-1.jpg\" \/>\n\t<meta property=\"og:image:width\" content=\"320\" \/>\n\t<meta property=\"og:image:height\" content=\"240\" \/>\n\t<meta property=\"og:image:type\" content=\"image\/jpeg\" \/>\n<meta name=\"twitter:card\" content=\"summary_large_image\" \/>\n<meta name=\"twitter:label1\" content=\"Dur\u00e9e de lecture estim\u00e9e\" \/>\n\t<meta name=\"twitter:data1\" content=\"2 minutes\" \/>\n<script type=\"application\/ld+json\" class=\"yoast-schema-graph\">{\"@context\":\"https:\/\/schema.org\",\"@graph\":[{\"@type\":\"WebPage\",\"@id\":\"https:\/\/www.globalong.com\/blog\/avis-temoignages-globalong\/cambodge-alexia-humanitaire-voyager-autrement-change-la-vie-globalong-benevolat-humanitariat-enfants-volontariat-aide-missions-orphelinat\/\",\"url\":\"https:\/\/www.globalong.com\/blog\/avis-temoignages-globalong\/cambodge-alexia-humanitaire-voyager-autrement-change-la-vie-globalong-benevolat-humanitariat-enfants-volontariat-aide-missions-orphelinat\/\",\"name\":\"Cambodge - Alexia - Association Globalong\",\"isPartOf\":{\"@id\":\"https:\/\/www.globalong.com\/blog\/#website\"},\"primaryImageOfPage\":{\"@id\":\"https:\/\/www.globalong.com\/blog\/avis-temoignages-globalong\/cambodge-alexia-humanitaire-voyager-autrement-change-la-vie-globalong-benevolat-humanitariat-enfants-volontariat-aide-missions-orphelinat\/#primaryimage\"},\"image\":{\"@id\":\"https:\/\/www.globalong.com\/blog\/avis-temoignages-globalong\/cambodge-alexia-humanitaire-voyager-autrement-change-la-vie-globalong-benevolat-humanitariat-enfants-volontariat-aide-missions-orphelinat\/#primaryimage\"},\"thumbnailUrl\":\"https:\/\/www.globalong.com\/blog\/wp-content\/uploads\/2016\/03\/IMG_1820-1.jpg\",\"datePublished\":\"2016-03-30T14:19:21+00:00\",\"dateModified\":\"2022-04-28T16:39:19+00:00\",\"breadcrumb\":{\"@id\":\"https:\/\/www.globalong.com\/blog\/avis-temoignages-globalong\/cambodge-alexia-humanitaire-voyager-autrement-change-la-vie-globalong-benevolat-humanitariat-enfants-volontariat-aide-missions-orphelinat\/#breadcrumb\"},\"inLanguage\":\"fr-FR\",\"potentialAction\":[{\"@type\":\"ReadAction\",\"target\":[\"https:\/\/www.globalong.com\/blog\/avis-temoignages-globalong\/cambodge-alexia-humanitaire-voyager-autrement-change-la-vie-globalong-benevolat-humanitariat-enfants-volontariat-aide-missions-orphelinat\/\"]}]},{\"@type\":\"ImageObject\",\"inLanguage\":\"fr-FR\",\"@id\":\"https:\/\/www.globalong.com\/blog\/avis-temoignages-globalong\/cambodge-alexia-humanitaire-voyager-autrement-change-la-vie-globalong-benevolat-humanitariat-enfants-volontariat-aide-missions-orphelinat\/#primaryimage\",\"url\":\"https:\/\/www.globalong.com\/blog\/wp-content\/uploads\/2016\/03\/IMG_1820-1.jpg\",\"contentUrl\":\"https:\/\/www.globalong.com\/blog\/wp-content\/uploads\/2016\/03\/IMG_1820-1.jpg\",\"width\":320,\"height\":240,\"caption\":\"Globalong b\u00e9n\u00e9volat Cambodge\"},{\"@type\":\"BreadcrumbList\",\"@id\":\"https:\/\/www.globalong.com\/blog\/avis-temoignages-globalong\/cambodge-alexia-humanitaire-voyager-autrement-change-la-vie-globalong-benevolat-humanitariat-enfants-volontariat-aide-missions-orphelinat\/#breadcrumb\",\"itemListElement\":[{\"@type\":\"ListItem\",\"position\":1,\"name\":\"Accueil\",\"item\":\"https:\/\/www.globalong.com\/blog\/\"},{\"@type\":\"ListItem\",\"position\":2,\"name\":\"T\u00e9moignages et avis de volontaires Globalong\",\"item\":\"https:\/\/www.globalong.com\/blog\/avis-temoignages-globalong\/\"},{\"@type\":\"ListItem\",\"position\":3,\"name\":\"Cambodge &#8211; Alexia\"}]},{\"@type\":\"WebSite\",\"@id\":\"https:\/\/www.globalong.com\/blog\/#website\",\"url\":\"https:\/\/www.globalong.com\/blog\/\",\"name\":\"https:\/\/www.globalong.com\/\",\"description\":\"Mission humanitaire, stage \u00e9tudiant et voyage linguistique\",\"publisher\":{\"@id\":\"https:\/\/www.globalong.com\/blog\/#organization\"},\"potentialAction\":[{\"@type\":\"SearchAction\",\"target\":{\"@type\":\"EntryPoint\",\"urlTemplate\":\"https:\/\/www.globalong.com\/blog\/?s={search_term_string}\"},\"query-input\":{\"@type\":\"PropertyValueSpecification\",\"valueRequired\":true,\"valueName\":\"search_term_string\"}}],\"inLanguage\":\"fr-FR\"},{\"@type\":\"Organization\",\"@id\":\"https:\/\/www.globalong.com\/blog\/#organization\",\"name\":\"Association Globalong\",\"url\":\"https:\/\/www.globalong.com\/blog\/\",\"logo\":{\"@type\":\"ImageObject\",\"inLanguage\":\"fr-FR\",\"@id\":\"https:\/\/www.globalong.com\/blog\/#\/schema\/logo\/image\/\",\"url\":\"https:\/\/www.globalong.com\/blog\/wp-content\/uploads\/2014\/11\/cropped-cropped-Logo-et-Afrique-Globalong-petite-taille-2.jpg\",\"contentUrl\":\"https:\/\/www.globalong.com\/blog\/wp-content\/uploads\/2014\/11\/cropped-cropped-Logo-et-Afrique-Globalong-petite-taille-2.jpg\",\"width\":512,\"height\":512,\"caption\":\"Association Globalong\"},\"image\":{\"@id\":\"https:\/\/www.globalong.com\/blog\/#\/schema\/logo\/image\/\"},\"sameAs\":[\"https:\/\/www.facebook.com\/globalong\"]}]}<\/script>\n<!-- \/ Yoast SEO Premium plugin. -->","yoast_head_json":{"title":"Cambodge - Alexia - Association Globalong","robots":{"index":"index","follow":"follow","max-snippet":"max-snippet:-1","max-image-preview":"max-image-preview:large","max-video-preview":"max-video-preview:-1"},"canonical":"https:\/\/www.globalong.com\/blog\/avis-temoignages-globalong\/cambodge-alexia-humanitaire-voyager-autrement-change-la-vie-globalong-benevolat-humanitariat-enfants-volontariat-aide-missions-orphelinat\/","og_locale":"fr_FR","og_type":"article","og_title":"Cambodge - Alexia","og_description":"T\u00e9moignage d&rsquo;Alexia b\u00e9n\u00e9vole au Cambodge\u00a0avec Globalong, Je suis partie au Cambodge \u00e0 Pnom Penh dans un orphelinat pendant 3 semaines. Le week-end j&rsquo;ai visit\u00e9 la capitale et le week-end d&rsquo;apr\u00e8s des temples anciens aux alentours de la ville. J\u2019ai aussi eu l\u2019occasion de rencontrer des personnes int\u00e9ressantes comme un cuisinier de la maison Star Kampuchea, [&hellip;]","og_url":"https:\/\/www.globalong.com\/blog\/avis-temoignages-globalong\/cambodge-alexia-humanitaire-voyager-autrement-change-la-vie-globalong-benevolat-humanitariat-enfants-volontariat-aide-missions-orphelinat\/","og_site_name":"Association Globalong","article_publisher":"https:\/\/www.facebook.com\/globalong","article_modified_time":"2022-04-28T16:39:19+00:00","og_image":[{"width":320,"height":240,"url":"https:\/\/www.globalong.com\/blog\/wp-content\/uploads\/2016\/03\/IMG_1820-1.jpg","type":"image\/jpeg"}],"twitter_card":"summary_large_image","twitter_misc":{"Dur\u00e9e de lecture estim\u00e9e":"2 minutes"},"schema":{"@context":"https:\/\/schema.org","@graph":[{"@type":"WebPage","@id":"https:\/\/www.globalong.com\/blog\/avis-temoignages-globalong\/cambodge-alexia-humanitaire-voyager-autrement-change-la-vie-globalong-benevolat-humanitariat-enfants-volontariat-aide-missions-orphelinat\/","url":"https:\/\/www.globalong.com\/blog\/avis-temoignages-globalong\/cambodge-alexia-humanitaire-voyager-autrement-change-la-vie-globalong-benevolat-humanitariat-enfants-volontariat-aide-missions-orphelinat\/","name":"Cambodge - Alexia - Association Globalong","isPartOf":{"@id":"https:\/\/www.globalong.com\/blog\/#website"},"primaryImageOfPage":{"@id":"https:\/\/www.globalong.com\/blog\/avis-temoignages-globalong\/cambodge-alexia-humanitaire-voyager-autrement-change-la-vie-globalong-benevolat-humanitariat-enfants-volontariat-aide-missions-orphelinat\/#primaryimage"},"image":{"@id":"https:\/\/www.globalong.com\/blog\/avis-temoignages-globalong\/cambodge-alexia-humanitaire-voyager-autrement-change-la-vie-globalong-benevolat-humanitariat-enfants-volontariat-aide-missions-orphelinat\/#primaryimage"},"thumbnailUrl":"https:\/\/www.globalong.com\/blog\/wp-content\/uploads\/2016\/03\/IMG_1820-1.jpg","datePublished":"2016-03-30T14:19:21+00:00","dateModified":"2022-04-28T16:39:19+00:00","breadcrumb":{"@id":"https:\/\/www.globalong.com\/blog\/avis-temoignages-globalong\/cambodge-alexia-humanitaire-voyager-autrement-change-la-vie-globalong-benevolat-humanitariat-enfants-volontariat-aide-missions-orphelinat\/#breadcrumb"},"inLanguage":"fr-FR","potentialAction":[{"@type":"ReadAction","target":["https:\/\/www.globalong.com\/blog\/avis-temoignages-globalong\/cambodge-alexia-humanitaire-voyager-autrement-change-la-vie-globalong-benevolat-humanitariat-enfants-volontariat-aide-missions-orphelinat\/"]}]},{"@type":"ImageObject","inLanguage":"fr-FR","@id":"https:\/\/www.globalong.com\/blog\/avis-temoignages-globalong\/cambodge-alexia-humanitaire-voyager-autrement-change-la-vie-globalong-benevolat-humanitariat-enfants-volontariat-aide-missions-orphelinat\/#primaryimage","url":"https:\/\/www.globalong.com\/blog\/wp-content\/uploads\/2016\/03\/IMG_1820-1.jpg","contentUrl":"https:\/\/www.globalong.com\/blog\/wp-content\/uploads\/2016\/03\/IMG_1820-1.jpg","width":320,"height":240,"caption":"Globalong b\u00e9n\u00e9volat Cambodge"},{"@type":"BreadcrumbList","@id":"https:\/\/www.globalong.com\/blog\/avis-temoignages-globalong\/cambodge-alexia-humanitaire-voyager-autrement-change-la-vie-globalong-benevolat-humanitariat-enfants-volontariat-aide-missions-orphelinat\/#breadcrumb","itemListElement":[{"@type":"ListItem","position":1,"name":"Accueil","item":"https:\/\/www.globalong.com\/blog\/"},{"@type":"ListItem","position":2,"name":"T\u00e9moignages et avis de volontaires Globalong","item":"https:\/\/www.globalong.com\/blog\/avis-temoignages-globalong\/"},{"@type":"ListItem","position":3,"name":"Cambodge &#8211; Alexia"}]},{"@type":"WebSite","@id":"https:\/\/www.globalong.com\/blog\/#website","url":"https:\/\/www.globalong.com\/blog\/","name":"https:\/\/www.globalong.com\/","description":"Mission humanitaire, stage \u00e9tudiant et voyage linguistique","publisher":{"@id":"https:\/\/www.globalong.com\/blog\/#organization"},"potentialAction":[{"@type":"SearchAction","target":{"@type":"EntryPoint","urlTemplate":"https:\/\/www.globalong.com\/blog\/?s={search_term_string}"},"query-input":{"@type":"PropertyValueSpecification","valueRequired":true,"valueName":"search_term_string"}}],"inLanguage":"fr-FR"},{"@type":"Organization","@id":"https:\/\/www.globalong.com\/blog\/#organization","name":"Association Globalong","url":"https:\/\/www.globalong.com\/blog\/","logo":{"@type":"ImageObject","inLanguage":"fr-FR","@id":"https:\/\/www.globalong.com\/blog\/#\/schema\/logo\/image\/","url":"https:\/\/www.globalong.com\/blog\/wp-content\/uploads\/2014\/11\/cropped-cropped-Logo-et-Afrique-Globalong-petite-taille-2.jpg","contentUrl":"https:\/\/www.globalong.com\/blog\/wp-content\/uploads\/2014\/11\/cropped-cropped-Logo-et-Afrique-Globalong-petite-taille-2.jpg","width":512,"height":512,"caption":"Association Globalong"},"image":{"@id":"https:\/\/www.globalong.com\/blog\/#\/schema\/logo\/image\/"},"sameAs":["https:\/\/www.facebook.com\/globalong"]}]}},"_links":{"self":[{"href":"https:\/\/www.globalong.com\/blog\/wp-json\/wp\/v2\/pages\/3314"}],"collection":[{"href":"https:\/\/www.globalong.com\/blog\/wp-json\/wp\/v2\/pages"}],"about":[{"href":"https:\/\/www.globalong.com\/blog\/wp-json\/wp\/v2\/types\/page"}],"author":[{"embeddable":true,"href":"https:\/\/www.globalong.com\/blog\/wp-json\/wp\/v2\/users\/3"}],"replies":[{"embeddable":true,"href":"https:\/\/www.globalong.com\/blog\/wp-json\/wp\/v2\/comments?post=3314"}],"version-history":[{"count":10,"href":"https:\/\/www.globalong.com\/blog\/wp-json\/wp\/v2\/pages\/3314\/revisions"}],"predecessor-version":[{"id":14423,"href":"https:\/\/www.globalong.com\/blog\/wp-json\/wp\/v2\/pages\/3314\/revisions\/14423"}],"up":[{"embeddable":true,"href":"https:\/\/www.globalong.com\/blog\/wp-json\/wp\/v2\/pages\/883"}],"wp:featuredmedia":[{"embeddable":true,"href":"https:\/\/www.globalong.com\/blog\/wp-json\/wp\/v2\/media\/3322"}],"wp:attachment":[{"href":"https:\/\/www.globalong.com\/blog\/wp-json\/wp\/v2\/media?parent=3314"}],"curies":[{"name":"wp","href":"https:\/\/api.w.org\/{rel}","templated":true}]}}