{"id":3511,"date":"2016-04-04T11:43:24","date_gmt":"2016-04-04T09:43:24","guid":{"rendered":"https:\/\/www.globalong.com\/blog\/?page_id=3511"},"modified":"2022-05-08T16:07:58","modified_gmt":"2022-05-08T14:07:58","slug":"vietnam-asie-globalong-benevolat-humanitaire-humanitariat-volontaire-volontariat-voyage-stage-experience","status":"publish","type":"page","link":"https:\/\/www.globalong.com\/blog\/avis-temoignages-globalong\/vietnam-asie-globalong-benevolat-humanitaire-humanitariat-volontaire-volontariat-voyage-stage-experience\/","title":{"rendered":"Vietnam &#8211; Amandine"},"content":{"rendered":"<h4 style=\"text-align: center;\"><span style=\"color: #b81657;\">T\u00e9moignage d&rsquo;Amandine, b\u00e9n\u00e9vole avec Globalong au Vietnam<\/span><\/h4>\n<p style=\"text-align: justify;\"><a href=\"https:\/\/www.globalong.com\/blog\/wp-content\/uploads\/2016\/03\/24_viet.jpg\" rel=\"attachment wp-att-3432\"><img loading=\"lazy\" decoding=\"async\" class=\"wp-image-3432 aligncenter\" src=\"https:\/\/www.globalong.com\/blog\/wp-content\/uploads\/2016\/03\/24_viet.jpg\" alt=\"Mission de b\u00e9n\u00e9volat au Vietnam avec Globalong\" width=\"250\" height=\"250\" srcset=\"https:\/\/www.globalong.com\/blog\/wp-content\/uploads\/2016\/03\/24_viet.jpg 190w, https:\/\/www.globalong.com\/blog\/wp-content\/uploads\/2016\/03\/24_viet-150x150.jpg 150w\" sizes=\"(max-width: 250px) 100vw, 250px\" \/><\/a>Je suis partie au <span style=\"text-decoration: underline;\"><a href=\"https:\/\/www.globalong.com\/sejour-benevolat\/benevolat-vietnam-humanitaire.html\" target=\"_blank\" rel=\"noopener\">Vietnam pour une dur\u00e9e de 3 semaines<\/a><\/span> dans un centre pour enfants en situation de handicap.<\/p>\n<p style=\"text-align: justify;\">Durant mon s\u00e9jour j&rsquo;ai profit\u00e9 de chaque instant de temps libre pour d\u00e9couvrir le Vietnam, aller \u00e0 la rencontre de la population mais \u00e9galement d\u00e9couvrir les coutumes.<\/p>\n<p style=\"text-align: justify;\">J&rsquo;ai visit\u00e9 la baie d&rsquo;Halong (Cat ba) mais \u00e9galement la baie d&rsquo;Halong terrestre(Tam coc&#8230;) et Hano\u00ef pendant la semaine.<\/p>\n<p style=\"text-align: justify;\">J&rsquo;ai fait \u00e9norm\u00e9ment de rencontres int\u00e9ressantes.Que ce soit au sein de mon h\u00e9bergement avec le staff, les volontaires ou encore les \u00e9tudiants vietnamiens, mais \u00e9galement au sein de ma mission au centre pour enfants en situation de <a href=\"https:\/\/www.globalong.com\/blog\/wp-content\/uploads\/2016\/03\/06_viet.jpg\" rel=\"attachment wp-att-3429\"><img loading=\"lazy\" decoding=\"async\" class=\"wp-image-3429 aligncenter\" src=\"https:\/\/www.globalong.com\/blog\/wp-content\/uploads\/2016\/03\/06_viet.jpg\" alt=\"Mission de b\u00e9n\u00e9volat au Vietnam avec Globalong\" width=\"250\" height=\"250\" srcset=\"https:\/\/www.globalong.com\/blog\/wp-content\/uploads\/2016\/03\/06_viet.jpg 190w, https:\/\/www.globalong.com\/blog\/wp-content\/uploads\/2016\/03\/06_viet-150x150.jpg 150w\" sizes=\"(max-width: 250px) 100vw, 250px\" \/><\/a>handicap et durant mes excursions et visites aupr\u00e8s la population locale.<\/p>\n<p style=\"text-align: justify;\">Je voulais partir car c\u2019\u00e9tait une envie et un d\u00e9sir depuis plusieurs ann\u00e9es.<\/p>\n<p style=\"text-align: justify;\">Je voulais apr\u00e8s mes \u00e9tudes d&rsquo;\u00e9ducatrice me prendre un temps de d\u00e9couverte, d&rsquo;aventure en donnant de mon temps et de moi aupr\u00e8s d&rsquo;enfants handicap\u00e9s.<\/p>\n<p style=\"text-align: justify;\">D\u00e9couvrir l&rsquo;approche et la prise en charge du handicap dans un autre pays que la France.<\/p>\n<p style=\"text-align: justify;\">La p\u00e9riode d&rsquo;introduction s&rsquo;est tr\u00e8s bien d\u00e9roul\u00e9e. J&rsquo;ai \u00e9t\u00e9 accompagn\u00e9e par le staff ainsi que les \u00e9tudiants vietnamiens durant la journ\u00e9e de d\u00e9couverte de Hano\u00ef.<\/p>\n<p style=\"text-align: justify;\"><a href=\"https:\/\/www.globalong.com\/blog\/wp-content\/uploads\/2016\/03\/21_viet.jpg\" rel=\"attachment wp-att-3431\"><img loading=\"lazy\" decoding=\"async\" class=\"wp-image-3431 aligncenter\" src=\"https:\/\/www.globalong.com\/blog\/wp-content\/uploads\/2016\/03\/21_viet.jpg\" alt=\"Mission de b\u00e9n\u00e9volat au Vietnam avec Globalong\" width=\"250\" height=\"250\" srcset=\"https:\/\/www.globalong.com\/blog\/wp-content\/uploads\/2016\/03\/21_viet.jpg 190w, https:\/\/www.globalong.com\/blog\/wp-content\/uploads\/2016\/03\/21_viet-150x150.jpg 150w\" sizes=\"(max-width: 250px) 100vw, 250px\" \/><\/a>En ce qui concerne le b\u00e9n\u00e9volat 3 semaines est \u00e0 mon sens trop court pour r\u00e9ellement s&rsquo;int\u00e9grer et mettre des activit\u00e9s en place.<\/p>\n<p style=\"text-align: justify;\">Cette exp\u00e9rience me servira dans l&rsquo;avenir dans mon m\u00e9tier d&rsquo;\u00e9ducatrice au sein des personnes en situation de handicap mais \u00e9galement humainement.<\/p>\n<p style=\"text-align: justify;\">Chaque pays que je d\u00e9couvre d\u00e9vient pour moi un richesse humaine et personnelle.<\/p>\n<p style=\"text-align: justify;\">La r\u00e9adaptation s&rsquo;est bien d\u00e9roul\u00e9e. Mais de la nostalgie et une envie de repartir d\u00e9couvrir le monde s&rsquo;est fait ressentir.<\/p>\n<p style=\"text-align: justify;\">La coordinatrice en France, Sophie m&rsquo;a accompagn\u00e9 le mieux possible, elle est \u00e0 l&rsquo;\u00e9coute et r\u00e9pond \u00e0 chacune de mes questions.<\/p>\n<p style=\"text-align: justify;\">Je conseillerais Globalong \u00e0 un ami avec plaisir !!!<\/p>\n<p style=\"text-align: justify;\">Foncez, vivez cette exp\u00e9rience \u00e0 fond car le temps passe \u00e0 une vitesse grand V.<\/p>\n<p style=\"text-align: justify;\">Merci pour cette accompagnement dans cette exp\u00e9rience qui restera grav\u00e9e pour moi.<\/p>\n<p style=\"text-align: justify;\">Amandine.<\/p>\n<p style=\"text-align: center;\">N&rsquo;h\u00e9sitez pas \u00e0 nous contacter pour plus d&rsquo;informations \u00e0 <span style=\"text-decoration: underline; color: #b81657;\"><a style=\"color: #b81657; text-decoration: underline;\" href=\"mailto:info@globalong.com\">info@globalong.com<\/a><\/span><\/p>\n<p style=\"text-align: center;\"><span style=\"text-decoration: underline;\"><span style=\"color: #b81657; text-decoration: underline;\"><a style=\"color: #b81657; text-decoration: underline;\" href=\"https:\/\/www.globalong.com\/sejour-benevolat\/benevolat-vietnam-humanitaire.html\" target=\"_blank\" rel=\"noopener\">D\u00e9couvrez les missions propos\u00e9es<\/a> <\/span><\/span>et partez en tant que b\u00e9n\u00e9vole au Vietnam<\/p>\n<p style=\"text-align: center;\">Pendant ce temps, <span style=\"text-decoration: underline; color: #b81657;\"><a style=\"color: #b81657; text-decoration: underline;\" href=\"https:\/\/www.flickr.com\/photos\/globalong\/albums\/72157639806172666\" target=\"_blank\" rel=\"noopener\">cliquez ici pour d\u00e9couvrir les photos <\/a><\/span>des b\u00e9n\u00e9voles d\u00e9j\u00e0 partis avec Globalong!<\/p>\n","protected":false},"excerpt":{"rendered":"<p>T\u00e9moignage d&rsquo;Amandine, b\u00e9n\u00e9vole avec Globalong au Vietnam Je suis partie au Vietnam pour une dur\u00e9e de 3 semaines dans un centre pour enfants en situation de handicap. Durant mon s\u00e9jour j&rsquo;ai profit\u00e9 de chaque instant de temps libre pour d\u00e9couvrir le Vietnam, aller \u00e0 la rencontre de la population mais \u00e9galement d\u00e9couvrir les coutumes. J&rsquo;ai [&hellip;]<\/p>\n","protected":false},"author":3,"featured_media":3512,"parent":883,"menu_order":0,"comment_status":"closed","ping_status":"closed","template":"","meta":{"footnotes":""},"yoast_head":"<!-- This site is optimized with the Yoast SEO Premium plugin v23.4 (Yoast SEO v23.4) - https:\/\/yoast.com\/wordpress\/plugins\/seo\/ -->\n<title>Vietnam - Amandine - Association Globalong<\/title>\n<meta name=\"robots\" content=\"index, follow, max-snippet:-1, max-image-preview:large, max-video-preview:-1\" \/>\n<link rel=\"canonical\" href=\"https:\/\/www.globalong.com\/blog\/avis-temoignages-globalong\/vietnam-asie-globalong-benevolat-humanitaire-humanitariat-volontaire-volontariat-voyage-stage-experience\/\" \/>\n<meta property=\"og:locale\" content=\"fr_FR\" \/>\n<meta property=\"og:type\" content=\"article\" \/>\n<meta property=\"og:title\" content=\"Vietnam - Amandine\" \/>\n<meta property=\"og:description\" content=\"T\u00e9moignage d&rsquo;Amandine, b\u00e9n\u00e9vole avec Globalong au Vietnam Je suis partie au Vietnam pour une dur\u00e9e de 3 semaines dans un centre pour enfants en situation de handicap. Durant mon s\u00e9jour j&rsquo;ai profit\u00e9 de chaque instant de temps libre pour d\u00e9couvrir le Vietnam, aller \u00e0 la rencontre de la population mais \u00e9galement d\u00e9couvrir les coutumes. J&rsquo;ai [&hellip;]\" \/>\n<meta property=\"og:url\" content=\"https:\/\/www.globalong.com\/blog\/avis-temoignages-globalong\/vietnam-asie-globalong-benevolat-humanitaire-humanitariat-volontaire-volontariat-voyage-stage-experience\/\" \/>\n<meta property=\"og:site_name\" content=\"Association Globalong\" \/>\n<meta property=\"article:publisher\" content=\"https:\/\/www.facebook.com\/globalong\" \/>\n<meta property=\"article:modified_time\" content=\"2022-05-08T14:07:58+00:00\" \/>\n<meta property=\"og:image\" content=\"https:\/\/www.globalong.com\/blog\/wp-content\/uploads\/2016\/04\/04_viet.jpg\" \/>\n\t<meta property=\"og:image:width\" content=\"190\" \/>\n\t<meta property=\"og:image:height\" content=\"190\" \/>\n\t<meta property=\"og:image:type\" content=\"image\/jpeg\" \/>\n<meta name=\"twitter:card\" content=\"summary_large_image\" \/>\n<meta name=\"twitter:label1\" content=\"Dur\u00e9e de lecture estim\u00e9e\" \/>\n\t<meta name=\"twitter:data1\" content=\"2 minutes\" \/>\n<script type=\"application\/ld+json\" class=\"yoast-schema-graph\">{\"@context\":\"https:\/\/schema.org\",\"@graph\":[{\"@type\":\"WebPage\",\"@id\":\"https:\/\/www.globalong.com\/blog\/avis-temoignages-globalong\/vietnam-asie-globalong-benevolat-humanitaire-humanitariat-volontaire-volontariat-voyage-stage-experience\/\",\"url\":\"https:\/\/www.globalong.com\/blog\/avis-temoignages-globalong\/vietnam-asie-globalong-benevolat-humanitaire-humanitariat-volontaire-volontariat-voyage-stage-experience\/\",\"name\":\"Vietnam - Amandine - Association Globalong\",\"isPartOf\":{\"@id\":\"https:\/\/www.globalong.com\/blog\/#website\"},\"primaryImageOfPage\":{\"@id\":\"https:\/\/www.globalong.com\/blog\/avis-temoignages-globalong\/vietnam-asie-globalong-benevolat-humanitaire-humanitariat-volontaire-volontariat-voyage-stage-experience\/#primaryimage\"},\"image\":{\"@id\":\"https:\/\/www.globalong.com\/blog\/avis-temoignages-globalong\/vietnam-asie-globalong-benevolat-humanitaire-humanitariat-volontaire-volontariat-voyage-stage-experience\/#primaryimage\"},\"thumbnailUrl\":\"https:\/\/www.globalong.com\/blog\/wp-content\/uploads\/2016\/04\/04_viet.jpg\",\"datePublished\":\"2016-04-04T09:43:24+00:00\",\"dateModified\":\"2022-05-08T14:07:58+00:00\",\"breadcrumb\":{\"@id\":\"https:\/\/www.globalong.com\/blog\/avis-temoignages-globalong\/vietnam-asie-globalong-benevolat-humanitaire-humanitariat-volontaire-volontariat-voyage-stage-experience\/#breadcrumb\"},\"inLanguage\":\"fr-FR\",\"potentialAction\":[{\"@type\":\"ReadAction\",\"target\":[\"https:\/\/www.globalong.com\/blog\/avis-temoignages-globalong\/vietnam-asie-globalong-benevolat-humanitaire-humanitariat-volontaire-volontariat-voyage-stage-experience\/\"]}]},{\"@type\":\"ImageObject\",\"inLanguage\":\"fr-FR\",\"@id\":\"https:\/\/www.globalong.com\/blog\/avis-temoignages-globalong\/vietnam-asie-globalong-benevolat-humanitaire-humanitariat-volontaire-volontariat-voyage-stage-experience\/#primaryimage\",\"url\":\"https:\/\/www.globalong.com\/blog\/wp-content\/uploads\/2016\/04\/04_viet.jpg\",\"contentUrl\":\"https:\/\/www.globalong.com\/blog\/wp-content\/uploads\/2016\/04\/04_viet.jpg\",\"width\":190,\"height\":190,\"caption\":\"T\u00e9moignage d'un b\u00e9n\u00e9vole parti au Vietnam en Asie avec Globalong\"},{\"@type\":\"BreadcrumbList\",\"@id\":\"https:\/\/www.globalong.com\/blog\/avis-temoignages-globalong\/vietnam-asie-globalong-benevolat-humanitaire-humanitariat-volontaire-volontariat-voyage-stage-experience\/#breadcrumb\",\"itemListElement\":[{\"@type\":\"ListItem\",\"position\":1,\"name\":\"Accueil\",\"item\":\"https:\/\/www.globalong.com\/blog\/\"},{\"@type\":\"ListItem\",\"position\":2,\"name\":\"T\u00e9moignages et avis de volontaires Globalong\",\"item\":\"https:\/\/www.globalong.com\/blog\/avis-temoignages-globalong\/\"},{\"@type\":\"ListItem\",\"position\":3,\"name\":\"Vietnam &#8211; Amandine\"}]},{\"@type\":\"WebSite\",\"@id\":\"https:\/\/www.globalong.com\/blog\/#website\",\"url\":\"https:\/\/www.globalong.com\/blog\/\",\"name\":\"https:\/\/www.globalong.com\/\",\"description\":\"Mission humanitaire, stage \u00e9tudiant et voyage linguistique\",\"publisher\":{\"@id\":\"https:\/\/www.globalong.com\/blog\/#organization\"},\"potentialAction\":[{\"@type\":\"SearchAction\",\"target\":{\"@type\":\"EntryPoint\",\"urlTemplate\":\"https:\/\/www.globalong.com\/blog\/?s={search_term_string}\"},\"query-input\":{\"@type\":\"PropertyValueSpecification\",\"valueRequired\":true,\"valueName\":\"search_term_string\"}}],\"inLanguage\":\"fr-FR\"},{\"@type\":\"Organization\",\"@id\":\"https:\/\/www.globalong.com\/blog\/#organization\",\"name\":\"Association Globalong\",\"url\":\"https:\/\/www.globalong.com\/blog\/\",\"logo\":{\"@type\":\"ImageObject\",\"inLanguage\":\"fr-FR\",\"@id\":\"https:\/\/www.globalong.com\/blog\/#\/schema\/logo\/image\/\",\"url\":\"https:\/\/www.globalong.com\/blog\/wp-content\/uploads\/2014\/11\/cropped-cropped-Logo-et-Afrique-Globalong-petite-taille-2.jpg\",\"contentUrl\":\"https:\/\/www.globalong.com\/blog\/wp-content\/uploads\/2014\/11\/cropped-cropped-Logo-et-Afrique-Globalong-petite-taille-2.jpg\",\"width\":512,\"height\":512,\"caption\":\"Association Globalong\"},\"image\":{\"@id\":\"https:\/\/www.globalong.com\/blog\/#\/schema\/logo\/image\/\"},\"sameAs\":[\"https:\/\/www.facebook.com\/globalong\"]}]}<\/script>\n<!-- \/ Yoast SEO Premium plugin. -->","yoast_head_json":{"title":"Vietnam - Amandine - Association Globalong","robots":{"index":"index","follow":"follow","max-snippet":"max-snippet:-1","max-image-preview":"max-image-preview:large","max-video-preview":"max-video-preview:-1"},"canonical":"https:\/\/www.globalong.com\/blog\/avis-temoignages-globalong\/vietnam-asie-globalong-benevolat-humanitaire-humanitariat-volontaire-volontariat-voyage-stage-experience\/","og_locale":"fr_FR","og_type":"article","og_title":"Vietnam - Amandine","og_description":"T\u00e9moignage d&rsquo;Amandine, b\u00e9n\u00e9vole avec Globalong au Vietnam Je suis partie au Vietnam pour une dur\u00e9e de 3 semaines dans un centre pour enfants en situation de handicap. Durant mon s\u00e9jour j&rsquo;ai profit\u00e9 de chaque instant de temps libre pour d\u00e9couvrir le Vietnam, aller \u00e0 la rencontre de la population mais \u00e9galement d\u00e9couvrir les coutumes. J&rsquo;ai [&hellip;]","og_url":"https:\/\/www.globalong.com\/blog\/avis-temoignages-globalong\/vietnam-asie-globalong-benevolat-humanitaire-humanitariat-volontaire-volontariat-voyage-stage-experience\/","og_site_name":"Association Globalong","article_publisher":"https:\/\/www.facebook.com\/globalong","article_modified_time":"2022-05-08T14:07:58+00:00","og_image":[{"width":190,"height":190,"url":"https:\/\/www.globalong.com\/blog\/wp-content\/uploads\/2016\/04\/04_viet.jpg","type":"image\/jpeg"}],"twitter_card":"summary_large_image","twitter_misc":{"Dur\u00e9e de lecture estim\u00e9e":"2 minutes"},"schema":{"@context":"https:\/\/schema.org","@graph":[{"@type":"WebPage","@id":"https:\/\/www.globalong.com\/blog\/avis-temoignages-globalong\/vietnam-asie-globalong-benevolat-humanitaire-humanitariat-volontaire-volontariat-voyage-stage-experience\/","url":"https:\/\/www.globalong.com\/blog\/avis-temoignages-globalong\/vietnam-asie-globalong-benevolat-humanitaire-humanitariat-volontaire-volontariat-voyage-stage-experience\/","name":"Vietnam - Amandine - Association Globalong","isPartOf":{"@id":"https:\/\/www.globalong.com\/blog\/#website"},"primaryImageOfPage":{"@id":"https:\/\/www.globalong.com\/blog\/avis-temoignages-globalong\/vietnam-asie-globalong-benevolat-humanitaire-humanitariat-volontaire-volontariat-voyage-stage-experience\/#primaryimage"},"image":{"@id":"https:\/\/www.globalong.com\/blog\/avis-temoignages-globalong\/vietnam-asie-globalong-benevolat-humanitaire-humanitariat-volontaire-volontariat-voyage-stage-experience\/#primaryimage"},"thumbnailUrl":"https:\/\/www.globalong.com\/blog\/wp-content\/uploads\/2016\/04\/04_viet.jpg","datePublished":"2016-04-04T09:43:24+00:00","dateModified":"2022-05-08T14:07:58+00:00","breadcrumb":{"@id":"https:\/\/www.globalong.com\/blog\/avis-temoignages-globalong\/vietnam-asie-globalong-benevolat-humanitaire-humanitariat-volontaire-volontariat-voyage-stage-experience\/#breadcrumb"},"inLanguage":"fr-FR","potentialAction":[{"@type":"ReadAction","target":["https:\/\/www.globalong.com\/blog\/avis-temoignages-globalong\/vietnam-asie-globalong-benevolat-humanitaire-humanitariat-volontaire-volontariat-voyage-stage-experience\/"]}]},{"@type":"ImageObject","inLanguage":"fr-FR","@id":"https:\/\/www.globalong.com\/blog\/avis-temoignages-globalong\/vietnam-asie-globalong-benevolat-humanitaire-humanitariat-volontaire-volontariat-voyage-stage-experience\/#primaryimage","url":"https:\/\/www.globalong.com\/blog\/wp-content\/uploads\/2016\/04\/04_viet.jpg","contentUrl":"https:\/\/www.globalong.com\/blog\/wp-content\/uploads\/2016\/04\/04_viet.jpg","width":190,"height":190,"caption":"T\u00e9moignage d'un b\u00e9n\u00e9vole parti au Vietnam en Asie avec Globalong"},{"@type":"BreadcrumbList","@id":"https:\/\/www.globalong.com\/blog\/avis-temoignages-globalong\/vietnam-asie-globalong-benevolat-humanitaire-humanitariat-volontaire-volontariat-voyage-stage-experience\/#breadcrumb","itemListElement":[{"@type":"ListItem","position":1,"name":"Accueil","item":"https:\/\/www.globalong.com\/blog\/"},{"@type":"ListItem","position":2,"name":"T\u00e9moignages et avis de volontaires Globalong","item":"https:\/\/www.globalong.com\/blog\/avis-temoignages-globalong\/"},{"@type":"ListItem","position":3,"name":"Vietnam &#8211; Amandine"}]},{"@type":"WebSite","@id":"https:\/\/www.globalong.com\/blog\/#website","url":"https:\/\/www.globalong.com\/blog\/","name":"https:\/\/www.globalong.com\/","description":"Mission humanitaire, stage \u00e9tudiant et voyage linguistique","publisher":{"@id":"https:\/\/www.globalong.com\/blog\/#organization"},"potentialAction":[{"@type":"SearchAction","target":{"@type":"EntryPoint","urlTemplate":"https:\/\/www.globalong.com\/blog\/?s={search_term_string}"},"query-input":{"@type":"PropertyValueSpecification","valueRequired":true,"valueName":"search_term_string"}}],"inLanguage":"fr-FR"},{"@type":"Organization","@id":"https:\/\/www.globalong.com\/blog\/#organization","name":"Association Globalong","url":"https:\/\/www.globalong.com\/blog\/","logo":{"@type":"ImageObject","inLanguage":"fr-FR","@id":"https:\/\/www.globalong.com\/blog\/#\/schema\/logo\/image\/","url":"https:\/\/www.globalong.com\/blog\/wp-content\/uploads\/2014\/11\/cropped-cropped-Logo-et-Afrique-Globalong-petite-taille-2.jpg","contentUrl":"https:\/\/www.globalong.com\/blog\/wp-content\/uploads\/2014\/11\/cropped-cropped-Logo-et-Afrique-Globalong-petite-taille-2.jpg","width":512,"height":512,"caption":"Association Globalong"},"image":{"@id":"https:\/\/www.globalong.com\/blog\/#\/schema\/logo\/image\/"},"sameAs":["https:\/\/www.facebook.com\/globalong"]}]}},"_links":{"self":[{"href":"https:\/\/www.globalong.com\/blog\/wp-json\/wp\/v2\/pages\/3511"}],"collection":[{"href":"https:\/\/www.globalong.com\/blog\/wp-json\/wp\/v2\/pages"}],"about":[{"href":"https:\/\/www.globalong.com\/blog\/wp-json\/wp\/v2\/types\/page"}],"author":[{"embeddable":true,"href":"https:\/\/www.globalong.com\/blog\/wp-json\/wp\/v2\/users\/3"}],"replies":[{"embeddable":true,"href":"https:\/\/www.globalong.com\/blog\/wp-json\/wp\/v2\/comments?post=3511"}],"version-history":[{"count":14,"href":"https:\/\/www.globalong.com\/blog\/wp-json\/wp\/v2\/pages\/3511\/revisions"}],"predecessor-version":[{"id":14607,"href":"https:\/\/www.globalong.com\/blog\/wp-json\/wp\/v2\/pages\/3511\/revisions\/14607"}],"up":[{"embeddable":true,"href":"https:\/\/www.globalong.com\/blog\/wp-json\/wp\/v2\/pages\/883"}],"wp:featuredmedia":[{"embeddable":true,"href":"https:\/\/www.globalong.com\/blog\/wp-json\/wp\/v2\/media\/3512"}],"wp:attachment":[{"href":"https:\/\/www.globalong.com\/blog\/wp-json\/wp\/v2\/media?parent=3511"}],"curies":[{"name":"wp","href":"https:\/\/api.w.org\/{rel}","templated":true}]}}