{"id":3835,"date":"2016-05-03T10:19:29","date_gmt":"2016-05-03T08:19:29","guid":{"rendered":"https:\/\/www.globalong.com\/blog\/?page_id=3835"},"modified":"2022-04-28T18:47:16","modified_gmt":"2022-04-28T16:47:16","slug":"mission-benevolat-asie-globalong-gap-year-humanitaire-cambodge-temoignage-voyage-enfants","status":"publish","type":"page","link":"https:\/\/www.globalong.com\/blog\/avis-temoignages-globalong\/mission-benevolat-asie-globalong-gap-year-humanitaire-cambodge-temoignage-voyage-enfants\/","title":{"rendered":"Cambodge &#8211; Elisa"},"content":{"rendered":"<h4 style=\"text-align: center;\"><span style=\"color: #b81657;\">T\u00e9moignage d&rsquo;Elisa, b\u00e9n\u00e9vole avec Globalong au Cambodge<\/span><\/h4>\n<p style=\"text-align: justify;\"><a href=\"https:\/\/www.globalong.com\/blog\/wp-content\/uploads\/2016\/05\/Ankor-Wat-monks.jpg\" rel=\"attachment wp-att-3836\"><img loading=\"lazy\" decoding=\"async\" class=\"wp-image-3836 size-medium aligncenter\" src=\"https:\/\/www.globalong.com\/blog\/wp-content\/uploads\/2016\/05\/Ankor-Wat-monks-300x225.jpg\" alt=\"Globalong mission b\u00e9n\u00e9vole Cambodge\" width=\"300\" height=\"225\" srcset=\"https:\/\/www.globalong.com\/blog\/wp-content\/uploads\/2016\/05\/Ankor-Wat-monks-300x225.jpg 300w, https:\/\/www.globalong.com\/blog\/wp-content\/uploads\/2016\/05\/Ankor-Wat-monks-768x576.jpg 768w, https:\/\/www.globalong.com\/blog\/wp-content\/uploads\/2016\/05\/Ankor-Wat-monks-150x113.jpg 150w, https:\/\/www.globalong.com\/blog\/wp-content\/uploads\/2016\/05\/Ankor-Wat-monks.jpg 960w\" sizes=\"(max-width: 300px) 100vw, 300px\" \/><\/a>Je suis partie au Cambodge, \u00e0 Phnom Penh pendant deux mois.<\/p>\n<p style=\"text-align: justify;\">Je suis all\u00e9e voir les temples d&rsquo;Angkor Wat \u00e0 Siem Reap, je suis aussi all\u00e9e \u00e0 Kep-Sihanoukville et sur les \u00eeles proches de koh rong.<\/p>\n<p style=\"text-align: justify;\">J\u2019ai fait beaucoup de belles rencontres. Quatre belges, qui \u00e9taient aussi venue gr\u00e2ce \u00e0 Globalong, deux autres fran\u00e7aises aussi, ainsi qu&rsquo;un couple de Toulousains.<\/p>\n<p style=\"text-align: justify;\">Une am\u00e9ricaine tr\u00e8s tr\u00e8s dr\u00f4le, et une australienne qui travaillait avec moi \u00e0 l&rsquo;orphelinat.<\/p>\n<p style=\"text-align: justify;\"><a href=\"https:\/\/www.globalong.com\/blog\/wp-content\/uploads\/2016\/05\/Hug-and-smiles.jpg\" rel=\"attachment wp-att-3838\"><img loading=\"lazy\" decoding=\"async\" class=\"wp-image-3838 aligncenter\" src=\"https:\/\/www.globalong.com\/blog\/wp-content\/uploads\/2016\/05\/Hug-and-smiles-225x300.jpg\" alt=\"Elisa et les enfants b\u00e9n\u00e9vole avec Globalong \" width=\"300\" height=\"400\" srcset=\"https:\/\/www.globalong.com\/blog\/wp-content\/uploads\/2016\/05\/Hug-and-smiles-225x300.jpg 225w, https:\/\/www.globalong.com\/blog\/wp-content\/uploads\/2016\/05\/Hug-and-smiles-113x150.jpg 113w, https:\/\/www.globalong.com\/blog\/wp-content\/uploads\/2016\/05\/Hug-and-smiles.jpg 720w\" sizes=\"(max-width: 300px) 100vw, 300px\" \/><\/a>Je voulais que ce voyage m&rsquo;ouvre l&rsquo;esprit, je souhaitai avoir une nouvelle exp\u00e9rience, riche en souvenirs et en apprentissage. Apprendre des autres cultures, et puis en pleine reconversion professionnelle, je souhaitais avoir une exp\u00e9rience de travail avec les enfants.<\/p>\n<p style=\"text-align: justify;\">Ma p\u00e9riode de cours de langue et d\u2019introduction c\u2019est bien pass\u00e9e dans l&rsquo;ensemble, m\u00eame si deux jours me semblent bien trop peu.<\/p>\n<p style=\"text-align: justify;\">En ce qui concerne la p\u00e9riode de b\u00e9n\u00e9volat, l&rsquo;accueil des enfants a \u00e9t\u00e9 g\u00e9nial et ils ont toujours envie d&rsquo;apprendre. Ils ont besoin d&rsquo;attention, mais ils nous le rendent deux fois plus! je n&rsquo;oublierai jamais ce travail !<\/p>\n<p style=\"text-align: justify;\">Les \u00e9quipes sur place sont disponibles, personnellement je n\u2019ai eu besoin d\u2019eux que pour des petites questions du quotidien.<\/p>\n<p style=\"text-align: justify;\">Cette exp\u00e9rience m&rsquo;a sans aucun doute fait m\u00fbrir, et j\u2019ai aussi approfondis mon anglais, et \u00e9t\u00e9 en contact avec une culture bien diff\u00e9rente de celle dans laquelle je suis. J&rsquo;en ressort plus mature et plus calme.<\/p>\n<p style=\"text-align: justify;\"><a href=\"https:\/\/www.globalong.com\/blog\/wp-content\/uploads\/2016\/05\/Smile-tuktuk.jpg\" rel=\"attachment wp-att-3840\"><img loading=\"lazy\" decoding=\"async\" class=\"wp-image-3840 size-medium aligncenter\" src=\"https:\/\/www.globalong.com\/blog\/wp-content\/uploads\/2016\/05\/Smile-tuktuk-300x225.jpg\" alt=\"Globalong humanitariat Asie Cambodge\" width=\"300\" height=\"225\" srcset=\"https:\/\/www.globalong.com\/blog\/wp-content\/uploads\/2016\/05\/Smile-tuktuk-300x225.jpg 300w, https:\/\/www.globalong.com\/blog\/wp-content\/uploads\/2016\/05\/Smile-tuktuk-768x576.jpg 768w, https:\/\/www.globalong.com\/blog\/wp-content\/uploads\/2016\/05\/Smile-tuktuk-150x113.jpg 150w, https:\/\/www.globalong.com\/blog\/wp-content\/uploads\/2016\/05\/Smile-tuktuk.jpg 960w\" sizes=\"(max-width: 300px) 100vw, 300px\" \/><\/a>La maison des volontaire et son organisation est parfois \u00e0 revoir. On nous laisse parfois sans savoir comment vont s&rsquo;organiser nos journ\u00e9es (le d\u00e9but est difficile, car on a peu d&rsquo;infos) mais il faut poser des questions.<\/p>\n<p style=\"text-align: justify;\">Je suis rentr\u00e9e il y a tr\u00e8s peu de temps, j&rsquo;ai du mal \u00e0 r\u00e9aliser et j&rsquo;avoue que je repense d\u00e9j\u00e0 \u00e0 repartir\u2026Le d\u00e9calage horaire est difficile. Le changement de temp\u00e9rature et de fa\u00e7on de vivre est difficile aussi ! C&rsquo;est certain que le Cambodge me manque et continuera \u00e0 me manquer !<\/p>\n<p style=\"text-align: justify;\">Rien \u00e0 dire sur les informations que nous avons en France avant le d\u00e9part.<\/p>\n<p style=\"text-align: justify;\"><a href=\"https:\/\/www.globalong.com\/blog\/wp-content\/uploads\/2016\/05\/Minimoto.jpg\" rel=\"attachment wp-att-3843\"><img loading=\"lazy\" decoding=\"async\" class=\"wp-image-3843 aligncenter\" src=\"https:\/\/www.globalong.com\/blog\/wp-content\/uploads\/2016\/05\/Minimoto-225x300.jpg\" alt=\"mission b\u00e9n\u00e9vole avec les enfant en Asie Cambodge Globalong\" width=\"300\" height=\"400\" srcset=\"https:\/\/www.globalong.com\/blog\/wp-content\/uploads\/2016\/05\/Minimoto-225x300.jpg 225w, https:\/\/www.globalong.com\/blog\/wp-content\/uploads\/2016\/05\/Minimoto-113x150.jpg 113w, https:\/\/www.globalong.com\/blog\/wp-content\/uploads\/2016\/05\/Minimoto.jpg 720w\" sizes=\"(max-width: 300px) 100vw, 300px\" \/><\/a>Ce qui est peut-\u00eatre \u00e0 revoir est l\u2019organisation sur place. Devoir payer les tuktuk tous les jours pour se rendre \u00e0 son travail peut aussi \u00eatre un probl\u00e8me. Si on est seul sur son lieu de mission, et que sa mission est loin de notre h\u00e9bergement, les frais de transport peuvent \u00eatre \u00e9lev\u00e9 c&rsquo;est dommage.<\/p>\n<p style=\"text-align: justify;\">Mes conseils : Rester calme en toutes circonstances \ud83d\ude09 et savoir se fondre dans la masse, s&rsquo;habiller presque comme la population locale, pour ne pas faire d&rsquo;envieux et mieux s&rsquo;adapter \ud83d\ude42<\/p>\n<p style=\"text-align: justify;\">Pour le Cambodge, \u00eatre bien au courant des conditions d&rsquo;hygi\u00e8ne l\u00e0-bas, car c&rsquo;est vrai que parfois c&rsquo;est d\u00e9routant, ce n&rsquo;est pas propre, et il faut faire attention \u00e0 la nourriture et eau, de fa\u00e7on \u00e0 ne pas \u00eatre malade ! Ouvrez-vous\u00a0aux autres volontaires, m\u00eame si nous ne venons pas du m\u00eame pays, nous sommes ici pour la m\u00eame chose, donc on doit pouvoir se soutenir et partager de beaux moments ensemble.<\/p>\n<p style=\"text-align: justify;\">Je conseillerai tout \u00e0 fait GLOBALONG \u00e0 un ami.<\/p>\n<p style=\"text-align: justify;\">C&rsquo;est s\u00e9rieux et suivi, bien s\u00fbr il y a toujours des petits inconv\u00e9nients mais comme partout ! Compar\u00e9 aux nombres de points positifs , ce n&rsquo;est pas important \ud83d\ude42<\/p>\n<p style=\"text-align: justify;\">Je n\u2019ai rien d\u2019autre \u00e0 ajouter \u00e0 part : Merci beaucoup Sophie!<\/p>\n<p style=\"text-align: justify;\">Elisa.<\/p>\n<p class=\"p1\" style=\"text-align: center;\">Pour d\u00e9couvrir plus de photos du Cambodge, <span style=\"text-decoration: underline; color: #b81657;\"><a style=\"color: #b81657;\" href=\"https:\/\/www.flickr.com\/photos\/globalong\/albums\/72157639827967953\" target=\"_blank\" rel=\"noopener\">cliquez ici<\/a> !<\/span><\/p>\n<p class=\"p1\" style=\"text-align: center;\">Pour d\u00e9couvrir les programmes au Cambodge <span style=\"text-decoration: underline;\"><span style=\"color: #b81657; text-decoration: underline;\"><a style=\"color: #b81657; text-decoration: underline;\" href=\"https:\/\/www.globalong.com\/sejour-benevolat\/benevolat-cambodge-enfants.html\">cliquez ici<\/a> !<\/span><\/span><\/p>\n<p class=\"p1\" style=\"text-align: center;\">N\u2019h\u00e9sitez pas \u00e0 nous contacter pour plus d\u2019informations \u00e0 <span style=\"text-decoration: underline; color: #b81657;\"><a style=\"color: #b81657; text-decoration: underline;\" href=\"mailto:info@globalong.com\">info@globalong.com<\/a><\/span><\/p>\n","protected":false},"excerpt":{"rendered":"<p>T\u00e9moignage d&rsquo;Elisa, b\u00e9n\u00e9vole avec Globalong au Cambodge Je suis partie au Cambodge, \u00e0 Phnom Penh pendant deux mois. Je suis all\u00e9e voir les temples d&rsquo;Angkor Wat \u00e0 Siem Reap, je suis aussi all\u00e9e \u00e0 Kep-Sihanoukville et sur les \u00eeles proches de koh rong. J\u2019ai fait beaucoup de belles rencontres. Quatre belges, qui \u00e9taient aussi venue [&hellip;]<\/p>\n","protected":false},"author":3,"featured_media":3836,"parent":883,"menu_order":0,"comment_status":"open","ping_status":"closed","template":"","meta":{"footnotes":""},"yoast_head":"<!-- This site is optimized with the Yoast SEO Premium plugin v23.4 (Yoast SEO v23.4) - https:\/\/yoast.com\/wordpress\/plugins\/seo\/ -->\n<title>Cambodge - Elisa - Association Globalong<\/title>\n<meta name=\"robots\" content=\"index, follow, max-snippet:-1, max-image-preview:large, max-video-preview:-1\" \/>\n<link rel=\"canonical\" href=\"https:\/\/www.globalong.com\/blog\/avis-temoignages-globalong\/mission-benevolat-asie-globalong-gap-year-humanitaire-cambodge-temoignage-voyage-enfants\/\" \/>\n<meta property=\"og:locale\" content=\"fr_FR\" \/>\n<meta property=\"og:type\" content=\"article\" \/>\n<meta property=\"og:title\" content=\"Cambodge - Elisa\" \/>\n<meta property=\"og:description\" content=\"T\u00e9moignage d&rsquo;Elisa, b\u00e9n\u00e9vole avec Globalong au Cambodge Je suis partie au Cambodge, \u00e0 Phnom Penh pendant deux mois. Je suis all\u00e9e voir les temples d&rsquo;Angkor Wat \u00e0 Siem Reap, je suis aussi all\u00e9e \u00e0 Kep-Sihanoukville et sur les \u00eeles proches de koh rong. J\u2019ai fait beaucoup de belles rencontres. Quatre belges, qui \u00e9taient aussi venue [&hellip;]\" \/>\n<meta property=\"og:url\" content=\"https:\/\/www.globalong.com\/blog\/avis-temoignages-globalong\/mission-benevolat-asie-globalong-gap-year-humanitaire-cambodge-temoignage-voyage-enfants\/\" \/>\n<meta property=\"og:site_name\" content=\"Association Globalong\" \/>\n<meta property=\"article:publisher\" content=\"https:\/\/www.facebook.com\/globalong\" \/>\n<meta property=\"article:modified_time\" content=\"2022-04-28T16:47:16+00:00\" \/>\n<meta property=\"og:image\" content=\"https:\/\/www.globalong.com\/blog\/wp-content\/uploads\/2016\/05\/Ankor-Wat-monks.jpg\" \/>\n\t<meta property=\"og:image:width\" content=\"960\" \/>\n\t<meta property=\"og:image:height\" content=\"720\" \/>\n\t<meta property=\"og:image:type\" content=\"image\/jpeg\" \/>\n<meta name=\"twitter:card\" content=\"summary_large_image\" \/>\n<meta name=\"twitter:label1\" content=\"Dur\u00e9e de lecture estim\u00e9e\" \/>\n\t<meta name=\"twitter:data1\" content=\"3 minutes\" \/>\n<script type=\"application\/ld+json\" class=\"yoast-schema-graph\">{\"@context\":\"https:\/\/schema.org\",\"@graph\":[{\"@type\":\"WebPage\",\"@id\":\"https:\/\/www.globalong.com\/blog\/avis-temoignages-globalong\/mission-benevolat-asie-globalong-gap-year-humanitaire-cambodge-temoignage-voyage-enfants\/\",\"url\":\"https:\/\/www.globalong.com\/blog\/avis-temoignages-globalong\/mission-benevolat-asie-globalong-gap-year-humanitaire-cambodge-temoignage-voyage-enfants\/\",\"name\":\"Cambodge - Elisa - Association Globalong\",\"isPartOf\":{\"@id\":\"https:\/\/www.globalong.com\/blog\/#website\"},\"primaryImageOfPage\":{\"@id\":\"https:\/\/www.globalong.com\/blog\/avis-temoignages-globalong\/mission-benevolat-asie-globalong-gap-year-humanitaire-cambodge-temoignage-voyage-enfants\/#primaryimage\"},\"image\":{\"@id\":\"https:\/\/www.globalong.com\/blog\/avis-temoignages-globalong\/mission-benevolat-asie-globalong-gap-year-humanitaire-cambodge-temoignage-voyage-enfants\/#primaryimage\"},\"thumbnailUrl\":\"https:\/\/www.globalong.com\/blog\/wp-content\/uploads\/2016\/05\/Ankor-Wat-monks.jpg\",\"datePublished\":\"2016-05-03T08:19:29+00:00\",\"dateModified\":\"2022-04-28T16:47:16+00:00\",\"breadcrumb\":{\"@id\":\"https:\/\/www.globalong.com\/blog\/avis-temoignages-globalong\/mission-benevolat-asie-globalong-gap-year-humanitaire-cambodge-temoignage-voyage-enfants\/#breadcrumb\"},\"inLanguage\":\"fr-FR\",\"potentialAction\":[{\"@type\":\"ReadAction\",\"target\":[\"https:\/\/www.globalong.com\/blog\/avis-temoignages-globalong\/mission-benevolat-asie-globalong-gap-year-humanitaire-cambodge-temoignage-voyage-enfants\/\"]}]},{\"@type\":\"ImageObject\",\"inLanguage\":\"fr-FR\",\"@id\":\"https:\/\/www.globalong.com\/blog\/avis-temoignages-globalong\/mission-benevolat-asie-globalong-gap-year-humanitaire-cambodge-temoignage-voyage-enfants\/#primaryimage\",\"url\":\"https:\/\/www.globalong.com\/blog\/wp-content\/uploads\/2016\/05\/Ankor-Wat-monks.jpg\",\"contentUrl\":\"https:\/\/www.globalong.com\/blog\/wp-content\/uploads\/2016\/05\/Ankor-Wat-monks.jpg\",\"width\":960,\"height\":720,\"caption\":\"Globalong mission b\u00e9n\u00e9vole Cambodge\"},{\"@type\":\"BreadcrumbList\",\"@id\":\"https:\/\/www.globalong.com\/blog\/avis-temoignages-globalong\/mission-benevolat-asie-globalong-gap-year-humanitaire-cambodge-temoignage-voyage-enfants\/#breadcrumb\",\"itemListElement\":[{\"@type\":\"ListItem\",\"position\":1,\"name\":\"Accueil\",\"item\":\"https:\/\/www.globalong.com\/blog\/\"},{\"@type\":\"ListItem\",\"position\":2,\"name\":\"T\u00e9moignages et avis de volontaires Globalong\",\"item\":\"https:\/\/www.globalong.com\/blog\/avis-temoignages-globalong\/\"},{\"@type\":\"ListItem\",\"position\":3,\"name\":\"Cambodge &#8211; Elisa\"}]},{\"@type\":\"WebSite\",\"@id\":\"https:\/\/www.globalong.com\/blog\/#website\",\"url\":\"https:\/\/www.globalong.com\/blog\/\",\"name\":\"https:\/\/www.globalong.com\/\",\"description\":\"Mission humanitaire, stage \u00e9tudiant et voyage linguistique\",\"publisher\":{\"@id\":\"https:\/\/www.globalong.com\/blog\/#organization\"},\"potentialAction\":[{\"@type\":\"SearchAction\",\"target\":{\"@type\":\"EntryPoint\",\"urlTemplate\":\"https:\/\/www.globalong.com\/blog\/?s={search_term_string}\"},\"query-input\":{\"@type\":\"PropertyValueSpecification\",\"valueRequired\":true,\"valueName\":\"search_term_string\"}}],\"inLanguage\":\"fr-FR\"},{\"@type\":\"Organization\",\"@id\":\"https:\/\/www.globalong.com\/blog\/#organization\",\"name\":\"Association Globalong\",\"url\":\"https:\/\/www.globalong.com\/blog\/\",\"logo\":{\"@type\":\"ImageObject\",\"inLanguage\":\"fr-FR\",\"@id\":\"https:\/\/www.globalong.com\/blog\/#\/schema\/logo\/image\/\",\"url\":\"https:\/\/www.globalong.com\/blog\/wp-content\/uploads\/2014\/11\/cropped-cropped-Logo-et-Afrique-Globalong-petite-taille-2.jpg\",\"contentUrl\":\"https:\/\/www.globalong.com\/blog\/wp-content\/uploads\/2014\/11\/cropped-cropped-Logo-et-Afrique-Globalong-petite-taille-2.jpg\",\"width\":512,\"height\":512,\"caption\":\"Association Globalong\"},\"image\":{\"@id\":\"https:\/\/www.globalong.com\/blog\/#\/schema\/logo\/image\/\"},\"sameAs\":[\"https:\/\/www.facebook.com\/globalong\"]}]}<\/script>\n<!-- \/ Yoast SEO Premium plugin. -->","yoast_head_json":{"title":"Cambodge - Elisa - Association Globalong","robots":{"index":"index","follow":"follow","max-snippet":"max-snippet:-1","max-image-preview":"max-image-preview:large","max-video-preview":"max-video-preview:-1"},"canonical":"https:\/\/www.globalong.com\/blog\/avis-temoignages-globalong\/mission-benevolat-asie-globalong-gap-year-humanitaire-cambodge-temoignage-voyage-enfants\/","og_locale":"fr_FR","og_type":"article","og_title":"Cambodge - Elisa","og_description":"T\u00e9moignage d&rsquo;Elisa, b\u00e9n\u00e9vole avec Globalong au Cambodge Je suis partie au Cambodge, \u00e0 Phnom Penh pendant deux mois. Je suis all\u00e9e voir les temples d&rsquo;Angkor Wat \u00e0 Siem Reap, je suis aussi all\u00e9e \u00e0 Kep-Sihanoukville et sur les \u00eeles proches de koh rong. J\u2019ai fait beaucoup de belles rencontres. Quatre belges, qui \u00e9taient aussi venue [&hellip;]","og_url":"https:\/\/www.globalong.com\/blog\/avis-temoignages-globalong\/mission-benevolat-asie-globalong-gap-year-humanitaire-cambodge-temoignage-voyage-enfants\/","og_site_name":"Association Globalong","article_publisher":"https:\/\/www.facebook.com\/globalong","article_modified_time":"2022-04-28T16:47:16+00:00","og_image":[{"width":960,"height":720,"url":"https:\/\/www.globalong.com\/blog\/wp-content\/uploads\/2016\/05\/Ankor-Wat-monks.jpg","type":"image\/jpeg"}],"twitter_card":"summary_large_image","twitter_misc":{"Dur\u00e9e de lecture estim\u00e9e":"3 minutes"},"schema":{"@context":"https:\/\/schema.org","@graph":[{"@type":"WebPage","@id":"https:\/\/www.globalong.com\/blog\/avis-temoignages-globalong\/mission-benevolat-asie-globalong-gap-year-humanitaire-cambodge-temoignage-voyage-enfants\/","url":"https:\/\/www.globalong.com\/blog\/avis-temoignages-globalong\/mission-benevolat-asie-globalong-gap-year-humanitaire-cambodge-temoignage-voyage-enfants\/","name":"Cambodge - Elisa - Association Globalong","isPartOf":{"@id":"https:\/\/www.globalong.com\/blog\/#website"},"primaryImageOfPage":{"@id":"https:\/\/www.globalong.com\/blog\/avis-temoignages-globalong\/mission-benevolat-asie-globalong-gap-year-humanitaire-cambodge-temoignage-voyage-enfants\/#primaryimage"},"image":{"@id":"https:\/\/www.globalong.com\/blog\/avis-temoignages-globalong\/mission-benevolat-asie-globalong-gap-year-humanitaire-cambodge-temoignage-voyage-enfants\/#primaryimage"},"thumbnailUrl":"https:\/\/www.globalong.com\/blog\/wp-content\/uploads\/2016\/05\/Ankor-Wat-monks.jpg","datePublished":"2016-05-03T08:19:29+00:00","dateModified":"2022-04-28T16:47:16+00:00","breadcrumb":{"@id":"https:\/\/www.globalong.com\/blog\/avis-temoignages-globalong\/mission-benevolat-asie-globalong-gap-year-humanitaire-cambodge-temoignage-voyage-enfants\/#breadcrumb"},"inLanguage":"fr-FR","potentialAction":[{"@type":"ReadAction","target":["https:\/\/www.globalong.com\/blog\/avis-temoignages-globalong\/mission-benevolat-asie-globalong-gap-year-humanitaire-cambodge-temoignage-voyage-enfants\/"]}]},{"@type":"ImageObject","inLanguage":"fr-FR","@id":"https:\/\/www.globalong.com\/blog\/avis-temoignages-globalong\/mission-benevolat-asie-globalong-gap-year-humanitaire-cambodge-temoignage-voyage-enfants\/#primaryimage","url":"https:\/\/www.globalong.com\/blog\/wp-content\/uploads\/2016\/05\/Ankor-Wat-monks.jpg","contentUrl":"https:\/\/www.globalong.com\/blog\/wp-content\/uploads\/2016\/05\/Ankor-Wat-monks.jpg","width":960,"height":720,"caption":"Globalong mission b\u00e9n\u00e9vole Cambodge"},{"@type":"BreadcrumbList","@id":"https:\/\/www.globalong.com\/blog\/avis-temoignages-globalong\/mission-benevolat-asie-globalong-gap-year-humanitaire-cambodge-temoignage-voyage-enfants\/#breadcrumb","itemListElement":[{"@type":"ListItem","position":1,"name":"Accueil","item":"https:\/\/www.globalong.com\/blog\/"},{"@type":"ListItem","position":2,"name":"T\u00e9moignages et avis de volontaires Globalong","item":"https:\/\/www.globalong.com\/blog\/avis-temoignages-globalong\/"},{"@type":"ListItem","position":3,"name":"Cambodge &#8211; Elisa"}]},{"@type":"WebSite","@id":"https:\/\/www.globalong.com\/blog\/#website","url":"https:\/\/www.globalong.com\/blog\/","name":"https:\/\/www.globalong.com\/","description":"Mission humanitaire, stage \u00e9tudiant et voyage linguistique","publisher":{"@id":"https:\/\/www.globalong.com\/blog\/#organization"},"potentialAction":[{"@type":"SearchAction","target":{"@type":"EntryPoint","urlTemplate":"https:\/\/www.globalong.com\/blog\/?s={search_term_string}"},"query-input":{"@type":"PropertyValueSpecification","valueRequired":true,"valueName":"search_term_string"}}],"inLanguage":"fr-FR"},{"@type":"Organization","@id":"https:\/\/www.globalong.com\/blog\/#organization","name":"Association Globalong","url":"https:\/\/www.globalong.com\/blog\/","logo":{"@type":"ImageObject","inLanguage":"fr-FR","@id":"https:\/\/www.globalong.com\/blog\/#\/schema\/logo\/image\/","url":"https:\/\/www.globalong.com\/blog\/wp-content\/uploads\/2014\/11\/cropped-cropped-Logo-et-Afrique-Globalong-petite-taille-2.jpg","contentUrl":"https:\/\/www.globalong.com\/blog\/wp-content\/uploads\/2014\/11\/cropped-cropped-Logo-et-Afrique-Globalong-petite-taille-2.jpg","width":512,"height":512,"caption":"Association Globalong"},"image":{"@id":"https:\/\/www.globalong.com\/blog\/#\/schema\/logo\/image\/"},"sameAs":["https:\/\/www.facebook.com\/globalong"]}]}},"_links":{"self":[{"href":"https:\/\/www.globalong.com\/blog\/wp-json\/wp\/v2\/pages\/3835"}],"collection":[{"href":"https:\/\/www.globalong.com\/blog\/wp-json\/wp\/v2\/pages"}],"about":[{"href":"https:\/\/www.globalong.com\/blog\/wp-json\/wp\/v2\/types\/page"}],"author":[{"embeddable":true,"href":"https:\/\/www.globalong.com\/blog\/wp-json\/wp\/v2\/users\/3"}],"replies":[{"embeddable":true,"href":"https:\/\/www.globalong.com\/blog\/wp-json\/wp\/v2\/comments?post=3835"}],"version-history":[{"count":9,"href":"https:\/\/www.globalong.com\/blog\/wp-json\/wp\/v2\/pages\/3835\/revisions"}],"predecessor-version":[{"id":14435,"href":"https:\/\/www.globalong.com\/blog\/wp-json\/wp\/v2\/pages\/3835\/revisions\/14435"}],"up":[{"embeddable":true,"href":"https:\/\/www.globalong.com\/blog\/wp-json\/wp\/v2\/pages\/883"}],"wp:featuredmedia":[{"embeddable":true,"href":"https:\/\/www.globalong.com\/blog\/wp-json\/wp\/v2\/media\/3836"}],"wp:attachment":[{"href":"https:\/\/www.globalong.com\/blog\/wp-json\/wp\/v2\/media?parent=3835"}],"curies":[{"name":"wp","href":"https:\/\/api.w.org\/{rel}","templated":true}]}}