{"id":3848,"date":"2016-05-03T10:40:52","date_gmt":"2016-05-03T08:40:52","guid":{"rendered":"https:\/\/www.globalong.com\/blog\/?page_id=3848"},"modified":"2022-04-28T18:46:25","modified_gmt":"2022-04-28T16:46:25","slug":"projet-a-l-etranger-avec-globalong-mission-humanitariat-aide-enfants-hopital-medical-stage-cambodge-asie","status":"publish","type":"page","link":"https:\/\/www.globalong.com\/blog\/avis-temoignages-globalong\/projet-a-l-etranger-avec-globalong-mission-humanitariat-aide-enfants-hopital-medical-stage-cambodge-asie\/","title":{"rendered":"Cambodge &#8211; Charline"},"content":{"rendered":"<h4 style=\"text-align: center;\"><span style=\"color: #b81657;\">T\u00e9moignage de Charline, b\u00e9n\u00e9vole avec Globalong au Cambodge<\/span><\/h4>\n<p style=\"text-align: justify;\"><a href=\"https:\/\/www.globalong.com\/blog\/wp-content\/uploads\/2016\/05\/cambodja_kids2.jpg\" rel=\"attachment wp-att-3849\"><img loading=\"lazy\" decoding=\"async\" class=\"wp-image-3849 aligncenter\" src=\"https:\/\/www.globalong.com\/blog\/wp-content\/uploads\/2016\/05\/cambodja_kids2.jpg\" alt=\"Mission de b\u00e9n\u00e9volata vec Globalong au Cambodge\" width=\"300\" height=\"300\" srcset=\"https:\/\/www.globalong.com\/blog\/wp-content\/uploads\/2016\/05\/cambodja_kids2.jpg 190w, https:\/\/www.globalong.com\/blog\/wp-content\/uploads\/2016\/05\/cambodja_kids2-150x150.jpg 150w\" sizes=\"(max-width: 300px) 100vw, 300px\" \/><\/a>Je suis partie au Cambodge pendant 3 semaines et cette exp\u00e9rience m\u2019a permis d\u2019observer comment \u00e9tait la vie \u00e0 l&rsquo;h\u00f4pital dans une autre culture que la n\u00f4tre nous servira toujours dans notre avenir, \u00e7a nous permet de nous rendre compte de la qualit\u00e9 des soins chez nous.<\/p>\n<p style=\"text-align: justify;\">J\u2019ai rencontr\u00e9 beaucoup de personnes que ce soit \u00e0 l\u2019h\u00f4pital ou dans les maison des volontaires.<\/p>\n<p style=\"text-align: justify;\">Lors de notre temps libre week-ends et apr\u00e8s nos journ\u00e9es de stage on partait visiter, faire des excursions.<\/p>\n<p style=\"text-align: justify;\">Je voulais partir pour d\u00e9couvrir les h\u00f4pitaux dans une autre culture et d\u00e9couvrir leur fa\u00e7on de fonctionner, pour pouvoir ensuite apporter mon aide.<\/p>\n<p style=\"text-align: justify;\"><a href=\"https:\/\/www.globalong.com\/blog\/wp-content\/uploads\/2016\/05\/journ\u00e9-dintroduction-dans-le-pays-globalong-cambodge.jpg\" rel=\"attachment wp-att-3851\"><img loading=\"lazy\" decoding=\"async\" class=\"size-medium wp-image-3851 aligncenter\" src=\"https:\/\/www.globalong.com\/blog\/wp-content\/uploads\/2016\/05\/journ\u00e9-dintroduction-dans-le-pays-globalong-cambodge-300x225.jpg\" alt=\"Globalong mission de b\u00e9n\u00e9volat au cambodge \" width=\"300\" height=\"225\" srcset=\"https:\/\/www.globalong.com\/blog\/wp-content\/uploads\/2016\/05\/journ\u00e9-dintroduction-dans-le-pays-globalong-cambodge-300x225.jpg 300w, https:\/\/www.globalong.com\/blog\/wp-content\/uploads\/2016\/05\/journ\u00e9-dintroduction-dans-le-pays-globalong-cambodge-768x576.jpg 768w, https:\/\/www.globalong.com\/blog\/wp-content\/uploads\/2016\/05\/journ\u00e9-dintroduction-dans-le-pays-globalong-cambodge.jpg 1024w, https:\/\/www.globalong.com\/blog\/wp-content\/uploads\/2016\/05\/journ\u00e9-dintroduction-dans-le-pays-globalong-cambodge-150x113.jpg 150w\" sizes=\"(max-width: 300px) 100vw, 300px\" \/><\/a>La p\u00e9riode d\u2019introduction \u00e9tait tr\u00e8s bien, c&rsquo;\u00e9tait tr\u00e8s interessant car nous avons d\u00e9couvert la ville, nous avons fait connaissance avec les autres volontaires mais nous avons aussi apprit sur la vie au Cambodge !<\/p>\n<p style=\"text-align: justify;\">C\u2019est exactement pareil pour ma p\u00e9riode de b\u00e9n\u00e9volat nous avons beaucoup observ\u00e9 \u00e0 l&rsquo;h\u00f4pital, nous n&rsquo;avons pas su beaucoup pratiquer, mais c&rsquo;est tout de m\u00eame rest\u00e9 tr\u00e8s int\u00e9ressant.<\/p>\n<p style=\"text-align: justify;\">Je n\u2019ai pas eu besoin des \u00e9quipes sur place puisque tout s\u2019est tr\u00e8s bien pass\u00e9.<\/p>\n<p style=\"text-align: justify;\"><a href=\"https:\/\/www.globalong.com\/blog\/wp-content\/uploads\/2016\/05\/24_cambodja.jpg\" rel=\"attachment wp-att-3855\"><img loading=\"lazy\" decoding=\"async\" class=\"wp-image-3855 aligncenter\" src=\"https:\/\/www.globalong.com\/blog\/wp-content\/uploads\/2016\/05\/24_cambodja.jpg\" alt=\"Humanitariat international au Cambodge avec Globalong\" width=\"300\" height=\"300\" srcset=\"https:\/\/www.globalong.com\/blog\/wp-content\/uploads\/2016\/05\/24_cambodja.jpg 190w, https:\/\/www.globalong.com\/blog\/wp-content\/uploads\/2016\/05\/24_cambodja-150x150.jpg 150w\" sizes=\"(max-width: 300px) 100vw, 300px\" \/><\/a>J\u2019aurais \u00e9ventuellement aim\u00e9 \u00eatre dans un autre service avec plus de pratique, ou dans un autre h\u00f4pital p\u00e9diatrique o\u00f9 il y a plus d&rsquo;enfants.<\/p>\n<p style=\"text-align: justify;\">Le retour chez moi \u00e9tait difficile au niveau du d\u00e9calage horaire il faut pas mal de temps pour se r\u00e9habituer au rythme de chez nous.<\/p>\n<p style=\"text-align: justify;\">Prenez de l\u2019argent de poche pour pouvoir profiter un max !<\/p>\n<p style=\"text-align: justify;\">Et \u00e0 votre tour partez avec Globalong ! Je vous le recommande \ud83d\ude09<\/p>\n<p class=\"p1\" style=\"text-align: left;\">Pour d\u00e9couvrir plus de photos du Cambodge, <span style=\"text-decoration: underline;\"><a href=\"https:\/\/www.flickr.com\/photos\/globalong\/albums\/72157639827967953\" target=\"_blank\" rel=\"noopener\">cliquez ici<\/a><\/span> !<\/p>\n<p class=\"p1\" style=\"text-align: left;\">Pour d\u00e9couvrir les programmes au Cambodge <span style=\"text-decoration: underline;\"><a href=\"https:\/\/www.globalong.com\/sejour-benevolat\/benevolat-cambodge-enfants.html\">cliquez ici<\/a> <\/span>!<\/p>\n<p class=\"p1\" style=\"text-align: left;\">N\u2019h\u00e9sitez pas \u00e0 nous contacter pour plus d\u2019informations \u00e0 <span style=\"text-decoration: underline;\"><a href=\"mailto:info@globalong.com\">info@globalong.com<\/a><\/span><\/p>\n","protected":false},"excerpt":{"rendered":"<p>T\u00e9moignage de Charline, b\u00e9n\u00e9vole avec Globalong au Cambodge Je suis partie au Cambodge pendant 3 semaines et cette exp\u00e9rience m\u2019a permis d\u2019observer comment \u00e9tait la vie \u00e0 l&rsquo;h\u00f4pital dans une autre culture que la n\u00f4tre nous servira toujours dans notre avenir, \u00e7a nous permet de nous rendre compte de la qualit\u00e9 des soins chez nous. [&hellip;]<\/p>\n","protected":false},"author":3,"featured_media":8733,"parent":883,"menu_order":0,"comment_status":"open","ping_status":"closed","template":"","meta":{"footnotes":""},"yoast_head":"<!-- This site is optimized with the Yoast SEO Premium plugin v23.4 (Yoast SEO v23.4) - https:\/\/yoast.com\/wordpress\/plugins\/seo\/ -->\n<title>Cambodge - Charline - Association Globalong<\/title>\n<meta name=\"robots\" content=\"index, follow, max-snippet:-1, max-image-preview:large, max-video-preview:-1\" \/>\n<link rel=\"canonical\" href=\"https:\/\/www.globalong.com\/blog\/avis-temoignages-globalong\/projet-a-l-etranger-avec-globalong-mission-humanitariat-aide-enfants-hopital-medical-stage-cambodge-asie\/\" \/>\n<meta property=\"og:locale\" content=\"fr_FR\" \/>\n<meta property=\"og:type\" content=\"article\" \/>\n<meta property=\"og:title\" content=\"Cambodge - Charline\" \/>\n<meta property=\"og:description\" content=\"T\u00e9moignage de Charline, b\u00e9n\u00e9vole avec Globalong au Cambodge Je suis partie au Cambodge pendant 3 semaines et cette exp\u00e9rience m\u2019a permis d\u2019observer comment \u00e9tait la vie \u00e0 l&rsquo;h\u00f4pital dans une autre culture que la n\u00f4tre nous servira toujours dans notre avenir, \u00e7a nous permet de nous rendre compte de la qualit\u00e9 des soins chez nous. [&hellip;]\" \/>\n<meta property=\"og:url\" content=\"https:\/\/www.globalong.com\/blog\/avis-temoignages-globalong\/projet-a-l-etranger-avec-globalong-mission-humanitariat-aide-enfants-hopital-medical-stage-cambodge-asie\/\" \/>\n<meta property=\"og:site_name\" content=\"Association Globalong\" \/>\n<meta property=\"article:publisher\" content=\"https:\/\/www.facebook.com\/globalong\" \/>\n<meta property=\"article:modified_time\" content=\"2022-04-28T16:46:25+00:00\" \/>\n<meta property=\"og:image\" content=\"https:\/\/www.globalong.com\/blog\/wp-content\/uploads\/2018\/01\/Nade\u0300ge-au-Cambodge-min.jpg\" \/>\n\t<meta property=\"og:image:width\" content=\"2048\" \/>\n\t<meta property=\"og:image:height\" content=\"1536\" \/>\n\t<meta property=\"og:image:type\" content=\"image\/jpeg\" \/>\n<meta name=\"twitter:card\" content=\"summary_large_image\" \/>\n<meta name=\"twitter:label1\" content=\"Dur\u00e9e de lecture estim\u00e9e\" \/>\n\t<meta name=\"twitter:data1\" content=\"2 minutes\" \/>\n<script type=\"application\/ld+json\" class=\"yoast-schema-graph\">{\"@context\":\"https:\/\/schema.org\",\"@graph\":[{\"@type\":\"WebPage\",\"@id\":\"https:\/\/www.globalong.com\/blog\/avis-temoignages-globalong\/projet-a-l-etranger-avec-globalong-mission-humanitariat-aide-enfants-hopital-medical-stage-cambodge-asie\/\",\"url\":\"https:\/\/www.globalong.com\/blog\/avis-temoignages-globalong\/projet-a-l-etranger-avec-globalong-mission-humanitariat-aide-enfants-hopital-medical-stage-cambodge-asie\/\",\"name\":\"Cambodge - Charline - Association Globalong\",\"isPartOf\":{\"@id\":\"https:\/\/www.globalong.com\/blog\/#website\"},\"primaryImageOfPage\":{\"@id\":\"https:\/\/www.globalong.com\/blog\/avis-temoignages-globalong\/projet-a-l-etranger-avec-globalong-mission-humanitariat-aide-enfants-hopital-medical-stage-cambodge-asie\/#primaryimage\"},\"image\":{\"@id\":\"https:\/\/www.globalong.com\/blog\/avis-temoignages-globalong\/projet-a-l-etranger-avec-globalong-mission-humanitariat-aide-enfants-hopital-medical-stage-cambodge-asie\/#primaryimage\"},\"thumbnailUrl\":\"https:\/\/www.globalong.com\/blog\/wp-content\/uploads\/2018\/01\/Nade\u0300ge-au-Cambodge-min.jpg\",\"datePublished\":\"2016-05-03T08:40:52+00:00\",\"dateModified\":\"2022-04-28T16:46:25+00:00\",\"breadcrumb\":{\"@id\":\"https:\/\/www.globalong.com\/blog\/avis-temoignages-globalong\/projet-a-l-etranger-avec-globalong-mission-humanitariat-aide-enfants-hopital-medical-stage-cambodge-asie\/#breadcrumb\"},\"inLanguage\":\"fr-FR\",\"potentialAction\":[{\"@type\":\"ReadAction\",\"target\":[\"https:\/\/www.globalong.com\/blog\/avis-temoignages-globalong\/projet-a-l-etranger-avec-globalong-mission-humanitariat-aide-enfants-hopital-medical-stage-cambodge-asie\/\"]}]},{\"@type\":\"ImageObject\",\"inLanguage\":\"fr-FR\",\"@id\":\"https:\/\/www.globalong.com\/blog\/avis-temoignages-globalong\/projet-a-l-etranger-avec-globalong-mission-humanitariat-aide-enfants-hopital-medical-stage-cambodge-asie\/#primaryimage\",\"url\":\"https:\/\/www.globalong.com\/blog\/wp-content\/uploads\/2018\/01\/Nade\u0300ge-au-Cambodge-min.jpg\",\"contentUrl\":\"https:\/\/www.globalong.com\/blog\/wp-content\/uploads\/2018\/01\/Nade\u0300ge-au-Cambodge-min.jpg\",\"width\":2048,\"height\":1536},{\"@type\":\"BreadcrumbList\",\"@id\":\"https:\/\/www.globalong.com\/blog\/avis-temoignages-globalong\/projet-a-l-etranger-avec-globalong-mission-humanitariat-aide-enfants-hopital-medical-stage-cambodge-asie\/#breadcrumb\",\"itemListElement\":[{\"@type\":\"ListItem\",\"position\":1,\"name\":\"Accueil\",\"item\":\"https:\/\/www.globalong.com\/blog\/\"},{\"@type\":\"ListItem\",\"position\":2,\"name\":\"T\u00e9moignages et avis de volontaires Globalong\",\"item\":\"https:\/\/www.globalong.com\/blog\/avis-temoignages-globalong\/\"},{\"@type\":\"ListItem\",\"position\":3,\"name\":\"Cambodge &#8211; Charline\"}]},{\"@type\":\"WebSite\",\"@id\":\"https:\/\/www.globalong.com\/blog\/#website\",\"url\":\"https:\/\/www.globalong.com\/blog\/\",\"name\":\"https:\/\/www.globalong.com\/\",\"description\":\"Mission humanitaire, stage \u00e9tudiant et voyage linguistique\",\"publisher\":{\"@id\":\"https:\/\/www.globalong.com\/blog\/#organization\"},\"potentialAction\":[{\"@type\":\"SearchAction\",\"target\":{\"@type\":\"EntryPoint\",\"urlTemplate\":\"https:\/\/www.globalong.com\/blog\/?s={search_term_string}\"},\"query-input\":{\"@type\":\"PropertyValueSpecification\",\"valueRequired\":true,\"valueName\":\"search_term_string\"}}],\"inLanguage\":\"fr-FR\"},{\"@type\":\"Organization\",\"@id\":\"https:\/\/www.globalong.com\/blog\/#organization\",\"name\":\"Association Globalong\",\"url\":\"https:\/\/www.globalong.com\/blog\/\",\"logo\":{\"@type\":\"ImageObject\",\"inLanguage\":\"fr-FR\",\"@id\":\"https:\/\/www.globalong.com\/blog\/#\/schema\/logo\/image\/\",\"url\":\"https:\/\/www.globalong.com\/blog\/wp-content\/uploads\/2014\/11\/cropped-cropped-Logo-et-Afrique-Globalong-petite-taille-2.jpg\",\"contentUrl\":\"https:\/\/www.globalong.com\/blog\/wp-content\/uploads\/2014\/11\/cropped-cropped-Logo-et-Afrique-Globalong-petite-taille-2.jpg\",\"width\":512,\"height\":512,\"caption\":\"Association Globalong\"},\"image\":{\"@id\":\"https:\/\/www.globalong.com\/blog\/#\/schema\/logo\/image\/\"},\"sameAs\":[\"https:\/\/www.facebook.com\/globalong\"]}]}<\/script>\n<!-- \/ Yoast SEO Premium plugin. -->","yoast_head_json":{"title":"Cambodge - Charline - Association Globalong","robots":{"index":"index","follow":"follow","max-snippet":"max-snippet:-1","max-image-preview":"max-image-preview:large","max-video-preview":"max-video-preview:-1"},"canonical":"https:\/\/www.globalong.com\/blog\/avis-temoignages-globalong\/projet-a-l-etranger-avec-globalong-mission-humanitariat-aide-enfants-hopital-medical-stage-cambodge-asie\/","og_locale":"fr_FR","og_type":"article","og_title":"Cambodge - Charline","og_description":"T\u00e9moignage de Charline, b\u00e9n\u00e9vole avec Globalong au Cambodge Je suis partie au Cambodge pendant 3 semaines et cette exp\u00e9rience m\u2019a permis d\u2019observer comment \u00e9tait la vie \u00e0 l&rsquo;h\u00f4pital dans une autre culture que la n\u00f4tre nous servira toujours dans notre avenir, \u00e7a nous permet de nous rendre compte de la qualit\u00e9 des soins chez nous. [&hellip;]","og_url":"https:\/\/www.globalong.com\/blog\/avis-temoignages-globalong\/projet-a-l-etranger-avec-globalong-mission-humanitariat-aide-enfants-hopital-medical-stage-cambodge-asie\/","og_site_name":"Association Globalong","article_publisher":"https:\/\/www.facebook.com\/globalong","article_modified_time":"2022-04-28T16:46:25+00:00","og_image":[{"width":2048,"height":1536,"url":"https:\/\/www.globalong.com\/blog\/wp-content\/uploads\/2018\/01\/Nade\u0300ge-au-Cambodge-min.jpg","type":"image\/jpeg"}],"twitter_card":"summary_large_image","twitter_misc":{"Dur\u00e9e de lecture estim\u00e9e":"2 minutes"},"schema":{"@context":"https:\/\/schema.org","@graph":[{"@type":"WebPage","@id":"https:\/\/www.globalong.com\/blog\/avis-temoignages-globalong\/projet-a-l-etranger-avec-globalong-mission-humanitariat-aide-enfants-hopital-medical-stage-cambodge-asie\/","url":"https:\/\/www.globalong.com\/blog\/avis-temoignages-globalong\/projet-a-l-etranger-avec-globalong-mission-humanitariat-aide-enfants-hopital-medical-stage-cambodge-asie\/","name":"Cambodge - Charline - Association Globalong","isPartOf":{"@id":"https:\/\/www.globalong.com\/blog\/#website"},"primaryImageOfPage":{"@id":"https:\/\/www.globalong.com\/blog\/avis-temoignages-globalong\/projet-a-l-etranger-avec-globalong-mission-humanitariat-aide-enfants-hopital-medical-stage-cambodge-asie\/#primaryimage"},"image":{"@id":"https:\/\/www.globalong.com\/blog\/avis-temoignages-globalong\/projet-a-l-etranger-avec-globalong-mission-humanitariat-aide-enfants-hopital-medical-stage-cambodge-asie\/#primaryimage"},"thumbnailUrl":"https:\/\/www.globalong.com\/blog\/wp-content\/uploads\/2018\/01\/Nade\u0300ge-au-Cambodge-min.jpg","datePublished":"2016-05-03T08:40:52+00:00","dateModified":"2022-04-28T16:46:25+00:00","breadcrumb":{"@id":"https:\/\/www.globalong.com\/blog\/avis-temoignages-globalong\/projet-a-l-etranger-avec-globalong-mission-humanitariat-aide-enfants-hopital-medical-stage-cambodge-asie\/#breadcrumb"},"inLanguage":"fr-FR","potentialAction":[{"@type":"ReadAction","target":["https:\/\/www.globalong.com\/blog\/avis-temoignages-globalong\/projet-a-l-etranger-avec-globalong-mission-humanitariat-aide-enfants-hopital-medical-stage-cambodge-asie\/"]}]},{"@type":"ImageObject","inLanguage":"fr-FR","@id":"https:\/\/www.globalong.com\/blog\/avis-temoignages-globalong\/projet-a-l-etranger-avec-globalong-mission-humanitariat-aide-enfants-hopital-medical-stage-cambodge-asie\/#primaryimage","url":"https:\/\/www.globalong.com\/blog\/wp-content\/uploads\/2018\/01\/Nade\u0300ge-au-Cambodge-min.jpg","contentUrl":"https:\/\/www.globalong.com\/blog\/wp-content\/uploads\/2018\/01\/Nade\u0300ge-au-Cambodge-min.jpg","width":2048,"height":1536},{"@type":"BreadcrumbList","@id":"https:\/\/www.globalong.com\/blog\/avis-temoignages-globalong\/projet-a-l-etranger-avec-globalong-mission-humanitariat-aide-enfants-hopital-medical-stage-cambodge-asie\/#breadcrumb","itemListElement":[{"@type":"ListItem","position":1,"name":"Accueil","item":"https:\/\/www.globalong.com\/blog\/"},{"@type":"ListItem","position":2,"name":"T\u00e9moignages et avis de volontaires Globalong","item":"https:\/\/www.globalong.com\/blog\/avis-temoignages-globalong\/"},{"@type":"ListItem","position":3,"name":"Cambodge &#8211; Charline"}]},{"@type":"WebSite","@id":"https:\/\/www.globalong.com\/blog\/#website","url":"https:\/\/www.globalong.com\/blog\/","name":"https:\/\/www.globalong.com\/","description":"Mission humanitaire, stage \u00e9tudiant et voyage linguistique","publisher":{"@id":"https:\/\/www.globalong.com\/blog\/#organization"},"potentialAction":[{"@type":"SearchAction","target":{"@type":"EntryPoint","urlTemplate":"https:\/\/www.globalong.com\/blog\/?s={search_term_string}"},"query-input":{"@type":"PropertyValueSpecification","valueRequired":true,"valueName":"search_term_string"}}],"inLanguage":"fr-FR"},{"@type":"Organization","@id":"https:\/\/www.globalong.com\/blog\/#organization","name":"Association Globalong","url":"https:\/\/www.globalong.com\/blog\/","logo":{"@type":"ImageObject","inLanguage":"fr-FR","@id":"https:\/\/www.globalong.com\/blog\/#\/schema\/logo\/image\/","url":"https:\/\/www.globalong.com\/blog\/wp-content\/uploads\/2014\/11\/cropped-cropped-Logo-et-Afrique-Globalong-petite-taille-2.jpg","contentUrl":"https:\/\/www.globalong.com\/blog\/wp-content\/uploads\/2014\/11\/cropped-cropped-Logo-et-Afrique-Globalong-petite-taille-2.jpg","width":512,"height":512,"caption":"Association Globalong"},"image":{"@id":"https:\/\/www.globalong.com\/blog\/#\/schema\/logo\/image\/"},"sameAs":["https:\/\/www.facebook.com\/globalong"]}]}},"_links":{"self":[{"href":"https:\/\/www.globalong.com\/blog\/wp-json\/wp\/v2\/pages\/3848"}],"collection":[{"href":"https:\/\/www.globalong.com\/blog\/wp-json\/wp\/v2\/pages"}],"about":[{"href":"https:\/\/www.globalong.com\/blog\/wp-json\/wp\/v2\/types\/page"}],"author":[{"embeddable":true,"href":"https:\/\/www.globalong.com\/blog\/wp-json\/wp\/v2\/users\/3"}],"replies":[{"embeddable":true,"href":"https:\/\/www.globalong.com\/blog\/wp-json\/wp\/v2\/comments?post=3848"}],"version-history":[{"count":8,"href":"https:\/\/www.globalong.com\/blog\/wp-json\/wp\/v2\/pages\/3848\/revisions"}],"predecessor-version":[{"id":14433,"href":"https:\/\/www.globalong.com\/blog\/wp-json\/wp\/v2\/pages\/3848\/revisions\/14433"}],"up":[{"embeddable":true,"href":"https:\/\/www.globalong.com\/blog\/wp-json\/wp\/v2\/pages\/883"}],"wp:featuredmedia":[{"embeddable":true,"href":"https:\/\/www.globalong.com\/blog\/wp-json\/wp\/v2\/media\/8733"}],"wp:attachment":[{"href":"https:\/\/www.globalong.com\/blog\/wp-json\/wp\/v2\/media?parent=3848"}],"curies":[{"name":"wp","href":"https:\/\/api.w.org\/{rel}","templated":true}]}}