{"id":3907,"date":"2016-05-03T16:06:57","date_gmt":"2016-05-03T14:06:57","guid":{"rendered":"https:\/\/www.globalong.com\/blog\/?page_id=3907"},"modified":"2022-05-07T11:06:09","modified_gmt":"2022-05-07T09:06:09","slug":"annee-sabbatique-gap-year-project-voyage-mission-humanitaire-globalong-asie-sri-lanka","status":"publish","type":"page","link":"https:\/\/www.globalong.com\/blog\/avis-temoignages-globalong\/annee-sabbatique-gap-year-project-voyage-mission-humanitaire-globalong-asie-sri-lanka\/","title":{"rendered":"Sri Lanka &#8211; Cl\u00e9mence"},"content":{"rendered":"<h4 style=\"text-align: center;\"><span style=\"color: #b81657;\">T\u00e9moignage de Cl\u00e9mence, b\u00e9n\u00e9vole avec Globalong au Sri Lanka<\/span><\/h4>\n<p style=\"text-align: justify;\"><a href=\"https:\/\/www.globalong.com\/blog\/wp-content\/uploads\/2016\/05\/niroshas-290.jpg\" rel=\"attachment wp-att-3908\"><img loading=\"lazy\" decoding=\"async\" class=\"wp-image-3908 aligncenter\" src=\"https:\/\/www.globalong.com\/blog\/wp-content\/uploads\/2016\/05\/niroshas-290.jpg\" alt=\"Mission humanitaire au Sri Lanka avec Globalong\" width=\"300\" height=\"300\" srcset=\"https:\/\/www.globalong.com\/blog\/wp-content\/uploads\/2016\/05\/niroshas-290.jpg 190w, https:\/\/www.globalong.com\/blog\/wp-content\/uploads\/2016\/05\/niroshas-290-150x150.jpg 150w\" sizes=\"(max-width: 300px) 100vw, 300px\" \/><\/a>Je suis partie au <span style=\"text-decoration: underline;\"><a href=\"https:\/\/www.globalong.com\/sejour-benevolat\/sri-lanka.html\" target=\"_blank\" rel=\"noopener\">Sri Lanka<\/a><\/span> \u00e0 Galle pendant 3 semaines.<\/p>\n<p style=\"text-align: justify;\">A la fin de la mission, j&rsquo;ai fait un tour dans le centre du pays o\u00f9 j&rsquo;ai pu visiter d&rsquo;autres temples et une plantation de th\u00e9.<\/p>\n<p style=\"text-align: justify;\">J&rsquo;ai rencontr\u00e9 beaucoup de\u00a0locaux et d&rsquo;autres \u00e9trangers avec qui je suis encore en contact.<\/p>\n<p style=\"text-align: justify;\">Je voulais partir pour avoir une exp\u00e9rience dans l&rsquo;humanitaire et d\u00e9couvrir une autre culture.<\/p>\n<p style=\"text-align: justify;\">La p\u00e9riode d\u2019intro et ma p\u00e9riode de b\u00e9n\u00e9volat se sont tr\u00e8s bien pass\u00e9 !\u00a0J\u2019ai eu besoin du coordinateur local une seule fois et il a \u00e9t\u00e9 l\u00e0 pour m\u2019aider !<\/p>\n<p style=\"text-align: justify;\">Pendant une p\u00e9riode de b\u00e9n\u00e9volat on apprend beaucoup sur soi-m\u00eame et on relativise \u00e9norm\u00e9ment en rentrant dans notre pays.<a href=\"https:\/\/www.globalong.com\/blog\/wp-content\/uploads\/2016\/05\/sambodhi_1.jpg\" rel=\"attachment wp-att-3911\"><img loading=\"lazy\" decoding=\"async\" class=\"wp-image-3911 aligncenter\" src=\"https:\/\/www.globalong.com\/blog\/wp-content\/uploads\/2016\/05\/sambodhi_1.jpg\" alt=\"Mission avec les enfants Globalong Sri Lanka\" width=\"300\" height=\"300\" srcset=\"https:\/\/www.globalong.com\/blog\/wp-content\/uploads\/2016\/05\/sambodhi_1.jpg 190w, https:\/\/www.globalong.com\/blog\/wp-content\/uploads\/2016\/05\/sambodhi_1-150x150.jpg 150w\" sizes=\"(max-width: 300px) 100vw, 300px\" \/><\/a><\/p>\n<p style=\"text-align: justify;\">D\u00e8s mon retour\u00a0je me suis vite r\u00e9-adapt\u00e9e \u00e0 mon quotidien.<\/p>\n<p style=\"text-align: justify;\">Mon conseil pour les futurs participants est de profitez au maximum et d\u2019\u00eatre ouvert !<\/p>\n<p style=\"text-align: justify;\">Je conseillerai Globalong \u00e0 un ami sans souci !<\/p>\n<p style=\"text-align: justify;\">Cl\u00e9mence.<\/p>\n<p style=\"text-align: left;\">Pour d\u00e9couvrir plus de photos du Sri Lanka,<a href=\"https:\/\/www.flickr.com\/photos\/globalong\/albums\/72157641528910795\" target=\"_blank\" rel=\"noopener\"><span style=\"text-decoration: underline; color: #b81657;\">cliquez ici <\/span>!<\/a><\/p>\n<p style=\"text-align: left;\">Pour d\u00e9couvrir les programmes de b\u00e9n\u00e9volat au Sri Lanka\u00a0<span style=\"text-decoration: underline;\"><span style=\"color: #b81657;\"><a style=\"color: #b81657; text-decoration: underline;\" href=\"https:\/\/www.globalong.com\/sejour-benevolat\/sri-lanka.html\" target=\"_blank\" rel=\"noopener\">cliquez ici<\/a><\/span><\/span> !<\/p>\n<p style=\"text-align: left;\">N\u2019h\u00e9sitez pas \u00e0 nous contacter pour plus d\u2019informations \u00e0 <span style=\"text-decoration: underline; color: #b81657;\"><a style=\"color: #b81657; text-decoration: underline;\" href=\"mailto:info@globalong.com\">info@globalong.com<\/a><\/span><\/p>\n","protected":false},"excerpt":{"rendered":"<p>T\u00e9moignage de Cl\u00e9mence, b\u00e9n\u00e9vole avec Globalong au Sri Lanka Je suis partie au Sri Lanka \u00e0 Galle pendant 3 semaines. A la fin de la mission, j&rsquo;ai fait un tour dans le centre du pays o\u00f9 j&rsquo;ai pu visiter d&rsquo;autres temples et une plantation de th\u00e9. J&rsquo;ai rencontr\u00e9 beaucoup de\u00a0locaux et d&rsquo;autres \u00e9trangers avec qui [&hellip;]<\/p>\n","protected":false},"author":3,"featured_media":3865,"parent":883,"menu_order":0,"comment_status":"closed","ping_status":"closed","template":"","meta":{"footnotes":""},"yoast_head":"<!-- This site is optimized with the Yoast SEO Premium plugin v23.4 (Yoast SEO v23.4) - https:\/\/yoast.com\/wordpress\/plugins\/seo\/ -->\n<title>Sri Lanka - Cl\u00e9mence - Association Globalong<\/title>\n<meta name=\"robots\" content=\"index, follow, max-snippet:-1, max-image-preview:large, max-video-preview:-1\" \/>\n<link rel=\"canonical\" href=\"https:\/\/www.globalong.com\/blog\/avis-temoignages-globalong\/annee-sabbatique-gap-year-project-voyage-mission-humanitaire-globalong-asie-sri-lanka\/\" \/>\n<meta property=\"og:locale\" content=\"fr_FR\" \/>\n<meta property=\"og:type\" content=\"article\" \/>\n<meta property=\"og:title\" content=\"Sri Lanka - Cl\u00e9mence\" \/>\n<meta property=\"og:description\" content=\"T\u00e9moignage de Cl\u00e9mence, b\u00e9n\u00e9vole avec Globalong au Sri Lanka Je suis partie au Sri Lanka \u00e0 Galle pendant 3 semaines. A la fin de la mission, j&rsquo;ai fait un tour dans le centre du pays o\u00f9 j&rsquo;ai pu visiter d&rsquo;autres temples et une plantation de th\u00e9. J&rsquo;ai rencontr\u00e9 beaucoup de\u00a0locaux et d&rsquo;autres \u00e9trangers avec qui [&hellip;]\" \/>\n<meta property=\"og:url\" content=\"https:\/\/www.globalong.com\/blog\/avis-temoignages-globalong\/annee-sabbatique-gap-year-project-voyage-mission-humanitaire-globalong-asie-sri-lanka\/\" \/>\n<meta property=\"og:site_name\" content=\"Association Globalong\" \/>\n<meta property=\"article:publisher\" content=\"https:\/\/www.facebook.com\/globalong\" \/>\n<meta property=\"article:modified_time\" content=\"2022-05-07T09:06:09+00:00\" \/>\n<meta property=\"og:image\" content=\"https:\/\/www.globalong.com\/blog\/wp-content\/uploads\/2016\/05\/globalong-cambodge-ballade.jpg\" \/>\n\t<meta property=\"og:image:width\" content=\"1024\" \/>\n\t<meta property=\"og:image:height\" content=\"768\" \/>\n\t<meta property=\"og:image:type\" content=\"image\/jpeg\" \/>\n<meta name=\"twitter:card\" content=\"summary_large_image\" \/>\n<meta name=\"twitter:label1\" content=\"Dur\u00e9e de lecture estim\u00e9e\" \/>\n\t<meta name=\"twitter:data1\" content=\"1 minute\" \/>\n<script type=\"application\/ld+json\" class=\"yoast-schema-graph\">{\"@context\":\"https:\/\/schema.org\",\"@graph\":[{\"@type\":\"WebPage\",\"@id\":\"https:\/\/www.globalong.com\/blog\/avis-temoignages-globalong\/annee-sabbatique-gap-year-project-voyage-mission-humanitaire-globalong-asie-sri-lanka\/\",\"url\":\"https:\/\/www.globalong.com\/blog\/avis-temoignages-globalong\/annee-sabbatique-gap-year-project-voyage-mission-humanitaire-globalong-asie-sri-lanka\/\",\"name\":\"Sri Lanka - Cl\u00e9mence - Association Globalong\",\"isPartOf\":{\"@id\":\"https:\/\/www.globalong.com\/blog\/#website\"},\"primaryImageOfPage\":{\"@id\":\"https:\/\/www.globalong.com\/blog\/avis-temoignages-globalong\/annee-sabbatique-gap-year-project-voyage-mission-humanitaire-globalong-asie-sri-lanka\/#primaryimage\"},\"image\":{\"@id\":\"https:\/\/www.globalong.com\/blog\/avis-temoignages-globalong\/annee-sabbatique-gap-year-project-voyage-mission-humanitaire-globalong-asie-sri-lanka\/#primaryimage\"},\"thumbnailUrl\":\"https:\/\/www.globalong.com\/blog\/wp-content\/uploads\/2016\/05\/globalong-cambodge-ballade.jpg\",\"datePublished\":\"2016-05-03T14:06:57+00:00\",\"dateModified\":\"2022-05-07T09:06:09+00:00\",\"breadcrumb\":{\"@id\":\"https:\/\/www.globalong.com\/blog\/avis-temoignages-globalong\/annee-sabbatique-gap-year-project-voyage-mission-humanitaire-globalong-asie-sri-lanka\/#breadcrumb\"},\"inLanguage\":\"fr-FR\",\"potentialAction\":[{\"@type\":\"ReadAction\",\"target\":[\"https:\/\/www.globalong.com\/blog\/avis-temoignages-globalong\/annee-sabbatique-gap-year-project-voyage-mission-humanitaire-globalong-asie-sri-lanka\/\"]}]},{\"@type\":\"ImageObject\",\"inLanguage\":\"fr-FR\",\"@id\":\"https:\/\/www.globalong.com\/blog\/avis-temoignages-globalong\/annee-sabbatique-gap-year-project-voyage-mission-humanitaire-globalong-asie-sri-lanka\/#primaryimage\",\"url\":\"https:\/\/www.globalong.com\/blog\/wp-content\/uploads\/2016\/05\/globalong-cambodge-ballade.jpg\",\"contentUrl\":\"https:\/\/www.globalong.com\/blog\/wp-content\/uploads\/2016\/05\/globalong-cambodge-ballade.jpg\",\"width\":1024,\"height\":768,\"caption\":\"Globalong paysages missions humanitaire Cambodge\"},{\"@type\":\"BreadcrumbList\",\"@id\":\"https:\/\/www.globalong.com\/blog\/avis-temoignages-globalong\/annee-sabbatique-gap-year-project-voyage-mission-humanitaire-globalong-asie-sri-lanka\/#breadcrumb\",\"itemListElement\":[{\"@type\":\"ListItem\",\"position\":1,\"name\":\"Accueil\",\"item\":\"https:\/\/www.globalong.com\/blog\/\"},{\"@type\":\"ListItem\",\"position\":2,\"name\":\"T\u00e9moignages et avis de volontaires Globalong\",\"item\":\"https:\/\/www.globalong.com\/blog\/avis-temoignages-globalong\/\"},{\"@type\":\"ListItem\",\"position\":3,\"name\":\"Sri Lanka &#8211; Cl\u00e9mence\"}]},{\"@type\":\"WebSite\",\"@id\":\"https:\/\/www.globalong.com\/blog\/#website\",\"url\":\"https:\/\/www.globalong.com\/blog\/\",\"name\":\"https:\/\/www.globalong.com\/\",\"description\":\"Mission humanitaire, stage \u00e9tudiant et voyage linguistique\",\"publisher\":{\"@id\":\"https:\/\/www.globalong.com\/blog\/#organization\"},\"potentialAction\":[{\"@type\":\"SearchAction\",\"target\":{\"@type\":\"EntryPoint\",\"urlTemplate\":\"https:\/\/www.globalong.com\/blog\/?s={search_term_string}\"},\"query-input\":{\"@type\":\"PropertyValueSpecification\",\"valueRequired\":true,\"valueName\":\"search_term_string\"}}],\"inLanguage\":\"fr-FR\"},{\"@type\":\"Organization\",\"@id\":\"https:\/\/www.globalong.com\/blog\/#organization\",\"name\":\"Association Globalong\",\"url\":\"https:\/\/www.globalong.com\/blog\/\",\"logo\":{\"@type\":\"ImageObject\",\"inLanguage\":\"fr-FR\",\"@id\":\"https:\/\/www.globalong.com\/blog\/#\/schema\/logo\/image\/\",\"url\":\"https:\/\/www.globalong.com\/blog\/wp-content\/uploads\/2014\/11\/cropped-cropped-Logo-et-Afrique-Globalong-petite-taille-2.jpg\",\"contentUrl\":\"https:\/\/www.globalong.com\/blog\/wp-content\/uploads\/2014\/11\/cropped-cropped-Logo-et-Afrique-Globalong-petite-taille-2.jpg\",\"width\":512,\"height\":512,\"caption\":\"Association Globalong\"},\"image\":{\"@id\":\"https:\/\/www.globalong.com\/blog\/#\/schema\/logo\/image\/\"},\"sameAs\":[\"https:\/\/www.facebook.com\/globalong\"]}]}<\/script>\n<!-- \/ Yoast SEO Premium plugin. -->","yoast_head_json":{"title":"Sri Lanka - Cl\u00e9mence - Association Globalong","robots":{"index":"index","follow":"follow","max-snippet":"max-snippet:-1","max-image-preview":"max-image-preview:large","max-video-preview":"max-video-preview:-1"},"canonical":"https:\/\/www.globalong.com\/blog\/avis-temoignages-globalong\/annee-sabbatique-gap-year-project-voyage-mission-humanitaire-globalong-asie-sri-lanka\/","og_locale":"fr_FR","og_type":"article","og_title":"Sri Lanka - Cl\u00e9mence","og_description":"T\u00e9moignage de Cl\u00e9mence, b\u00e9n\u00e9vole avec Globalong au Sri Lanka Je suis partie au Sri Lanka \u00e0 Galle pendant 3 semaines. A la fin de la mission, j&rsquo;ai fait un tour dans le centre du pays o\u00f9 j&rsquo;ai pu visiter d&rsquo;autres temples et une plantation de th\u00e9. J&rsquo;ai rencontr\u00e9 beaucoup de\u00a0locaux et d&rsquo;autres \u00e9trangers avec qui [&hellip;]","og_url":"https:\/\/www.globalong.com\/blog\/avis-temoignages-globalong\/annee-sabbatique-gap-year-project-voyage-mission-humanitaire-globalong-asie-sri-lanka\/","og_site_name":"Association Globalong","article_publisher":"https:\/\/www.facebook.com\/globalong","article_modified_time":"2022-05-07T09:06:09+00:00","og_image":[{"width":1024,"height":768,"url":"https:\/\/www.globalong.com\/blog\/wp-content\/uploads\/2016\/05\/globalong-cambodge-ballade.jpg","type":"image\/jpeg"}],"twitter_card":"summary_large_image","twitter_misc":{"Dur\u00e9e de lecture estim\u00e9e":"1 minute"},"schema":{"@context":"https:\/\/schema.org","@graph":[{"@type":"WebPage","@id":"https:\/\/www.globalong.com\/blog\/avis-temoignages-globalong\/annee-sabbatique-gap-year-project-voyage-mission-humanitaire-globalong-asie-sri-lanka\/","url":"https:\/\/www.globalong.com\/blog\/avis-temoignages-globalong\/annee-sabbatique-gap-year-project-voyage-mission-humanitaire-globalong-asie-sri-lanka\/","name":"Sri Lanka - Cl\u00e9mence - Association Globalong","isPartOf":{"@id":"https:\/\/www.globalong.com\/blog\/#website"},"primaryImageOfPage":{"@id":"https:\/\/www.globalong.com\/blog\/avis-temoignages-globalong\/annee-sabbatique-gap-year-project-voyage-mission-humanitaire-globalong-asie-sri-lanka\/#primaryimage"},"image":{"@id":"https:\/\/www.globalong.com\/blog\/avis-temoignages-globalong\/annee-sabbatique-gap-year-project-voyage-mission-humanitaire-globalong-asie-sri-lanka\/#primaryimage"},"thumbnailUrl":"https:\/\/www.globalong.com\/blog\/wp-content\/uploads\/2016\/05\/globalong-cambodge-ballade.jpg","datePublished":"2016-05-03T14:06:57+00:00","dateModified":"2022-05-07T09:06:09+00:00","breadcrumb":{"@id":"https:\/\/www.globalong.com\/blog\/avis-temoignages-globalong\/annee-sabbatique-gap-year-project-voyage-mission-humanitaire-globalong-asie-sri-lanka\/#breadcrumb"},"inLanguage":"fr-FR","potentialAction":[{"@type":"ReadAction","target":["https:\/\/www.globalong.com\/blog\/avis-temoignages-globalong\/annee-sabbatique-gap-year-project-voyage-mission-humanitaire-globalong-asie-sri-lanka\/"]}]},{"@type":"ImageObject","inLanguage":"fr-FR","@id":"https:\/\/www.globalong.com\/blog\/avis-temoignages-globalong\/annee-sabbatique-gap-year-project-voyage-mission-humanitaire-globalong-asie-sri-lanka\/#primaryimage","url":"https:\/\/www.globalong.com\/blog\/wp-content\/uploads\/2016\/05\/globalong-cambodge-ballade.jpg","contentUrl":"https:\/\/www.globalong.com\/blog\/wp-content\/uploads\/2016\/05\/globalong-cambodge-ballade.jpg","width":1024,"height":768,"caption":"Globalong paysages missions humanitaire Cambodge"},{"@type":"BreadcrumbList","@id":"https:\/\/www.globalong.com\/blog\/avis-temoignages-globalong\/annee-sabbatique-gap-year-project-voyage-mission-humanitaire-globalong-asie-sri-lanka\/#breadcrumb","itemListElement":[{"@type":"ListItem","position":1,"name":"Accueil","item":"https:\/\/www.globalong.com\/blog\/"},{"@type":"ListItem","position":2,"name":"T\u00e9moignages et avis de volontaires Globalong","item":"https:\/\/www.globalong.com\/blog\/avis-temoignages-globalong\/"},{"@type":"ListItem","position":3,"name":"Sri Lanka &#8211; Cl\u00e9mence"}]},{"@type":"WebSite","@id":"https:\/\/www.globalong.com\/blog\/#website","url":"https:\/\/www.globalong.com\/blog\/","name":"https:\/\/www.globalong.com\/","description":"Mission humanitaire, stage \u00e9tudiant et voyage linguistique","publisher":{"@id":"https:\/\/www.globalong.com\/blog\/#organization"},"potentialAction":[{"@type":"SearchAction","target":{"@type":"EntryPoint","urlTemplate":"https:\/\/www.globalong.com\/blog\/?s={search_term_string}"},"query-input":{"@type":"PropertyValueSpecification","valueRequired":true,"valueName":"search_term_string"}}],"inLanguage":"fr-FR"},{"@type":"Organization","@id":"https:\/\/www.globalong.com\/blog\/#organization","name":"Association Globalong","url":"https:\/\/www.globalong.com\/blog\/","logo":{"@type":"ImageObject","inLanguage":"fr-FR","@id":"https:\/\/www.globalong.com\/blog\/#\/schema\/logo\/image\/","url":"https:\/\/www.globalong.com\/blog\/wp-content\/uploads\/2014\/11\/cropped-cropped-Logo-et-Afrique-Globalong-petite-taille-2.jpg","contentUrl":"https:\/\/www.globalong.com\/blog\/wp-content\/uploads\/2014\/11\/cropped-cropped-Logo-et-Afrique-Globalong-petite-taille-2.jpg","width":512,"height":512,"caption":"Association Globalong"},"image":{"@id":"https:\/\/www.globalong.com\/blog\/#\/schema\/logo\/image\/"},"sameAs":["https:\/\/www.facebook.com\/globalong"]}]}},"_links":{"self":[{"href":"https:\/\/www.globalong.com\/blog\/wp-json\/wp\/v2\/pages\/3907"}],"collection":[{"href":"https:\/\/www.globalong.com\/blog\/wp-json\/wp\/v2\/pages"}],"about":[{"href":"https:\/\/www.globalong.com\/blog\/wp-json\/wp\/v2\/types\/page"}],"author":[{"embeddable":true,"href":"https:\/\/www.globalong.com\/blog\/wp-json\/wp\/v2\/users\/3"}],"replies":[{"embeddable":true,"href":"https:\/\/www.globalong.com\/blog\/wp-json\/wp\/v2\/comments?post=3907"}],"version-history":[{"count":9,"href":"https:\/\/www.globalong.com\/blog\/wp-json\/wp\/v2\/pages\/3907\/revisions"}],"predecessor-version":[{"id":14566,"href":"https:\/\/www.globalong.com\/blog\/wp-json\/wp\/v2\/pages\/3907\/revisions\/14566"}],"up":[{"embeddable":true,"href":"https:\/\/www.globalong.com\/blog\/wp-json\/wp\/v2\/pages\/883"}],"wp:featuredmedia":[{"embeddable":true,"href":"https:\/\/www.globalong.com\/blog\/wp-json\/wp\/v2\/media\/3865"}],"wp:attachment":[{"href":"https:\/\/www.globalong.com\/blog\/wp-json\/wp\/v2\/media?parent=3907"}],"curies":[{"name":"wp","href":"https:\/\/api.w.org\/{rel}","templated":true}]}}