{"id":5469,"date":"2016-09-13T11:33:02","date_gmt":"2016-09-13T09:33:02","guid":{"rendered":"https:\/\/www.globalong.com\/blog\/?page_id=5469"},"modified":"2022-05-06T16:50:41","modified_gmt":"2022-05-06T14:50:41","slug":"mission-benevole-famille-loumah-au-nepal-globalong-ecole-enfants-aide-culture","status":"publish","type":"page","link":"https:\/\/www.globalong.com\/blog\/avis-temoignages-globalong\/mission-benevole-famille-loumah-au-nepal-globalong-ecole-enfants-aide-culture\/","title":{"rendered":"N\u00e9pal &#8211; Loumah"},"content":{"rendered":"<h4 style=\"text-align: center;\"><span style=\"color: #b81657;\">T\u00e9moignage de Loumah, volontaire avec Globalong au <span style=\"text-decoration: underline;\"><a href=\"https:\/\/www.globalong.com\/sejour-benevolat\/benevolat-au-nepal-humanitaire.html\" target=\"_blank\" rel=\"noopener\">N\u00e9pal,<\/a><\/span>\u00a0<\/span><\/h4>\n<p style=\"text-align: justify;\"><a href=\"https:\/\/www.globalong.com\/blog\/wp-content\/uploads\/2016\/09\/Loumad-Abdoullah-et-Parisia-au-Ne\u0301pal-glob-along.jpg\" rel=\"attachment wp-att-5470\"><img loading=\"lazy\" decoding=\"async\" class=\"size-medium wp-image-5470 aligncenter\" src=\"https:\/\/www.globalong.com\/blog\/wp-content\/uploads\/2016\/09\/Loumad-Abdoullah-et-Parisia-au-Ne\u0301pal-glob-along-300x225.jpg\" alt=\"B\u00e9n\u00e9volat dans une \u00e9cole avec Globalong\" width=\"300\" height=\"225\" srcset=\"https:\/\/www.globalong.com\/blog\/wp-content\/uploads\/2016\/09\/Loumad-Abdoullah-et-Parisia-au-Ne\u0301pal-glob-along-300x225.jpg 300w, https:\/\/www.globalong.com\/blog\/wp-content\/uploads\/2016\/09\/Loumad-Abdoullah-et-Parisia-au-Ne\u0301pal-glob-along-768x576.jpg 768w, https:\/\/www.globalong.com\/blog\/wp-content\/uploads\/2016\/09\/Loumad-Abdoullah-et-Parisia-au-Ne\u0301pal-glob-along.jpg 1024w, https:\/\/www.globalong.com\/blog\/wp-content\/uploads\/2016\/09\/Loumad-Abdoullah-et-Parisia-au-Ne\u0301pal-glob-along-150x113.jpg 150w\" sizes=\"(max-width: 300px) 100vw, 300px\" \/><\/a>Bonjour,<\/p>\n<p style=\"text-align: justify;\">Je n&rsquo;ai pu que r\u00e9cemment mettre les photos du voyage sur mon ordinateur.<\/p>\n<p style=\"text-align: justify;\">Donc voici quelques photos des enfants, de la maison, et de l&rsquo;\u00e9quipe locale\u00a0\u00e0 Sankhu.<\/p>\n<p style=\"text-align: justify;\">Mes parents et moi avons pass\u00e9 10 jours dans le village de Sankhu \u00e0 45 mins en voiture de katmandu.<\/p>\n<p style=\"text-align: justify;\">Nous devions traverser un sentier dans la nature tous les jours pour atteindre la maison.<\/p>\n<p style=\"text-align: justify;\"><a href=\"https:\/\/www.globalong.com\/blog\/wp-content\/uploads\/2016\/09\/Loumad-Abdoullah-et-Parisia-au-Ne\u0301pal-avec-globalong.jpg\" rel=\"attachment wp-att-5473\"><img loading=\"lazy\" decoding=\"async\" class=\"size-medium wp-image-5473 aligncenter\" src=\"https:\/\/www.globalong.com\/blog\/wp-content\/uploads\/2016\/09\/Loumad-Abdoullah-et-Parisia-au-Ne\u0301pal-avec-globalong-300x225.jpg\" alt=\"B\u00e9n\u00e9volat international au N\u00e9pal en famille avec Globalong\" width=\"300\" height=\"225\" srcset=\"https:\/\/www.globalong.com\/blog\/wp-content\/uploads\/2016\/09\/Loumad-Abdoullah-et-Parisia-au-Ne\u0301pal-avec-globalong-300x225.jpg 300w, https:\/\/www.globalong.com\/blog\/wp-content\/uploads\/2016\/09\/Loumad-Abdoullah-et-Parisia-au-Ne\u0301pal-avec-globalong-768x576.jpg 768w, https:\/\/www.globalong.com\/blog\/wp-content\/uploads\/2016\/09\/Loumad-Abdoullah-et-Parisia-au-Ne\u0301pal-avec-globalong.jpg 1024w, https:\/\/www.globalong.com\/blog\/wp-content\/uploads\/2016\/09\/Loumad-Abdoullah-et-Parisia-au-Ne\u0301pal-avec-globalong-150x113.jpg 150w\" sizes=\"(max-width: 300px) 100vw, 300px\" \/><\/a>Nous avons eu la chance qu&rsquo;au moment o\u00f9 nous sommes arriv\u00e9s les enfants allant \u00e0 l&rsquo;\u00e9cole maternelle et primaire (qui se trouve au sein de la maison) \u00e9taient en vacances pour une semaine. Nous avons pu passer la journ\u00e9e \u00e0 jouer, lire, colorier avec eux. Nous avons aussi pu \u00a0aider \u00e0 la cuisine,\u00e0 servir les 102 enfants et adolescents pr\u00e9sents.<\/p>\n<p style=\"text-align: justify;\">Lors de la reprise de l&rsquo;\u00e9cole j&rsquo;ai eu l&rsquo;occasion d&rsquo;aider les plus petits \u00e0 faire leurs devoirs.<\/p>\n<p style=\"text-align: justify;\">Il y a eu un jour o\u00f9 une des professeurs \u00e0 fait du henn\u00e9 \u00e0 certains enfants et moi m\u00eame, c&rsquo;est un souvenir de partage que j&rsquo;aime beaucoup.<\/p>\n<p style=\"text-align: justify;\"><a href=\"https:\/\/www.globalong.com\/blog\/wp-content\/uploads\/2016\/09\/salle-de-classe-globalong-ne\u0301pal.jpg\" rel=\"attachment wp-att-5475\"><img loading=\"lazy\" decoding=\"async\" class=\"size-medium wp-image-5475 aligncenter\" src=\"https:\/\/www.globalong.com\/blog\/wp-content\/uploads\/2016\/09\/salle-de-classe-globalong-ne\u0301pal-300x225.jpg\" alt=\"Mission b\u00e9n\u00e9volat au N\u00e9pal avec Globalong\" width=\"300\" height=\"225\" srcset=\"https:\/\/www.globalong.com\/blog\/wp-content\/uploads\/2016\/09\/salle-de-classe-globalong-ne\u0301pal-300x225.jpg 300w, https:\/\/www.globalong.com\/blog\/wp-content\/uploads\/2016\/09\/salle-de-classe-globalong-ne\u0301pal-768x576.jpg 768w, https:\/\/www.globalong.com\/blog\/wp-content\/uploads\/2016\/09\/salle-de-classe-globalong-ne\u0301pal.jpg 1024w, https:\/\/www.globalong.com\/blog\/wp-content\/uploads\/2016\/09\/salle-de-classe-globalong-ne\u0301pal-150x113.jpg 150w\" sizes=\"(max-width: 300px) 100vw, 300px\" \/><\/a>Nous avons aussi eu la chance d&rsquo;\u00eatre l\u00e0 pour le \u00ab\u00a0teacher&rsquo;s day\u00a0\u00bb o\u00f9 les \u00e9l\u00e8ves se sont r\u00e9unis dans une classe pour offrir des cadeaux (dessins, g\u00e2teaux, chocolats) \u00e0 leurs professeurs et danser,chanter, r\u00e9citer des po\u00e9sies&#8230;<\/p>\n<p style=\"text-align: justify;\">Nous avons pass\u00e9 de tr\u00e8s bons moments, et sommes tr\u00e8s heureux d&rsquo;avoir eu l&rsquo;opportunit\u00e9 de partager, d&rsquo;apprendre et\u00a0d&rsquo;\u00e9changer nos cultures pendant ces 10 jours. Nous gardons de tr\u00e8s bon souvenirs, liens et contacts avec les nombreuses personnes que nous avons rencontr\u00e9, dont la famille du coordinateur local de Globalong,\u00a0chez qui nous avons aussi pass\u00e9 un tr\u00e8s bon s\u00e9jour.<\/p>\n<p style=\"text-align: justify;\">Bonne journ\u00e9e,<\/p>\n<p style=\"text-align: justify;\">Loumah<\/p>\n<p style=\"text-align: center;\">Plus de photos du N\u00e9pal <span style=\"text-decoration: underline;\"><span style=\"color: #b81657;\"><a style=\"color: #b81657; text-decoration: underline;\" href=\"https:\/\/www.flickr.com\/photos\/globalong\/albums\/72157639471477014\" target=\"_blank\" rel=\"noopener\">ici\u00a0<\/a><\/span><\/span>!<\/p>\n<p class=\"p4\" style=\"text-align: center;\">D\u00e9couvrez <span style=\"text-decoration: underline;\"><a href=\"https:\/\/www.globalong.com\/sejour-benevolat\/benevolat-au-nepal-humanitaire.html\" target=\"_blank\" rel=\"noopener\"><span style=\"color: #b81657; text-decoration: underline;\">toutes les missions de b\u00e9n\u00e9volat<\/span> <\/a><\/span>au N\u00e9pal !<\/p>\n<p class=\"p4\" style=\"text-align: center;\">N\u2019h\u00e9sitez pas \u00e0 nous contacter pour plus d\u2019informations \u00e0 <span style=\"text-decoration: underline;\"><span style=\"color: #b81657;\"><a style=\"color: #b81657; text-decoration: underline;\" href=\"mailto:info@globalong.com\">info@globalong.com<\/a><\/span><\/span><\/p>\n<table>\n<tbody>\n<tr>\n<td width=\"113\"><a href=\"https:\/\/www.globalong.com\/blog\/wp-content\/uploads\/2016\/09\/avec-globalong-et-Loumad-Abdoullah-et-Parisia-au-Ne\u0301pal.jpg\" rel=\"attachment wp-att-5476\"><img loading=\"lazy\" decoding=\"async\" class=\"size-medium wp-image-5476 alignleft\" src=\"https:\/\/www.globalong.com\/blog\/wp-content\/uploads\/2016\/09\/avec-globalong-et-Loumad-Abdoullah-et-Parisia-au-Ne\u0301pal-300x225.jpg\" alt=\"Programme d'enseignement aux enfants au N\u00e9pal avec Globalong\" width=\"300\" height=\"225\" srcset=\"https:\/\/www.globalong.com\/blog\/wp-content\/uploads\/2016\/09\/avec-globalong-et-Loumad-Abdoullah-et-Parisia-au-Ne\u0301pal-300x225.jpg 300w, https:\/\/www.globalong.com\/blog\/wp-content\/uploads\/2016\/09\/avec-globalong-et-Loumad-Abdoullah-et-Parisia-au-Ne\u0301pal-768x576.jpg 768w, https:\/\/www.globalong.com\/blog\/wp-content\/uploads\/2016\/09\/avec-globalong-et-Loumad-Abdoullah-et-Parisia-au-Ne\u0301pal.jpg 1024w, https:\/\/www.globalong.com\/blog\/wp-content\/uploads\/2016\/09\/avec-globalong-et-Loumad-Abdoullah-et-Parisia-au-Ne\u0301pal-150x113.jpg 150w\" sizes=\"(max-width: 300px) 100vw, 300px\" \/><\/a><\/td>\n<td width=\"113\"><\/td>\n<td width=\"113\"><\/td>\n<td width=\"113\"><a href=\"https:\/\/www.globalong.com\/blog\/wp-content\/uploads\/2016\/09\/enfants-globalong-ne\u0301pal.jpg\" rel=\"attachment wp-att-5477\"><img loading=\"lazy\" decoding=\"async\" class=\"alignright size-medium wp-image-5477\" src=\"https:\/\/www.globalong.com\/blog\/wp-content\/uploads\/2016\/09\/enfants-globalong-ne\u0301pal-300x225.jpg\" alt=\"Globalong b\u00e9n\u00e9volat au N\u00e9pal\" width=\"300\" height=\"225\" srcset=\"https:\/\/www.globalong.com\/blog\/wp-content\/uploads\/2016\/09\/enfants-globalong-ne\u0301pal-300x225.jpg 300w, https:\/\/www.globalong.com\/blog\/wp-content\/uploads\/2016\/09\/enfants-globalong-ne\u0301pal-768x576.jpg 768w, https:\/\/www.globalong.com\/blog\/wp-content\/uploads\/2016\/09\/enfants-globalong-ne\u0301pal.jpg 1024w, https:\/\/www.globalong.com\/blog\/wp-content\/uploads\/2016\/09\/enfants-globalong-ne\u0301pal-150x113.jpg 150w\" sizes=\"(max-width: 300px) 100vw, 300px\" \/><\/a><\/td>\n<\/tr>\n<tr>\n<td width=\"113\">\u00a0<a href=\"https:\/\/www.globalong.com\/blog\/wp-content\/uploads\/2016\/09\/he\u0301ne\u0301-au-ne\u0301pal-globalong.jpg\" rel=\"attachment wp-att-5481\"><img loading=\"lazy\" decoding=\"async\" class=\"size-medium wp-image-5481 alignleft\" src=\"https:\/\/www.globalong.com\/blog\/wp-content\/uploads\/2016\/09\/he\u0301ne\u0301-au-ne\u0301pal-globalong-300x225.jpg\" alt=\"H\u00e9n\u00e9 avec un professeurs au N\u00e9pal Globalong\" width=\"300\" height=\"225\" srcset=\"https:\/\/www.globalong.com\/blog\/wp-content\/uploads\/2016\/09\/he\u0301ne\u0301-au-ne\u0301pal-globalong-300x225.jpg 300w, https:\/\/www.globalong.com\/blog\/wp-content\/uploads\/2016\/09\/he\u0301ne\u0301-au-ne\u0301pal-globalong-768x576.jpg 768w, https:\/\/www.globalong.com\/blog\/wp-content\/uploads\/2016\/09\/he\u0301ne\u0301-au-ne\u0301pal-globalong.jpg 1024w, https:\/\/www.globalong.com\/blog\/wp-content\/uploads\/2016\/09\/he\u0301ne\u0301-au-ne\u0301pal-globalong-150x113.jpg 150w\" sizes=\"(max-width: 300px) 100vw, 300px\" \/><\/a><\/td>\n<td width=\"113\"><\/td>\n<td width=\"113\"><\/td>\n<td width=\"113\">\u00a0<a href=\"https:\/\/www.globalong.com\/blog\/wp-content\/uploads\/2016\/09\/globalong-Loumad-Abdoullah-et-Parisia-au-Ne\u0301pal.jpg\" rel=\"attachment wp-att-5480\"><img loading=\"lazy\" decoding=\"async\" class=\"size-medium wp-image-5480 alignright\" src=\"https:\/\/www.globalong.com\/blog\/wp-content\/uploads\/2016\/09\/globalong-Loumad-Abdoullah-et-Parisia-au-Ne\u0301pal-300x225.jpg\" alt=\"B\u00e9n\u00e9volat en Asie avec Globalong\" width=\"300\" height=\"225\" srcset=\"https:\/\/www.globalong.com\/blog\/wp-content\/uploads\/2016\/09\/globalong-Loumad-Abdoullah-et-Parisia-au-Ne\u0301pal-300x225.jpg 300w, https:\/\/www.globalong.com\/blog\/wp-content\/uploads\/2016\/09\/globalong-Loumad-Abdoullah-et-Parisia-au-Ne\u0301pal-768x576.jpg 768w, https:\/\/www.globalong.com\/blog\/wp-content\/uploads\/2016\/09\/globalong-Loumad-Abdoullah-et-Parisia-au-Ne\u0301pal.jpg 1024w, https:\/\/www.globalong.com\/blog\/wp-content\/uploads\/2016\/09\/globalong-Loumad-Abdoullah-et-Parisia-au-Ne\u0301pal-150x113.jpg 150w\" sizes=\"(max-width: 300px) 100vw, 300px\" \/><\/a><\/td>\n<\/tr>\n<tr>\n<td width=\"113\">\u00a0<a href=\"https:\/\/www.globalong.com\/blog\/wp-content\/uploads\/2016\/09\/le-nepal-avec-globalong-et-parisia.jpg\" rel=\"attachment wp-att-5483\"><img loading=\"lazy\" decoding=\"async\" class=\"size-medium wp-image-5483 alignleft\" src=\"https:\/\/www.globalong.com\/blog\/wp-content\/uploads\/2016\/09\/le-nepal-avec-globalong-et-parisia-300x225.jpg\" alt=\"Cr\u00e9neau horaire pour les devoirs Globalong\" width=\"300\" height=\"225\" srcset=\"https:\/\/www.globalong.com\/blog\/wp-content\/uploads\/2016\/09\/le-nepal-avec-globalong-et-parisia-300x225.jpg 300w, https:\/\/www.globalong.com\/blog\/wp-content\/uploads\/2016\/09\/le-nepal-avec-globalong-et-parisia-768x576.jpg 768w, https:\/\/www.globalong.com\/blog\/wp-content\/uploads\/2016\/09\/le-nepal-avec-globalong-et-parisia.jpg 1024w, https:\/\/www.globalong.com\/blog\/wp-content\/uploads\/2016\/09\/le-nepal-avec-globalong-et-parisia-150x113.jpg 150w\" sizes=\"(max-width: 300px) 100vw, 300px\" \/><\/a><\/td>\n<td width=\"113\"><\/td>\n<td width=\"113\"><\/td>\n<td width=\"113\">\u00a0<a href=\"https:\/\/www.globalong.com\/blog\/wp-content\/uploads\/2016\/09\/le-ne\u0301pal-avec-globalong.jpg\" rel=\"attachment wp-att-5484\"><img loading=\"lazy\" decoding=\"async\" class=\"alignright size-medium wp-image-5484\" src=\"https:\/\/www.globalong.com\/blog\/wp-content\/uploads\/2016\/09\/le-ne\u0301pal-avec-globalong-300x225.jpg\" alt=\"B\u00e9n\u00e9volat international en Asie au N\u00e9pal\" width=\"300\" height=\"225\" srcset=\"https:\/\/www.globalong.com\/blog\/wp-content\/uploads\/2016\/09\/le-ne\u0301pal-avec-globalong-300x225.jpg 300w, https:\/\/www.globalong.com\/blog\/wp-content\/uploads\/2016\/09\/le-ne\u0301pal-avec-globalong-768x576.jpg 768w, https:\/\/www.globalong.com\/blog\/wp-content\/uploads\/2016\/09\/le-ne\u0301pal-avec-globalong.jpg 1024w, https:\/\/www.globalong.com\/blog\/wp-content\/uploads\/2016\/09\/le-ne\u0301pal-avec-globalong-150x113.jpg 150w\" sizes=\"(max-width: 300px) 100vw, 300px\" \/><\/a><\/td>\n<\/tr>\n<\/tbody>\n<\/table>\n","protected":false},"excerpt":{"rendered":"<p>T\u00e9moignage de Loumah, volontaire avec Globalong au N\u00e9pal,\u00a0 Bonjour, Je n&rsquo;ai pu que r\u00e9cemment mettre les photos du voyage sur mon ordinateur. Donc voici quelques photos des enfants, de la maison, et de l&rsquo;\u00e9quipe locale\u00a0\u00e0 Sankhu. Mes parents et moi avons pass\u00e9 10 jours dans le village de Sankhu \u00e0 45 mins en voiture de [&hellip;]<\/p>\n","protected":false},"author":3,"featured_media":13125,"parent":883,"menu_order":0,"comment_status":"open","ping_status":"closed","template":"","meta":{"footnotes":""},"yoast_head":"<!-- This site is optimized with the Yoast SEO Premium plugin v23.4 (Yoast SEO v23.4) - https:\/\/yoast.com\/wordpress\/plugins\/seo\/ -->\n<title>N\u00e9pal - Loumah - Association Globalong<\/title>\n<meta name=\"robots\" content=\"index, follow, max-snippet:-1, max-image-preview:large, max-video-preview:-1\" \/>\n<link rel=\"canonical\" href=\"https:\/\/www.globalong.com\/blog\/avis-temoignages-globalong\/mission-benevole-famille-loumah-au-nepal-globalong-ecole-enfants-aide-culture\/\" \/>\n<meta property=\"og:locale\" content=\"fr_FR\" \/>\n<meta property=\"og:type\" content=\"article\" \/>\n<meta property=\"og:title\" content=\"N\u00e9pal - Loumah\" \/>\n<meta property=\"og:description\" content=\"T\u00e9moignage de Loumah, volontaire avec Globalong au N\u00e9pal,\u00a0 Bonjour, Je n&rsquo;ai pu que r\u00e9cemment mettre les photos du voyage sur mon ordinateur. Donc voici quelques photos des enfants, de la maison, et de l&rsquo;\u00e9quipe locale\u00a0\u00e0 Sankhu. Mes parents et moi avons pass\u00e9 10 jours dans le village de Sankhu \u00e0 45 mins en voiture de [&hellip;]\" \/>\n<meta property=\"og:url\" content=\"https:\/\/www.globalong.com\/blog\/avis-temoignages-globalong\/mission-benevole-famille-loumah-au-nepal-globalong-ecole-enfants-aide-culture\/\" \/>\n<meta property=\"og:site_name\" content=\"Association Globalong\" \/>\n<meta property=\"article:publisher\" content=\"https:\/\/www.facebook.com\/globalong\" \/>\n<meta property=\"article:modified_time\" content=\"2022-05-06T14:50:41+00:00\" \/>\n<meta property=\"og:image\" content=\"https:\/\/www.globalong.com\/blog\/wp-content\/uploads\/2019\/12\/Reconstruction-au-N\u00e9pal-avec-Globalong.jpg\" \/>\n\t<meta property=\"og:image:width\" content=\"974\" \/>\n\t<meta property=\"og:image:height\" content=\"548\" \/>\n\t<meta property=\"og:image:type\" content=\"image\/jpeg\" \/>\n<meta name=\"twitter:card\" content=\"summary_large_image\" \/>\n<meta name=\"twitter:label1\" content=\"Dur\u00e9e de lecture estim\u00e9e\" \/>\n\t<meta name=\"twitter:data1\" content=\"2 minutes\" \/>\n<script type=\"application\/ld+json\" class=\"yoast-schema-graph\">{\"@context\":\"https:\/\/schema.org\",\"@graph\":[{\"@type\":\"WebPage\",\"@id\":\"https:\/\/www.globalong.com\/blog\/avis-temoignages-globalong\/mission-benevole-famille-loumah-au-nepal-globalong-ecole-enfants-aide-culture\/\",\"url\":\"https:\/\/www.globalong.com\/blog\/avis-temoignages-globalong\/mission-benevole-famille-loumah-au-nepal-globalong-ecole-enfants-aide-culture\/\",\"name\":\"N\u00e9pal - Loumah - Association Globalong\",\"isPartOf\":{\"@id\":\"https:\/\/www.globalong.com\/blog\/#website\"},\"primaryImageOfPage\":{\"@id\":\"https:\/\/www.globalong.com\/blog\/avis-temoignages-globalong\/mission-benevole-famille-loumah-au-nepal-globalong-ecole-enfants-aide-culture\/#primaryimage\"},\"image\":{\"@id\":\"https:\/\/www.globalong.com\/blog\/avis-temoignages-globalong\/mission-benevole-famille-loumah-au-nepal-globalong-ecole-enfants-aide-culture\/#primaryimage\"},\"thumbnailUrl\":\"https:\/\/www.globalong.com\/blog\/wp-content\/uploads\/2019\/12\/Reconstruction-au-N\u00e9pal-avec-Globalong.jpg\",\"datePublished\":\"2016-09-13T09:33:02+00:00\",\"dateModified\":\"2022-05-06T14:50:41+00:00\",\"breadcrumb\":{\"@id\":\"https:\/\/www.globalong.com\/blog\/avis-temoignages-globalong\/mission-benevole-famille-loumah-au-nepal-globalong-ecole-enfants-aide-culture\/#breadcrumb\"},\"inLanguage\":\"fr-FR\",\"potentialAction\":[{\"@type\":\"ReadAction\",\"target\":[\"https:\/\/www.globalong.com\/blog\/avis-temoignages-globalong\/mission-benevole-famille-loumah-au-nepal-globalong-ecole-enfants-aide-culture\/\"]}]},{\"@type\":\"ImageObject\",\"inLanguage\":\"fr-FR\",\"@id\":\"https:\/\/www.globalong.com\/blog\/avis-temoignages-globalong\/mission-benevole-famille-loumah-au-nepal-globalong-ecole-enfants-aide-culture\/#primaryimage\",\"url\":\"https:\/\/www.globalong.com\/blog\/wp-content\/uploads\/2019\/12\/Reconstruction-au-N\u00e9pal-avec-Globalong.jpg\",\"contentUrl\":\"https:\/\/www.globalong.com\/blog\/wp-content\/uploads\/2019\/12\/Reconstruction-au-N\u00e9pal-avec-Globalong.jpg\",\"width\":974,\"height\":548},{\"@type\":\"BreadcrumbList\",\"@id\":\"https:\/\/www.globalong.com\/blog\/avis-temoignages-globalong\/mission-benevole-famille-loumah-au-nepal-globalong-ecole-enfants-aide-culture\/#breadcrumb\",\"itemListElement\":[{\"@type\":\"ListItem\",\"position\":1,\"name\":\"Accueil\",\"item\":\"https:\/\/www.globalong.com\/blog\/\"},{\"@type\":\"ListItem\",\"position\":2,\"name\":\"T\u00e9moignages et avis de volontaires Globalong\",\"item\":\"https:\/\/www.globalong.com\/blog\/avis-temoignages-globalong\/\"},{\"@type\":\"ListItem\",\"position\":3,\"name\":\"N\u00e9pal &#8211; Loumah\"}]},{\"@type\":\"WebSite\",\"@id\":\"https:\/\/www.globalong.com\/blog\/#website\",\"url\":\"https:\/\/www.globalong.com\/blog\/\",\"name\":\"https:\/\/www.globalong.com\/\",\"description\":\"Mission humanitaire, stage \u00e9tudiant et voyage linguistique\",\"publisher\":{\"@id\":\"https:\/\/www.globalong.com\/blog\/#organization\"},\"potentialAction\":[{\"@type\":\"SearchAction\",\"target\":{\"@type\":\"EntryPoint\",\"urlTemplate\":\"https:\/\/www.globalong.com\/blog\/?s={search_term_string}\"},\"query-input\":{\"@type\":\"PropertyValueSpecification\",\"valueRequired\":true,\"valueName\":\"search_term_string\"}}],\"inLanguage\":\"fr-FR\"},{\"@type\":\"Organization\",\"@id\":\"https:\/\/www.globalong.com\/blog\/#organization\",\"name\":\"Association Globalong\",\"url\":\"https:\/\/www.globalong.com\/blog\/\",\"logo\":{\"@type\":\"ImageObject\",\"inLanguage\":\"fr-FR\",\"@id\":\"https:\/\/www.globalong.com\/blog\/#\/schema\/logo\/image\/\",\"url\":\"https:\/\/www.globalong.com\/blog\/wp-content\/uploads\/2014\/11\/cropped-cropped-Logo-et-Afrique-Globalong-petite-taille-2.jpg\",\"contentUrl\":\"https:\/\/www.globalong.com\/blog\/wp-content\/uploads\/2014\/11\/cropped-cropped-Logo-et-Afrique-Globalong-petite-taille-2.jpg\",\"width\":512,\"height\":512,\"caption\":\"Association Globalong\"},\"image\":{\"@id\":\"https:\/\/www.globalong.com\/blog\/#\/schema\/logo\/image\/\"},\"sameAs\":[\"https:\/\/www.facebook.com\/globalong\"]}]}<\/script>\n<!-- \/ Yoast SEO Premium plugin. -->","yoast_head_json":{"title":"N\u00e9pal - Loumah - Association Globalong","robots":{"index":"index","follow":"follow","max-snippet":"max-snippet:-1","max-image-preview":"max-image-preview:large","max-video-preview":"max-video-preview:-1"},"canonical":"https:\/\/www.globalong.com\/blog\/avis-temoignages-globalong\/mission-benevole-famille-loumah-au-nepal-globalong-ecole-enfants-aide-culture\/","og_locale":"fr_FR","og_type":"article","og_title":"N\u00e9pal - Loumah","og_description":"T\u00e9moignage de Loumah, volontaire avec Globalong au N\u00e9pal,\u00a0 Bonjour, Je n&rsquo;ai pu que r\u00e9cemment mettre les photos du voyage sur mon ordinateur. Donc voici quelques photos des enfants, de la maison, et de l&rsquo;\u00e9quipe locale\u00a0\u00e0 Sankhu. Mes parents et moi avons pass\u00e9 10 jours dans le village de Sankhu \u00e0 45 mins en voiture de [&hellip;]","og_url":"https:\/\/www.globalong.com\/blog\/avis-temoignages-globalong\/mission-benevole-famille-loumah-au-nepal-globalong-ecole-enfants-aide-culture\/","og_site_name":"Association Globalong","article_publisher":"https:\/\/www.facebook.com\/globalong","article_modified_time":"2022-05-06T14:50:41+00:00","og_image":[{"width":974,"height":548,"url":"https:\/\/www.globalong.com\/blog\/wp-content\/uploads\/2019\/12\/Reconstruction-au-N\u00e9pal-avec-Globalong.jpg","type":"image\/jpeg"}],"twitter_card":"summary_large_image","twitter_misc":{"Dur\u00e9e de lecture estim\u00e9e":"2 minutes"},"schema":{"@context":"https:\/\/schema.org","@graph":[{"@type":"WebPage","@id":"https:\/\/www.globalong.com\/blog\/avis-temoignages-globalong\/mission-benevole-famille-loumah-au-nepal-globalong-ecole-enfants-aide-culture\/","url":"https:\/\/www.globalong.com\/blog\/avis-temoignages-globalong\/mission-benevole-famille-loumah-au-nepal-globalong-ecole-enfants-aide-culture\/","name":"N\u00e9pal - Loumah - Association Globalong","isPartOf":{"@id":"https:\/\/www.globalong.com\/blog\/#website"},"primaryImageOfPage":{"@id":"https:\/\/www.globalong.com\/blog\/avis-temoignages-globalong\/mission-benevole-famille-loumah-au-nepal-globalong-ecole-enfants-aide-culture\/#primaryimage"},"image":{"@id":"https:\/\/www.globalong.com\/blog\/avis-temoignages-globalong\/mission-benevole-famille-loumah-au-nepal-globalong-ecole-enfants-aide-culture\/#primaryimage"},"thumbnailUrl":"https:\/\/www.globalong.com\/blog\/wp-content\/uploads\/2019\/12\/Reconstruction-au-N\u00e9pal-avec-Globalong.jpg","datePublished":"2016-09-13T09:33:02+00:00","dateModified":"2022-05-06T14:50:41+00:00","breadcrumb":{"@id":"https:\/\/www.globalong.com\/blog\/avis-temoignages-globalong\/mission-benevole-famille-loumah-au-nepal-globalong-ecole-enfants-aide-culture\/#breadcrumb"},"inLanguage":"fr-FR","potentialAction":[{"@type":"ReadAction","target":["https:\/\/www.globalong.com\/blog\/avis-temoignages-globalong\/mission-benevole-famille-loumah-au-nepal-globalong-ecole-enfants-aide-culture\/"]}]},{"@type":"ImageObject","inLanguage":"fr-FR","@id":"https:\/\/www.globalong.com\/blog\/avis-temoignages-globalong\/mission-benevole-famille-loumah-au-nepal-globalong-ecole-enfants-aide-culture\/#primaryimage","url":"https:\/\/www.globalong.com\/blog\/wp-content\/uploads\/2019\/12\/Reconstruction-au-N\u00e9pal-avec-Globalong.jpg","contentUrl":"https:\/\/www.globalong.com\/blog\/wp-content\/uploads\/2019\/12\/Reconstruction-au-N\u00e9pal-avec-Globalong.jpg","width":974,"height":548},{"@type":"BreadcrumbList","@id":"https:\/\/www.globalong.com\/blog\/avis-temoignages-globalong\/mission-benevole-famille-loumah-au-nepal-globalong-ecole-enfants-aide-culture\/#breadcrumb","itemListElement":[{"@type":"ListItem","position":1,"name":"Accueil","item":"https:\/\/www.globalong.com\/blog\/"},{"@type":"ListItem","position":2,"name":"T\u00e9moignages et avis de volontaires Globalong","item":"https:\/\/www.globalong.com\/blog\/avis-temoignages-globalong\/"},{"@type":"ListItem","position":3,"name":"N\u00e9pal &#8211; Loumah"}]},{"@type":"WebSite","@id":"https:\/\/www.globalong.com\/blog\/#website","url":"https:\/\/www.globalong.com\/blog\/","name":"https:\/\/www.globalong.com\/","description":"Mission humanitaire, stage \u00e9tudiant et voyage linguistique","publisher":{"@id":"https:\/\/www.globalong.com\/blog\/#organization"},"potentialAction":[{"@type":"SearchAction","target":{"@type":"EntryPoint","urlTemplate":"https:\/\/www.globalong.com\/blog\/?s={search_term_string}"},"query-input":{"@type":"PropertyValueSpecification","valueRequired":true,"valueName":"search_term_string"}}],"inLanguage":"fr-FR"},{"@type":"Organization","@id":"https:\/\/www.globalong.com\/blog\/#organization","name":"Association Globalong","url":"https:\/\/www.globalong.com\/blog\/","logo":{"@type":"ImageObject","inLanguage":"fr-FR","@id":"https:\/\/www.globalong.com\/blog\/#\/schema\/logo\/image\/","url":"https:\/\/www.globalong.com\/blog\/wp-content\/uploads\/2014\/11\/cropped-cropped-Logo-et-Afrique-Globalong-petite-taille-2.jpg","contentUrl":"https:\/\/www.globalong.com\/blog\/wp-content\/uploads\/2014\/11\/cropped-cropped-Logo-et-Afrique-Globalong-petite-taille-2.jpg","width":512,"height":512,"caption":"Association Globalong"},"image":{"@id":"https:\/\/www.globalong.com\/blog\/#\/schema\/logo\/image\/"},"sameAs":["https:\/\/www.facebook.com\/globalong"]}]}},"_links":{"self":[{"href":"https:\/\/www.globalong.com\/blog\/wp-json\/wp\/v2\/pages\/5469"}],"collection":[{"href":"https:\/\/www.globalong.com\/blog\/wp-json\/wp\/v2\/pages"}],"about":[{"href":"https:\/\/www.globalong.com\/blog\/wp-json\/wp\/v2\/types\/page"}],"author":[{"embeddable":true,"href":"https:\/\/www.globalong.com\/blog\/wp-json\/wp\/v2\/users\/3"}],"replies":[{"embeddable":true,"href":"https:\/\/www.globalong.com\/blog\/wp-json\/wp\/v2\/comments?post=5469"}],"version-history":[{"count":10,"href":"https:\/\/www.globalong.com\/blog\/wp-json\/wp\/v2\/pages\/5469\/revisions"}],"predecessor-version":[{"id":14541,"href":"https:\/\/www.globalong.com\/blog\/wp-json\/wp\/v2\/pages\/5469\/revisions\/14541"}],"up":[{"embeddable":true,"href":"https:\/\/www.globalong.com\/blog\/wp-json\/wp\/v2\/pages\/883"}],"wp:featuredmedia":[{"embeddable":true,"href":"https:\/\/www.globalong.com\/blog\/wp-json\/wp\/v2\/media\/13125"}],"wp:attachment":[{"href":"https:\/\/www.globalong.com\/blog\/wp-json\/wp\/v2\/media?parent=5469"}],"curies":[{"name":"wp","href":"https:\/\/api.w.org\/{rel}","templated":true}]}}