{"id":5845,"date":"2016-11-14T16:58:42","date_gmt":"2016-11-14T15:58:42","guid":{"rendered":"https:\/\/www.globalong.com\/blog\/?page_id=5845"},"modified":"2022-04-28T18:43:26","modified_gmt":"2022-04-28T16:43:26","slug":"action-humanitaire-sociale-orphelins-cambodgiens-aide-education-jeux-stages-centre-accueil","status":"publish","type":"page","link":"https:\/\/www.globalong.com\/blog\/avis-temoignages-globalong\/action-humanitaire-sociale-orphelins-cambodgiens-aide-education-jeux-stages-centre-accueil\/","title":{"rendered":"Cambodge &#8211; Aur\u00e9lie"},"content":{"rendered":"<h4 style=\"text-align: center;\"><span style=\"color: #b81657;\">T\u00e9moignage d&rsquo;Aur\u00e9lie, b\u00e9n\u00e9vole au Cambodge avec GlobAlong.\u00a0<\/span><\/h4>\n<p style=\"text-align: justify;\"><a href=\"https:\/\/www.globalong.com\/blog\/wp-content\/uploads\/2016\/11\/Mission-de-be\u0301ne\u0301volat-dans-un-orphelinat-au-Cambodge-avec-Globalong-.jpeg\" rel=\"attachment wp-att-5846\"><img loading=\"lazy\" decoding=\"async\" class=\"size-medium wp-image-5846 aligncenter\" src=\"https:\/\/www.globalong.com\/blog\/wp-content\/uploads\/2016\/11\/Mission-de-be\u0301ne\u0301volat-dans-un-orphelinat-au-Cambodge-avec-Globalong--300x225.jpeg\" alt=\"Programme de b\u00e9n\u00e9volat au Cambodge - GlobAlong \" width=\"300\" height=\"225\" srcset=\"https:\/\/www.globalong.com\/blog\/wp-content\/uploads\/2016\/11\/Mission-de-be\u0301ne\u0301volat-dans-un-orphelinat-au-Cambodge-avec-Globalong--300x225.jpeg 300w, https:\/\/www.globalong.com\/blog\/wp-content\/uploads\/2016\/11\/Mission-de-be\u0301ne\u0301volat-dans-un-orphelinat-au-Cambodge-avec-Globalong--150x113.jpeg 150w, https:\/\/www.globalong.com\/blog\/wp-content\/uploads\/2016\/11\/Mission-de-be\u0301ne\u0301volat-dans-un-orphelinat-au-Cambodge-avec-Globalong-.jpeg 640w\" sizes=\"(max-width: 300px) 100vw, 300px\" \/><\/a>Bonjour, je m\u2019appelle Aur\u00e9lie. Je suis partie r\u00e9aliser une mission de b\u00e9n\u00e9volat pendant quelques semaines au Cambodge<\/p>\n<p style=\"text-align: justify;\">Pour avoir une nouvelle exp\u00e9rience de vie et \u00eatre au coeur du pays pour mieux le d\u00e9couvrir.<\/p>\n<p style=\"text-align: justify;\">Les services en communication de GlobAlong sont tr\u00e8s satisfaisants, les personnes sont \u00e0 l&rsquo;\u00e9coute et r\u00e9pondent rapidement.<\/p>\n<p style=\"text-align: justify;\">Il y a une volont\u00e9 d&rsquo;aider et de rassurer, c\u2019est une association simple et satisfaisante o\u00f9 le personnel \u00e0 l&rsquo;\u00e9coute.<\/p>\n<p style=\"text-align: justify;\"><a href=\"https:\/\/www.globalong.com\/blog\/wp-content\/uploads\/2016\/11\/enfants-cambodge.jpg\" rel=\"attachment wp-att-5848\"><img loading=\"lazy\" decoding=\"async\" class=\"size-medium wp-image-5848 aligncenter\" src=\"https:\/\/www.globalong.com\/blog\/wp-content\/uploads\/2016\/11\/enfants-cambodge-300x225.jpg\" alt=\"B\u00e9n\u00e9volat international en Asie - GlobAlong \" width=\"300\" height=\"225\" srcset=\"https:\/\/www.globalong.com\/blog\/wp-content\/uploads\/2016\/11\/enfants-cambodge-300x225.jpg 300w, https:\/\/www.globalong.com\/blog\/wp-content\/uploads\/2016\/11\/enfants-cambodge-768x576.jpg 768w, https:\/\/www.globalong.com\/blog\/wp-content\/uploads\/2016\/11\/enfants-cambodge.jpg 1024w, https:\/\/www.globalong.com\/blog\/wp-content\/uploads\/2016\/11\/enfants-cambodge-150x113.jpg 150w\" sizes=\"(max-width: 300px) 100vw, 300px\" \/><\/a>La p\u00e9riode d&rsquo;introduction m\u2019a permis de mieux connaitre le pays, les us et coutumes, nos missions et les autres b\u00e9n\u00e9voles. La p\u00e9riode de b\u00e9n\u00e9volat s&rsquo;est bien pass\u00e9e.<\/p>\n<p style=\"text-align: justify;\">C&rsquo;\u00e9tait extr\u00eamement intense et riche en \u00e9motions fortes autant positives que n\u00e9gatives. C&rsquo;est ce qui fait le plus grandir et qui rend cette exp\u00e9rience inoubliable.<\/p>\n<p style=\"text-align: justify;\">Chaque petite \u00e9motion qu&rsquo;on pourrait avoir en France est d\u00e9cupl\u00e9e \u00e0 l&rsquo;orphelinat, au Cambodge. J&rsquo;\u00e9tais dans un orphelinat o\u00f9 tous les enfants sont malades du SIDA ce qui rend le climat encore plus difficile parfois mais riche aussi.<\/p>\n<p style=\"text-align: justify;\"><a href=\"https:\/\/www.globalong.com\/blog\/wp-content\/uploads\/2016\/11\/cambodge-globalong.jpg\" rel=\"attachment wp-att-5852\"><img loading=\"lazy\" decoding=\"async\" class=\"size-medium wp-image-5852 aligncenter\" src=\"https:\/\/www.globalong.com\/blog\/wp-content\/uploads\/2016\/11\/cambodge-globalong-300x225.jpg\" alt=\"B\u00e9n\u00e9volat international dans un orphelinat avec Globalong\" width=\"300\" height=\"225\" srcset=\"https:\/\/www.globalong.com\/blog\/wp-content\/uploads\/2016\/11\/cambodge-globalong-300x225.jpg 300w, https:\/\/www.globalong.com\/blog\/wp-content\/uploads\/2016\/11\/cambodge-globalong-768x576.jpg 768w, https:\/\/www.globalong.com\/blog\/wp-content\/uploads\/2016\/11\/cambodge-globalong.jpg 1024w, https:\/\/www.globalong.com\/blog\/wp-content\/uploads\/2016\/11\/cambodge-globalong-150x113.jpg 150w\" sizes=\"(max-width: 300px) 100vw, 300px\" \/><\/a>Nous sommes all\u00e9s dans la jungle de Mondulkiri pour une excursion avec les \u00e9l\u00e9phants (logement: Tree Lodge), \u00e0 Koh Rong Sanloem Island (Logement: Mad Monkey) et \u00e0 Siem Riep pour aller voir le temples d&rsquo;Angkor Wat. Le guide de l&rsquo;excursion dans la jungle de Mondulkiri \u00e9tait tr\u00e8s int\u00e9ressant, il nous a expliqu\u00e9 son histoire et l&rsquo;histoire des \u00e9l\u00e9phants rescap\u00e9s dans cette jungle. Il nous a parl\u00e9 de la maltraitance des \u00e9l\u00e9phants et comment ils font pour les r\u00e9cup\u00e9rer afin de leur donner une meilleure vie.<\/p>\n<p style=\"text-align: justify;\">Nous avons eu besoin de l\u2019aide du coordinateur local, notamment pour payer les navettes et organiser les excursions.<\/p>\n<p style=\"text-align: justify;\"><a href=\"https:\/\/www.globalong.com\/blog\/wp-content\/uploads\/2016\/11\/enfants-et-volontaire-au-cambodge.jpg\" rel=\"attachment wp-att-5854\"><img loading=\"lazy\" decoding=\"async\" class=\"size-medium wp-image-5854 aligncenter\" src=\"https:\/\/www.globalong.com\/blog\/wp-content\/uploads\/2016\/11\/enfants-et-volontaire-au-cambodge-300x225.jpg\" alt=\"B\u00e9n\u00e9volat international au Cambodge - Globalong \" width=\"300\" height=\"225\" srcset=\"https:\/\/www.globalong.com\/blog\/wp-content\/uploads\/2016\/11\/enfants-et-volontaire-au-cambodge-300x225.jpg 300w, https:\/\/www.globalong.com\/blog\/wp-content\/uploads\/2016\/11\/enfants-et-volontaire-au-cambodge-768x576.jpg 768w, https:\/\/www.globalong.com\/blog\/wp-content\/uploads\/2016\/11\/enfants-et-volontaire-au-cambodge.jpg 1024w, https:\/\/www.globalong.com\/blog\/wp-content\/uploads\/2016\/11\/enfants-et-volontaire-au-cambodge-150x113.jpg 150w\" sizes=\"(max-width: 300px) 100vw, 300px\" \/><\/a>Cette exp\u00e9rience donne une autre vision du monde. Cela permet de regarder les choses d&rsquo;une autre fa\u00e7on, d&rsquo;\u00eatre plus ouvert et de prendre du recul par rapport aux choses simples, de la vie quotidienne, qui nous entourent ici en France. J&rsquo;ai aussi de plus en plus envie de m&rsquo;engager pour l&rsquo;enfance ou l&rsquo;\u00e9cologie.<\/p>\n<p style=\"text-align: justify;\">Lorsque l&rsquo;on voit les conditions de vie au Cambodge ou ce que font les grandes entreprises occidentales dans ces pays pauvres on a envie de s&rsquo;engager et de prot\u00e9ger l&rsquo;environnement. Je suis plus sensible aux enfants aussi et au monde qui m&rsquo;entoure.<\/p>\n<p style=\"text-align: justify;\"><a href=\"https:\/\/www.globalong.com\/blog\/wp-content\/uploads\/2016\/11\/enfants-qui-e\u0301tudient-globalong.jpg\" rel=\"attachment wp-att-5856\"><img loading=\"lazy\" decoding=\"async\" class=\"size-medium wp-image-5856 aligncenter\" src=\"https:\/\/www.globalong.com\/blog\/wp-content\/uploads\/2016\/11\/enfants-qui-e\u0301tudient-globalong-300x200.jpg\" alt=\"B\u00e9n\u00e9volat international Cambodge - GlobAlong \" width=\"300\" height=\"200\" srcset=\"https:\/\/www.globalong.com\/blog\/wp-content\/uploads\/2016\/11\/enfants-qui-e\u0301tudient-globalong-300x200.jpg 300w, https:\/\/www.globalong.com\/blog\/wp-content\/uploads\/2016\/11\/enfants-qui-e\u0301tudient-globalong-768x512.jpg 768w, https:\/\/www.globalong.com\/blog\/wp-content\/uploads\/2016\/11\/enfants-qui-e\u0301tudient-globalong-1024x683.jpg 1024w, https:\/\/www.globalong.com\/blog\/wp-content\/uploads\/2016\/11\/enfants-qui-e\u0301tudient-globalong-150x100.jpg 150w, https:\/\/www.globalong.com\/blog\/wp-content\/uploads\/2016\/11\/enfants-qui-e\u0301tudient-globalong.jpg 1803w\" sizes=\"(max-width: 300px) 100vw, 300px\" \/><\/a>La r\u00e9-adaptation n&rsquo;a pas \u00e9t\u00e9 simple. Je suis partag\u00e9 entre le fait d&rsquo;\u00eatre contente de retrouver un certain confort et la culpabilit\u00e9 de savoir que je laisse plein de gens dans de moins bonnes conditions au Cambodge.C&rsquo;est une exp\u00e9rience intense \u00e0 faire dans sa vie. Je suis tr\u00e8s fi\u00e8re de l&rsquo;avoir fait et si c&rsquo;\u00e9tait \u00e0 refaire je le referai sans h\u00e9sitations. C&rsquo;est incroyablement enrichissant.<\/p>\n<p style=\"text-align: justify;\">Cela fait ressortir des \u00e9motions intenses et cela permet de mieux se comprendre soi-m\u00eame, d&rsquo;\u00eatre plus ouvert, plus sensible aux petites choses, de mieux comprendre le monde qui nous entoure.<\/p>\n<p style=\"text-align: justify;\"><a href=\"https:\/\/www.globalong.com\/blog\/wp-content\/uploads\/2016\/11\/gouter-avec-les-enfants-globalong-cambodge.jpg\" rel=\"attachment wp-att-5860\"><img loading=\"lazy\" decoding=\"async\" class=\"size-medium wp-image-5860 aligncenter\" src=\"https:\/\/www.globalong.com\/blog\/wp-content\/uploads\/2016\/11\/gouter-avec-les-enfants-globalong-cambodge-300x225.jpg\" alt=\"B\u00e9n\u00e9volat international en Asie - Cambodge - GlobAlong \" width=\"300\" height=\"225\" srcset=\"https:\/\/www.globalong.com\/blog\/wp-content\/uploads\/2016\/11\/gouter-avec-les-enfants-globalong-cambodge-300x225.jpg 300w, https:\/\/www.globalong.com\/blog\/wp-content\/uploads\/2016\/11\/gouter-avec-les-enfants-globalong-cambodge-768x576.jpg 768w, https:\/\/www.globalong.com\/blog\/wp-content\/uploads\/2016\/11\/gouter-avec-les-enfants-globalong-cambodge.jpg 1024w, https:\/\/www.globalong.com\/blog\/wp-content\/uploads\/2016\/11\/gouter-avec-les-enfants-globalong-cambodge-150x113.jpg 150w\" sizes=\"(max-width: 300px) 100vw, 300px\" \/><\/a>Je crois que je ne trouve m\u00eame pas le mot assez fort pour d\u00e9crire pr\u00e9cis\u00e9ment cette exp\u00e9rience riche en \u00e9motions et intense.<\/p>\n<p style=\"text-align: justify;\">Tous les week-end avec les autres volontaires nous partions en excursions. Nous avons fait des voyages magnifiques. Pourtant mes meilleurs souvenirs se sont produits \u00e0 l&rsquo;orphelinat, pendant la mission.<\/p>\n<p style=\"text-align: justify;\">Les \u00e9motions \u00e9taient tellement intenses avec les enfants qu&rsquo;un simple rire pouvait nous mettre les larmes aux yeux. Mon plus beau souvenir restera le moment o\u00f9 nous avons fait faire une comp\u00e9tition aux enfant en les divisant en deux teams.<\/p>\n<p style=\"text-align: justify;\"><a href=\"https:\/\/www.globalong.com\/blog\/wp-content\/uploads\/2016\/11\/orphelins_cambodge.jpg\" rel=\"attachment wp-att-5863\"><img loading=\"lazy\" decoding=\"async\" class=\"wp-image-5863 aligncenter\" src=\"https:\/\/www.globalong.com\/blog\/wp-content\/uploads\/2016\/11\/orphelins_cambodge.jpg\" alt=\"Orphelins au Cambodge - GlobAlong - b\u00e9n\u00e9volat \" width=\"300\" height=\"300\" srcset=\"https:\/\/www.globalong.com\/blog\/wp-content\/uploads\/2016\/11\/orphelins_cambodge.jpg 190w, https:\/\/www.globalong.com\/blog\/wp-content\/uploads\/2016\/11\/orphelins_cambodge-150x150.jpg 150w\" sizes=\"(max-width: 300px) 100vw, 300px\" \/><\/a>Lorsque nous avons annonc\u00e9 que la Team 2 avait gagn\u00e9, ils ont cri\u00e9 de joie, saut\u00e9 partout, ils \u00e9taient tellement heureux qu&rsquo;on (les volontaires) a tous eu la larme au yeux. Une petite chose, une petite \u00e9motion est d\u00e9cupl\u00e9 l\u00e0-bas. J&rsquo;ai aussi fait faire un projet d&rsquo;art aux enfant. Nous avons peint un grand arbre sur le mur et les feuilles de l&rsquo;arbre \u00e9taient en fait leur trace de mains peintes. Ils \u00e9taient contents de peindre bien que soucieux de ne pas se t\u00e2cher. Cette mission restera inoubliable.<\/p>\n<p style=\"text-align: justify;\">Pour d\u00e9couvrir plus de photos des volontaires au Cambodge cliquez <span style=\"text-decoration: underline;\"><a href=\"https:\/\/www.flickr.com\/photos\/globalong\/albums\/72157639827967953\" target=\"_blank\" rel=\"noopener\">ici<\/a><\/span> !<\/p>\n<p style=\"text-align: justify;\"><span style=\"text-decoration: underline;\"><a href=\"https:\/\/www.globalong.com\/sejour-benevolat\/benevolat-cambodge-enfants.html\">Cliquez ici pour d\u00e9couvrir les\u00a0programmes au Cambodge<\/a><\/span>.<\/p>\n<p style=\"text-align: justify;\">N&rsquo;h\u00e9sitez pas \u00e0 nous contacter pour plus d&rsquo;informations \u00e0 <span style=\"text-decoration: underline; color: #b81657;\"><a style=\"color: #b81657; text-decoration: underline;\" href=\"mailto:info@globalong.com\">info@globalong.com<\/a><\/span><\/p>\n","protected":false},"excerpt":{"rendered":"<p>T\u00e9moignage d&rsquo;Aur\u00e9lie, b\u00e9n\u00e9vole au Cambodge avec GlobAlong.\u00a0 Bonjour, je m\u2019appelle Aur\u00e9lie. Je suis partie r\u00e9aliser une mission de b\u00e9n\u00e9volat pendant quelques semaines au Cambodge Pour avoir une nouvelle exp\u00e9rience de vie et \u00eatre au coeur du pays pour mieux le d\u00e9couvrir. Les services en communication de GlobAlong sont tr\u00e8s satisfaisants, les personnes sont \u00e0 l&rsquo;\u00e9coute [&hellip;]<\/p>\n","protected":false},"author":3,"featured_media":8946,"parent":883,"menu_order":0,"comment_status":"open","ping_status":"closed","template":"","meta":{"footnotes":""},"yoast_head":"<!-- This site is optimized with the Yoast SEO Premium plugin v23.4 (Yoast SEO v23.4) - https:\/\/yoast.com\/wordpress\/plugins\/seo\/ -->\n<title>Cambodge - Aur\u00e9lie - Association Globalong<\/title>\n<meta name=\"robots\" content=\"index, follow, max-snippet:-1, max-image-preview:large, max-video-preview:-1\" \/>\n<link rel=\"canonical\" href=\"https:\/\/www.globalong.com\/blog\/avis-temoignages-globalong\/action-humanitaire-sociale-orphelins-cambodgiens-aide-education-jeux-stages-centre-accueil\/\" \/>\n<meta property=\"og:locale\" content=\"fr_FR\" \/>\n<meta property=\"og:type\" content=\"article\" \/>\n<meta property=\"og:title\" content=\"Cambodge - Aur\u00e9lie\" \/>\n<meta property=\"og:description\" content=\"T\u00e9moignage d&rsquo;Aur\u00e9lie, b\u00e9n\u00e9vole au Cambodge avec GlobAlong.\u00a0 Bonjour, je m\u2019appelle Aur\u00e9lie. Je suis partie r\u00e9aliser une mission de b\u00e9n\u00e9volat pendant quelques semaines au Cambodge Pour avoir une nouvelle exp\u00e9rience de vie et \u00eatre au coeur du pays pour mieux le d\u00e9couvrir. Les services en communication de GlobAlong sont tr\u00e8s satisfaisants, les personnes sont \u00e0 l&rsquo;\u00e9coute [&hellip;]\" \/>\n<meta property=\"og:url\" content=\"https:\/\/www.globalong.com\/blog\/avis-temoignages-globalong\/action-humanitaire-sociale-orphelins-cambodgiens-aide-education-jeux-stages-centre-accueil\/\" \/>\n<meta property=\"og:site_name\" content=\"Association Globalong\" \/>\n<meta property=\"article:publisher\" content=\"https:\/\/www.facebook.com\/globalong\" \/>\n<meta property=\"article:modified_time\" content=\"2022-04-28T16:43:26+00:00\" \/>\n<meta property=\"og:image\" content=\"https:\/\/www.globalong.com\/blog\/wp-content\/uploads\/2018\/01\/Logo-et-Afrique-Globalong2.jpg\" \/>\n\t<meta property=\"og:image:width\" content=\"250\" \/>\n\t<meta property=\"og:image:height\" content=\"172\" \/>\n\t<meta property=\"og:image:type\" content=\"image\/jpeg\" \/>\n<meta name=\"twitter:card\" content=\"summary_large_image\" \/>\n<meta name=\"twitter:label1\" content=\"Dur\u00e9e de lecture estim\u00e9e\" \/>\n\t<meta name=\"twitter:data1\" content=\"4 minutes\" \/>\n<script type=\"application\/ld+json\" class=\"yoast-schema-graph\">{\"@context\":\"https:\/\/schema.org\",\"@graph\":[{\"@type\":\"WebPage\",\"@id\":\"https:\/\/www.globalong.com\/blog\/avis-temoignages-globalong\/action-humanitaire-sociale-orphelins-cambodgiens-aide-education-jeux-stages-centre-accueil\/\",\"url\":\"https:\/\/www.globalong.com\/blog\/avis-temoignages-globalong\/action-humanitaire-sociale-orphelins-cambodgiens-aide-education-jeux-stages-centre-accueil\/\",\"name\":\"Cambodge - Aur\u00e9lie - Association Globalong\",\"isPartOf\":{\"@id\":\"https:\/\/www.globalong.com\/blog\/#website\"},\"primaryImageOfPage\":{\"@id\":\"https:\/\/www.globalong.com\/blog\/avis-temoignages-globalong\/action-humanitaire-sociale-orphelins-cambodgiens-aide-education-jeux-stages-centre-accueil\/#primaryimage\"},\"image\":{\"@id\":\"https:\/\/www.globalong.com\/blog\/avis-temoignages-globalong\/action-humanitaire-sociale-orphelins-cambodgiens-aide-education-jeux-stages-centre-accueil\/#primaryimage\"},\"thumbnailUrl\":\"https:\/\/www.globalong.com\/blog\/wp-content\/uploads\/2018\/01\/Logo-et-Afrique-Globalong2.jpg\",\"datePublished\":\"2016-11-14T15:58:42+00:00\",\"dateModified\":\"2022-04-28T16:43:26+00:00\",\"breadcrumb\":{\"@id\":\"https:\/\/www.globalong.com\/blog\/avis-temoignages-globalong\/action-humanitaire-sociale-orphelins-cambodgiens-aide-education-jeux-stages-centre-accueil\/#breadcrumb\"},\"inLanguage\":\"fr-FR\",\"potentialAction\":[{\"@type\":\"ReadAction\",\"target\":[\"https:\/\/www.globalong.com\/blog\/avis-temoignages-globalong\/action-humanitaire-sociale-orphelins-cambodgiens-aide-education-jeux-stages-centre-accueil\/\"]}]},{\"@type\":\"ImageObject\",\"inLanguage\":\"fr-FR\",\"@id\":\"https:\/\/www.globalong.com\/blog\/avis-temoignages-globalong\/action-humanitaire-sociale-orphelins-cambodgiens-aide-education-jeux-stages-centre-accueil\/#primaryimage\",\"url\":\"https:\/\/www.globalong.com\/blog\/wp-content\/uploads\/2018\/01\/Logo-et-Afrique-Globalong2.jpg\",\"contentUrl\":\"https:\/\/www.globalong.com\/blog\/wp-content\/uploads\/2018\/01\/Logo-et-Afrique-Globalong2.jpg\",\"width\":250,\"height\":172},{\"@type\":\"BreadcrumbList\",\"@id\":\"https:\/\/www.globalong.com\/blog\/avis-temoignages-globalong\/action-humanitaire-sociale-orphelins-cambodgiens-aide-education-jeux-stages-centre-accueil\/#breadcrumb\",\"itemListElement\":[{\"@type\":\"ListItem\",\"position\":1,\"name\":\"Accueil\",\"item\":\"https:\/\/www.globalong.com\/blog\/\"},{\"@type\":\"ListItem\",\"position\":2,\"name\":\"T\u00e9moignages et avis de volontaires Globalong\",\"item\":\"https:\/\/www.globalong.com\/blog\/avis-temoignages-globalong\/\"},{\"@type\":\"ListItem\",\"position\":3,\"name\":\"Cambodge &#8211; Aur\u00e9lie\"}]},{\"@type\":\"WebSite\",\"@id\":\"https:\/\/www.globalong.com\/blog\/#website\",\"url\":\"https:\/\/www.globalong.com\/blog\/\",\"name\":\"https:\/\/www.globalong.com\/\",\"description\":\"Mission humanitaire, stage \u00e9tudiant et voyage linguistique\",\"publisher\":{\"@id\":\"https:\/\/www.globalong.com\/blog\/#organization\"},\"potentialAction\":[{\"@type\":\"SearchAction\",\"target\":{\"@type\":\"EntryPoint\",\"urlTemplate\":\"https:\/\/www.globalong.com\/blog\/?s={search_term_string}\"},\"query-input\":{\"@type\":\"PropertyValueSpecification\",\"valueRequired\":true,\"valueName\":\"search_term_string\"}}],\"inLanguage\":\"fr-FR\"},{\"@type\":\"Organization\",\"@id\":\"https:\/\/www.globalong.com\/blog\/#organization\",\"name\":\"Association Globalong\",\"url\":\"https:\/\/www.globalong.com\/blog\/\",\"logo\":{\"@type\":\"ImageObject\",\"inLanguage\":\"fr-FR\",\"@id\":\"https:\/\/www.globalong.com\/blog\/#\/schema\/logo\/image\/\",\"url\":\"https:\/\/www.globalong.com\/blog\/wp-content\/uploads\/2014\/11\/cropped-cropped-Logo-et-Afrique-Globalong-petite-taille-2.jpg\",\"contentUrl\":\"https:\/\/www.globalong.com\/blog\/wp-content\/uploads\/2014\/11\/cropped-cropped-Logo-et-Afrique-Globalong-petite-taille-2.jpg\",\"width\":512,\"height\":512,\"caption\":\"Association Globalong\"},\"image\":{\"@id\":\"https:\/\/www.globalong.com\/blog\/#\/schema\/logo\/image\/\"},\"sameAs\":[\"https:\/\/www.facebook.com\/globalong\"]}]}<\/script>\n<!-- \/ Yoast SEO Premium plugin. -->","yoast_head_json":{"title":"Cambodge - Aur\u00e9lie - Association Globalong","robots":{"index":"index","follow":"follow","max-snippet":"max-snippet:-1","max-image-preview":"max-image-preview:large","max-video-preview":"max-video-preview:-1"},"canonical":"https:\/\/www.globalong.com\/blog\/avis-temoignages-globalong\/action-humanitaire-sociale-orphelins-cambodgiens-aide-education-jeux-stages-centre-accueil\/","og_locale":"fr_FR","og_type":"article","og_title":"Cambodge - Aur\u00e9lie","og_description":"T\u00e9moignage d&rsquo;Aur\u00e9lie, b\u00e9n\u00e9vole au Cambodge avec GlobAlong.\u00a0 Bonjour, je m\u2019appelle Aur\u00e9lie. Je suis partie r\u00e9aliser une mission de b\u00e9n\u00e9volat pendant quelques semaines au Cambodge Pour avoir une nouvelle exp\u00e9rience de vie et \u00eatre au coeur du pays pour mieux le d\u00e9couvrir. Les services en communication de GlobAlong sont tr\u00e8s satisfaisants, les personnes sont \u00e0 l&rsquo;\u00e9coute [&hellip;]","og_url":"https:\/\/www.globalong.com\/blog\/avis-temoignages-globalong\/action-humanitaire-sociale-orphelins-cambodgiens-aide-education-jeux-stages-centre-accueil\/","og_site_name":"Association Globalong","article_publisher":"https:\/\/www.facebook.com\/globalong","article_modified_time":"2022-04-28T16:43:26+00:00","og_image":[{"width":250,"height":172,"url":"https:\/\/www.globalong.com\/blog\/wp-content\/uploads\/2018\/01\/Logo-et-Afrique-Globalong2.jpg","type":"image\/jpeg"}],"twitter_card":"summary_large_image","twitter_misc":{"Dur\u00e9e de lecture estim\u00e9e":"4 minutes"},"schema":{"@context":"https:\/\/schema.org","@graph":[{"@type":"WebPage","@id":"https:\/\/www.globalong.com\/blog\/avis-temoignages-globalong\/action-humanitaire-sociale-orphelins-cambodgiens-aide-education-jeux-stages-centre-accueil\/","url":"https:\/\/www.globalong.com\/blog\/avis-temoignages-globalong\/action-humanitaire-sociale-orphelins-cambodgiens-aide-education-jeux-stages-centre-accueil\/","name":"Cambodge - Aur\u00e9lie - Association Globalong","isPartOf":{"@id":"https:\/\/www.globalong.com\/blog\/#website"},"primaryImageOfPage":{"@id":"https:\/\/www.globalong.com\/blog\/avis-temoignages-globalong\/action-humanitaire-sociale-orphelins-cambodgiens-aide-education-jeux-stages-centre-accueil\/#primaryimage"},"image":{"@id":"https:\/\/www.globalong.com\/blog\/avis-temoignages-globalong\/action-humanitaire-sociale-orphelins-cambodgiens-aide-education-jeux-stages-centre-accueil\/#primaryimage"},"thumbnailUrl":"https:\/\/www.globalong.com\/blog\/wp-content\/uploads\/2018\/01\/Logo-et-Afrique-Globalong2.jpg","datePublished":"2016-11-14T15:58:42+00:00","dateModified":"2022-04-28T16:43:26+00:00","breadcrumb":{"@id":"https:\/\/www.globalong.com\/blog\/avis-temoignages-globalong\/action-humanitaire-sociale-orphelins-cambodgiens-aide-education-jeux-stages-centre-accueil\/#breadcrumb"},"inLanguage":"fr-FR","potentialAction":[{"@type":"ReadAction","target":["https:\/\/www.globalong.com\/blog\/avis-temoignages-globalong\/action-humanitaire-sociale-orphelins-cambodgiens-aide-education-jeux-stages-centre-accueil\/"]}]},{"@type":"ImageObject","inLanguage":"fr-FR","@id":"https:\/\/www.globalong.com\/blog\/avis-temoignages-globalong\/action-humanitaire-sociale-orphelins-cambodgiens-aide-education-jeux-stages-centre-accueil\/#primaryimage","url":"https:\/\/www.globalong.com\/blog\/wp-content\/uploads\/2018\/01\/Logo-et-Afrique-Globalong2.jpg","contentUrl":"https:\/\/www.globalong.com\/blog\/wp-content\/uploads\/2018\/01\/Logo-et-Afrique-Globalong2.jpg","width":250,"height":172},{"@type":"BreadcrumbList","@id":"https:\/\/www.globalong.com\/blog\/avis-temoignages-globalong\/action-humanitaire-sociale-orphelins-cambodgiens-aide-education-jeux-stages-centre-accueil\/#breadcrumb","itemListElement":[{"@type":"ListItem","position":1,"name":"Accueil","item":"https:\/\/www.globalong.com\/blog\/"},{"@type":"ListItem","position":2,"name":"T\u00e9moignages et avis de volontaires Globalong","item":"https:\/\/www.globalong.com\/blog\/avis-temoignages-globalong\/"},{"@type":"ListItem","position":3,"name":"Cambodge &#8211; Aur\u00e9lie"}]},{"@type":"WebSite","@id":"https:\/\/www.globalong.com\/blog\/#website","url":"https:\/\/www.globalong.com\/blog\/","name":"https:\/\/www.globalong.com\/","description":"Mission humanitaire, stage \u00e9tudiant et voyage linguistique","publisher":{"@id":"https:\/\/www.globalong.com\/blog\/#organization"},"potentialAction":[{"@type":"SearchAction","target":{"@type":"EntryPoint","urlTemplate":"https:\/\/www.globalong.com\/blog\/?s={search_term_string}"},"query-input":{"@type":"PropertyValueSpecification","valueRequired":true,"valueName":"search_term_string"}}],"inLanguage":"fr-FR"},{"@type":"Organization","@id":"https:\/\/www.globalong.com\/blog\/#organization","name":"Association Globalong","url":"https:\/\/www.globalong.com\/blog\/","logo":{"@type":"ImageObject","inLanguage":"fr-FR","@id":"https:\/\/www.globalong.com\/blog\/#\/schema\/logo\/image\/","url":"https:\/\/www.globalong.com\/blog\/wp-content\/uploads\/2014\/11\/cropped-cropped-Logo-et-Afrique-Globalong-petite-taille-2.jpg","contentUrl":"https:\/\/www.globalong.com\/blog\/wp-content\/uploads\/2014\/11\/cropped-cropped-Logo-et-Afrique-Globalong-petite-taille-2.jpg","width":512,"height":512,"caption":"Association Globalong"},"image":{"@id":"https:\/\/www.globalong.com\/blog\/#\/schema\/logo\/image\/"},"sameAs":["https:\/\/www.facebook.com\/globalong"]}]}},"_links":{"self":[{"href":"https:\/\/www.globalong.com\/blog\/wp-json\/wp\/v2\/pages\/5845"}],"collection":[{"href":"https:\/\/www.globalong.com\/blog\/wp-json\/wp\/v2\/pages"}],"about":[{"href":"https:\/\/www.globalong.com\/blog\/wp-json\/wp\/v2\/types\/page"}],"author":[{"embeddable":true,"href":"https:\/\/www.globalong.com\/blog\/wp-json\/wp\/v2\/users\/3"}],"replies":[{"embeddable":true,"href":"https:\/\/www.globalong.com\/blog\/wp-json\/wp\/v2\/comments?post=5845"}],"version-history":[{"count":20,"href":"https:\/\/www.globalong.com\/blog\/wp-json\/wp\/v2\/pages\/5845\/revisions"}],"predecessor-version":[{"id":14426,"href":"https:\/\/www.globalong.com\/blog\/wp-json\/wp\/v2\/pages\/5845\/revisions\/14426"}],"up":[{"embeddable":true,"href":"https:\/\/www.globalong.com\/blog\/wp-json\/wp\/v2\/pages\/883"}],"wp:featuredmedia":[{"embeddable":true,"href":"https:\/\/www.globalong.com\/blog\/wp-json\/wp\/v2\/media\/8946"}],"wp:attachment":[{"href":"https:\/\/www.globalong.com\/blog\/wp-json\/wp\/v2\/media?parent=5845"}],"curies":[{"name":"wp","href":"https:\/\/api.w.org\/{rel}","templated":true}]}}