{"id":5877,"date":"2016-11-15T11:23:12","date_gmt":"2016-11-15T10:23:12","guid":{"rendered":"https:\/\/www.globalong.com\/blog\/?page_id=5877"},"modified":"2024-10-17T20:49:46","modified_gmt":"2024-10-17T18:49:46","slug":"action-humanitaire-sociale-vietnam-projet-stage-etranger-ophelinats-enfants-handicaps","status":"publish","type":"page","link":"https:\/\/www.globalong.com\/blog\/avis-temoignages-globalong\/action-humanitaire-sociale-vietnam-projet-stage-etranger-ophelinats-enfants-handicaps\/","title":{"rendered":"Vietnam &#8211; Manon"},"content":{"rendered":"<h4 style=\"text-align: center;\"><span style=\"color: #b81657;\">T\u00e9moignage de Manon, b\u00e9n\u00e9vole \u00e0 Ho Chi Minh au Vietnam avec GlobAlong.<\/span><\/h4>\n<p style=\"text-align: justify;\"><a href=\"https:\/\/www.globalong.com\/blog\/wp-content\/uploads\/2016\/11\/Globalong-a-ho-chimin.jpg\" rel=\"attachment wp-att-5874\"><img loading=\"lazy\" decoding=\"async\" class=\"size-medium wp-image-5874 aligncenter\" src=\"https:\/\/www.globalong.com\/blog\/wp-content\/uploads\/2016\/11\/Globalong-a-ho-chimin-300x225.jpg\" alt=\"Programme de b\u00e9n\u00e9volat au Vietnam - globalong \" width=\"300\" height=\"225\" srcset=\"https:\/\/www.globalong.com\/blog\/wp-content\/uploads\/2016\/11\/Globalong-a-ho-chimin-300x225.jpg 300w, https:\/\/www.globalong.com\/blog\/wp-content\/uploads\/2016\/11\/Globalong-a-ho-chimin-768x576.jpg 768w, https:\/\/www.globalong.com\/blog\/wp-content\/uploads\/2016\/11\/Globalong-a-ho-chimin-150x113.jpg 150w, https:\/\/www.globalong.com\/blog\/wp-content\/uploads\/2016\/11\/Globalong-a-ho-chimin.jpg 960w\" sizes=\"(max-width: 300px) 100vw, 300px\" \/><\/a>Bonjour, je m\u2019appelle Manon, je suis partie <span style=\"text-decoration: underline;\"><a href=\"https:\/\/www.globalong.com\/sejour-benevolat\/benevolat-vietnam-humanitaire.html\" target=\"_blank\" rel=\"noopener\">faire du b\u00e9n\u00e9volat \u00e0 Ho Chi Minh<\/a><\/span> avec GlobAlong pendant quelques semaines afin de me faire une nouvelle exp\u00e9rience \u00e0 l&rsquo;\u00e9tranger dans l&rsquo;humanitaire.<\/p>\n<p style=\"text-align: justify;\">Ce serait bien que GlobAlong nous donne de meilleures informations sur l&rsquo;endroit o\u00f9 nous nous rendons.<\/p>\n<p style=\"text-align: justify;\">Je conseillerai GlobAlong car ils ont une bonne organisation, mais encore une fois, il faudrait \u00eatre mieux renseign\u00e9 sur les missions que l&rsquo;on effectue sur place pour pouvoir se pr\u00e9parer psychologiquement.<\/p>\n<p style=\"text-align: justify;\"><a href=\"https:\/\/www.globalong.com\/blog\/wp-content\/uploads\/2016\/11\/Volontariat-au-Vietnam-avec-Globalong.jpg\" rel=\"attachment wp-att-5879\"><img loading=\"lazy\" decoding=\"async\" class=\"size-medium wp-image-5879 aligncenter\" src=\"https:\/\/www.globalong.com\/blog\/wp-content\/uploads\/2016\/11\/Volontariat-au-Vietnam-avec-Globalong-300x225.jpg\" alt=\"Mission de b\u00e9n\u00e9volat en Asie avec GlobAlong\" width=\"300\" height=\"225\" srcset=\"https:\/\/www.globalong.com\/blog\/wp-content\/uploads\/2016\/11\/Volontariat-au-Vietnam-avec-Globalong-300x225.jpg 300w, https:\/\/www.globalong.com\/blog\/wp-content\/uploads\/2016\/11\/Volontariat-au-Vietnam-avec-Globalong-768x576.jpg 768w, https:\/\/www.globalong.com\/blog\/wp-content\/uploads\/2016\/11\/Volontariat-au-Vietnam-avec-Globalong-150x113.jpg 150w, https:\/\/www.globalong.com\/blog\/wp-content\/uploads\/2016\/11\/Volontariat-au-Vietnam-avec-Globalong.jpg 960w\" sizes=\"(max-width: 300px) 100vw, 300px\" \/><\/a>La p\u00e9riode d\u2019intro s\u2019est bien d\u00e9roul\u00e9e et a dur\u00e9 une simple journ\u00e9e. La mission \u00e9tait tr\u00e8s enrichissante, nous aurions cependant aim\u00e9 que l&rsquo;on nous donne quelques informations en plus sur les enfants&#8230; (pr\u00e9noms, o\u00f9 trouver les informations sur les enfants, etc&#8230;). Les enfants \u00e9taient adorables, et j&rsquo;ai finalement beaucoup aim\u00e9 travailler avec les handicap\u00e9s, malgr\u00e9 le fait que ce fut un gros choc au d\u00e9part. A la maison des volontaires, nous \u00e9tions vraiment beaucoup. Cependant nous avons fait de super rencontres.<\/p>\n<p style=\"text-align: justify;\">J\u2019ai \u00e9t\u00e9 pendant mon temps libre visiter le Delta du M\u00e9kong, Mui Ne, l\u2019\u00eele de Phu Quoc, et le nord du Vietnam.<\/p>\n<p style=\"text-align: justify;\"><a href=\"https:\/\/www.globalong.com\/blog\/wp-content\/uploads\/2016\/11\/Globalong-au-Vietnam.jpg\" rel=\"attachment wp-att-5881\"><img loading=\"lazy\" decoding=\"async\" class=\"size-medium wp-image-5881 aligncenter\" src=\"https:\/\/www.globalong.com\/blog\/wp-content\/uploads\/2016\/11\/Globalong-au-Vietnam-300x284.jpg\" alt=\"Centre pour enfants handicap\u00e9s - sud vietnam - globalong \" width=\"300\" height=\"284\" srcset=\"https:\/\/www.globalong.com\/blog\/wp-content\/uploads\/2016\/11\/Globalong-au-Vietnam-300x284.jpg 300w, https:\/\/www.globalong.com\/blog\/wp-content\/uploads\/2016\/11\/Globalong-au-Vietnam-768x726.jpg 768w, https:\/\/www.globalong.com\/blog\/wp-content\/uploads\/2016\/11\/Globalong-au-Vietnam-1024x968.jpg 1024w, https:\/\/www.globalong.com\/blog\/wp-content\/uploads\/2016\/11\/Globalong-au-Vietnam-150x142.jpg 150w, https:\/\/www.globalong.com\/blog\/wp-content\/uploads\/2016\/11\/Globalong-au-Vietnam.jpg 2046w\" sizes=\"(max-width: 300px) 100vw, 300px\" \/><\/a>J&rsquo;ai rencontr\u00e9 beaucoup de fran\u00e7ais, des am\u00e9ricains, des <a href=\"https:\/\/www.globalong.com\/blog\/volontariat-et-vacances-scolaires-en-suisse\/\" target=\"_blank\" rel=\"noopener\">suisses<\/a>, des <a href=\"https:\/\/www.globalong.com\/blog\/volontariat-humanitaire-en-famille-a-letranger-pour-les-quebecois\/\" target=\"_blank\" rel=\"noopener\">qu\u00e9b\u00e9cois<\/a>. On a beaucoup partag\u00e9 \u00e0 la maison des volontaires. Ce fut tr\u00e8s enrichissant, et ce sont des personnes que je n&rsquo;oublierai pas.<\/p>\n<p style=\"text-align: justify;\">Cette exp\u00e9rience me servira \u00e9norm\u00e9ment dans mon esprit critique, et ma fa\u00e7on de voir la vie en Europe, et aussi \u00e0 l&rsquo;\u00e9tranger lorsque je voyage. C&rsquo;est d\u00e9j\u00e0 ma troisi\u00e8me exp\u00e9rience comme celle-ci \u00e0 l&rsquo;\u00e9tranger. Ce qui m&rsquo;a le plus marqu\u00e9 dans celle-ci, c&rsquo;est le fait d&rsquo;avoir pu travailler avec des enfants handicap\u00e9s. Ce fut tr\u00e8s enrichissant, et je n&rsquo;oublierai jamais les visages de ces enfants&#8230;<\/p>\n<p style=\"text-align: justify;\">Mon retour \u00e0 la maison s&rsquo;est bien pass\u00e9, toujours difficile de se refaire \u00e0 notre quotidien pendant quelques jours, puis on se repose, et on s&rsquo;y r\u00e9habitue.<\/p>\n<p style=\"text-align: justify;\"><a href=\"https:\/\/www.globalong.com\/blog\/wp-content\/uploads\/2016\/11\/IMG_3315.jpg\" rel=\"attachment wp-att-5883\"><img loading=\"lazy\" decoding=\"async\" class=\"wp-image-5883 aligncenter\" src=\"https:\/\/www.globalong.com\/blog\/wp-content\/uploads\/2016\/11\/IMG_3315-282x300.jpg\" alt=\"B\u00e9n\u00e9volat international avec Globalong au vietnam\" width=\"300\" height=\"319\" srcset=\"https:\/\/www.globalong.com\/blog\/wp-content\/uploads\/2016\/11\/IMG_3315-282x300.jpg 282w, https:\/\/www.globalong.com\/blog\/wp-content\/uploads\/2016\/11\/IMG_3315-768x816.jpg 768w, https:\/\/www.globalong.com\/blog\/wp-content\/uploads\/2016\/11\/IMG_3315-963x1024.jpg 963w, https:\/\/www.globalong.com\/blog\/wp-content\/uploads\/2016\/11\/IMG_3315-141x150.jpg 141w, https:\/\/www.globalong.com\/blog\/wp-content\/uploads\/2016\/11\/IMG_3315.jpg 1619w\" sizes=\"(max-width: 300px) 100vw, 300px\" \/><\/a>Vivez cette exp\u00e9rience en profitant le plus possible&#8230; n&rsquo;ayez pas peur d&rsquo;\u00eatre triste, choqu\u00e9, ou chamboul\u00e9 par ce que vous d\u00e9couvrez l\u00e0-bas, car ce sont des sentiments tr\u00e8s humains.<\/p>\n<p style=\"text-align: justify;\">Quelques anecdotes sur mon voyage au Vietnam. &#8211; Tout d&rsquo;abord les insectes :<\/p>\n<p style=\"text-align: justify;\">Durant notre voyage, je fus aussi surprise par une jolie colonie de fourmis dans un des habits que j&rsquo;ai essay\u00e9 \u00e0 Hoi An. Bien s\u00fbr elles n&rsquo;ont pas manqu\u00e9 de me piquer. Mais ce f\u00fbt plus de peur que de mal, heureusement.<\/p>\n<p style=\"text-align: justify;\">Notre spot favori durant notre voyage f\u00fbt SAPA, avec ces incroyables rizi\u00e8res. Nous sommes rest\u00e9s chez l&rsquo;habitant \u00e0 Tavan. Ce fut une exp\u00e9rience inoubliable. Nous avons rencontr\u00e9 d&rsquo;autres touristes l\u00e0-bas, et avons fait une randonn\u00e9e tous ensemble avec une guide locale.<\/p>\n<p style=\"text-align: justify;\"><a href=\"https:\/\/www.globalong.com\/blog\/wp-content\/uploads\/2016\/11\/Programme-humanitaire-avec-Globalong.jpg\" rel=\"attachment wp-att-5885\"><img loading=\"lazy\" decoding=\"async\" class=\"size-medium wp-image-5885 aligncenter\" src=\"https:\/\/www.globalong.com\/blog\/wp-content\/uploads\/2016\/11\/Programme-humanitaire-avec-Globalong-300x224.jpg\" alt=\"Mission de b\u00e9n\u00e9volat humanitaire au Vietnam - GlobAlong \" width=\"300\" height=\"224\" srcset=\"https:\/\/www.globalong.com\/blog\/wp-content\/uploads\/2016\/11\/Programme-humanitaire-avec-Globalong-300x224.jpg 300w, https:\/\/www.globalong.com\/blog\/wp-content\/uploads\/2016\/11\/Programme-humanitaire-avec-Globalong-768x574.jpg 768w, https:\/\/www.globalong.com\/blog\/wp-content\/uploads\/2016\/11\/Programme-humanitaire-avec-Globalong-1024x765.jpg 1024w, https:\/\/www.globalong.com\/blog\/wp-content\/uploads\/2016\/11\/Programme-humanitaire-avec-Globalong-150x112.jpg 150w\" sizes=\"(max-width: 300px) 100vw, 300px\" \/><\/a>La famille \u00e9tait incroyable avec les deux enfants, dont un de 9 ans, qui parlait tr\u00e8s bien l&rsquo;anglais. Cela nous a beaucoup impressionn\u00e9.<\/p>\n<p style=\"text-align: justify;\">Durant notre mission humanitaire \u00e0 Ho Chi Minh, nous nous rendions tous les jours chez une petite dame locale, qui faisait des smoothies incroyables pour seulement 15000 dongs&#8230; C&rsquo;\u00e9tait le dessert d&rsquo;apr\u00e8s repas, avant de reprendre avec les enfants vers 14h.<\/p>\n<p style=\"text-align: justify;\">Les enfants : certains d&rsquo;entre eux m&rsquo;ont beaucoup marqu\u00e9, dont Bob, un enfant sourd et muet, qui \u00e9tait tr\u00e8s c\u00e2lin.<\/p>\n<p style=\"text-align: justify;\"><a href=\"https:\/\/www.globalong.com\/blog\/wp-content\/uploads\/2016\/11\/De\u0301couvrez-le-vietnam-avec-globalong.jpg\" rel=\"attachment wp-att-5888\"><img loading=\"lazy\" decoding=\"async\" class=\"size-medium wp-image-5888 aligncenter\" src=\"https:\/\/www.globalong.com\/blog\/wp-content\/uploads\/2016\/11\/De\u0301couvrez-le-vietnam-avec-globalong-300x213.jpg\" alt=\"Visites et excursions vietnam - Globalong\" width=\"300\" height=\"213\" srcset=\"https:\/\/www.globalong.com\/blog\/wp-content\/uploads\/2016\/11\/De\u0301couvrez-le-vietnam-avec-globalong-300x213.jpg 300w, https:\/\/www.globalong.com\/blog\/wp-content\/uploads\/2016\/11\/De\u0301couvrez-le-vietnam-avec-globalong-150x106.jpg 150w, https:\/\/www.globalong.com\/blog\/wp-content\/uploads\/2016\/11\/De\u0301couvrez-le-vietnam-avec-globalong.jpg 640w\" sizes=\"(max-width: 300px) 100vw, 300px\" \/><\/a>Puis il y avait Cu Ca\u00ef, une enfant d&rsquo;environ 6 ans autiste avec qui au fil des semaines j&rsquo;ai appris \u00e0 communiquer. Les au revoir furent difficiles&#8230;<\/p>\n<p style=\"text-align: justify;\">Nous avons aussi rencontr\u00e9 une allemande sur notre chemin de backpackers trip, avec qui nous sommes devenus tr\u00e8s bons amis et nous avons termin\u00e9 notre voyage. Ce fut donc un voyage hors du commun, et tr\u00e8s enrichissant !<\/p>\n<p style=\"text-align: justify;\">Manon.<\/p>\n<p style=\"text-align: justify;\">N&rsquo;h\u00e9sitez pas \u00e0 nous contacter pour plus de renseignements \u00e0 l&rsquo;adresse <span style=\"text-decoration: underline;\"><span style=\"color: #b81657;\"><a style=\"color: #b81657; text-decoration: underline;\" href=\"mailto:info@globalong.com\">info@globalong.com.<\/a><\/span><\/span><\/p>\n<p style=\"text-align: justify;\">D\u00e9couvrez ici <span style=\"text-decoration: underline;\"><span style=\"color: #b81657;\"><a style=\"color: #b81657; text-decoration: underline;\" href=\"https:\/\/www.flickr.com\/photos\/globalong\/sets\/72157639806172666\" target=\"_blank\" rel=\"noopener\">plus de\u00a0photos des b\u00e9n\u00e9voles<\/a><\/span><\/span> au Vietnam.<\/p>\n<p style=\"text-align: justify;\"><span style=\"text-decoration: underline;\"><span style=\"color: #b81657;\"><a style=\"color: #b81657; text-decoration: underline;\" href=\"https:\/\/www.globalong.com\/sejour-benevolat\/humanitaire-vietnam-benevolat.html\" target=\"_blank\" rel=\"noopener\">Consultez les programmes<\/a><\/span><\/span> de b\u00e9n\u00e9volat \u00e0 Ho Chi Minh.<\/p>\n","protected":false},"excerpt":{"rendered":"<p>T\u00e9moignage de Manon, b\u00e9n\u00e9vole \u00e0 Ho Chi Minh au Vietnam avec GlobAlong. Bonjour, je m\u2019appelle Manon, je suis partie faire du b\u00e9n\u00e9volat \u00e0 Ho Chi Minh avec GlobAlong pendant quelques semaines afin de me faire une nouvelle exp\u00e9rience \u00e0 l&rsquo;\u00e9tranger dans l&rsquo;humanitaire. Ce serait bien que GlobAlong nous donne de meilleures informations sur l&rsquo;endroit o\u00f9 [&hellip;]<\/p>\n","protected":false},"author":3,"featured_media":3418,"parent":883,"menu_order":0,"comment_status":"closed","ping_status":"closed","template":"","meta":{"footnotes":""},"yoast_head":"<!-- This site is optimized with the Yoast SEO Premium plugin v23.4 (Yoast SEO v23.4) - https:\/\/yoast.com\/wordpress\/plugins\/seo\/ -->\n<title>Vietnam - Manon - Association Globalong<\/title>\n<meta name=\"robots\" content=\"index, follow, max-snippet:-1, max-image-preview:large, max-video-preview:-1\" \/>\n<link rel=\"canonical\" href=\"https:\/\/www.globalong.com\/blog\/avis-temoignages-globalong\/action-humanitaire-sociale-vietnam-projet-stage-etranger-ophelinats-enfants-handicaps\/\" \/>\n<meta property=\"og:locale\" content=\"fr_FR\" \/>\n<meta property=\"og:type\" content=\"article\" \/>\n<meta property=\"og:title\" content=\"Vietnam - Manon\" \/>\n<meta property=\"og:description\" content=\"T\u00e9moignage de Manon, b\u00e9n\u00e9vole \u00e0 Ho Chi Minh au Vietnam avec GlobAlong. Bonjour, je m\u2019appelle Manon, je suis partie faire du b\u00e9n\u00e9volat \u00e0 Ho Chi Minh avec GlobAlong pendant quelques semaines afin de me faire une nouvelle exp\u00e9rience \u00e0 l&rsquo;\u00e9tranger dans l&rsquo;humanitaire. Ce serait bien que GlobAlong nous donne de meilleures informations sur l&rsquo;endroit o\u00f9 [&hellip;]\" \/>\n<meta property=\"og:url\" content=\"https:\/\/www.globalong.com\/blog\/avis-temoignages-globalong\/action-humanitaire-sociale-vietnam-projet-stage-etranger-ophelinats-enfants-handicaps\/\" \/>\n<meta property=\"og:site_name\" content=\"Association Globalong\" \/>\n<meta property=\"article:publisher\" content=\"https:\/\/www.facebook.com\/globalong\" \/>\n<meta property=\"article:modified_time\" content=\"2024-10-17T18:49:46+00:00\" \/>\n<meta property=\"og:image\" content=\"https:\/\/www.globalong.com\/blog\/wp-content\/uploads\/2016\/03\/IMG-20150722-WA0000.jpg\" \/>\n\t<meta property=\"og:image:width\" content=\"960\" \/>\n\t<meta property=\"og:image:height\" content=\"540\" \/>\n\t<meta property=\"og:image:type\" content=\"image\/jpeg\" \/>\n<meta name=\"twitter:card\" content=\"summary_large_image\" \/>\n<meta name=\"twitter:label1\" content=\"Dur\u00e9e de lecture estim\u00e9e\" \/>\n\t<meta name=\"twitter:data1\" content=\"5 minutes\" \/>\n<script type=\"application\/ld+json\" class=\"yoast-schema-graph\">{\"@context\":\"https:\/\/schema.org\",\"@graph\":[{\"@type\":\"WebPage\",\"@id\":\"https:\/\/www.globalong.com\/blog\/avis-temoignages-globalong\/action-humanitaire-sociale-vietnam-projet-stage-etranger-ophelinats-enfants-handicaps\/\",\"url\":\"https:\/\/www.globalong.com\/blog\/avis-temoignages-globalong\/action-humanitaire-sociale-vietnam-projet-stage-etranger-ophelinats-enfants-handicaps\/\",\"name\":\"Vietnam - Manon - Association Globalong\",\"isPartOf\":{\"@id\":\"https:\/\/www.globalong.com\/blog\/#website\"},\"primaryImageOfPage\":{\"@id\":\"https:\/\/www.globalong.com\/blog\/avis-temoignages-globalong\/action-humanitaire-sociale-vietnam-projet-stage-etranger-ophelinats-enfants-handicaps\/#primaryimage\"},\"image\":{\"@id\":\"https:\/\/www.globalong.com\/blog\/avis-temoignages-globalong\/action-humanitaire-sociale-vietnam-projet-stage-etranger-ophelinats-enfants-handicaps\/#primaryimage\"},\"thumbnailUrl\":\"https:\/\/www.globalong.com\/blog\/wp-content\/uploads\/2016\/03\/IMG-20150722-WA0000.jpg\",\"datePublished\":\"2016-11-15T10:23:12+00:00\",\"dateModified\":\"2024-10-17T18:49:46+00:00\",\"breadcrumb\":{\"@id\":\"https:\/\/www.globalong.com\/blog\/avis-temoignages-globalong\/action-humanitaire-sociale-vietnam-projet-stage-etranger-ophelinats-enfants-handicaps\/#breadcrumb\"},\"inLanguage\":\"fr-FR\",\"potentialAction\":[{\"@type\":\"ReadAction\",\"target\":[\"https:\/\/www.globalong.com\/blog\/avis-temoignages-globalong\/action-humanitaire-sociale-vietnam-projet-stage-etranger-ophelinats-enfants-handicaps\/\"]}]},{\"@type\":\"ImageObject\",\"inLanguage\":\"fr-FR\",\"@id\":\"https:\/\/www.globalong.com\/blog\/avis-temoignages-globalong\/action-humanitaire-sociale-vietnam-projet-stage-etranger-ophelinats-enfants-handicaps\/#primaryimage\",\"url\":\"https:\/\/www.globalong.com\/blog\/wp-content\/uploads\/2016\/03\/IMG-20150722-WA0000.jpg\",\"contentUrl\":\"https:\/\/www.globalong.com\/blog\/wp-content\/uploads\/2016\/03\/IMG-20150722-WA0000.jpg\",\"width\":960,\"height\":540,\"caption\":\"Programme de volontariat pour les francophones en Asie\"},{\"@type\":\"BreadcrumbList\",\"@id\":\"https:\/\/www.globalong.com\/blog\/avis-temoignages-globalong\/action-humanitaire-sociale-vietnam-projet-stage-etranger-ophelinats-enfants-handicaps\/#breadcrumb\",\"itemListElement\":[{\"@type\":\"ListItem\",\"position\":1,\"name\":\"Accueil\",\"item\":\"https:\/\/www.globalong.com\/blog\/\"},{\"@type\":\"ListItem\",\"position\":2,\"name\":\"T\u00e9moignages et avis de volontaires Globalong\",\"item\":\"https:\/\/www.globalong.com\/blog\/avis-temoignages-globalong\/\"},{\"@type\":\"ListItem\",\"position\":3,\"name\":\"Vietnam &#8211; Manon\"}]},{\"@type\":\"WebSite\",\"@id\":\"https:\/\/www.globalong.com\/blog\/#website\",\"url\":\"https:\/\/www.globalong.com\/blog\/\",\"name\":\"https:\/\/www.globalong.com\/\",\"description\":\"Mission humanitaire, stage \u00e9tudiant et voyage linguistique\",\"publisher\":{\"@id\":\"https:\/\/www.globalong.com\/blog\/#organization\"},\"potentialAction\":[{\"@type\":\"SearchAction\",\"target\":{\"@type\":\"EntryPoint\",\"urlTemplate\":\"https:\/\/www.globalong.com\/blog\/?s={search_term_string}\"},\"query-input\":{\"@type\":\"PropertyValueSpecification\",\"valueRequired\":true,\"valueName\":\"search_term_string\"}}],\"inLanguage\":\"fr-FR\"},{\"@type\":\"Organization\",\"@id\":\"https:\/\/www.globalong.com\/blog\/#organization\",\"name\":\"Association Globalong\",\"url\":\"https:\/\/www.globalong.com\/blog\/\",\"logo\":{\"@type\":\"ImageObject\",\"inLanguage\":\"fr-FR\",\"@id\":\"https:\/\/www.globalong.com\/blog\/#\/schema\/logo\/image\/\",\"url\":\"https:\/\/www.globalong.com\/blog\/wp-content\/uploads\/2014\/11\/cropped-cropped-Logo-et-Afrique-Globalong-petite-taille-2.jpg\",\"contentUrl\":\"https:\/\/www.globalong.com\/blog\/wp-content\/uploads\/2014\/11\/cropped-cropped-Logo-et-Afrique-Globalong-petite-taille-2.jpg\",\"width\":512,\"height\":512,\"caption\":\"Association Globalong\"},\"image\":{\"@id\":\"https:\/\/www.globalong.com\/blog\/#\/schema\/logo\/image\/\"},\"sameAs\":[\"https:\/\/www.facebook.com\/globalong\"]}]}<\/script>\n<!-- \/ Yoast SEO Premium plugin. -->","yoast_head_json":{"title":"Vietnam - Manon - Association Globalong","robots":{"index":"index","follow":"follow","max-snippet":"max-snippet:-1","max-image-preview":"max-image-preview:large","max-video-preview":"max-video-preview:-1"},"canonical":"https:\/\/www.globalong.com\/blog\/avis-temoignages-globalong\/action-humanitaire-sociale-vietnam-projet-stage-etranger-ophelinats-enfants-handicaps\/","og_locale":"fr_FR","og_type":"article","og_title":"Vietnam - Manon","og_description":"T\u00e9moignage de Manon, b\u00e9n\u00e9vole \u00e0 Ho Chi Minh au Vietnam avec GlobAlong. Bonjour, je m\u2019appelle Manon, je suis partie faire du b\u00e9n\u00e9volat \u00e0 Ho Chi Minh avec GlobAlong pendant quelques semaines afin de me faire une nouvelle exp\u00e9rience \u00e0 l&rsquo;\u00e9tranger dans l&rsquo;humanitaire. Ce serait bien que GlobAlong nous donne de meilleures informations sur l&rsquo;endroit o\u00f9 [&hellip;]","og_url":"https:\/\/www.globalong.com\/blog\/avis-temoignages-globalong\/action-humanitaire-sociale-vietnam-projet-stage-etranger-ophelinats-enfants-handicaps\/","og_site_name":"Association Globalong","article_publisher":"https:\/\/www.facebook.com\/globalong","article_modified_time":"2024-10-17T18:49:46+00:00","og_image":[{"width":960,"height":540,"url":"https:\/\/www.globalong.com\/blog\/wp-content\/uploads\/2016\/03\/IMG-20150722-WA0000.jpg","type":"image\/jpeg"}],"twitter_card":"summary_large_image","twitter_misc":{"Dur\u00e9e de lecture estim\u00e9e":"5 minutes"},"schema":{"@context":"https:\/\/schema.org","@graph":[{"@type":"WebPage","@id":"https:\/\/www.globalong.com\/blog\/avis-temoignages-globalong\/action-humanitaire-sociale-vietnam-projet-stage-etranger-ophelinats-enfants-handicaps\/","url":"https:\/\/www.globalong.com\/blog\/avis-temoignages-globalong\/action-humanitaire-sociale-vietnam-projet-stage-etranger-ophelinats-enfants-handicaps\/","name":"Vietnam - Manon - Association Globalong","isPartOf":{"@id":"https:\/\/www.globalong.com\/blog\/#website"},"primaryImageOfPage":{"@id":"https:\/\/www.globalong.com\/blog\/avis-temoignages-globalong\/action-humanitaire-sociale-vietnam-projet-stage-etranger-ophelinats-enfants-handicaps\/#primaryimage"},"image":{"@id":"https:\/\/www.globalong.com\/blog\/avis-temoignages-globalong\/action-humanitaire-sociale-vietnam-projet-stage-etranger-ophelinats-enfants-handicaps\/#primaryimage"},"thumbnailUrl":"https:\/\/www.globalong.com\/blog\/wp-content\/uploads\/2016\/03\/IMG-20150722-WA0000.jpg","datePublished":"2016-11-15T10:23:12+00:00","dateModified":"2024-10-17T18:49:46+00:00","breadcrumb":{"@id":"https:\/\/www.globalong.com\/blog\/avis-temoignages-globalong\/action-humanitaire-sociale-vietnam-projet-stage-etranger-ophelinats-enfants-handicaps\/#breadcrumb"},"inLanguage":"fr-FR","potentialAction":[{"@type":"ReadAction","target":["https:\/\/www.globalong.com\/blog\/avis-temoignages-globalong\/action-humanitaire-sociale-vietnam-projet-stage-etranger-ophelinats-enfants-handicaps\/"]}]},{"@type":"ImageObject","inLanguage":"fr-FR","@id":"https:\/\/www.globalong.com\/blog\/avis-temoignages-globalong\/action-humanitaire-sociale-vietnam-projet-stage-etranger-ophelinats-enfants-handicaps\/#primaryimage","url":"https:\/\/www.globalong.com\/blog\/wp-content\/uploads\/2016\/03\/IMG-20150722-WA0000.jpg","contentUrl":"https:\/\/www.globalong.com\/blog\/wp-content\/uploads\/2016\/03\/IMG-20150722-WA0000.jpg","width":960,"height":540,"caption":"Programme de volontariat pour les francophones en Asie"},{"@type":"BreadcrumbList","@id":"https:\/\/www.globalong.com\/blog\/avis-temoignages-globalong\/action-humanitaire-sociale-vietnam-projet-stage-etranger-ophelinats-enfants-handicaps\/#breadcrumb","itemListElement":[{"@type":"ListItem","position":1,"name":"Accueil","item":"https:\/\/www.globalong.com\/blog\/"},{"@type":"ListItem","position":2,"name":"T\u00e9moignages et avis de volontaires Globalong","item":"https:\/\/www.globalong.com\/blog\/avis-temoignages-globalong\/"},{"@type":"ListItem","position":3,"name":"Vietnam &#8211; Manon"}]},{"@type":"WebSite","@id":"https:\/\/www.globalong.com\/blog\/#website","url":"https:\/\/www.globalong.com\/blog\/","name":"https:\/\/www.globalong.com\/","description":"Mission humanitaire, stage \u00e9tudiant et voyage linguistique","publisher":{"@id":"https:\/\/www.globalong.com\/blog\/#organization"},"potentialAction":[{"@type":"SearchAction","target":{"@type":"EntryPoint","urlTemplate":"https:\/\/www.globalong.com\/blog\/?s={search_term_string}"},"query-input":{"@type":"PropertyValueSpecification","valueRequired":true,"valueName":"search_term_string"}}],"inLanguage":"fr-FR"},{"@type":"Organization","@id":"https:\/\/www.globalong.com\/blog\/#organization","name":"Association Globalong","url":"https:\/\/www.globalong.com\/blog\/","logo":{"@type":"ImageObject","inLanguage":"fr-FR","@id":"https:\/\/www.globalong.com\/blog\/#\/schema\/logo\/image\/","url":"https:\/\/www.globalong.com\/blog\/wp-content\/uploads\/2014\/11\/cropped-cropped-Logo-et-Afrique-Globalong-petite-taille-2.jpg","contentUrl":"https:\/\/www.globalong.com\/blog\/wp-content\/uploads\/2014\/11\/cropped-cropped-Logo-et-Afrique-Globalong-petite-taille-2.jpg","width":512,"height":512,"caption":"Association Globalong"},"image":{"@id":"https:\/\/www.globalong.com\/blog\/#\/schema\/logo\/image\/"},"sameAs":["https:\/\/www.facebook.com\/globalong"]}]}},"_links":{"self":[{"href":"https:\/\/www.globalong.com\/blog\/wp-json\/wp\/v2\/pages\/5877"}],"collection":[{"href":"https:\/\/www.globalong.com\/blog\/wp-json\/wp\/v2\/pages"}],"about":[{"href":"https:\/\/www.globalong.com\/blog\/wp-json\/wp\/v2\/types\/page"}],"author":[{"embeddable":true,"href":"https:\/\/www.globalong.com\/blog\/wp-json\/wp\/v2\/users\/3"}],"replies":[{"embeddable":true,"href":"https:\/\/www.globalong.com\/blog\/wp-json\/wp\/v2\/comments?post=5877"}],"version-history":[{"count":13,"href":"https:\/\/www.globalong.com\/blog\/wp-json\/wp\/v2\/pages\/5877\/revisions"}],"predecessor-version":[{"id":17925,"href":"https:\/\/www.globalong.com\/blog\/wp-json\/wp\/v2\/pages\/5877\/revisions\/17925"}],"up":[{"embeddable":true,"href":"https:\/\/www.globalong.com\/blog\/wp-json\/wp\/v2\/pages\/883"}],"wp:featuredmedia":[{"embeddable":true,"href":"https:\/\/www.globalong.com\/blog\/wp-json\/wp\/v2\/media\/3418"}],"wp:attachment":[{"href":"https:\/\/www.globalong.com\/blog\/wp-json\/wp\/v2\/media?parent=5877"}],"curies":[{"name":"wp","href":"https:\/\/api.w.org\/{rel}","templated":true}]}}