{"id":612,"date":"2015-09-28T16:40:37","date_gmt":"2015-09-28T14:40:37","guid":{"rendered":"https:\/\/www.globalong.com\/blog\/?page_id=612"},"modified":"2022-05-06T09:34:59","modified_gmt":"2022-05-06T07:34:59","slug":"temoignage-de-linde-du-nord","status":"publish","type":"page","link":"https:\/\/www.globalong.com\/blog\/avis-temoignages-globalong\/temoignage-de-linde-du-nord\/","title":{"rendered":"Inde du Nord &#8211; Camille"},"content":{"rendered":"<p style=\"text-align: center;\"><span style=\"color: #b81657;\"><strong>T\u00e9moignage de Camille, b\u00e9n\u00e9vole avec Globalong en Inde<\/strong><\/span><\/p>\n<p style=\"text-align: justify;\"><a href=\"https:\/\/www.globalong.com\/blog\/wp-content\/uploads\/2015\/09\/camille-inde-1.jpg\"><img loading=\"lazy\" decoding=\"async\" class=\"wp-image-618 size-medium aligncenter\" src=\"https:\/\/www.globalong.com\/blog\/wp-content\/uploads\/2015\/09\/camille-inde-1-300x225.jpg\" alt=\"Programme de b\u00e9n\u00e9volat en Inde \" width=\"300\" height=\"225\" srcset=\"https:\/\/www.globalong.com\/blog\/wp-content\/uploads\/2015\/09\/camille-inde-1-300x225.jpg 300w, https:\/\/www.globalong.com\/blog\/wp-content\/uploads\/2015\/09\/camille-inde-1-150x113.jpg 150w, https:\/\/www.globalong.com\/blog\/wp-content\/uploads\/2015\/09\/camille-inde-1.jpg 960w\" sizes=\"(max-width: 300px) 100vw, 300px\" \/><\/a>Trois semaines. Voil\u00e0 le temps de la mission humanitaire que j&rsquo;ai faite en <a href=\"https:\/\/www.globalong.com\/sejour-benevolat\/inde-du-nord-delhi-jaipur.html\" target=\"_blank\" rel=\"noopener\">Inde<\/a> du Nord. Trois semaines &#8230; Trois petites semaines, ce temps passe si vite mais l\u00e0-bas, le temps n&rsquo;est pas le m\u00eame, il est si riche, si vivant ! Les souvenirs sont extraordinaires et nombreux. Les rencontres sont magiques. La vie est diff\u00e9rente. Habitu\u00e9e \u00e0 partir faire de longs voyages dans plusieurs pays du monde, je n&rsquo;ai pas eu de probl\u00e8me \u00e0 m&rsquo;adapter et je n&rsquo;ai pas ressentie de choc culturel, j&rsquo;ai pu profiter a fond de cette mission, de ce pays, de ces personnes rencontr\u00e9es, bref de cette exp\u00e9rience inoubliable.<\/p>\n<p style=\"text-align: justify;\"><img loading=\"lazy\" decoding=\"async\" class=\"wp-image-620 size-medium aligncenter\" src=\"https:\/\/www.globalong.com\/blog\/wp-content\/uploads\/2015\/09\/inde-15-300x225.jpg\" alt=\"Volontariat en Inde\" width=\"300\" height=\"225\" srcset=\"https:\/\/www.globalong.com\/blog\/wp-content\/uploads\/2015\/09\/inde-15-300x225.jpg 300w, https:\/\/www.globalong.com\/blog\/wp-content\/uploads\/2015\/09\/inde-15-150x113.jpg 150w, https:\/\/www.globalong.com\/blog\/wp-content\/uploads\/2015\/09\/inde-15.jpg 960w\" sizes=\"(max-width: 300px) 100vw, 300px\" \/>Une mission dans les \u00e9coles o\u00f9 j&rsquo;ai pu enseigner dans la ville de Faridabad \u00e0 1h de Delhi &#8230; Une \u00e9cole en particulier que je ne pourrai oublier mais surtout ces enfants, leurs visages, leurs expressions et leurs mani\u00e8res d&rsquo;\u00eatre, d&rsquo;agir, de penser ou de parler et plus encore leurs rires, leurs sourires ! J&rsquo;ai pu leur enseigner l&rsquo;anglais, le fran\u00e7ais, l&rsquo;histoire, la g\u00e9ographie, les math\u00e9matiques et ce parfois en parlant quelques mots d&rsquo;hindi car ces petits bouts n&rsquo;avaient pour la plupart commencer l&rsquo;\u00e9cole que derni\u00e8rement.<a href=\"https:\/\/www.globalong.com\/blog\/wp-content\/uploads\/2015\/09\/inde-11.jpg\" rel=\"attachment wp-att-2359\"><img loading=\"lazy\" decoding=\"async\" class=\"wp-image-2359 size-medium aligncenter\" src=\"https:\/\/www.globalong.com\/blog\/wp-content\/uploads\/2015\/09\/inde-11-300x225.jpg\" alt=\"gastronomie indienne - GlobAlong \" width=\"300\" height=\"225\" srcset=\"https:\/\/www.globalong.com\/blog\/wp-content\/uploads\/2015\/09\/inde-11-300x225.jpg 300w, https:\/\/www.globalong.com\/blog\/wp-content\/uploads\/2015\/09\/inde-11-768x576.jpg 768w, https:\/\/www.globalong.com\/blog\/wp-content\/uploads\/2015\/09\/inde-11-150x113.jpg 150w, https:\/\/www.globalong.com\/blog\/wp-content\/uploads\/2015\/09\/inde-11.jpg 960w\" sizes=\"(max-width: 300px) 100vw, 300px\" \/><\/a><\/p>\n<p style=\"text-align: justify;\">La communication&#8230; Elle n&rsquo;est donc pas \u00e9vidente car moi et les enfants nous ne parlons pas la m\u00eame langue, la ma\u00eetresse ne comprend pas l&rsquo;ensemble des mots anglais que je peux lui dire, alors il faut communiquer autrement &#8230; Par le regard, les sourires et les gestes (\u00e0 ce niveau l\u00e0 les indiens sont assez forts) ! Mais on parvient \u00e0 se comprendre car les mots ne font pas tout, c&rsquo;est aussi le c\u0153ur qui parle. Et puis, lors des journ\u00e9es d&rsquo;\u00e9coles, les enfants peuvent aussi jouer, manger de la bonne nourriture et b\u00e9n\u00e9ficier de soins pour ceux qui en ont besoin. L&rsquo;ensemble des enfants de cette \u00e9cole vivent dans des conditions extr\u00eamement pr\u00e9caires mais ils ont la chance d&rsquo;avoir acc\u00e8s \u00e0 une meilleure \u00e9ducation, une meilleure sant\u00e9, une meilleure hygi\u00e8ne de vie. Cette chance, ils en sont <a href=\"https:\/\/www.globalong.com\/blog\/wp-content\/uploads\/2015\/09\/camille-inde-2.jpg\" rel=\"attachment wp-att-2363\"><img loading=\"lazy\" decoding=\"async\" class=\"wp-image-2363 size-medium aligncenter\" src=\"https:\/\/www.globalong.com\/blog\/wp-content\/uploads\/2015\/09\/camille-inde-2-300x225.jpg\" alt=\"B\u00e9n\u00e9volat international en Asie \" width=\"300\" height=\"225\" srcset=\"https:\/\/www.globalong.com\/blog\/wp-content\/uploads\/2015\/09\/camille-inde-2-300x225.jpg 300w, https:\/\/www.globalong.com\/blog\/wp-content\/uploads\/2015\/09\/camille-inde-2-768x576.jpg 768w, https:\/\/www.globalong.com\/blog\/wp-content\/uploads\/2015\/09\/camille-inde-2-150x113.jpg 150w, https:\/\/www.globalong.com\/blog\/wp-content\/uploads\/2015\/09\/camille-inde-2.jpg 960w\" sizes=\"(max-width: 300px) 100vw, 300px\" \/><\/a>conscients et le montrent, ils profitent de chaque instant pass\u00e9 \u00e0 l&rsquo;\u00e9cole, de chaque petite chose re\u00e7ue \u00e0 l&rsquo;\u00e9cole car \u00e0 la maison les choses ne sont plus les m\u00eames.<\/p>\n<p style=\"text-align: justify;\">L&rsquo;Inde, pays du Taj Mahal, des \u00e9pices, des couleurs et de tant d&rsquo;autres choses. Ce pays, je r\u00eavais de le visiter et j&rsquo;ai pu en voir une bonne partie en allant \u00e0 Delhi, Jaipur, et Agra. Les indiens sont joueurs, farceurs, ce sont de grands enfants mais ils peuvent aussi \u00eatre violents, chose \u00e0 laquelle je ne m&rsquo;attendais pas puisque l&rsquo;Inde est aussi le monde de la m\u00e9ditation, du yoga &#8230;<\/p>\n<p style=\"text-align: justify;\"><a href=\"https:\/\/www.globalong.com\/blog\/wp-content\/uploads\/2015\/09\/camille-inde-7.jpg\" rel=\"attachment wp-att-2366\"><img loading=\"lazy\" decoding=\"async\" class=\"wp-image-2366 size-medium aligncenter\" src=\"https:\/\/www.globalong.com\/blog\/wp-content\/uploads\/2015\/09\/camille-inde-7-300x225.jpg\" alt=\"Volontaire et b\u00e9n\u00e9vole en Asie - GlobAlong \" width=\"300\" height=\"225\" srcset=\"https:\/\/www.globalong.com\/blog\/wp-content\/uploads\/2015\/09\/camille-inde-7-300x225.jpg 300w, https:\/\/www.globalong.com\/blog\/wp-content\/uploads\/2015\/09\/camille-inde-7-768x576.jpg 768w, https:\/\/www.globalong.com\/blog\/wp-content\/uploads\/2015\/09\/camille-inde-7-150x113.jpg 150w, https:\/\/www.globalong.com\/blog\/wp-content\/uploads\/2015\/09\/camille-inde-7.jpg 960w\" sizes=\"(max-width: 300px) 100vw, 300px\" \/><\/a>Les indiens sont paradoxaux : ils peuvent rire, chanter et danser mais aussi se battre car ils n&rsquo;ont que peu de mots, ils ne peuvent parfois r\u00e9gler leurs conflits autrement que par des actes, car personne n&rsquo;a pu les aider \u00e0 faire la part des choses, \u00e0 distinguer les mots des actes. Leurs conduites sont agies dans l&rsquo;instant, ils ne peuvent les mentaliser ou s&rsquo;interdire d&rsquo;agir avec tant de violence &#8230; Car l&rsquo;interdiction n&rsquo;existe pas &#8230; Le syst\u00e8me n&rsquo;existe pas.<\/p>\n<p style=\"text-align: justify;\">Mais l&rsquo;Inde se d\u00e9veloppe et beaucoup de personnes essaient de faire bouger les choses, c&rsquo;est le cas de Doctor Sameer, p\u00e8re de la famille qui m&rsquo;a accueilli tout au long de ce voyage.<\/p>\n<p style=\"text-align: justify;\"><a href=\"https:\/\/www.globalong.com\/blog\/wp-content\/uploads\/2015\/09\/camille-inde-4.jpg\" rel=\"attachment wp-att-2368\"><img loading=\"lazy\" decoding=\"async\" class=\"size-medium wp-image-2368 aligncenter\" src=\"https:\/\/www.globalong.com\/blog\/wp-content\/uploads\/2015\/09\/camille-inde-4-300x225.jpg\" alt=\"camille inde 4\" width=\"300\" height=\"225\" srcset=\"https:\/\/www.globalong.com\/blog\/wp-content\/uploads\/2015\/09\/camille-inde-4-300x225.jpg 300w, https:\/\/www.globalong.com\/blog\/wp-content\/uploads\/2015\/09\/camille-inde-4-768x576.jpg 768w, https:\/\/www.globalong.com\/blog\/wp-content\/uploads\/2015\/09\/camille-inde-4-150x113.jpg 150w, https:\/\/www.globalong.com\/blog\/wp-content\/uploads\/2015\/09\/camille-inde-4.jpg 960w\" sizes=\"(max-width: 300px) 100vw, 300px\" \/><\/a>Il a cr\u00e9\u00e9 une fondation qui apporte de l&rsquo;aide aux enfants, mais aussi aux adultes qui peuvent \u00eatre en prise \u00e0 des situations de vie tr\u00e8s difficiles. Qu&rsquo;ils s&rsquo;agissent de sant\u00e9, de pr\u00e9carit\u00e9 ou d&rsquo;\u00e9ducation, Doctor Sameer essaie de donner de sa personne pour tirer le monde qui l&rsquo;entoure vers le haut et son travail est remarquable. J&rsquo;ai beaucoup appris \u00e0 ses c\u00f4t\u00e9s, que ce soit sur le travail humanitaire, la vie indienne ou encore sur la vie en g\u00e9n\u00e9rale. Je le remercie encore aujourd&rsquo;hui.<br \/>\nTrois semaines. Voil\u00e0 le temps qu&rsquo;il a fallu pour graver en moi tant de choses, je ne pourrai oublier ce s\u00e9jour et c&rsquo;est ce genre de voyages qui nous bouleversent, nous remuent, nous font grandir et avancer dans nos choix, dans notre vie. C&rsquo;est ce genre d&rsquo;exp\u00e9riences qui nous construit, alors je ne compte pas m&rsquo;arr\u00eater l\u00e0 et j&rsquo;ai bien l&rsquo;intention de repartir ! Je suis d\u00e9j\u00e0 \u00e0 la recherche de ma prochaine mission dans le catalogue de Globalong !<\/p>\n<p style=\"text-align: center;\">Pour d\u00e9couvrir plus de photos de l&rsquo;Inde, <span style=\"text-decoration: underline;\"><a href=\"https:\/\/www.flickr.com\/photos\/globalong\/albums\/72157639911593095\" target=\"_blank\" rel=\"noopener\">cliquez ici<\/a><\/span> !<\/p>\n<p style=\"text-align: center;\"><a href=\"https:\/\/www.globalong.com\/sejour-benevolat\/inde-du-nord-delhi-jaipur.html\"><span style=\"text-decoration: underline;\">D\u00e9couvrez le\u00a0programme en Inde de Nord ici<\/span> !<\/a><\/p>\n<p style=\"text-align: center;\">N&rsquo;h\u00e9sitez pas \u00e0 nous contacter pour plus d&rsquo;informations \u00e0 <span style=\"text-decoration: underline; color: #b81657;\"><a style=\"color: #b81657; text-decoration: underline;\" href=\"mailto:info@globalong.com\">info@globalong.com<\/a><\/span><\/p>\n<p>&nbsp;<\/p>\n","protected":false},"excerpt":{"rendered":"<p>T\u00e9moignage de Camille, b\u00e9n\u00e9vole avec Globalong en Inde Trois semaines. Voil\u00e0 le temps de la mission humanitaire que j&rsquo;ai faite en Inde du Nord. Trois semaines &#8230; Trois petites semaines, ce temps passe si vite mais l\u00e0-bas, le temps n&rsquo;est pas le m\u00eame, il est si riche, si vivant ! Les souvenirs sont extraordinaires et [&hellip;]<\/p>\n","protected":false},"author":3,"featured_media":12725,"parent":883,"menu_order":0,"comment_status":"open","ping_status":"closed","template":"","meta":{"footnotes":""},"yoast_head":"<!-- This site is optimized with the Yoast SEO Premium plugin v23.4 (Yoast SEO v23.4) - https:\/\/yoast.com\/wordpress\/plugins\/seo\/ -->\n<title>Inde du Nord - Camille - Association Globalong<\/title>\n<meta name=\"robots\" content=\"index, follow, max-snippet:-1, max-image-preview:large, max-video-preview:-1\" \/>\n<link rel=\"canonical\" href=\"https:\/\/www.globalong.com\/blog\/avis-temoignages-globalong\/temoignage-de-linde-du-nord\/\" \/>\n<meta property=\"og:locale\" content=\"fr_FR\" \/>\n<meta property=\"og:type\" content=\"article\" \/>\n<meta property=\"og:title\" content=\"Inde du Nord - Camille\" \/>\n<meta property=\"og:description\" content=\"T\u00e9moignage de Camille, b\u00e9n\u00e9vole avec Globalong en Inde Trois semaines. Voil\u00e0 le temps de la mission humanitaire que j&rsquo;ai faite en Inde du Nord. Trois semaines &#8230; Trois petites semaines, ce temps passe si vite mais l\u00e0-bas, le temps n&rsquo;est pas le m\u00eame, il est si riche, si vivant ! Les souvenirs sont extraordinaires et [&hellip;]\" \/>\n<meta property=\"og:url\" content=\"https:\/\/www.globalong.com\/blog\/avis-temoignages-globalong\/temoignage-de-linde-du-nord\/\" \/>\n<meta property=\"og:site_name\" content=\"Association Globalong\" \/>\n<meta property=\"article:publisher\" content=\"https:\/\/www.facebook.com\/globalong\" \/>\n<meta property=\"article:modified_time\" content=\"2022-05-06T07:34:59+00:00\" \/>\n<meta property=\"og:image\" content=\"https:\/\/www.globalong.com\/blog\/wp-content\/uploads\/2019\/07\/DSC01372-min.jpg\" \/>\n\t<meta property=\"og:image:width\" content=\"2048\" \/>\n\t<meta property=\"og:image:height\" content=\"1536\" \/>\n\t<meta property=\"og:image:type\" content=\"image\/jpeg\" \/>\n<meta name=\"twitter:card\" content=\"summary_large_image\" \/>\n<meta name=\"twitter:label1\" content=\"Dur\u00e9e de lecture estim\u00e9e\" \/>\n\t<meta name=\"twitter:data1\" content=\"4 minutes\" \/>\n<script type=\"application\/ld+json\" class=\"yoast-schema-graph\">{\"@context\":\"https:\/\/schema.org\",\"@graph\":[{\"@type\":\"WebPage\",\"@id\":\"https:\/\/www.globalong.com\/blog\/avis-temoignages-globalong\/temoignage-de-linde-du-nord\/\",\"url\":\"https:\/\/www.globalong.com\/blog\/avis-temoignages-globalong\/temoignage-de-linde-du-nord\/\",\"name\":\"Inde du Nord - Camille - Association Globalong\",\"isPartOf\":{\"@id\":\"https:\/\/www.globalong.com\/blog\/#website\"},\"primaryImageOfPage\":{\"@id\":\"https:\/\/www.globalong.com\/blog\/avis-temoignages-globalong\/temoignage-de-linde-du-nord\/#primaryimage\"},\"image\":{\"@id\":\"https:\/\/www.globalong.com\/blog\/avis-temoignages-globalong\/temoignage-de-linde-du-nord\/#primaryimage\"},\"thumbnailUrl\":\"https:\/\/www.globalong.com\/blog\/wp-content\/uploads\/2019\/07\/DSC01372-min.jpg\",\"datePublished\":\"2015-09-28T14:40:37+00:00\",\"dateModified\":\"2022-05-06T07:34:59+00:00\",\"breadcrumb\":{\"@id\":\"https:\/\/www.globalong.com\/blog\/avis-temoignages-globalong\/temoignage-de-linde-du-nord\/#breadcrumb\"},\"inLanguage\":\"fr-FR\",\"potentialAction\":[{\"@type\":\"ReadAction\",\"target\":[\"https:\/\/www.globalong.com\/blog\/avis-temoignages-globalong\/temoignage-de-linde-du-nord\/\"]}]},{\"@type\":\"ImageObject\",\"inLanguage\":\"fr-FR\",\"@id\":\"https:\/\/www.globalong.com\/blog\/avis-temoignages-globalong\/temoignage-de-linde-du-nord\/#primaryimage\",\"url\":\"https:\/\/www.globalong.com\/blog\/wp-content\/uploads\/2019\/07\/DSC01372-min.jpg\",\"contentUrl\":\"https:\/\/www.globalong.com\/blog\/wp-content\/uploads\/2019\/07\/DSC01372-min.jpg\",\"width\":2048,\"height\":1536,\"caption\":\"globalong\"},{\"@type\":\"BreadcrumbList\",\"@id\":\"https:\/\/www.globalong.com\/blog\/avis-temoignages-globalong\/temoignage-de-linde-du-nord\/#breadcrumb\",\"itemListElement\":[{\"@type\":\"ListItem\",\"position\":1,\"name\":\"Accueil\",\"item\":\"https:\/\/www.globalong.com\/blog\/\"},{\"@type\":\"ListItem\",\"position\":2,\"name\":\"T\u00e9moignages et avis de volontaires Globalong\",\"item\":\"https:\/\/www.globalong.com\/blog\/avis-temoignages-globalong\/\"},{\"@type\":\"ListItem\",\"position\":3,\"name\":\"Inde du Nord &#8211; Camille\"}]},{\"@type\":\"WebSite\",\"@id\":\"https:\/\/www.globalong.com\/blog\/#website\",\"url\":\"https:\/\/www.globalong.com\/blog\/\",\"name\":\"https:\/\/www.globalong.com\/\",\"description\":\"Mission humanitaire, stage \u00e9tudiant et voyage linguistique\",\"publisher\":{\"@id\":\"https:\/\/www.globalong.com\/blog\/#organization\"},\"potentialAction\":[{\"@type\":\"SearchAction\",\"target\":{\"@type\":\"EntryPoint\",\"urlTemplate\":\"https:\/\/www.globalong.com\/blog\/?s={search_term_string}\"},\"query-input\":{\"@type\":\"PropertyValueSpecification\",\"valueRequired\":true,\"valueName\":\"search_term_string\"}}],\"inLanguage\":\"fr-FR\"},{\"@type\":\"Organization\",\"@id\":\"https:\/\/www.globalong.com\/blog\/#organization\",\"name\":\"Association Globalong\",\"url\":\"https:\/\/www.globalong.com\/blog\/\",\"logo\":{\"@type\":\"ImageObject\",\"inLanguage\":\"fr-FR\",\"@id\":\"https:\/\/www.globalong.com\/blog\/#\/schema\/logo\/image\/\",\"url\":\"https:\/\/www.globalong.com\/blog\/wp-content\/uploads\/2014\/11\/cropped-cropped-Logo-et-Afrique-Globalong-petite-taille-2.jpg\",\"contentUrl\":\"https:\/\/www.globalong.com\/blog\/wp-content\/uploads\/2014\/11\/cropped-cropped-Logo-et-Afrique-Globalong-petite-taille-2.jpg\",\"width\":512,\"height\":512,\"caption\":\"Association Globalong\"},\"image\":{\"@id\":\"https:\/\/www.globalong.com\/blog\/#\/schema\/logo\/image\/\"},\"sameAs\":[\"https:\/\/www.facebook.com\/globalong\"]}]}<\/script>\n<!-- \/ Yoast SEO Premium plugin. -->","yoast_head_json":{"title":"Inde du Nord - Camille - Association Globalong","robots":{"index":"index","follow":"follow","max-snippet":"max-snippet:-1","max-image-preview":"max-image-preview:large","max-video-preview":"max-video-preview:-1"},"canonical":"https:\/\/www.globalong.com\/blog\/avis-temoignages-globalong\/temoignage-de-linde-du-nord\/","og_locale":"fr_FR","og_type":"article","og_title":"Inde du Nord - Camille","og_description":"T\u00e9moignage de Camille, b\u00e9n\u00e9vole avec Globalong en Inde Trois semaines. Voil\u00e0 le temps de la mission humanitaire que j&rsquo;ai faite en Inde du Nord. Trois semaines &#8230; Trois petites semaines, ce temps passe si vite mais l\u00e0-bas, le temps n&rsquo;est pas le m\u00eame, il est si riche, si vivant ! Les souvenirs sont extraordinaires et [&hellip;]","og_url":"https:\/\/www.globalong.com\/blog\/avis-temoignages-globalong\/temoignage-de-linde-du-nord\/","og_site_name":"Association Globalong","article_publisher":"https:\/\/www.facebook.com\/globalong","article_modified_time":"2022-05-06T07:34:59+00:00","og_image":[{"width":2048,"height":1536,"url":"https:\/\/www.globalong.com\/blog\/wp-content\/uploads\/2019\/07\/DSC01372-min.jpg","type":"image\/jpeg"}],"twitter_card":"summary_large_image","twitter_misc":{"Dur\u00e9e de lecture estim\u00e9e":"4 minutes"},"schema":{"@context":"https:\/\/schema.org","@graph":[{"@type":"WebPage","@id":"https:\/\/www.globalong.com\/blog\/avis-temoignages-globalong\/temoignage-de-linde-du-nord\/","url":"https:\/\/www.globalong.com\/blog\/avis-temoignages-globalong\/temoignage-de-linde-du-nord\/","name":"Inde du Nord - Camille - Association Globalong","isPartOf":{"@id":"https:\/\/www.globalong.com\/blog\/#website"},"primaryImageOfPage":{"@id":"https:\/\/www.globalong.com\/blog\/avis-temoignages-globalong\/temoignage-de-linde-du-nord\/#primaryimage"},"image":{"@id":"https:\/\/www.globalong.com\/blog\/avis-temoignages-globalong\/temoignage-de-linde-du-nord\/#primaryimage"},"thumbnailUrl":"https:\/\/www.globalong.com\/blog\/wp-content\/uploads\/2019\/07\/DSC01372-min.jpg","datePublished":"2015-09-28T14:40:37+00:00","dateModified":"2022-05-06T07:34:59+00:00","breadcrumb":{"@id":"https:\/\/www.globalong.com\/blog\/avis-temoignages-globalong\/temoignage-de-linde-du-nord\/#breadcrumb"},"inLanguage":"fr-FR","potentialAction":[{"@type":"ReadAction","target":["https:\/\/www.globalong.com\/blog\/avis-temoignages-globalong\/temoignage-de-linde-du-nord\/"]}]},{"@type":"ImageObject","inLanguage":"fr-FR","@id":"https:\/\/www.globalong.com\/blog\/avis-temoignages-globalong\/temoignage-de-linde-du-nord\/#primaryimage","url":"https:\/\/www.globalong.com\/blog\/wp-content\/uploads\/2019\/07\/DSC01372-min.jpg","contentUrl":"https:\/\/www.globalong.com\/blog\/wp-content\/uploads\/2019\/07\/DSC01372-min.jpg","width":2048,"height":1536,"caption":"globalong"},{"@type":"BreadcrumbList","@id":"https:\/\/www.globalong.com\/blog\/avis-temoignages-globalong\/temoignage-de-linde-du-nord\/#breadcrumb","itemListElement":[{"@type":"ListItem","position":1,"name":"Accueil","item":"https:\/\/www.globalong.com\/blog\/"},{"@type":"ListItem","position":2,"name":"T\u00e9moignages et avis de volontaires Globalong","item":"https:\/\/www.globalong.com\/blog\/avis-temoignages-globalong\/"},{"@type":"ListItem","position":3,"name":"Inde du Nord &#8211; Camille"}]},{"@type":"WebSite","@id":"https:\/\/www.globalong.com\/blog\/#website","url":"https:\/\/www.globalong.com\/blog\/","name":"https:\/\/www.globalong.com\/","description":"Mission humanitaire, stage \u00e9tudiant et voyage linguistique","publisher":{"@id":"https:\/\/www.globalong.com\/blog\/#organization"},"potentialAction":[{"@type":"SearchAction","target":{"@type":"EntryPoint","urlTemplate":"https:\/\/www.globalong.com\/blog\/?s={search_term_string}"},"query-input":{"@type":"PropertyValueSpecification","valueRequired":true,"valueName":"search_term_string"}}],"inLanguage":"fr-FR"},{"@type":"Organization","@id":"https:\/\/www.globalong.com\/blog\/#organization","name":"Association Globalong","url":"https:\/\/www.globalong.com\/blog\/","logo":{"@type":"ImageObject","inLanguage":"fr-FR","@id":"https:\/\/www.globalong.com\/blog\/#\/schema\/logo\/image\/","url":"https:\/\/www.globalong.com\/blog\/wp-content\/uploads\/2014\/11\/cropped-cropped-Logo-et-Afrique-Globalong-petite-taille-2.jpg","contentUrl":"https:\/\/www.globalong.com\/blog\/wp-content\/uploads\/2014\/11\/cropped-cropped-Logo-et-Afrique-Globalong-petite-taille-2.jpg","width":512,"height":512,"caption":"Association Globalong"},"image":{"@id":"https:\/\/www.globalong.com\/blog\/#\/schema\/logo\/image\/"},"sameAs":["https:\/\/www.facebook.com\/globalong"]}]}},"_links":{"self":[{"href":"https:\/\/www.globalong.com\/blog\/wp-json\/wp\/v2\/pages\/612"}],"collection":[{"href":"https:\/\/www.globalong.com\/blog\/wp-json\/wp\/v2\/pages"}],"about":[{"href":"https:\/\/www.globalong.com\/blog\/wp-json\/wp\/v2\/types\/page"}],"author":[{"embeddable":true,"href":"https:\/\/www.globalong.com\/blog\/wp-json\/wp\/v2\/users\/3"}],"replies":[{"embeddable":true,"href":"https:\/\/www.globalong.com\/blog\/wp-json\/wp\/v2\/comments?post=612"}],"version-history":[{"count":28,"href":"https:\/\/www.globalong.com\/blog\/wp-json\/wp\/v2\/pages\/612\/revisions"}],"predecessor-version":[{"id":14482,"href":"https:\/\/www.globalong.com\/blog\/wp-json\/wp\/v2\/pages\/612\/revisions\/14482"}],"up":[{"embeddable":true,"href":"https:\/\/www.globalong.com\/blog\/wp-json\/wp\/v2\/pages\/883"}],"wp:featuredmedia":[{"embeddable":true,"href":"https:\/\/www.globalong.com\/blog\/wp-json\/wp\/v2\/media\/12725"}],"wp:attachment":[{"href":"https:\/\/www.globalong.com\/blog\/wp-json\/wp\/v2\/media?parent=612"}],"curies":[{"name":"wp","href":"https:\/\/api.w.org\/{rel}","templated":true}]}}