{"id":6858,"date":"2017-12-01T17:30:48","date_gmt":"2017-12-01T16:30:48","guid":{"rendered":"https:\/\/www.globalong.com\/blog\/?page_id=6858"},"modified":"2022-05-07T10:55:24","modified_gmt":"2022-05-07T08:55:24","slug":"senegal-carla-afrique-benevolat-humanitaire-avis-ecole","status":"publish","type":"page","link":"https:\/\/www.globalong.com\/blog\/avis-temoignages-globalong\/senegal-carla-afrique-benevolat-humanitaire-avis-ecole\/","title":{"rendered":"S\u00e9n\u00e9gal &#8211; Carla"},"content":{"rendered":"<p style=\"text-align: center;\"><span style=\"color: #b81657;\"><strong>T\u00e9moignage de Carla, b\u00e9n\u00e9vole avec GlobAlong au S\u00e9n\u00e9gal.<\/strong><\/span><\/p>\n<p><img loading=\"lazy\" decoding=\"async\" class=\"size-medium wp-image-8139 aligncenter\" src=\"https:\/\/www.globalong.com\/blog\/wp-content\/uploads\/2017\/12\/B\u00e9n\u00e9volat-dans-une-\u00e9cole-au-S\u00e9n\u00e9gal-GlobAlong-min-300x225.jpg\" alt=\"\" width=\"300\" height=\"225\" srcset=\"https:\/\/www.globalong.com\/blog\/wp-content\/uploads\/2017\/12\/B\u00e9n\u00e9volat-dans-une-\u00e9cole-au-S\u00e9n\u00e9gal-GlobAlong-min-300x225.jpg 300w, https:\/\/www.globalong.com\/blog\/wp-content\/uploads\/2017\/12\/B\u00e9n\u00e9volat-dans-une-\u00e9cole-au-S\u00e9n\u00e9gal-GlobAlong-min-768x576.jpg 768w, https:\/\/www.globalong.com\/blog\/wp-content\/uploads\/2017\/12\/B\u00e9n\u00e9volat-dans-une-\u00e9cole-au-S\u00e9n\u00e9gal-GlobAlong-min-1024x768.jpg 1024w, https:\/\/www.globalong.com\/blog\/wp-content\/uploads\/2017\/12\/B\u00e9n\u00e9volat-dans-une-\u00e9cole-au-S\u00e9n\u00e9gal-GlobAlong-min-150x113.jpg 150w\" sizes=\"(max-width: 300px) 100vw, 300px\" \/><\/p>\n<p style=\"text-align: justify;\">Je suis partie au <span style=\"text-decoration: underline;\"><a href=\"https:\/\/www.globalong.com\/sejour-benevolat\/senegal-benevolat-humanitaire-mission.html\" target=\"_blank\" rel=\"noopener\">S\u00e9n\u00e9gal<\/a><\/span> pendant plusieurs semaines car je souhaitais pouvoir donner de mon temps aux autres, \u00eatre utile tout en d\u00e9couvrant un nouveau pays, une nouvelle culture.<\/p>\n<p style=\"text-align: justify;\">Je ne trouve pas que GlobAlong ait besoin d&rsquo;am\u00e9lioration. Sophie, notre interm\u00e9diaire \u00e9tait tr\u00e8s aimable et disponible et a su r\u00e9pondre \u00e0 mes questions et me mettre en relation avec Djibril, le coordinateur au S\u00e9n\u00e9gal, en toute confiance. J&rsquo;ai appr\u00e9ci\u00e9 le fait de recevoir un mail lors de ma premi\u00e8re semaine pour savoir si tout se passait bien (m\u00eame si je n&rsquo;y ai pas r\u00e9pondu, prise dans l&rsquo;euphorie de la mission).<\/p>\n<p style=\"text-align: justify;\"><a href=\"https:\/\/www.globalong.com\/blog\/wp-content\/uploads\/2017\/12\/Les-\u00e9l\u00e8ves-de-cette-\u00e9cole-s\u00e9n\u00e9galaise-dont-des-coloriages-GlobAlong-min.jpg\"><img loading=\"lazy\" decoding=\"async\" class=\"size-medium wp-image-8142 aligncenter\" src=\"https:\/\/www.globalong.com\/blog\/wp-content\/uploads\/2017\/12\/Les-\u00e9l\u00e8ves-de-cette-\u00e9cole-s\u00e9n\u00e9galaise-dont-des-coloriages-GlobAlong-min-300x225.jpg\" alt=\"\" width=\"300\" height=\"225\" srcset=\"https:\/\/www.globalong.com\/blog\/wp-content\/uploads\/2017\/12\/Les-\u00e9l\u00e8ves-de-cette-\u00e9cole-s\u00e9n\u00e9galaise-dont-des-coloriages-GlobAlong-min-300x225.jpg 300w, https:\/\/www.globalong.com\/blog\/wp-content\/uploads\/2017\/12\/Les-\u00e9l\u00e8ves-de-cette-\u00e9cole-s\u00e9n\u00e9galaise-dont-des-coloriages-GlobAlong-min-768x576.jpg 768w, https:\/\/www.globalong.com\/blog\/wp-content\/uploads\/2017\/12\/Les-\u00e9l\u00e8ves-de-cette-\u00e9cole-s\u00e9n\u00e9galaise-dont-des-coloriages-GlobAlong-min-150x113.jpg 150w, https:\/\/www.globalong.com\/blog\/wp-content\/uploads\/2017\/12\/Les-\u00e9l\u00e8ves-de-cette-\u00e9cole-s\u00e9n\u00e9galaise-dont-des-coloriages-GlobAlong-min.jpg 960w\" sizes=\"(max-width: 300px) 100vw, 300px\" \/><\/a>Je conseillerais GlobAlong pour une premi\u00e8re exp\u00e9rience dans l\u2019humanitaire car j\u2019ai \u00e9t\u00e9 tr\u00e8s en confiance, on a su me rassurer et me guider. De plus, il y a du choix dans les types de missions propos\u00e9es et les pays.<\/p>\n<p style=\"text-align: justify;\">Mon exp\u00e9rience de b\u00e9n\u00e9volat \u00e9tait incroyable ! Malgr\u00e9 le mal du pays qui s&rsquo;est fait ressentir, tout s&rsquo;est bien d\u00e9roul\u00e9 avec les professeurs. Djibril et sa famille sont bienveillants, gentils et protecteurs. Un grand merci \u00e0 eux pour cela !<\/p>\n<p style=\"text-align: justify;\">J&rsquo;ai eu l&rsquo;opportunit\u00e9 de visiter le S\u00e9n\u00e9gal pendant mon temps libre.<\/p>\n<p style=\"text-align: justify;\"><a href=\"https:\/\/www.globalong.com\/blog\/wp-content\/uploads\/2017\/12\/Participez-\u00e0-un-projet-de-b\u00e9n\u00e9volat-dans-une-\u00e9cole-de-Dakar-GlobAlong-min.jpg\"><img loading=\"lazy\" decoding=\"async\" class=\"size-medium wp-image-8144 aligncenter\" src=\"https:\/\/www.globalong.com\/blog\/wp-content\/uploads\/2017\/12\/Participez-\u00e0-un-projet-de-b\u00e9n\u00e9volat-dans-une-\u00e9cole-de-Dakar-GlobAlong-min-300x225.jpg\" alt=\"\" width=\"300\" height=\"225\" srcset=\"https:\/\/www.globalong.com\/blog\/wp-content\/uploads\/2017\/12\/Participez-\u00e0-un-projet-de-b\u00e9n\u00e9volat-dans-une-\u00e9cole-de-Dakar-GlobAlong-min-300x225.jpg 300w, https:\/\/www.globalong.com\/blog\/wp-content\/uploads\/2017\/12\/Participez-\u00e0-un-projet-de-b\u00e9n\u00e9volat-dans-une-\u00e9cole-de-Dakar-GlobAlong-min-768x576.jpg 768w, https:\/\/www.globalong.com\/blog\/wp-content\/uploads\/2017\/12\/Participez-\u00e0-un-projet-de-b\u00e9n\u00e9volat-dans-une-\u00e9cole-de-Dakar-GlobAlong-min-150x113.jpg 150w, https:\/\/www.globalong.com\/blog\/wp-content\/uploads\/2017\/12\/Participez-\u00e0-un-projet-de-b\u00e9n\u00e9volat-dans-une-\u00e9cole-de-Dakar-GlobAlong-min.jpg 960w\" sizes=\"(max-width: 300px) 100vw, 300px\" \/><\/a>L&rsquo;\u00eele de Gor\u00e9e a \u00e9t\u00e9 un souvenir incroyable tout comme M-BOUR (march\u00e9 artisanal ; retour des p\u00eacheurs \u2026), qui est selon moi \u00e0 voir absolument. Surfer \u00e0 Dakar sur la corniche des Amaldies est \u00e9galement une exp\u00e9rience extraordinaire ! J\u2019ai fait des rencontres int\u00e9ressantes et inoubliables : tous les autres volontaires, les enfants \u00e0 qui je donnais des cours, les professeurs; etc.<\/p>\n<p style=\"text-align: justify;\"><a href=\"https:\/\/www.globalong.com\/blog\/wp-content\/uploads\/2017\/12\/Classe-au-S\u00e9n\u00e9gal-tout-en-sourires-GlobAlong-min.jpg\"><img loading=\"lazy\" decoding=\"async\" class=\"size-medium wp-image-8146 aligncenter\" src=\"https:\/\/www.globalong.com\/blog\/wp-content\/uploads\/2017\/12\/Classe-au-S\u00e9n\u00e9gal-tout-en-sourires-GlobAlong-min-300x123.jpg\" alt=\"\" width=\"300\" height=\"123\" srcset=\"https:\/\/www.globalong.com\/blog\/wp-content\/uploads\/2017\/12\/Classe-au-S\u00e9n\u00e9gal-tout-en-sourires-GlobAlong-min-300x123.jpg 300w, https:\/\/www.globalong.com\/blog\/wp-content\/uploads\/2017\/12\/Classe-au-S\u00e9n\u00e9gal-tout-en-sourires-GlobAlong-min-150x62.jpg 150w, https:\/\/www.globalong.com\/blog\/wp-content\/uploads\/2017\/12\/Classe-au-S\u00e9n\u00e9gal-tout-en-sourires-GlobAlong-min.jpg 660w\" sizes=\"(max-width: 300px) 100vw, 300px\" \/><\/a><\/p>\n<p style=\"text-align: justify;\">Cette exp\u00e9rience fait surtout grandir et prendre conscience de la chance que l&rsquo;on a en Occident. Cette exp\u00e9rience m&rsquo;a fait r\u00e9aliser qu\u2019ensemble, gr\u00e2ce \u00e0 l&rsquo;intervention de chaque b\u00e9n\u00e9vole, on peut faire de grandes choses ! Mon retour \u00e0 la maison a \u00e9t\u00e9 berc\u00e9 par des pleurs, beaucoup de choses \u00e0 raconter, encore des pleurs et qu&rsquo;une seule envie\u00a0: y retourner. M\u00eame si le fait de retrouver le confort ne fait pas de mal\u00a0!<\/p>\n<p style=\"text-align: justify;\"><a href=\"https:\/\/www.globalong.com\/blog\/wp-content\/uploads\/2017\/12\/Photo-de-classe-au-S\u00e9n\u00e9gal-GlobAlong-min.jpg\"><img loading=\"lazy\" decoding=\"async\" class=\"size-medium wp-image-8148 aligncenter\" src=\"https:\/\/www.globalong.com\/blog\/wp-content\/uploads\/2017\/12\/Photo-de-classe-au-S\u00e9n\u00e9gal-GlobAlong-min-300x212.jpg\" alt=\"\" width=\"300\" height=\"212\" srcset=\"https:\/\/www.globalong.com\/blog\/wp-content\/uploads\/2017\/12\/Photo-de-classe-au-S\u00e9n\u00e9gal-GlobAlong-min-300x212.jpg 300w, https:\/\/www.globalong.com\/blog\/wp-content\/uploads\/2017\/12\/Photo-de-classe-au-S\u00e9n\u00e9gal-GlobAlong-min-150x106.jpg 150w, https:\/\/www.globalong.com\/blog\/wp-content\/uploads\/2017\/12\/Photo-de-classe-au-S\u00e9n\u00e9gal-GlobAlong-min.jpg 541w\" sizes=\"(max-width: 300px) 100vw, 300px\" \/><\/a><\/p>\n<p style=\"text-align: justify;\">Si j\u2019avais un conseil \u00e0 donner aux futurs participants\u00a0: profitez \u00e0 fond\u00a0!<\/p>\n<p style=\"text-align: justify;\">Et si au bout d&rsquo;une semaine vous n&rsquo;avez qu&rsquo;une envie, rentrer, ne vous inqui\u00e9tez pas : on passe tous par l\u00e0\u00a0!<\/p>\n<p style=\"text-align: center;\">Pour plus d\u2019informations, contactez-nous \u00e0 l\u2019adresse suivante :\u00a0<a href=\"mailto:info@globalong.com\" target=\"_blank\" rel=\"noopener\"><span style=\"color: #b81657;\"><strong>info@globalong.com<\/strong><\/span><\/a><\/p>\n<p style=\"text-align: center;\"><a href=\"https:\/\/www.globalong.com\/que-penser-de-globalong.html\" target=\"_blank\" rel=\"noopener\"><span style=\"color: #b81657;\"><strong>Que penser de GlobAlong ?<\/strong><\/span><\/a><\/p>\n<p style=\"text-align: center;\">Si vous souhaitez participer \u00e0 un voyage humanitaire au S\u00e9n\u00e9gal,\u00a0<span style=\"color: #b81657;\"><a href=\"https:\/\/www.globalong.com\/sejour-benevolat\/senegal-benevolat-humanitaire-mission.html\" target=\"_blank\" rel=\"noopener\">cliquez ici<\/a>\u00a0<\/span>!<\/p>\n<p style=\"text-align: center;\"><a href=\"https:\/\/www.globalong.com\/blog\/wp-content\/uploads\/2017\/12\/Devenez-b\u00e9n\u00e9vole-dans-une-\u00e9cole-s\u00e9n\u00e9galaise-GlobAlong-min.jpg\"><img loading=\"lazy\" decoding=\"async\" class=\"size-medium wp-image-8152 aligncenter\" src=\"https:\/\/www.globalong.com\/blog\/wp-content\/uploads\/2017\/12\/Devenez-b\u00e9n\u00e9vole-dans-une-\u00e9cole-s\u00e9n\u00e9galaise-GlobAlong-min-300x225.jpg\" alt=\"\" width=\"300\" height=\"225\" srcset=\"https:\/\/www.globalong.com\/blog\/wp-content\/uploads\/2017\/12\/Devenez-b\u00e9n\u00e9vole-dans-une-\u00e9cole-s\u00e9n\u00e9galaise-GlobAlong-min-300x225.jpg 300w, https:\/\/www.globalong.com\/blog\/wp-content\/uploads\/2017\/12\/Devenez-b\u00e9n\u00e9vole-dans-une-\u00e9cole-s\u00e9n\u00e9galaise-GlobAlong-min-768x576.jpg 768w, https:\/\/www.globalong.com\/blog\/wp-content\/uploads\/2017\/12\/Devenez-b\u00e9n\u00e9vole-dans-une-\u00e9cole-s\u00e9n\u00e9galaise-GlobAlong-min-150x113.jpg 150w, https:\/\/www.globalong.com\/blog\/wp-content\/uploads\/2017\/12\/Devenez-b\u00e9n\u00e9vole-dans-une-\u00e9cole-s\u00e9n\u00e9galaise-GlobAlong-min.jpg 960w\" sizes=\"(max-width: 300px) 100vw, 300px\" \/><\/a>Les missions de b\u00e9n\u00e9volat au S\u00e9n\u00e9gal en photos,\u00a0<a href=\"https:\/\/www.flickr.com\/photos\/globalong\/sets\/72157656286530240\" target=\"_blank\" rel=\"noopener\">c\u2019est par l\u00e0<\/a>\u00a0!<\/p>\n<p style=\"text-align: center;\">Pour d\u00e9couvrir les t\u00e9moignages des participants aux missions de volontariat humanitaire,\u00a0<span style=\"color: #b81657;\"><a href=\"https:\/\/www.globalong.com\/blog\/avis-globalong\/\" target=\"_blank\" rel=\"noopener\">c\u2019est par ici<\/a><\/span>\u00a0!<\/p>\n<p style=\"text-align: center;\"><a href=\"https:\/\/www.globalong.com\/blog\/videos-de-nos-destinations-humanitaire-benevolat-international-volunteer-humanitarian-programme\/\" target=\"_blank\" rel=\"noopener\"><span style=\"color: #b81657;\"><strong>GlobAlong en vid\u00e9os !<\/strong><\/span><\/a><\/p>\n<p style=\"text-align: center;\"><span style=\"color: #b81657;\"><strong><a href=\"https:\/\/www.globalong.com\/services-volontariat-international.html\" target=\"_blank\" rel=\"noopener\">Le service de volontariat international?<\/a><\/strong><\/span><\/p>\n<p>&nbsp;<\/p>\n<p>&nbsp;<\/p>\n<p>&nbsp;<\/p>\n<p>&nbsp;<\/p>\n<p>&nbsp;<\/p>\n","protected":false},"excerpt":{"rendered":"<p>T\u00e9moignage de Carla, b\u00e9n\u00e9vole avec GlobAlong au S\u00e9n\u00e9gal. Je suis partie au S\u00e9n\u00e9gal pendant plusieurs semaines car je souhaitais pouvoir donner de mon temps aux autres, \u00eatre utile tout en d\u00e9couvrant un nouveau pays, une nouvelle culture. Je ne trouve pas que GlobAlong ait besoin d&rsquo;am\u00e9lioration. Sophie, notre interm\u00e9diaire \u00e9tait tr\u00e8s aimable et disponible et [&hellip;]<\/p>\n","protected":false},"author":3,"featured_media":8545,"parent":883,"menu_order":0,"comment_status":"closed","ping_status":"closed","template":"","meta":{"footnotes":""},"yoast_head":"<!-- This site is optimized with the Yoast SEO Premium plugin v23.4 (Yoast SEO v23.4) - https:\/\/yoast.com\/wordpress\/plugins\/seo\/ -->\n<title>S\u00e9n\u00e9gal - Carla - Association Globalong<\/title>\n<meta name=\"robots\" content=\"index, follow, max-snippet:-1, max-image-preview:large, max-video-preview:-1\" \/>\n<link rel=\"canonical\" href=\"https:\/\/www.globalong.com\/blog\/avis-temoignages-globalong\/senegal-carla-afrique-benevolat-humanitaire-avis-ecole\/\" \/>\n<meta property=\"og:locale\" content=\"fr_FR\" \/>\n<meta property=\"og:type\" content=\"article\" \/>\n<meta property=\"og:title\" content=\"S\u00e9n\u00e9gal - Carla\" \/>\n<meta property=\"og:description\" content=\"T\u00e9moignage de Carla, b\u00e9n\u00e9vole avec GlobAlong au S\u00e9n\u00e9gal. Je suis partie au S\u00e9n\u00e9gal pendant plusieurs semaines car je souhaitais pouvoir donner de mon temps aux autres, \u00eatre utile tout en d\u00e9couvrant un nouveau pays, une nouvelle culture. Je ne trouve pas que GlobAlong ait besoin d&rsquo;am\u00e9lioration. Sophie, notre interm\u00e9diaire \u00e9tait tr\u00e8s aimable et disponible et [&hellip;]\" \/>\n<meta property=\"og:url\" content=\"https:\/\/www.globalong.com\/blog\/avis-temoignages-globalong\/senegal-carla-afrique-benevolat-humanitaire-avis-ecole\/\" \/>\n<meta property=\"og:site_name\" content=\"Association Globalong\" \/>\n<meta property=\"article:publisher\" content=\"https:\/\/www.facebook.com\/globalong\" \/>\n<meta property=\"article:modified_time\" content=\"2022-05-07T08:55:24+00:00\" \/>\n<meta property=\"og:image\" content=\"https:\/\/www.globalong.com\/blog\/wp-content\/uploads\/2018\/01\/globalong-au-senegal-min.jpg\" \/>\n\t<meta property=\"og:image:width\" content=\"5152\" \/>\n\t<meta property=\"og:image:height\" content=\"3864\" \/>\n\t<meta property=\"og:image:type\" content=\"image\/jpeg\" \/>\n<meta name=\"twitter:card\" content=\"summary_large_image\" \/>\n<meta name=\"twitter:label1\" content=\"Dur\u00e9e de lecture estim\u00e9e\" \/>\n\t<meta name=\"twitter:data1\" content=\"2 minutes\" \/>\n<script type=\"application\/ld+json\" class=\"yoast-schema-graph\">{\"@context\":\"https:\/\/schema.org\",\"@graph\":[{\"@type\":\"WebPage\",\"@id\":\"https:\/\/www.globalong.com\/blog\/avis-temoignages-globalong\/senegal-carla-afrique-benevolat-humanitaire-avis-ecole\/\",\"url\":\"https:\/\/www.globalong.com\/blog\/avis-temoignages-globalong\/senegal-carla-afrique-benevolat-humanitaire-avis-ecole\/\",\"name\":\"S\u00e9n\u00e9gal - Carla - Association Globalong\",\"isPartOf\":{\"@id\":\"https:\/\/www.globalong.com\/blog\/#website\"},\"primaryImageOfPage\":{\"@id\":\"https:\/\/www.globalong.com\/blog\/avis-temoignages-globalong\/senegal-carla-afrique-benevolat-humanitaire-avis-ecole\/#primaryimage\"},\"image\":{\"@id\":\"https:\/\/www.globalong.com\/blog\/avis-temoignages-globalong\/senegal-carla-afrique-benevolat-humanitaire-avis-ecole\/#primaryimage\"},\"thumbnailUrl\":\"https:\/\/www.globalong.com\/blog\/wp-content\/uploads\/2018\/01\/globalong-au-senegal-min.jpg\",\"datePublished\":\"2017-12-01T16:30:48+00:00\",\"dateModified\":\"2022-05-07T08:55:24+00:00\",\"breadcrumb\":{\"@id\":\"https:\/\/www.globalong.com\/blog\/avis-temoignages-globalong\/senegal-carla-afrique-benevolat-humanitaire-avis-ecole\/#breadcrumb\"},\"inLanguage\":\"fr-FR\",\"potentialAction\":[{\"@type\":\"ReadAction\",\"target\":[\"https:\/\/www.globalong.com\/blog\/avis-temoignages-globalong\/senegal-carla-afrique-benevolat-humanitaire-avis-ecole\/\"]}]},{\"@type\":\"ImageObject\",\"inLanguage\":\"fr-FR\",\"@id\":\"https:\/\/www.globalong.com\/blog\/avis-temoignages-globalong\/senegal-carla-afrique-benevolat-humanitaire-avis-ecole\/#primaryimage\",\"url\":\"https:\/\/www.globalong.com\/blog\/wp-content\/uploads\/2018\/01\/globalong-au-senegal-min.jpg\",\"contentUrl\":\"https:\/\/www.globalong.com\/blog\/wp-content\/uploads\/2018\/01\/globalong-au-senegal-min.jpg\",\"width\":5152,\"height\":3864,\"caption\":\"mission humanitaire au S\u00e9n\u00e9gal\"},{\"@type\":\"BreadcrumbList\",\"@id\":\"https:\/\/www.globalong.com\/blog\/avis-temoignages-globalong\/senegal-carla-afrique-benevolat-humanitaire-avis-ecole\/#breadcrumb\",\"itemListElement\":[{\"@type\":\"ListItem\",\"position\":1,\"name\":\"Accueil\",\"item\":\"https:\/\/www.globalong.com\/blog\/\"},{\"@type\":\"ListItem\",\"position\":2,\"name\":\"T\u00e9moignages et avis de volontaires Globalong\",\"item\":\"https:\/\/www.globalong.com\/blog\/avis-temoignages-globalong\/\"},{\"@type\":\"ListItem\",\"position\":3,\"name\":\"S\u00e9n\u00e9gal &#8211; Carla\"}]},{\"@type\":\"WebSite\",\"@id\":\"https:\/\/www.globalong.com\/blog\/#website\",\"url\":\"https:\/\/www.globalong.com\/blog\/\",\"name\":\"https:\/\/www.globalong.com\/\",\"description\":\"Mission humanitaire, stage \u00e9tudiant et voyage linguistique\",\"publisher\":{\"@id\":\"https:\/\/www.globalong.com\/blog\/#organization\"},\"potentialAction\":[{\"@type\":\"SearchAction\",\"target\":{\"@type\":\"EntryPoint\",\"urlTemplate\":\"https:\/\/www.globalong.com\/blog\/?s={search_term_string}\"},\"query-input\":{\"@type\":\"PropertyValueSpecification\",\"valueRequired\":true,\"valueName\":\"search_term_string\"}}],\"inLanguage\":\"fr-FR\"},{\"@type\":\"Organization\",\"@id\":\"https:\/\/www.globalong.com\/blog\/#organization\",\"name\":\"Association Globalong\",\"url\":\"https:\/\/www.globalong.com\/blog\/\",\"logo\":{\"@type\":\"ImageObject\",\"inLanguage\":\"fr-FR\",\"@id\":\"https:\/\/www.globalong.com\/blog\/#\/schema\/logo\/image\/\",\"url\":\"https:\/\/www.globalong.com\/blog\/wp-content\/uploads\/2014\/11\/cropped-cropped-Logo-et-Afrique-Globalong-petite-taille-2.jpg\",\"contentUrl\":\"https:\/\/www.globalong.com\/blog\/wp-content\/uploads\/2014\/11\/cropped-cropped-Logo-et-Afrique-Globalong-petite-taille-2.jpg\",\"width\":512,\"height\":512,\"caption\":\"Association Globalong\"},\"image\":{\"@id\":\"https:\/\/www.globalong.com\/blog\/#\/schema\/logo\/image\/\"},\"sameAs\":[\"https:\/\/www.facebook.com\/globalong\"]}]}<\/script>\n<!-- \/ Yoast SEO Premium plugin. -->","yoast_head_json":{"title":"S\u00e9n\u00e9gal - Carla - Association Globalong","robots":{"index":"index","follow":"follow","max-snippet":"max-snippet:-1","max-image-preview":"max-image-preview:large","max-video-preview":"max-video-preview:-1"},"canonical":"https:\/\/www.globalong.com\/blog\/avis-temoignages-globalong\/senegal-carla-afrique-benevolat-humanitaire-avis-ecole\/","og_locale":"fr_FR","og_type":"article","og_title":"S\u00e9n\u00e9gal - Carla","og_description":"T\u00e9moignage de Carla, b\u00e9n\u00e9vole avec GlobAlong au S\u00e9n\u00e9gal. Je suis partie au S\u00e9n\u00e9gal pendant plusieurs semaines car je souhaitais pouvoir donner de mon temps aux autres, \u00eatre utile tout en d\u00e9couvrant un nouveau pays, une nouvelle culture. Je ne trouve pas que GlobAlong ait besoin d&rsquo;am\u00e9lioration. Sophie, notre interm\u00e9diaire \u00e9tait tr\u00e8s aimable et disponible et [&hellip;]","og_url":"https:\/\/www.globalong.com\/blog\/avis-temoignages-globalong\/senegal-carla-afrique-benevolat-humanitaire-avis-ecole\/","og_site_name":"Association Globalong","article_publisher":"https:\/\/www.facebook.com\/globalong","article_modified_time":"2022-05-07T08:55:24+00:00","og_image":[{"width":5152,"height":3864,"url":"https:\/\/www.globalong.com\/blog\/wp-content\/uploads\/2018\/01\/globalong-au-senegal-min.jpg","type":"image\/jpeg"}],"twitter_card":"summary_large_image","twitter_misc":{"Dur\u00e9e de lecture estim\u00e9e":"2 minutes"},"schema":{"@context":"https:\/\/schema.org","@graph":[{"@type":"WebPage","@id":"https:\/\/www.globalong.com\/blog\/avis-temoignages-globalong\/senegal-carla-afrique-benevolat-humanitaire-avis-ecole\/","url":"https:\/\/www.globalong.com\/blog\/avis-temoignages-globalong\/senegal-carla-afrique-benevolat-humanitaire-avis-ecole\/","name":"S\u00e9n\u00e9gal - Carla - Association Globalong","isPartOf":{"@id":"https:\/\/www.globalong.com\/blog\/#website"},"primaryImageOfPage":{"@id":"https:\/\/www.globalong.com\/blog\/avis-temoignages-globalong\/senegal-carla-afrique-benevolat-humanitaire-avis-ecole\/#primaryimage"},"image":{"@id":"https:\/\/www.globalong.com\/blog\/avis-temoignages-globalong\/senegal-carla-afrique-benevolat-humanitaire-avis-ecole\/#primaryimage"},"thumbnailUrl":"https:\/\/www.globalong.com\/blog\/wp-content\/uploads\/2018\/01\/globalong-au-senegal-min.jpg","datePublished":"2017-12-01T16:30:48+00:00","dateModified":"2022-05-07T08:55:24+00:00","breadcrumb":{"@id":"https:\/\/www.globalong.com\/blog\/avis-temoignages-globalong\/senegal-carla-afrique-benevolat-humanitaire-avis-ecole\/#breadcrumb"},"inLanguage":"fr-FR","potentialAction":[{"@type":"ReadAction","target":["https:\/\/www.globalong.com\/blog\/avis-temoignages-globalong\/senegal-carla-afrique-benevolat-humanitaire-avis-ecole\/"]}]},{"@type":"ImageObject","inLanguage":"fr-FR","@id":"https:\/\/www.globalong.com\/blog\/avis-temoignages-globalong\/senegal-carla-afrique-benevolat-humanitaire-avis-ecole\/#primaryimage","url":"https:\/\/www.globalong.com\/blog\/wp-content\/uploads\/2018\/01\/globalong-au-senegal-min.jpg","contentUrl":"https:\/\/www.globalong.com\/blog\/wp-content\/uploads\/2018\/01\/globalong-au-senegal-min.jpg","width":5152,"height":3864,"caption":"mission humanitaire au S\u00e9n\u00e9gal"},{"@type":"BreadcrumbList","@id":"https:\/\/www.globalong.com\/blog\/avis-temoignages-globalong\/senegal-carla-afrique-benevolat-humanitaire-avis-ecole\/#breadcrumb","itemListElement":[{"@type":"ListItem","position":1,"name":"Accueil","item":"https:\/\/www.globalong.com\/blog\/"},{"@type":"ListItem","position":2,"name":"T\u00e9moignages et avis de volontaires Globalong","item":"https:\/\/www.globalong.com\/blog\/avis-temoignages-globalong\/"},{"@type":"ListItem","position":3,"name":"S\u00e9n\u00e9gal &#8211; Carla"}]},{"@type":"WebSite","@id":"https:\/\/www.globalong.com\/blog\/#website","url":"https:\/\/www.globalong.com\/blog\/","name":"https:\/\/www.globalong.com\/","description":"Mission humanitaire, stage \u00e9tudiant et voyage linguistique","publisher":{"@id":"https:\/\/www.globalong.com\/blog\/#organization"},"potentialAction":[{"@type":"SearchAction","target":{"@type":"EntryPoint","urlTemplate":"https:\/\/www.globalong.com\/blog\/?s={search_term_string}"},"query-input":{"@type":"PropertyValueSpecification","valueRequired":true,"valueName":"search_term_string"}}],"inLanguage":"fr-FR"},{"@type":"Organization","@id":"https:\/\/www.globalong.com\/blog\/#organization","name":"Association Globalong","url":"https:\/\/www.globalong.com\/blog\/","logo":{"@type":"ImageObject","inLanguage":"fr-FR","@id":"https:\/\/www.globalong.com\/blog\/#\/schema\/logo\/image\/","url":"https:\/\/www.globalong.com\/blog\/wp-content\/uploads\/2014\/11\/cropped-cropped-Logo-et-Afrique-Globalong-petite-taille-2.jpg","contentUrl":"https:\/\/www.globalong.com\/blog\/wp-content\/uploads\/2014\/11\/cropped-cropped-Logo-et-Afrique-Globalong-petite-taille-2.jpg","width":512,"height":512,"caption":"Association Globalong"},"image":{"@id":"https:\/\/www.globalong.com\/blog\/#\/schema\/logo\/image\/"},"sameAs":["https:\/\/www.facebook.com\/globalong"]}]}},"_links":{"self":[{"href":"https:\/\/www.globalong.com\/blog\/wp-json\/wp\/v2\/pages\/6858"}],"collection":[{"href":"https:\/\/www.globalong.com\/blog\/wp-json\/wp\/v2\/pages"}],"about":[{"href":"https:\/\/www.globalong.com\/blog\/wp-json\/wp\/v2\/types\/page"}],"author":[{"embeddable":true,"href":"https:\/\/www.globalong.com\/blog\/wp-json\/wp\/v2\/users\/3"}],"replies":[{"embeddable":true,"href":"https:\/\/www.globalong.com\/blog\/wp-json\/wp\/v2\/comments?post=6858"}],"version-history":[{"count":36,"href":"https:\/\/www.globalong.com\/blog\/wp-json\/wp\/v2\/pages\/6858\/revisions"}],"predecessor-version":[{"id":14554,"href":"https:\/\/www.globalong.com\/blog\/wp-json\/wp\/v2\/pages\/6858\/revisions\/14554"}],"up":[{"embeddable":true,"href":"https:\/\/www.globalong.com\/blog\/wp-json\/wp\/v2\/pages\/883"}],"wp:featuredmedia":[{"embeddable":true,"href":"https:\/\/www.globalong.com\/blog\/wp-json\/wp\/v2\/media\/8545"}],"wp:attachment":[{"href":"https:\/\/www.globalong.com\/blog\/wp-json\/wp\/v2\/media?parent=6858"}],"curies":[{"name":"wp","href":"https:\/\/api.w.org\/{rel}","templated":true}]}}