{"id":7059,"date":"2017-10-16T10:19:29","date_gmt":"2017-10-16T08:19:29","guid":{"rendered":"https:\/\/www.globalong.com\/blog\/?page_id=7059"},"modified":"2024-10-20T21:34:03","modified_gmt":"2024-10-20T19:34:03","slug":"apprendre-espagnol-anglais-allemand-italien-voyage-sejour-linguistique-international-ecole","status":"publish","type":"page","link":"https:\/\/www.globalong.com\/blog\/apprendre-espagnol-anglais-allemand-italien-voyage-sejour-linguistique-international-ecole\/","title":{"rendered":"Les s\u00e9jours linguistiques"},"content":{"rendered":"<h3 style=\"text-align: center;\"><span style=\"color: #b81657;\"><strong><span style=\"font-family: helvetica, arial, sans-serif;\">Cliquez sur la carte pour d\u00e9couvrir les <a href=\"https:\/\/www.globalong.com\/blog\/sejour-linguistique-en-angleterre-pas-cher\/\">s\u00e9jours linguistiques<\/a> !<\/span><\/strong><\/span><\/h3>\n<p style=\"text-align: center;\"><a href=\"https:\/\/www.globalong.com\/blog\/wp-content\/uploads\/2017\/10\/BSL.pdf\" target=\"_blank\" rel=\"noopener\"><img loading=\"lazy\" decoding=\"async\" class=\"wp-image-7060 aligncenter\" src=\"https:\/\/www.globalong.com\/blog\/wp-content\/uploads\/2017\/10\/Carte-SL-ma\u0300j-300x158.png\" alt=\"Apprendre les langues en voyageant - GlobAlong\" width=\"650\" height=\"343\" srcset=\"https:\/\/www.globalong.com\/blog\/wp-content\/uploads\/2017\/10\/Carte-SL-ma\u0300j-300x158.png 300w, https:\/\/www.globalong.com\/blog\/wp-content\/uploads\/2017\/10\/Carte-SL-ma\u0300j-768x405.png 768w, https:\/\/www.globalong.com\/blog\/wp-content\/uploads\/2017\/10\/Carte-SL-ma\u0300j-1024x540.png 1024w, https:\/\/www.globalong.com\/blog\/wp-content\/uploads\/2017\/10\/Carte-SL-ma\u0300j-150x79.png 150w, https:\/\/www.globalong.com\/blog\/wp-content\/uploads\/2017\/10\/Carte-SL-ma\u0300j.png 1440w\" sizes=\"(max-width: 650px) 100vw, 650px\" \/><\/a><\/p>\n<table class=\" alignleft\" style=\"height: 218px;\" width=\"397\" cellspacing=\"5\">\n<tbody>\n<tr>\n<td style=\"width: 185px;\"><a href=\"https:\/\/www.globalong.com\/blog\/sejours-linguistiques-et-humanitaire-quelle-formule-choisir\/\" target=\"_blank\" rel=\"noopener\"><img loading=\"lazy\" decoding=\"async\" class=\"wp-image-9629 size-medium aligncenter\" src=\"https:\/\/www.globalong.com\/blog\/wp-content\/uploads\/2017\/10\/Copie-de-Copie-de-Globalong-en-vide\u0301o-11-300x225.jpg\" alt=\"Sejours linguistiques et humanitaires, quelle formule choisir?\" width=\"300\" height=\"225\" srcset=\"https:\/\/www.globalong.com\/blog\/wp-content\/uploads\/2017\/10\/Copie-de-Copie-de-Globalong-en-vide\u0301o-11.jpg 300w, https:\/\/www.globalong.com\/blog\/wp-content\/uploads\/2017\/10\/Copie-de-Copie-de-Globalong-en-vide\u0301o-11-150x113.jpg 150w\" sizes=\"(max-width: 300px) 100vw, 300px\" \/><\/a><\/td>\n<td style=\"width: 187px; text-align: center;\"><a href=\"https:\/\/www.globalong.com\/blog\/apprendre-une-nouvelle-langue-est-la-clef-de-votre-reussite\/\" target=\"_blank\" rel=\"noopener\"><img loading=\"lazy\" decoding=\"async\" class=\"wp-image-9631 size-medium aligncenter\" src=\"https:\/\/www.globalong.com\/blog\/wp-content\/uploads\/2017\/10\/Copie-de-Copie-de-Globalong-en-vide\u0301o-12-300x225.jpg\" alt=\"\" width=\"300\" height=\"225\" srcset=\"https:\/\/www.globalong.com\/blog\/wp-content\/uploads\/2017\/10\/Copie-de-Copie-de-Globalong-en-vide\u0301o-12.jpg 300w, https:\/\/www.globalong.com\/blog\/wp-content\/uploads\/2017\/10\/Copie-de-Copie-de-Globalong-en-vide\u0301o-12-150x113.jpg 150w\" sizes=\"(max-width: 300px) 100vw, 300px\" \/><\/a><\/td>\n<\/tr>\n<tr>\n<td style=\"width: 185px;\"><\/td>\n<td style=\"width: 187px;\"><\/td>\n<\/tr>\n<\/tbody>\n<\/table>\n<p>&nbsp;<\/p>\n<p>&nbsp;<\/p>\n<p>&nbsp;<\/p>\n<p>&nbsp;<\/p>\n<p>&nbsp;<\/p>\n<p>&nbsp;<\/p>\n<p>&nbsp;<\/p>\n<p>&nbsp;<\/p>\n<p>&nbsp;<\/p>\n","protected":false},"excerpt":{"rendered":"<p>Cliquez sur la carte pour d\u00e9couvrir les s\u00e9jours linguistiques ! &nbsp; &nbsp; &nbsp; &nbsp; &nbsp; &nbsp; &nbsp; &nbsp; &nbsp;<\/p>\n","protected":false},"author":3,"featured_media":14150,"parent":0,"menu_order":0,"comment_status":"open","ping_status":"closed","template":"","meta":{"footnotes":""},"yoast_head":"<!-- This site is optimized with the Yoast SEO Premium plugin v23.4 (Yoast SEO v23.4) - https:\/\/yoast.com\/wordpress\/plugins\/seo\/ -->\n<title>Les s\u00e9jours linguistiques - Association Globalong<\/title>\n<meta name=\"robots\" content=\"index, follow, max-snippet:-1, max-image-preview:large, max-video-preview:-1\" \/>\n<link rel=\"canonical\" href=\"https:\/\/www.globalong.com\/blog\/apprendre-espagnol-anglais-allemand-italien-voyage-sejour-linguistique-international-ecole\/\" \/>\n<meta property=\"og:locale\" content=\"fr_FR\" \/>\n<meta property=\"og:type\" content=\"article\" \/>\n<meta property=\"og:title\" content=\"Les s\u00e9jours linguistiques\" \/>\n<meta property=\"og:description\" content=\"Cliquez sur la carte pour d\u00e9couvrir les s\u00e9jours linguistiques ! &nbsp; &nbsp; &nbsp; &nbsp; &nbsp; &nbsp; &nbsp; &nbsp; &nbsp;\" \/>\n<meta property=\"og:url\" content=\"https:\/\/www.globalong.com\/blog\/apprendre-espagnol-anglais-allemand-italien-voyage-sejour-linguistique-international-ecole\/\" \/>\n<meta property=\"og:site_name\" content=\"Association Globalong\" \/>\n<meta property=\"article:publisher\" content=\"https:\/\/www.facebook.com\/globalong\" \/>\n<meta property=\"article:modified_time\" content=\"2024-10-20T19:34:03+00:00\" \/>\n<meta property=\"og:image\" content=\"https:\/\/www.globalong.com\/blog\/wp-content\/uploads\/2022\/03\/excursion-perou.jpg\" \/>\n\t<meta property=\"og:image:width\" content=\"720\" \/>\n\t<meta property=\"og:image:height\" content=\"540\" \/>\n\t<meta property=\"og:image:type\" content=\"image\/jpeg\" \/>\n<meta name=\"twitter:card\" content=\"summary_large_image\" \/>\n<meta name=\"twitter:label1\" content=\"Dur\u00e9e de lecture estim\u00e9e\" \/>\n\t<meta name=\"twitter:data1\" content=\"1 minute\" \/>\n<script type=\"application\/ld+json\" class=\"yoast-schema-graph\">{\"@context\":\"https:\/\/schema.org\",\"@graph\":[{\"@type\":\"WebPage\",\"@id\":\"https:\/\/www.globalong.com\/blog\/apprendre-espagnol-anglais-allemand-italien-voyage-sejour-linguistique-international-ecole\/\",\"url\":\"https:\/\/www.globalong.com\/blog\/apprendre-espagnol-anglais-allemand-italien-voyage-sejour-linguistique-international-ecole\/\",\"name\":\"Les s\u00e9jours linguistiques - Association Globalong\",\"isPartOf\":{\"@id\":\"https:\/\/www.globalong.com\/blog\/#website\"},\"primaryImageOfPage\":{\"@id\":\"https:\/\/www.globalong.com\/blog\/apprendre-espagnol-anglais-allemand-italien-voyage-sejour-linguistique-international-ecole\/#primaryimage\"},\"image\":{\"@id\":\"https:\/\/www.globalong.com\/blog\/apprendre-espagnol-anglais-allemand-italien-voyage-sejour-linguistique-international-ecole\/#primaryimage\"},\"thumbnailUrl\":\"https:\/\/www.globalong.com\/blog\/wp-content\/uploads\/2022\/03\/excursion-perou.jpg\",\"datePublished\":\"2017-10-16T08:19:29+00:00\",\"dateModified\":\"2024-10-20T19:34:03+00:00\",\"breadcrumb\":{\"@id\":\"https:\/\/www.globalong.com\/blog\/apprendre-espagnol-anglais-allemand-italien-voyage-sejour-linguistique-international-ecole\/#breadcrumb\"},\"inLanguage\":\"fr-FR\",\"potentialAction\":[{\"@type\":\"ReadAction\",\"target\":[\"https:\/\/www.globalong.com\/blog\/apprendre-espagnol-anglais-allemand-italien-voyage-sejour-linguistique-international-ecole\/\"]}]},{\"@type\":\"ImageObject\",\"inLanguage\":\"fr-FR\",\"@id\":\"https:\/\/www.globalong.com\/blog\/apprendre-espagnol-anglais-allemand-italien-voyage-sejour-linguistique-international-ecole\/#primaryimage\",\"url\":\"https:\/\/www.globalong.com\/blog\/wp-content\/uploads\/2022\/03\/excursion-perou.jpg\",\"contentUrl\":\"https:\/\/www.globalong.com\/blog\/wp-content\/uploads\/2022\/03\/excursion-perou.jpg\",\"width\":720,\"height\":540,\"caption\":\"destinations nature et b\u00e9n\u00e9volat\"},{\"@type\":\"BreadcrumbList\",\"@id\":\"https:\/\/www.globalong.com\/blog\/apprendre-espagnol-anglais-allemand-italien-voyage-sejour-linguistique-international-ecole\/#breadcrumb\",\"itemListElement\":[{\"@type\":\"ListItem\",\"position\":1,\"name\":\"Accueil\",\"item\":\"https:\/\/www.globalong.com\/blog\/\"},{\"@type\":\"ListItem\",\"position\":2,\"name\":\"Les s\u00e9jours linguistiques\"}]},{\"@type\":\"WebSite\",\"@id\":\"https:\/\/www.globalong.com\/blog\/#website\",\"url\":\"https:\/\/www.globalong.com\/blog\/\",\"name\":\"https:\/\/www.globalong.com\/\",\"description\":\"Mission humanitaire, stage \u00e9tudiant et voyage linguistique\",\"publisher\":{\"@id\":\"https:\/\/www.globalong.com\/blog\/#organization\"},\"potentialAction\":[{\"@type\":\"SearchAction\",\"target\":{\"@type\":\"EntryPoint\",\"urlTemplate\":\"https:\/\/www.globalong.com\/blog\/?s={search_term_string}\"},\"query-input\":{\"@type\":\"PropertyValueSpecification\",\"valueRequired\":true,\"valueName\":\"search_term_string\"}}],\"inLanguage\":\"fr-FR\"},{\"@type\":\"Organization\",\"@id\":\"https:\/\/www.globalong.com\/blog\/#organization\",\"name\":\"Association Globalong\",\"url\":\"https:\/\/www.globalong.com\/blog\/\",\"logo\":{\"@type\":\"ImageObject\",\"inLanguage\":\"fr-FR\",\"@id\":\"https:\/\/www.globalong.com\/blog\/#\/schema\/logo\/image\/\",\"url\":\"https:\/\/www.globalong.com\/blog\/wp-content\/uploads\/2014\/11\/cropped-cropped-Logo-et-Afrique-Globalong-petite-taille-2.jpg\",\"contentUrl\":\"https:\/\/www.globalong.com\/blog\/wp-content\/uploads\/2014\/11\/cropped-cropped-Logo-et-Afrique-Globalong-petite-taille-2.jpg\",\"width\":512,\"height\":512,\"caption\":\"Association Globalong\"},\"image\":{\"@id\":\"https:\/\/www.globalong.com\/blog\/#\/schema\/logo\/image\/\"},\"sameAs\":[\"https:\/\/www.facebook.com\/globalong\"]}]}<\/script>\n<!-- \/ Yoast SEO Premium plugin. -->","yoast_head_json":{"title":"Les s\u00e9jours linguistiques - Association Globalong","robots":{"index":"index","follow":"follow","max-snippet":"max-snippet:-1","max-image-preview":"max-image-preview:large","max-video-preview":"max-video-preview:-1"},"canonical":"https:\/\/www.globalong.com\/blog\/apprendre-espagnol-anglais-allemand-italien-voyage-sejour-linguistique-international-ecole\/","og_locale":"fr_FR","og_type":"article","og_title":"Les s\u00e9jours linguistiques","og_description":"Cliquez sur la carte pour d\u00e9couvrir les s\u00e9jours linguistiques ! &nbsp; &nbsp; &nbsp; &nbsp; &nbsp; &nbsp; &nbsp; &nbsp; &nbsp;","og_url":"https:\/\/www.globalong.com\/blog\/apprendre-espagnol-anglais-allemand-italien-voyage-sejour-linguistique-international-ecole\/","og_site_name":"Association Globalong","article_publisher":"https:\/\/www.facebook.com\/globalong","article_modified_time":"2024-10-20T19:34:03+00:00","og_image":[{"width":720,"height":540,"url":"https:\/\/www.globalong.com\/blog\/wp-content\/uploads\/2022\/03\/excursion-perou.jpg","type":"image\/jpeg"}],"twitter_card":"summary_large_image","twitter_misc":{"Dur\u00e9e de lecture estim\u00e9e":"1 minute"},"schema":{"@context":"https:\/\/schema.org","@graph":[{"@type":"WebPage","@id":"https:\/\/www.globalong.com\/blog\/apprendre-espagnol-anglais-allemand-italien-voyage-sejour-linguistique-international-ecole\/","url":"https:\/\/www.globalong.com\/blog\/apprendre-espagnol-anglais-allemand-italien-voyage-sejour-linguistique-international-ecole\/","name":"Les s\u00e9jours linguistiques - Association Globalong","isPartOf":{"@id":"https:\/\/www.globalong.com\/blog\/#website"},"primaryImageOfPage":{"@id":"https:\/\/www.globalong.com\/blog\/apprendre-espagnol-anglais-allemand-italien-voyage-sejour-linguistique-international-ecole\/#primaryimage"},"image":{"@id":"https:\/\/www.globalong.com\/blog\/apprendre-espagnol-anglais-allemand-italien-voyage-sejour-linguistique-international-ecole\/#primaryimage"},"thumbnailUrl":"https:\/\/www.globalong.com\/blog\/wp-content\/uploads\/2022\/03\/excursion-perou.jpg","datePublished":"2017-10-16T08:19:29+00:00","dateModified":"2024-10-20T19:34:03+00:00","breadcrumb":{"@id":"https:\/\/www.globalong.com\/blog\/apprendre-espagnol-anglais-allemand-italien-voyage-sejour-linguistique-international-ecole\/#breadcrumb"},"inLanguage":"fr-FR","potentialAction":[{"@type":"ReadAction","target":["https:\/\/www.globalong.com\/blog\/apprendre-espagnol-anglais-allemand-italien-voyage-sejour-linguistique-international-ecole\/"]}]},{"@type":"ImageObject","inLanguage":"fr-FR","@id":"https:\/\/www.globalong.com\/blog\/apprendre-espagnol-anglais-allemand-italien-voyage-sejour-linguistique-international-ecole\/#primaryimage","url":"https:\/\/www.globalong.com\/blog\/wp-content\/uploads\/2022\/03\/excursion-perou.jpg","contentUrl":"https:\/\/www.globalong.com\/blog\/wp-content\/uploads\/2022\/03\/excursion-perou.jpg","width":720,"height":540,"caption":"destinations nature et b\u00e9n\u00e9volat"},{"@type":"BreadcrumbList","@id":"https:\/\/www.globalong.com\/blog\/apprendre-espagnol-anglais-allemand-italien-voyage-sejour-linguistique-international-ecole\/#breadcrumb","itemListElement":[{"@type":"ListItem","position":1,"name":"Accueil","item":"https:\/\/www.globalong.com\/blog\/"},{"@type":"ListItem","position":2,"name":"Les s\u00e9jours linguistiques"}]},{"@type":"WebSite","@id":"https:\/\/www.globalong.com\/blog\/#website","url":"https:\/\/www.globalong.com\/blog\/","name":"https:\/\/www.globalong.com\/","description":"Mission humanitaire, stage \u00e9tudiant et voyage linguistique","publisher":{"@id":"https:\/\/www.globalong.com\/blog\/#organization"},"potentialAction":[{"@type":"SearchAction","target":{"@type":"EntryPoint","urlTemplate":"https:\/\/www.globalong.com\/blog\/?s={search_term_string}"},"query-input":{"@type":"PropertyValueSpecification","valueRequired":true,"valueName":"search_term_string"}}],"inLanguage":"fr-FR"},{"@type":"Organization","@id":"https:\/\/www.globalong.com\/blog\/#organization","name":"Association Globalong","url":"https:\/\/www.globalong.com\/blog\/","logo":{"@type":"ImageObject","inLanguage":"fr-FR","@id":"https:\/\/www.globalong.com\/blog\/#\/schema\/logo\/image\/","url":"https:\/\/www.globalong.com\/blog\/wp-content\/uploads\/2014\/11\/cropped-cropped-Logo-et-Afrique-Globalong-petite-taille-2.jpg","contentUrl":"https:\/\/www.globalong.com\/blog\/wp-content\/uploads\/2014\/11\/cropped-cropped-Logo-et-Afrique-Globalong-petite-taille-2.jpg","width":512,"height":512,"caption":"Association Globalong"},"image":{"@id":"https:\/\/www.globalong.com\/blog\/#\/schema\/logo\/image\/"},"sameAs":["https:\/\/www.facebook.com\/globalong"]}]}},"_links":{"self":[{"href":"https:\/\/www.globalong.com\/blog\/wp-json\/wp\/v2\/pages\/7059"}],"collection":[{"href":"https:\/\/www.globalong.com\/blog\/wp-json\/wp\/v2\/pages"}],"about":[{"href":"https:\/\/www.globalong.com\/blog\/wp-json\/wp\/v2\/types\/page"}],"author":[{"embeddable":true,"href":"https:\/\/www.globalong.com\/blog\/wp-json\/wp\/v2\/users\/3"}],"replies":[{"embeddable":true,"href":"https:\/\/www.globalong.com\/blog\/wp-json\/wp\/v2\/comments?post=7059"}],"version-history":[{"count":22,"href":"https:\/\/www.globalong.com\/blog\/wp-json\/wp\/v2\/pages\/7059\/revisions"}],"predecessor-version":[{"id":17980,"href":"https:\/\/www.globalong.com\/blog\/wp-json\/wp\/v2\/pages\/7059\/revisions\/17980"}],"wp:featuredmedia":[{"embeddable":true,"href":"https:\/\/www.globalong.com\/blog\/wp-json\/wp\/v2\/media\/14150"}],"wp:attachment":[{"href":"https:\/\/www.globalong.com\/blog\/wp-json\/wp\/v2\/media?parent=7059"}],"curies":[{"name":"wp","href":"https:\/\/api.w.org\/{rel}","templated":true}]}}