{"id":714,"date":"2015-10-27T10:54:15","date_gmt":"2015-10-27T09:54:15","guid":{"rendered":"https:\/\/www.globalong.com\/blog\/?page_id=714"},"modified":"2022-04-28T18:49:45","modified_gmt":"2022-04-28T16:49:45","slug":"temoignage-du-cambodge","status":"publish","type":"page","link":"https:\/\/www.globalong.com\/blog\/avis-temoignages-globalong\/temoignage-du-cambodge\/","title":{"rendered":"Cambodge &#8211; Emeline"},"content":{"rendered":"<p style=\"text-align: center;\"><span style=\"color: #b81657;\"><strong>T\u00e9moignage d&rsquo;Emeline, b\u00e9n\u00e9vole avec Globalong au Cambodge.<\/strong><\/span><\/p>\n<p style=\"text-align: justify;\"><img loading=\"lazy\" decoding=\"async\" class=\"wp-image-715 aligncenter\" src=\"https:\/\/www.globalong.com\/blog\/wp-content\/uploads\/2015\/10\/11920505_10200924276504853_70036120_n-300x225.jpg\" alt=\"11920505_10200924276504853_70036120_n\" width=\"300\" height=\"225\" srcset=\"https:\/\/www.globalong.com\/blog\/wp-content\/uploads\/2015\/10\/11920505_10200924276504853_70036120_n-300x225.jpg 300w, https:\/\/www.globalong.com\/blog\/wp-content\/uploads\/2015\/10\/11920505_10200924276504853_70036120_n-150x113.jpg 150w, https:\/\/www.globalong.com\/blog\/wp-content\/uploads\/2015\/10\/11920505_10200924276504853_70036120_n.jpg 960w\" sizes=\"(max-width: 300px) 100vw, 300px\" \/>\u00ab\u00a0Je suis partie au Cambodge \u00e0 Phnom Penh pendant 4 semaines avec Globalong. Je ressentais un besoin d\u2019\u00e9vasion et de sortir de ma zone de confort, j\u2019attendais de cette exp\u00e9rience de grandir mon esprit.<\/p>\n<p style=\"text-align: justify;\">La p\u00e9riode d\u2019introduction s\u2019est tr\u00e8s bien d\u00e9roul\u00e9e et les cours de langues, bien que rapides, nous ont \u00e9t\u00e9 tr\u00e8s utiles dans la vie de tous les jours (notamment les chiffres).<\/p>\n<p style=\"text-align: justify;\">L\u2019organisation dans laquelle j\u2019ai travaill\u00e9 est extraordinaire et m\u00e9rite d\u2019\u00eatre connue. Les enfants y sont tr\u00e8s bien, ils dorment dans de vrais lits, apprennent \u00e0 \u00eatre autonomes, \u00e0 prendre des\u00a0initiatives et \u00e0 penser par eux-m\u00eames. <a href=\"https:\/\/www.globalong.com\/blog\/wp-content\/uploads\/2015\/10\/11920479_10200924275824836_1174737098_n.jpg\"><img loading=\"lazy\" decoding=\"async\" class=\"size-medium wp-image-717 aligncenter\" src=\"https:\/\/www.globalong.com\/blog\/wp-content\/uploads\/2015\/10\/11920479_10200924275824836_1174737098_n-300x225.jpg\" alt=\"11920479_10200924275824836_1174737098_n\" width=\"300\" height=\"225\" srcset=\"https:\/\/www.globalong.com\/blog\/wp-content\/uploads\/2015\/10\/11920479_10200924275824836_1174737098_n-300x225.jpg 300w, https:\/\/www.globalong.com\/blog\/wp-content\/uploads\/2015\/10\/11920479_10200924275824836_1174737098_n-150x113.jpg 150w, https:\/\/www.globalong.com\/blog\/wp-content\/uploads\/2015\/10\/11920479_10200924275824836_1174737098_n.jpg 960w\" sizes=\"(max-width: 300px) 100vw, 300px\" \/><\/a>Je suis tr\u00e8s honor\u00e9e d\u2019avoir pu participer \u00e0 ce projet. Ma manager et ses coll\u00e8gues \u00e9taient toujours \u00e0 l\u2019\u00e9coute et pr\u00e8s \u00e0 m\u2019aider quand j\u2019avais besoin de mat\u00e9riel pour mes cours. Les enfants \u00e9taient heureux d\u2019\u00eatre avec moi bien que quelque fois ennuy\u00e9s d\u2019\u00eatre en cours mais j\u2019essayais de les occuper du mieux que je pouvais.<\/p>\n<p style=\"text-align: justify;\">Le coordinateur local m\u2019a aid\u00e9 lorsque j\u2019ai eu un probl\u00e8me avec ma carte bleue pour tirer de l\u2019argent. Il m\u2019a aussi aid\u00e9 \u00e0 fouiller la maison \u00e0 la recherche de papier journal pour faire des<br \/>\nmasques en papier m\u00e2ch\u00e9 avec les enfants.<\/p>\n<p style=\"text-align: justify;\">J\u2019ai rencontr\u00e9 des personnes int\u00e9ressantes notamment les volontaires de tous les coins du monde et les cambodgiens qui tiennent la maison et que nous avons inviter \u00e0 se joindre \u00e0 nous au cours de nos soir\u00e9es.<\/p>\n<p><a style=\"text-align: justify;\" href=\"https:\/\/www.globalong.com\/blog\/wp-content\/uploads\/2015\/10\/11909759_10200924273184770_1730804260_n.jpg\" rel=\"attachment wp-att-2266\"><img loading=\"lazy\" decoding=\"async\" class=\"size-medium wp-image-2266 aligncenter\" src=\"https:\/\/www.globalong.com\/blog\/wp-content\/uploads\/2015\/10\/11909759_10200924273184770_1730804260_n-300x225.jpg\" alt=\"11909759_10200924273184770_1730804260_n\" width=\"300\" height=\"225\" srcset=\"https:\/\/www.globalong.com\/blog\/wp-content\/uploads\/2015\/10\/11909759_10200924273184770_1730804260_n-300x225.jpg 300w, https:\/\/www.globalong.com\/blog\/wp-content\/uploads\/2015\/10\/11909759_10200924273184770_1730804260_n-768x576.jpg 768w, https:\/\/www.globalong.com\/blog\/wp-content\/uploads\/2015\/10\/11909759_10200924273184770_1730804260_n-150x113.jpg 150w, https:\/\/www.globalong.com\/blog\/wp-content\/uploads\/2015\/10\/11909759_10200924273184770_1730804260_n.jpg 960w\" sizes=\"(max-width: 300px) 100vw, 300px\" \/><\/a><\/p>\n<p style=\"text-align: justify;\">Nous avons aussi organis\u00e9 des weekends avec les autres volontaires de la maison \u00e0 Siem Reap et Koh Rong Sanloem en passant par Sihanoukville.<\/p>\n<p style=\"text-align: justify;\">Cette exp\u00e9rience m\u2019a beaucoup aid\u00e9 en ce qui est de communiquer avec les enfants.<a href=\"https:\/\/www.globalong.com\/blog\/wp-content\/uploads\/2015\/10\/11938018_10200924276744859_601908916_n.jpg\" rel=\"attachment wp-att-2268\"><img loading=\"lazy\" decoding=\"async\" class=\"size-medium wp-image-2268 aligncenter\" src=\"https:\/\/www.globalong.com\/blog\/wp-content\/uploads\/2015\/10\/11938018_10200924276744859_601908916_n-300x225.jpg\" alt=\"11938018_10200924276744859_601908916_n\" width=\"300\" height=\"225\" srcset=\"https:\/\/www.globalong.com\/blog\/wp-content\/uploads\/2015\/10\/11938018_10200924276744859_601908916_n-300x225.jpg 300w, https:\/\/www.globalong.com\/blog\/wp-content\/uploads\/2015\/10\/11938018_10200924276744859_601908916_n-768x576.jpg 768w, https:\/\/www.globalong.com\/blog\/wp-content\/uploads\/2015\/10\/11938018_10200924276744859_601908916_n-150x113.jpg 150w, https:\/\/www.globalong.com\/blog\/wp-content\/uploads\/2015\/10\/11938018_10200924276744859_601908916_n.jpg 960w\" sizes=\"(max-width: 300px) 100vw, 300px\" \/><\/a><\/p>\n<p style=\"text-align: justify;\">Je me suis heurt\u00e9e contre le mur de la timidit\u00e9 et de l\u2019incertitude en d\u00e9marrant mon premier cours mais les enfants \u00e9taient si r\u00e9ceptifs que,\u00a0bien que rouge comme une tomate, j\u2019ai vite prit la main. Comme je voudrais devenir interpr\u00e8te, je cherchais \u00e0 obtenir une exp\u00e9rience linguistique mais le fait de travailler en temps que professeur me permet aussi de me tester \u00e0 l\u2019oral, de voir comment je r\u00e9agis devant une audience. Je pense avoir gagn\u00e9 de la confiance en moi et c\u2019est s\u00fbrement ce qui me sera le plus utile pour le reste de mon parcours.<\/p>\n<p style=\"text-align: justify;\">J\u2019ai, bien s\u00fbr, eu d\u00fb mal \u00e0 m\u2019int\u00e9grer, j\u2019ai eu l\u2019impression d\u2019\u00eatre un peu sur le c\u00f4t\u00e9 quand il y avait une conversation. Mon conseil\u00a0est donc\u00a0: Ne venez pas en tant que touristes, vous n\u2019\u00eates pas l\u00e0 pour visiter. Attendez-vous \u00e0 \u00eatre mall\u00e9able pour vous int\u00e9grer. Et surtout, ne vous faites pas trop d\u2019id\u00e9es sur le lieu de votre programme car il sera s\u00fbrement diff\u00e9rent de ce que vous aviez imagin\u00e9.\u00a0\u00bb<\/p>\n<p>&nbsp;<\/p>\n<p style=\"text-align: center;\">Pour d\u00e9couvrir plus de photos d&rsquo;Emeline et du Cambodge cliquez <span style=\"text-decoration: underline;\"><a href=\"https:\/\/www.flickr.com\/photos\/globalong\/albums\/72157639827967953\" target=\"_blank\" rel=\"noopener\">ici<\/a><\/span> !<\/p>\n<p style=\"text-align: center;\"><span style=\"text-decoration: underline;\"><a href=\"https:\/\/www.globalong.com\/sejour-benevolat\/benevolat-cambodge-enfants.html\">Cliquez ici pour d\u00e9couvrir les\u00a0programmes au Cambodge<\/a><\/span>.<\/p>\n<p style=\"text-align: center;\">N&rsquo;h\u00e9sitez pas \u00e0 nous contacter pour plus d&rsquo;informations \u00e0 <span style=\"text-decoration: underline; color: #b81657;\"><a style=\"color: #b81657; text-decoration: underline;\" href=\"mailto:info@globalong.com\">info@globalong.com<\/a><\/span><\/p>\n<p>&nbsp;<\/p>\n","protected":false},"excerpt":{"rendered":"<p>T\u00e9moignage d&rsquo;Emeline, b\u00e9n\u00e9vole avec Globalong au Cambodge. \u00ab\u00a0Je suis partie au Cambodge \u00e0 Phnom Penh pendant 4 semaines avec Globalong. Je ressentais un besoin d\u2019\u00e9vasion et de sortir de ma zone de confort, j\u2019attendais de cette exp\u00e9rience de grandir mon esprit. La p\u00e9riode d\u2019introduction s\u2019est tr\u00e8s bien d\u00e9roul\u00e9e et les cours de langues, bien que [&hellip;]<\/p>\n","protected":false},"author":3,"featured_media":715,"parent":883,"menu_order":0,"comment_status":"open","ping_status":"closed","template":"","meta":{"footnotes":""},"yoast_head":"<!-- This site is optimized with the Yoast SEO Premium plugin v23.4 (Yoast SEO v23.4) - https:\/\/yoast.com\/wordpress\/plugins\/seo\/ -->\n<title>Cambodge - Emeline - Association Globalong<\/title>\n<meta name=\"robots\" content=\"index, follow, max-snippet:-1, max-image-preview:large, max-video-preview:-1\" \/>\n<link rel=\"canonical\" href=\"https:\/\/www.globalong.com\/blog\/avis-temoignages-globalong\/temoignage-du-cambodge\/\" \/>\n<meta property=\"og:locale\" content=\"fr_FR\" \/>\n<meta property=\"og:type\" content=\"article\" \/>\n<meta property=\"og:title\" content=\"Cambodge - Emeline\" \/>\n<meta property=\"og:description\" content=\"T\u00e9moignage d&rsquo;Emeline, b\u00e9n\u00e9vole avec Globalong au Cambodge. \u00ab\u00a0Je suis partie au Cambodge \u00e0 Phnom Penh pendant 4 semaines avec Globalong. Je ressentais un besoin d\u2019\u00e9vasion et de sortir de ma zone de confort, j\u2019attendais de cette exp\u00e9rience de grandir mon esprit. La p\u00e9riode d\u2019introduction s\u2019est tr\u00e8s bien d\u00e9roul\u00e9e et les cours de langues, bien que [&hellip;]\" \/>\n<meta property=\"og:url\" content=\"https:\/\/www.globalong.com\/blog\/avis-temoignages-globalong\/temoignage-du-cambodge\/\" \/>\n<meta property=\"og:site_name\" content=\"Association Globalong\" \/>\n<meta property=\"article:publisher\" content=\"https:\/\/www.facebook.com\/globalong\" \/>\n<meta property=\"article:modified_time\" content=\"2022-04-28T16:49:45+00:00\" \/>\n<meta property=\"og:image\" content=\"https:\/\/www.globalong.com\/blog\/wp-content\/uploads\/2015\/10\/11920505_10200924276504853_70036120_n.jpg\" \/>\n\t<meta property=\"og:image:width\" content=\"960\" \/>\n\t<meta property=\"og:image:height\" content=\"720\" \/>\n\t<meta property=\"og:image:type\" content=\"image\/jpeg\" \/>\n<meta name=\"twitter:card\" content=\"summary_large_image\" \/>\n<meta name=\"twitter:label1\" content=\"Dur\u00e9e de lecture estim\u00e9e\" \/>\n\t<meta name=\"twitter:data1\" content=\"3 minutes\" \/>\n<script type=\"application\/ld+json\" class=\"yoast-schema-graph\">{\"@context\":\"https:\/\/schema.org\",\"@graph\":[{\"@type\":\"WebPage\",\"@id\":\"https:\/\/www.globalong.com\/blog\/avis-temoignages-globalong\/temoignage-du-cambodge\/\",\"url\":\"https:\/\/www.globalong.com\/blog\/avis-temoignages-globalong\/temoignage-du-cambodge\/\",\"name\":\"Cambodge - Emeline - Association Globalong\",\"isPartOf\":{\"@id\":\"https:\/\/www.globalong.com\/blog\/#website\"},\"primaryImageOfPage\":{\"@id\":\"https:\/\/www.globalong.com\/blog\/avis-temoignages-globalong\/temoignage-du-cambodge\/#primaryimage\"},\"image\":{\"@id\":\"https:\/\/www.globalong.com\/blog\/avis-temoignages-globalong\/temoignage-du-cambodge\/#primaryimage\"},\"thumbnailUrl\":\"https:\/\/www.globalong.com\/blog\/wp-content\/uploads\/2015\/10\/11920505_10200924276504853_70036120_n.jpg\",\"datePublished\":\"2015-10-27T09:54:15+00:00\",\"dateModified\":\"2022-04-28T16:49:45+00:00\",\"breadcrumb\":{\"@id\":\"https:\/\/www.globalong.com\/blog\/avis-temoignages-globalong\/temoignage-du-cambodge\/#breadcrumb\"},\"inLanguage\":\"fr-FR\",\"potentialAction\":[{\"@type\":\"ReadAction\",\"target\":[\"https:\/\/www.globalong.com\/blog\/avis-temoignages-globalong\/temoignage-du-cambodge\/\"]}]},{\"@type\":\"ImageObject\",\"inLanguage\":\"fr-FR\",\"@id\":\"https:\/\/www.globalong.com\/blog\/avis-temoignages-globalong\/temoignage-du-cambodge\/#primaryimage\",\"url\":\"https:\/\/www.globalong.com\/blog\/wp-content\/uploads\/2015\/10\/11920505_10200924276504853_70036120_n.jpg\",\"contentUrl\":\"https:\/\/www.globalong.com\/blog\/wp-content\/uploads\/2015\/10\/11920505_10200924276504853_70036120_n.jpg\",\"width\":960,\"height\":720},{\"@type\":\"BreadcrumbList\",\"@id\":\"https:\/\/www.globalong.com\/blog\/avis-temoignages-globalong\/temoignage-du-cambodge\/#breadcrumb\",\"itemListElement\":[{\"@type\":\"ListItem\",\"position\":1,\"name\":\"Accueil\",\"item\":\"https:\/\/www.globalong.com\/blog\/\"},{\"@type\":\"ListItem\",\"position\":2,\"name\":\"T\u00e9moignages et avis de volontaires Globalong\",\"item\":\"https:\/\/www.globalong.com\/blog\/avis-temoignages-globalong\/\"},{\"@type\":\"ListItem\",\"position\":3,\"name\":\"Cambodge &#8211; Emeline\"}]},{\"@type\":\"WebSite\",\"@id\":\"https:\/\/www.globalong.com\/blog\/#website\",\"url\":\"https:\/\/www.globalong.com\/blog\/\",\"name\":\"https:\/\/www.globalong.com\/\",\"description\":\"Mission humanitaire, stage \u00e9tudiant et voyage linguistique\",\"publisher\":{\"@id\":\"https:\/\/www.globalong.com\/blog\/#organization\"},\"potentialAction\":[{\"@type\":\"SearchAction\",\"target\":{\"@type\":\"EntryPoint\",\"urlTemplate\":\"https:\/\/www.globalong.com\/blog\/?s={search_term_string}\"},\"query-input\":{\"@type\":\"PropertyValueSpecification\",\"valueRequired\":true,\"valueName\":\"search_term_string\"}}],\"inLanguage\":\"fr-FR\"},{\"@type\":\"Organization\",\"@id\":\"https:\/\/www.globalong.com\/blog\/#organization\",\"name\":\"Association Globalong\",\"url\":\"https:\/\/www.globalong.com\/blog\/\",\"logo\":{\"@type\":\"ImageObject\",\"inLanguage\":\"fr-FR\",\"@id\":\"https:\/\/www.globalong.com\/blog\/#\/schema\/logo\/image\/\",\"url\":\"https:\/\/www.globalong.com\/blog\/wp-content\/uploads\/2014\/11\/cropped-cropped-Logo-et-Afrique-Globalong-petite-taille-2.jpg\",\"contentUrl\":\"https:\/\/www.globalong.com\/blog\/wp-content\/uploads\/2014\/11\/cropped-cropped-Logo-et-Afrique-Globalong-petite-taille-2.jpg\",\"width\":512,\"height\":512,\"caption\":\"Association Globalong\"},\"image\":{\"@id\":\"https:\/\/www.globalong.com\/blog\/#\/schema\/logo\/image\/\"},\"sameAs\":[\"https:\/\/www.facebook.com\/globalong\"]}]}<\/script>\n<!-- \/ Yoast SEO Premium plugin. -->","yoast_head_json":{"title":"Cambodge - Emeline - Association Globalong","robots":{"index":"index","follow":"follow","max-snippet":"max-snippet:-1","max-image-preview":"max-image-preview:large","max-video-preview":"max-video-preview:-1"},"canonical":"https:\/\/www.globalong.com\/blog\/avis-temoignages-globalong\/temoignage-du-cambodge\/","og_locale":"fr_FR","og_type":"article","og_title":"Cambodge - Emeline","og_description":"T\u00e9moignage d&rsquo;Emeline, b\u00e9n\u00e9vole avec Globalong au Cambodge. \u00ab\u00a0Je suis partie au Cambodge \u00e0 Phnom Penh pendant 4 semaines avec Globalong. Je ressentais un besoin d\u2019\u00e9vasion et de sortir de ma zone de confort, j\u2019attendais de cette exp\u00e9rience de grandir mon esprit. La p\u00e9riode d\u2019introduction s\u2019est tr\u00e8s bien d\u00e9roul\u00e9e et les cours de langues, bien que [&hellip;]","og_url":"https:\/\/www.globalong.com\/blog\/avis-temoignages-globalong\/temoignage-du-cambodge\/","og_site_name":"Association Globalong","article_publisher":"https:\/\/www.facebook.com\/globalong","article_modified_time":"2022-04-28T16:49:45+00:00","og_image":[{"width":960,"height":720,"url":"https:\/\/www.globalong.com\/blog\/wp-content\/uploads\/2015\/10\/11920505_10200924276504853_70036120_n.jpg","type":"image\/jpeg"}],"twitter_card":"summary_large_image","twitter_misc":{"Dur\u00e9e de lecture estim\u00e9e":"3 minutes"},"schema":{"@context":"https:\/\/schema.org","@graph":[{"@type":"WebPage","@id":"https:\/\/www.globalong.com\/blog\/avis-temoignages-globalong\/temoignage-du-cambodge\/","url":"https:\/\/www.globalong.com\/blog\/avis-temoignages-globalong\/temoignage-du-cambodge\/","name":"Cambodge - Emeline - Association Globalong","isPartOf":{"@id":"https:\/\/www.globalong.com\/blog\/#website"},"primaryImageOfPage":{"@id":"https:\/\/www.globalong.com\/blog\/avis-temoignages-globalong\/temoignage-du-cambodge\/#primaryimage"},"image":{"@id":"https:\/\/www.globalong.com\/blog\/avis-temoignages-globalong\/temoignage-du-cambodge\/#primaryimage"},"thumbnailUrl":"https:\/\/www.globalong.com\/blog\/wp-content\/uploads\/2015\/10\/11920505_10200924276504853_70036120_n.jpg","datePublished":"2015-10-27T09:54:15+00:00","dateModified":"2022-04-28T16:49:45+00:00","breadcrumb":{"@id":"https:\/\/www.globalong.com\/blog\/avis-temoignages-globalong\/temoignage-du-cambodge\/#breadcrumb"},"inLanguage":"fr-FR","potentialAction":[{"@type":"ReadAction","target":["https:\/\/www.globalong.com\/blog\/avis-temoignages-globalong\/temoignage-du-cambodge\/"]}]},{"@type":"ImageObject","inLanguage":"fr-FR","@id":"https:\/\/www.globalong.com\/blog\/avis-temoignages-globalong\/temoignage-du-cambodge\/#primaryimage","url":"https:\/\/www.globalong.com\/blog\/wp-content\/uploads\/2015\/10\/11920505_10200924276504853_70036120_n.jpg","contentUrl":"https:\/\/www.globalong.com\/blog\/wp-content\/uploads\/2015\/10\/11920505_10200924276504853_70036120_n.jpg","width":960,"height":720},{"@type":"BreadcrumbList","@id":"https:\/\/www.globalong.com\/blog\/avis-temoignages-globalong\/temoignage-du-cambodge\/#breadcrumb","itemListElement":[{"@type":"ListItem","position":1,"name":"Accueil","item":"https:\/\/www.globalong.com\/blog\/"},{"@type":"ListItem","position":2,"name":"T\u00e9moignages et avis de volontaires Globalong","item":"https:\/\/www.globalong.com\/blog\/avis-temoignages-globalong\/"},{"@type":"ListItem","position":3,"name":"Cambodge &#8211; Emeline"}]},{"@type":"WebSite","@id":"https:\/\/www.globalong.com\/blog\/#website","url":"https:\/\/www.globalong.com\/blog\/","name":"https:\/\/www.globalong.com\/","description":"Mission humanitaire, stage \u00e9tudiant et voyage linguistique","publisher":{"@id":"https:\/\/www.globalong.com\/blog\/#organization"},"potentialAction":[{"@type":"SearchAction","target":{"@type":"EntryPoint","urlTemplate":"https:\/\/www.globalong.com\/blog\/?s={search_term_string}"},"query-input":{"@type":"PropertyValueSpecification","valueRequired":true,"valueName":"search_term_string"}}],"inLanguage":"fr-FR"},{"@type":"Organization","@id":"https:\/\/www.globalong.com\/blog\/#organization","name":"Association Globalong","url":"https:\/\/www.globalong.com\/blog\/","logo":{"@type":"ImageObject","inLanguage":"fr-FR","@id":"https:\/\/www.globalong.com\/blog\/#\/schema\/logo\/image\/","url":"https:\/\/www.globalong.com\/blog\/wp-content\/uploads\/2014\/11\/cropped-cropped-Logo-et-Afrique-Globalong-petite-taille-2.jpg","contentUrl":"https:\/\/www.globalong.com\/blog\/wp-content\/uploads\/2014\/11\/cropped-cropped-Logo-et-Afrique-Globalong-petite-taille-2.jpg","width":512,"height":512,"caption":"Association Globalong"},"image":{"@id":"https:\/\/www.globalong.com\/blog\/#\/schema\/logo\/image\/"},"sameAs":["https:\/\/www.facebook.com\/globalong"]}]}},"_links":{"self":[{"href":"https:\/\/www.globalong.com\/blog\/wp-json\/wp\/v2\/pages\/714"}],"collection":[{"href":"https:\/\/www.globalong.com\/blog\/wp-json\/wp\/v2\/pages"}],"about":[{"href":"https:\/\/www.globalong.com\/blog\/wp-json\/wp\/v2\/types\/page"}],"author":[{"embeddable":true,"href":"https:\/\/www.globalong.com\/blog\/wp-json\/wp\/v2\/users\/3"}],"replies":[{"embeddable":true,"href":"https:\/\/www.globalong.com\/blog\/wp-json\/wp\/v2\/comments?post=714"}],"version-history":[{"count":45,"href":"https:\/\/www.globalong.com\/blog\/wp-json\/wp\/v2\/pages\/714\/revisions"}],"predecessor-version":[{"id":14438,"href":"https:\/\/www.globalong.com\/blog\/wp-json\/wp\/v2\/pages\/714\/revisions\/14438"}],"up":[{"embeddable":true,"href":"https:\/\/www.globalong.com\/blog\/wp-json\/wp\/v2\/pages\/883"}],"wp:featuredmedia":[{"embeddable":true,"href":"https:\/\/www.globalong.com\/blog\/wp-json\/wp\/v2\/media\/715"}],"wp:attachment":[{"href":"https:\/\/www.globalong.com\/blog\/wp-json\/wp\/v2\/media?parent=714"}],"curies":[{"name":"wp","href":"https:\/\/api.w.org\/{rel}","templated":true}]}}