{"id":8081,"date":"2017-12-01T17:31:09","date_gmt":"2017-12-01T16:31:09","guid":{"rendered":"https:\/\/www.globalong.com\/blog\/?page_id=8081"},"modified":"2022-01-12T11:11:46","modified_gmt":"2022-01-12T10:11:46","slug":"nepal-nathalie-asie-benevolat-international-avis-projet","status":"publish","type":"page","link":"https:\/\/www.globalong.com\/blog\/avis-temoignages-globalong\/nepal-nathalie-asie-benevolat-international-avis-projet\/","title":{"rendered":"N\u00e9pal &#8211; Nathalie"},"content":{"rendered":"<p style=\"text-align: center;\"><strong><span style=\"color: #b81657;\">T\u00e9moignage de Nathalie, volontaire avec GlobAlong au N\u00e9pal !<\/span><\/strong><\/p>\n<p style=\"text-align: justify;\"><a href=\"https:\/\/www.globalong.com\/blog\/wp-content\/uploads\/2017\/12\/Participez-\u00e0-un-programme-de-b\u00e9n\u00e9volat-au-N\u00e9pal-GlobAlong-min.jpg\"><img loading=\"lazy\" decoding=\"async\" class=\"wp-image-8159 aligncenter\" src=\"https:\/\/www.globalong.com\/blog\/wp-content\/uploads\/2017\/12\/Participez-\u00e0-un-programme-de-b\u00e9n\u00e9volat-au-N\u00e9pal-GlobAlong-min.jpg\" alt=\"\" width=\"300\" height=\"300\" srcset=\"https:\/\/www.globalong.com\/blog\/wp-content\/uploads\/2017\/12\/Participez-\u00e0-un-programme-de-b\u00e9n\u00e9volat-au-N\u00e9pal-GlobAlong-min.jpg 190w, https:\/\/www.globalong.com\/blog\/wp-content\/uploads\/2017\/12\/Participez-\u00e0-un-programme-de-b\u00e9n\u00e9volat-au-N\u00e9pal-GlobAlong-min-150x150.jpg 150w\" sizes=\"(max-width: 300px) 100vw, 300px\" \/><\/a>Bonjour, je m\u2019appelle Nathalie et je suis partie <strong>18 jours au N\u00e9pal<\/strong>.<\/p>\n<p style=\"text-align: justify;\">Partir en mission de b\u00e9n\u00e9volat, c&rsquo;\u00e9tait un r\u00eave d&rsquo;ado que je viens de r\u00e9aliser !<\/p>\n<p style=\"text-align: justify;\">Mon exp\u00e9rience de b\u00e9n\u00e9volat s&rsquo;est super bien pass\u00e9e !<\/p>\n<p style=\"text-align: justify;\">J&rsquo;ai rencontr\u00e9 des gens qui parlent avec le c\u0153ur, comme la directrice de l&rsquo;orphelinat o\u00f9 j&rsquo;ai effectu\u00e9 ma mission de b\u00e9n\u00e9volat, sa famille ainsi que tous les enfants de ce site.<\/p>\n<p style=\"text-align: justify;\">Mon meilleur souvenir, c&rsquo;\u00e9tait de partir en balade pour visiter une ferme au milieu de la jungle et d&rsquo;\u00eatre accueillie \u00e0 bras ouverts (quelle \u00e9motion !) pour le d\u00e9jeuner. Tout au long de mon s\u00e9jour au N\u00e9pal, j&rsquo;ai a eu la chance d&rsquo;avoir de beaux \u00e9changes, \u00e0 tous les coins de rues.<\/p>\n<p style=\"text-align: justify;\"><a href=\"https:\/\/www.globalong.com\/blog\/wp-content\/uploads\/2017\/12\/Engagez-vous-au-N\u00e9pal-GlobAlong-min.jpeg\"><img loading=\"lazy\" decoding=\"async\" class=\"wp-image-8163 aligncenter\" src=\"https:\/\/www.globalong.com\/blog\/wp-content\/uploads\/2017\/12\/Engagez-vous-au-N\u00e9pal-GlobAlong-min.jpeg\" alt=\"\" width=\"300\" height=\"300\" srcset=\"https:\/\/www.globalong.com\/blog\/wp-content\/uploads\/2017\/12\/Engagez-vous-au-N\u00e9pal-GlobAlong-min.jpeg 190w, https:\/\/www.globalong.com\/blog\/wp-content\/uploads\/2017\/12\/Engagez-vous-au-N\u00e9pal-GlobAlong-min-150x150.jpeg 150w\" sizes=\"(max-width: 300px) 100vw, 300px\" \/><\/a>Pendant mon temps libre, j&rsquo;ai eu l&rsquo;opportunit\u00e9 de d\u00e9couvrir le N\u00e9pal. J&rsquo;ai visit\u00e9 le temple bouddhiste de Pokhara (\u00ab\u00a0Stupa\u00a0\u00bb), les chutes de Davis Falls, le village de r\u00e9fugi\u00e9s tib\u00e9tains et autres monast\u00e8res&#8230;<\/p>\n<p style=\"text-align: justify;\">Cette exp\u00e9rience m&rsquo;a apport\u00e9 plus d&rsquo;humilit\u00e9 et m&rsquo;a appris \u00e0 \u00eatre encore plus dans le partage.<br \/>\nLe retour \u00e0 la r\u00e9alit\u00e9 et \u00e0 notre soci\u00e9t\u00e9 a \u00e9t\u00e9 compliqu\u00e9 m\u00eame si je ne suis partie que 18 jours.<br \/>\nLe conseil que je donnerais aux futurs participants ? C&rsquo;est de laisser sa \u00ab\u00a0t\u00eate europ\u00e9enne\u00a0\u00bb \u00e0 l&rsquo;a\u00e9roport.<\/p>\n<p style=\"text-align: justify;\">Je conseillerais donc GlobAlong et je repartirais volontiers avec eux sur une nouvelle mission de b\u00e9n\u00e9volat humanitaire international \u00e0 l&rsquo;avenir.<\/p>\n<p style=\"text-align: center;\">Pour d\u00e9couvrir plus de photos du N\u00e9pal, <span style=\"color: #b81657;\"><a href=\"https:\/\/www.flickr.com\/photos\/globalong\/albums\/72157639471477014\" target=\"_blank\" rel=\"noopener\">cliquez\u00a0ici\u00a0<\/a><\/span>!<\/p>\n<p style=\"text-align: center;\">Pour en savoir plus sur le programme de b\u00e9n\u00e9volat au N\u00e9pal, <a href=\"https:\/\/www.globalong.com\/sejour-benevolat\/benevolat-au-nepal-humanitaire.html\" target=\"_blank\" rel=\"noopener\">cliquez ici\u00a0<\/a>!<\/p>\n<p style=\"text-align: center;\"><a href=\"https:\/\/www.globalong.com\/blog\/videos-de-nos-destinations-humanitaire-benevolat-international-volunteer-humanitarian-programme\/\" target=\"_blank\" rel=\"noopener\"><span style=\"color: #b81657;\"><strong>GlobAlong en vid\u00e9os !<\/strong><\/span><\/a><\/p>\n<p style=\"text-align: center;\">N\u2019h\u00e9sitez pas \u00e0 nous contacter pour plus d\u2019informations \u00e0 : <a href=\"mailto:info@globalong.com\" target=\"_blank\" rel=\"noopener\"><strong><span style=\"color: #b81657;\">info@globalong.com<\/span><\/strong><\/a><\/p>\n<p style=\"text-align: center;\">Pour d\u00e9couvrir les t\u00e9moignages des participants aux missions de volontariat humanitaire,\u00a0<span style=\"color: #b81657;\"><a href=\"https:\/\/www.globalong.com\/blog\/avis-globalong\/\" target=\"_blank\" rel=\"noopener\">c\u2019est par ici\u00a0<\/a><\/span>!<\/p>\n<p style=\"text-align: center;\"><a href=\"https:\/\/www.globalong.com\/que-penser-de-globalong.html\" target=\"_blank\" rel=\"noopener\"><span style=\"color: #b81657;\"><strong>Que penser de GlobAlong ?<\/strong><\/span><\/a><\/p>\n<p style=\"text-align: center;\"><a href=\"https:\/\/www.globalong.com\/services-volontariat-international.html\" target=\"_blank\" rel=\"noopener\"><strong><span style=\"color: #b81657;\">Le service de volontariat international ?<\/span><\/strong><\/a><\/p>\n<p>&nbsp;<\/p>\n","protected":false},"excerpt":{"rendered":"<p>T\u00e9moignage de Nathalie, volontaire avec GlobAlong au N\u00e9pal ! Bonjour, je m\u2019appelle Nathalie et je suis partie 18 jours au N\u00e9pal. Partir en mission de b\u00e9n\u00e9volat, c&rsquo;\u00e9tait un r\u00eave d&rsquo;ado que je viens de r\u00e9aliser ! Mon exp\u00e9rience de b\u00e9n\u00e9volat s&rsquo;est super bien pass\u00e9e ! J&rsquo;ai rencontr\u00e9 des gens qui parlent avec le c\u0153ur, comme [&hellip;]<\/p>\n","protected":false},"author":5,"featured_media":8946,"parent":883,"menu_order":0,"comment_status":"open","ping_status":"closed","template":"","meta":{"footnotes":""},"yoast_head":"<!-- This site is optimized with the Yoast SEO Premium plugin v23.4 (Yoast SEO v23.4) - https:\/\/yoast.com\/wordpress\/plugins\/seo\/ -->\n<title>N\u00e9pal - Nathalie - Association Globalong<\/title>\n<meta name=\"robots\" content=\"index, follow, max-snippet:-1, max-image-preview:large, max-video-preview:-1\" \/>\n<link rel=\"canonical\" href=\"https:\/\/www.globalong.com\/blog\/avis-temoignages-globalong\/nepal-nathalie-asie-benevolat-international-avis-projet\/\" \/>\n<meta property=\"og:locale\" content=\"fr_FR\" \/>\n<meta property=\"og:type\" content=\"article\" \/>\n<meta property=\"og:title\" content=\"N\u00e9pal - Nathalie\" \/>\n<meta property=\"og:description\" content=\"T\u00e9moignage de Nathalie, volontaire avec GlobAlong au N\u00e9pal ! Bonjour, je m\u2019appelle Nathalie et je suis partie 18 jours au N\u00e9pal. Partir en mission de b\u00e9n\u00e9volat, c&rsquo;\u00e9tait un r\u00eave d&rsquo;ado que je viens de r\u00e9aliser ! Mon exp\u00e9rience de b\u00e9n\u00e9volat s&rsquo;est super bien pass\u00e9e ! J&rsquo;ai rencontr\u00e9 des gens qui parlent avec le c\u0153ur, comme [&hellip;]\" \/>\n<meta property=\"og:url\" content=\"https:\/\/www.globalong.com\/blog\/avis-temoignages-globalong\/nepal-nathalie-asie-benevolat-international-avis-projet\/\" \/>\n<meta property=\"og:site_name\" content=\"Association Globalong\" \/>\n<meta property=\"article:publisher\" content=\"https:\/\/www.facebook.com\/globalong\" \/>\n<meta property=\"article:modified_time\" content=\"2022-01-12T10:11:46+00:00\" \/>\n<meta property=\"og:image\" content=\"https:\/\/www.globalong.com\/blog\/wp-content\/uploads\/2018\/01\/Logo-et-Afrique-Globalong2.jpg\" \/>\n\t<meta property=\"og:image:width\" content=\"250\" \/>\n\t<meta property=\"og:image:height\" content=\"172\" \/>\n\t<meta property=\"og:image:type\" content=\"image\/jpeg\" \/>\n<meta name=\"twitter:card\" content=\"summary_large_image\" \/>\n<meta name=\"twitter:label1\" content=\"Dur\u00e9e de lecture estim\u00e9e\" \/>\n\t<meta name=\"twitter:data1\" content=\"2 minutes\" \/>\n<script type=\"application\/ld+json\" class=\"yoast-schema-graph\">{\"@context\":\"https:\/\/schema.org\",\"@graph\":[{\"@type\":\"WebPage\",\"@id\":\"https:\/\/www.globalong.com\/blog\/avis-temoignages-globalong\/nepal-nathalie-asie-benevolat-international-avis-projet\/\",\"url\":\"https:\/\/www.globalong.com\/blog\/avis-temoignages-globalong\/nepal-nathalie-asie-benevolat-international-avis-projet\/\",\"name\":\"N\u00e9pal - Nathalie - Association Globalong\",\"isPartOf\":{\"@id\":\"https:\/\/www.globalong.com\/blog\/#website\"},\"primaryImageOfPage\":{\"@id\":\"https:\/\/www.globalong.com\/blog\/avis-temoignages-globalong\/nepal-nathalie-asie-benevolat-international-avis-projet\/#primaryimage\"},\"image\":{\"@id\":\"https:\/\/www.globalong.com\/blog\/avis-temoignages-globalong\/nepal-nathalie-asie-benevolat-international-avis-projet\/#primaryimage\"},\"thumbnailUrl\":\"https:\/\/www.globalong.com\/blog\/wp-content\/uploads\/2018\/01\/Logo-et-Afrique-Globalong2.jpg\",\"datePublished\":\"2017-12-01T16:31:09+00:00\",\"dateModified\":\"2022-01-12T10:11:46+00:00\",\"breadcrumb\":{\"@id\":\"https:\/\/www.globalong.com\/blog\/avis-temoignages-globalong\/nepal-nathalie-asie-benevolat-international-avis-projet\/#breadcrumb\"},\"inLanguage\":\"fr-FR\",\"potentialAction\":[{\"@type\":\"ReadAction\",\"target\":[\"https:\/\/www.globalong.com\/blog\/avis-temoignages-globalong\/nepal-nathalie-asie-benevolat-international-avis-projet\/\"]}]},{\"@type\":\"ImageObject\",\"inLanguage\":\"fr-FR\",\"@id\":\"https:\/\/www.globalong.com\/blog\/avis-temoignages-globalong\/nepal-nathalie-asie-benevolat-international-avis-projet\/#primaryimage\",\"url\":\"https:\/\/www.globalong.com\/blog\/wp-content\/uploads\/2018\/01\/Logo-et-Afrique-Globalong2.jpg\",\"contentUrl\":\"https:\/\/www.globalong.com\/blog\/wp-content\/uploads\/2018\/01\/Logo-et-Afrique-Globalong2.jpg\",\"width\":250,\"height\":172},{\"@type\":\"BreadcrumbList\",\"@id\":\"https:\/\/www.globalong.com\/blog\/avis-temoignages-globalong\/nepal-nathalie-asie-benevolat-international-avis-projet\/#breadcrumb\",\"itemListElement\":[{\"@type\":\"ListItem\",\"position\":1,\"name\":\"Accueil\",\"item\":\"https:\/\/www.globalong.com\/blog\/\"},{\"@type\":\"ListItem\",\"position\":2,\"name\":\"T\u00e9moignages et avis de volontaires Globalong\",\"item\":\"https:\/\/www.globalong.com\/blog\/avis-temoignages-globalong\/\"},{\"@type\":\"ListItem\",\"position\":3,\"name\":\"N\u00e9pal &#8211; Nathalie\"}]},{\"@type\":\"WebSite\",\"@id\":\"https:\/\/www.globalong.com\/blog\/#website\",\"url\":\"https:\/\/www.globalong.com\/blog\/\",\"name\":\"https:\/\/www.globalong.com\/\",\"description\":\"Mission humanitaire, stage \u00e9tudiant et voyage linguistique\",\"publisher\":{\"@id\":\"https:\/\/www.globalong.com\/blog\/#organization\"},\"potentialAction\":[{\"@type\":\"SearchAction\",\"target\":{\"@type\":\"EntryPoint\",\"urlTemplate\":\"https:\/\/www.globalong.com\/blog\/?s={search_term_string}\"},\"query-input\":{\"@type\":\"PropertyValueSpecification\",\"valueRequired\":true,\"valueName\":\"search_term_string\"}}],\"inLanguage\":\"fr-FR\"},{\"@type\":\"Organization\",\"@id\":\"https:\/\/www.globalong.com\/blog\/#organization\",\"name\":\"Association Globalong\",\"url\":\"https:\/\/www.globalong.com\/blog\/\",\"logo\":{\"@type\":\"ImageObject\",\"inLanguage\":\"fr-FR\",\"@id\":\"https:\/\/www.globalong.com\/blog\/#\/schema\/logo\/image\/\",\"url\":\"https:\/\/www.globalong.com\/blog\/wp-content\/uploads\/2014\/11\/cropped-cropped-Logo-et-Afrique-Globalong-petite-taille-2.jpg\",\"contentUrl\":\"https:\/\/www.globalong.com\/blog\/wp-content\/uploads\/2014\/11\/cropped-cropped-Logo-et-Afrique-Globalong-petite-taille-2.jpg\",\"width\":512,\"height\":512,\"caption\":\"Association Globalong\"},\"image\":{\"@id\":\"https:\/\/www.globalong.com\/blog\/#\/schema\/logo\/image\/\"},\"sameAs\":[\"https:\/\/www.facebook.com\/globalong\"]}]}<\/script>\n<!-- \/ Yoast SEO Premium plugin. -->","yoast_head_json":{"title":"N\u00e9pal - Nathalie - Association Globalong","robots":{"index":"index","follow":"follow","max-snippet":"max-snippet:-1","max-image-preview":"max-image-preview:large","max-video-preview":"max-video-preview:-1"},"canonical":"https:\/\/www.globalong.com\/blog\/avis-temoignages-globalong\/nepal-nathalie-asie-benevolat-international-avis-projet\/","og_locale":"fr_FR","og_type":"article","og_title":"N\u00e9pal - Nathalie","og_description":"T\u00e9moignage de Nathalie, volontaire avec GlobAlong au N\u00e9pal ! Bonjour, je m\u2019appelle Nathalie et je suis partie 18 jours au N\u00e9pal. Partir en mission de b\u00e9n\u00e9volat, c&rsquo;\u00e9tait un r\u00eave d&rsquo;ado que je viens de r\u00e9aliser ! Mon exp\u00e9rience de b\u00e9n\u00e9volat s&rsquo;est super bien pass\u00e9e ! J&rsquo;ai rencontr\u00e9 des gens qui parlent avec le c\u0153ur, comme [&hellip;]","og_url":"https:\/\/www.globalong.com\/blog\/avis-temoignages-globalong\/nepal-nathalie-asie-benevolat-international-avis-projet\/","og_site_name":"Association Globalong","article_publisher":"https:\/\/www.facebook.com\/globalong","article_modified_time":"2022-01-12T10:11:46+00:00","og_image":[{"width":250,"height":172,"url":"https:\/\/www.globalong.com\/blog\/wp-content\/uploads\/2018\/01\/Logo-et-Afrique-Globalong2.jpg","type":"image\/jpeg"}],"twitter_card":"summary_large_image","twitter_misc":{"Dur\u00e9e de lecture estim\u00e9e":"2 minutes"},"schema":{"@context":"https:\/\/schema.org","@graph":[{"@type":"WebPage","@id":"https:\/\/www.globalong.com\/blog\/avis-temoignages-globalong\/nepal-nathalie-asie-benevolat-international-avis-projet\/","url":"https:\/\/www.globalong.com\/blog\/avis-temoignages-globalong\/nepal-nathalie-asie-benevolat-international-avis-projet\/","name":"N\u00e9pal - Nathalie - Association Globalong","isPartOf":{"@id":"https:\/\/www.globalong.com\/blog\/#website"},"primaryImageOfPage":{"@id":"https:\/\/www.globalong.com\/blog\/avis-temoignages-globalong\/nepal-nathalie-asie-benevolat-international-avis-projet\/#primaryimage"},"image":{"@id":"https:\/\/www.globalong.com\/blog\/avis-temoignages-globalong\/nepal-nathalie-asie-benevolat-international-avis-projet\/#primaryimage"},"thumbnailUrl":"https:\/\/www.globalong.com\/blog\/wp-content\/uploads\/2018\/01\/Logo-et-Afrique-Globalong2.jpg","datePublished":"2017-12-01T16:31:09+00:00","dateModified":"2022-01-12T10:11:46+00:00","breadcrumb":{"@id":"https:\/\/www.globalong.com\/blog\/avis-temoignages-globalong\/nepal-nathalie-asie-benevolat-international-avis-projet\/#breadcrumb"},"inLanguage":"fr-FR","potentialAction":[{"@type":"ReadAction","target":["https:\/\/www.globalong.com\/blog\/avis-temoignages-globalong\/nepal-nathalie-asie-benevolat-international-avis-projet\/"]}]},{"@type":"ImageObject","inLanguage":"fr-FR","@id":"https:\/\/www.globalong.com\/blog\/avis-temoignages-globalong\/nepal-nathalie-asie-benevolat-international-avis-projet\/#primaryimage","url":"https:\/\/www.globalong.com\/blog\/wp-content\/uploads\/2018\/01\/Logo-et-Afrique-Globalong2.jpg","contentUrl":"https:\/\/www.globalong.com\/blog\/wp-content\/uploads\/2018\/01\/Logo-et-Afrique-Globalong2.jpg","width":250,"height":172},{"@type":"BreadcrumbList","@id":"https:\/\/www.globalong.com\/blog\/avis-temoignages-globalong\/nepal-nathalie-asie-benevolat-international-avis-projet\/#breadcrumb","itemListElement":[{"@type":"ListItem","position":1,"name":"Accueil","item":"https:\/\/www.globalong.com\/blog\/"},{"@type":"ListItem","position":2,"name":"T\u00e9moignages et avis de volontaires Globalong","item":"https:\/\/www.globalong.com\/blog\/avis-temoignages-globalong\/"},{"@type":"ListItem","position":3,"name":"N\u00e9pal &#8211; Nathalie"}]},{"@type":"WebSite","@id":"https:\/\/www.globalong.com\/blog\/#website","url":"https:\/\/www.globalong.com\/blog\/","name":"https:\/\/www.globalong.com\/","description":"Mission humanitaire, stage \u00e9tudiant et voyage linguistique","publisher":{"@id":"https:\/\/www.globalong.com\/blog\/#organization"},"potentialAction":[{"@type":"SearchAction","target":{"@type":"EntryPoint","urlTemplate":"https:\/\/www.globalong.com\/blog\/?s={search_term_string}"},"query-input":{"@type":"PropertyValueSpecification","valueRequired":true,"valueName":"search_term_string"}}],"inLanguage":"fr-FR"},{"@type":"Organization","@id":"https:\/\/www.globalong.com\/blog\/#organization","name":"Association Globalong","url":"https:\/\/www.globalong.com\/blog\/","logo":{"@type":"ImageObject","inLanguage":"fr-FR","@id":"https:\/\/www.globalong.com\/blog\/#\/schema\/logo\/image\/","url":"https:\/\/www.globalong.com\/blog\/wp-content\/uploads\/2014\/11\/cropped-cropped-Logo-et-Afrique-Globalong-petite-taille-2.jpg","contentUrl":"https:\/\/www.globalong.com\/blog\/wp-content\/uploads\/2014\/11\/cropped-cropped-Logo-et-Afrique-Globalong-petite-taille-2.jpg","width":512,"height":512,"caption":"Association Globalong"},"image":{"@id":"https:\/\/www.globalong.com\/blog\/#\/schema\/logo\/image\/"},"sameAs":["https:\/\/www.facebook.com\/globalong"]}]}},"_links":{"self":[{"href":"https:\/\/www.globalong.com\/blog\/wp-json\/wp\/v2\/pages\/8081"}],"collection":[{"href":"https:\/\/www.globalong.com\/blog\/wp-json\/wp\/v2\/pages"}],"about":[{"href":"https:\/\/www.globalong.com\/blog\/wp-json\/wp\/v2\/types\/page"}],"author":[{"embeddable":true,"href":"https:\/\/www.globalong.com\/blog\/wp-json\/wp\/v2\/users\/5"}],"replies":[{"embeddable":true,"href":"https:\/\/www.globalong.com\/blog\/wp-json\/wp\/v2\/comments?post=8081"}],"version-history":[{"count":13,"href":"https:\/\/www.globalong.com\/blog\/wp-json\/wp\/v2\/pages\/8081\/revisions"}],"predecessor-version":[{"id":14032,"href":"https:\/\/www.globalong.com\/blog\/wp-json\/wp\/v2\/pages\/8081\/revisions\/14032"}],"up":[{"embeddable":true,"href":"https:\/\/www.globalong.com\/blog\/wp-json\/wp\/v2\/pages\/883"}],"wp:featuredmedia":[{"embeddable":true,"href":"https:\/\/www.globalong.com\/blog\/wp-json\/wp\/v2\/media\/8946"}],"wp:attachment":[{"href":"https:\/\/www.globalong.com\/blog\/wp-json\/wp\/v2\/media?parent=8081"}],"curies":[{"name":"wp","href":"https:\/\/api.w.org\/{rel}","templated":true}]}}