{"id":8760,"date":"2018-02-01T17:36:07","date_gmt":"2018-02-01T16:36:07","guid":{"rendered":"https:\/\/www.globalong.com\/blog\/?page_id=8760"},"modified":"2022-05-08T16:13:35","modified_gmt":"2022-05-08T14:13:35","slug":"vietnam-laury","status":"publish","type":"page","link":"https:\/\/www.globalong.com\/blog\/avis-temoignages-globalong\/vietnam-laury\/","title":{"rendered":"Vietnam &#8211; Laury"},"content":{"rendered":"<p style=\"text-align: center;\"><span style=\"color: #b81657;\"><strong>T\u00e9moignage de Laury, b\u00e9n\u00e9vole avec Globalong au Vietnam<\/strong><\/span><\/p>\n<p><img loading=\"lazy\" decoding=\"async\" class=\"wp-image-8762 aligncenter\" src=\"https:\/\/www.globalong.com\/blog\/wp-content\/uploads\/2018\/02\/Temple-au-Vietnam-min-300x169.jpg\" alt=\"\" width=\"300\" height=\"169\" srcset=\"https:\/\/www.globalong.com\/blog\/wp-content\/uploads\/2018\/02\/Temple-au-Vietnam-min-300x169.jpg 300w, https:\/\/www.globalong.com\/blog\/wp-content\/uploads\/2018\/02\/Temple-au-Vietnam-min-768x432.jpg 768w, https:\/\/www.globalong.com\/blog\/wp-content\/uploads\/2018\/02\/Temple-au-Vietnam-min-1024x576.jpg 1024w, https:\/\/www.globalong.com\/blog\/wp-content\/uploads\/2018\/02\/Temple-au-Vietnam-min-150x84.jpg 150w\" sizes=\"(max-width: 300px) 100vw, 300px\" \/><\/p>\n<p style=\"text-align: justify;\">Je m\u2019appelle Laury, j\u2019ai effectu\u00e9 une <span style=\"text-decoration: underline;\"><a href=\"https:\/\/www.globalong.com\/sejour-benevolat\/benevolat-vietnam-humanitaire.html\" target=\"_blank\" rel=\"noopener\">mission de b\u00e9n\u00e9volat au Vietnam<\/a><\/span> durant quelques semaines. \u00a0Je voulais donner de mon temps pour les autres tout en restant en lien avec ma formation en psychologie. L&rsquo;association locale entrait parfaitement dans mes caract\u00e9ristiques de recherches. Je voulais vivre quelque chose d&rsquo;unique, d&rsquo;humain et de formateur.<\/p>\n<p style=\"text-align: justify;\">La p\u00e9riode d\u2019introduction fut un moment important de d\u00e9couverte et d&rsquo;acclimatation \u00e0 ce nouveau pays, jusqu&rsquo;alors inconnu.<br \/>\n<a href=\"https:\/\/www.globalong.com\/blog\/wp-content\/uploads\/2018\/02\/Vie-quotidienne-du-Vietnam-min.jpg\"><img loading=\"lazy\" decoding=\"async\" class=\"wp-image-8763 aligncenter\" src=\"https:\/\/www.globalong.com\/blog\/wp-content\/uploads\/2018\/02\/Vie-quotidienne-du-Vietnam-min-255x300.jpg\" alt=\"\" width=\"300\" height=\"352\" srcset=\"https:\/\/www.globalong.com\/blog\/wp-content\/uploads\/2018\/02\/Vie-quotidienne-du-Vietnam-min-255x300.jpg 255w, https:\/\/www.globalong.com\/blog\/wp-content\/uploads\/2018\/02\/Vie-quotidienne-du-Vietnam-min-768x902.jpg 768w, https:\/\/www.globalong.com\/blog\/wp-content\/uploads\/2018\/02\/Vie-quotidienne-du-Vietnam-min-872x1024.jpg 872w, https:\/\/www.globalong.com\/blog\/wp-content\/uploads\/2018\/02\/Vie-quotidienne-du-Vietnam-min-128x150.jpg 128w, https:\/\/www.globalong.com\/blog\/wp-content\/uploads\/2018\/02\/Vie-quotidienne-du-Vietnam-min.jpg 1836w\" sizes=\"(max-width: 300px) 100vw, 300px\" \/><\/a><\/p>\n<p style=\"text-align: justify;\">D\u00e9couverte de la langue tr\u00e8s tr\u00e8s utile, afin de retirer les premi\u00e8res barri\u00e8res entre moi et la population locale.<\/p>\n<p style=\"text-align: justify;\">Ma p\u00e9riode de b\u00e9n\u00e9volat fut une exp\u00e9rience incroyable aupr\u00e8s de personnes fabuleuses. L&rsquo;\u00e9quipe sur place a \u00e9t\u00e9 fantastique.<\/p>\n<p style=\"text-align: justify;\">Le b\u00e9n\u00e9volat a \u00e9t\u00e9 une d\u00e9couverte, malgr\u00e9 certaines craintes, j&rsquo;ai \u00e9t\u00e9 active et des r\u00e9sultats \u00e9taient visibles dans mon action, quoi de plus gratifiant que de voir le sourire des gens \u00e0 qui l&rsquo;on donne.<\/p>\n<p style=\"text-align: justify;\">Le Vietnam est un pays magnifique, surprenant et peupl\u00e9 de personnes avec un c\u0153ur \u00e9norme. Chaque rencontre a \u00e9t\u00e9 int\u00e9ressante, parce qu\u2019il y avait tout \u00e0 apprendre de ces gens. Chaque sourire est marqu\u00e9, grav\u00e9 dans mes souvenirs, parce-que ce que j&rsquo;ai v\u00e9cu est difficilement explicable tant qu&rsquo;on ne l&rsquo;a pas v\u00e9cu.<\/p>\n<p><img loading=\"lazy\" decoding=\"async\" class=\"wp-image-8765 aligncenter\" src=\"https:\/\/www.globalong.com\/blog\/wp-content\/uploads\/2018\/02\/Paysage-au-Vietnam-avec-Laury-min-240x300.jpg\" alt=\"\" width=\"300\" height=\"375\" srcset=\"https:\/\/www.globalong.com\/blog\/wp-content\/uploads\/2018\/02\/Paysage-au-Vietnam-avec-Laury-min-240x300.jpg 240w, https:\/\/www.globalong.com\/blog\/wp-content\/uploads\/2018\/02\/Paysage-au-Vietnam-avec-Laury-min-768x960.jpg 768w, https:\/\/www.globalong.com\/blog\/wp-content\/uploads\/2018\/02\/Paysage-au-Vietnam-avec-Laury-min-819x1024.jpg 819w, https:\/\/www.globalong.com\/blog\/wp-content\/uploads\/2018\/02\/Paysage-au-Vietnam-avec-Laury-min-120x150.jpg 120w, https:\/\/www.globalong.com\/blog\/wp-content\/uploads\/2018\/02\/Paysage-au-Vietnam-avec-Laury-min.jpg 1836w\" sizes=\"(max-width: 300px) 100vw, 300px\" \/><\/p>\n<p style=\"text-align: justify;\">Le b\u00e9n\u00e9volat est une exp\u00e9rience de vie unique, dont on ne peut tirer que des b\u00e9n\u00e9fices. Quelles que soient les exp\u00e9riences, elles sont toutes devenues des apprentissages. Il a \u00e9t\u00e9 tr\u00e8s difficile de retrouver la vie fran\u00e7aise. La simplicit\u00e9 de vie du Vietnam, et la simplicit\u00e9 des relations humaines ont manqu\u00e9 d\u00e8s les premi\u00e8res heures.<br \/>\nToutefois le confort n&rsquo;a pas \u00e9t\u00e9 difficile \u00e0 retrouver!<\/p>\n<p style=\"text-align: justify;\">Mon conseil pour les futurs participants\u00a0: Se pr\u00e9parer mentalement \u00e0 une grande exp\u00e9rience. Etre ouvert aux autres et surtout aux diff\u00e9rentes cultures que celle de l&rsquo;occident. Savoir donner sans compter et sans rien attendre en retour.<\/p>\n<p style=\"text-align: justify;\">Je partage avec vous un bon plan pour des excursions\u00a0: Mai Chau, dans les terres, \u00e0 la campagne, tr\u00e8s peu de tourisme, paysage de rizi\u00e8re, de montagnes sublimes et population pauvres mais donnant pourtant tout.<\/p>\n<p style=\"text-align: justify;\">Petite anecdote\u00a0:<\/p>\n<p><img loading=\"lazy\" decoding=\"async\" class=\"wp-image-8764 aligncenter\" src=\"https:\/\/www.globalong.com\/blog\/wp-content\/uploads\/2018\/02\/Vietnam-min-300x260.jpg\" alt=\"\" width=\"300\" height=\"260\" srcset=\"https:\/\/www.globalong.com\/blog\/wp-content\/uploads\/2018\/02\/Vietnam-min-300x260.jpg 300w, https:\/\/www.globalong.com\/blog\/wp-content\/uploads\/2018\/02\/Vietnam-min-768x666.jpg 768w, https:\/\/www.globalong.com\/blog\/wp-content\/uploads\/2018\/02\/Vietnam-min-1024x888.jpg 1024w, https:\/\/www.globalong.com\/blog\/wp-content\/uploads\/2018\/02\/Vietnam-min-150x130.jpg 150w\" sizes=\"(max-width: 300px) 100vw, 300px\" \/><\/p>\n<p style=\"text-align: justify;\">Lors d&rsquo;un voyage \u00e0 BAI DINH, nous nous sommes retrouv\u00e9 moi et mon amie, comme \u00e9tant les deux seules touristes \u00e9trang\u00e8res. En suivant les conseils des locaux nous avons voulu aller dans un endroit de p\u00e9lerinage sans gros tourisme \u00e9tranger. Effectivement ce f\u00fbt le cas. Mais nous avons du faire face \u00e0 une r\u00e9alit\u00e9 incongru. Dans beaucoup de parties du Vietnam ils n&rsquo;ont jamais vu ou alors tr\u00e8s peu d\u2019\u00e9tranger&#8230;. Tout le monde s&rsquo;est mis \u00e0 nous prendre en photo et \u00e0 vouloir poser \u00e0 nos cot\u00e9s.<\/p>\n<p style=\"text-align: justify;\">Sans mentir, ce fut si impressionnant qu&rsquo;au bout de deux heures incessantes de requ\u00eates, nous avons du nous cacher !! Nous ne voulions froisser personne en refusant les photos. <a href=\"https:\/\/www.globalong.com\/blog\/wp-content\/uploads\/2018\/02\/Paysage-Vietnam-min.jpg\"><img loading=\"lazy\" decoding=\"async\" class=\"wp-image-8783 aligncenter\" src=\"https:\/\/www.globalong.com\/blog\/wp-content\/uploads\/2018\/02\/Paysage-Vietnam-min-300x225.jpg\" alt=\"\" width=\"300\" height=\"225\" srcset=\"https:\/\/www.globalong.com\/blog\/wp-content\/uploads\/2018\/02\/Paysage-Vietnam-min-300x225.jpg 300w, https:\/\/www.globalong.com\/blog\/wp-content\/uploads\/2018\/02\/Paysage-Vietnam-min-768x576.jpg 768w, https:\/\/www.globalong.com\/blog\/wp-content\/uploads\/2018\/02\/Paysage-Vietnam-min-1024x768.jpg 1024w, https:\/\/www.globalong.com\/blog\/wp-content\/uploads\/2018\/02\/Paysage-Vietnam-min-150x113.jpg 150w\" sizes=\"(max-width: 300px) 100vw, 300px\" \/><\/a>Fatigu\u00e9es de cette exp\u00e9rience nous avons d\u00e9cider de continuer notre visite de fa\u00e7on beaucoup plus discr\u00e8te afin de ne pas \u00eatre rep\u00e9r\u00e9es. Jamais nous aurions penser vivre une journ\u00e9e des \u00ab\u00a0paparazziades\u00a0\u00bb digne de Brad et Angelina, et pourtant !<\/p>\n<p style=\"text-align: justify;\">Je n&rsquo;ai pas grand-chose \u00e0 dire sur GlobAlong, tout s&rsquo;est extr\u00eamement bien pass\u00e9, r\u00e9activit\u00e9 et bonne humeur dans chacun des contacts par mail que j&rsquo;ai eu. L\u2019\u00e9quipe est pr\u00e9sente en amont, pendant et apr\u00e8s le d\u00e9part. Je me suis senti soutenu tout au long de mon exp\u00e9rience.<\/p>\n<p>&nbsp;<\/p>\n<p class=\"p1\" style=\"text-align: center;\">Pour d\u00e9couvrir les programmes de b\u00e9n\u00e9volat au Vietnam\u00a0<a href=\"https:\/\/www.globalong.com\/sejour-benevolat\/benevolat-vietnam-humanitaire.html\" target=\"_blank\" rel=\"noopener\">cliquez ici<\/a>\u00a0!<\/p>\n<p class=\"p1\" style=\"text-align: center;\">N\u2019h\u00e9sitez pas \u00e0 nous contacter pour plus d\u2019informations \u00e0\u00a0<a href=\"mailto:info@globalong.com\">info@globalong.com<\/a><\/p>\n","protected":false},"excerpt":{"rendered":"<p>T\u00e9moignage de Laury, b\u00e9n\u00e9vole avec Globalong au Vietnam Je m\u2019appelle Laury, j\u2019ai effectu\u00e9 une mission de b\u00e9n\u00e9volat au Vietnam durant quelques semaines. \u00a0Je voulais donner de mon temps pour les autres tout en restant en lien avec ma formation en psychologie. L&rsquo;association locale entrait parfaitement dans mes caract\u00e9ristiques de recherches. Je voulais vivre quelque chose [&hellip;]<\/p>\n","protected":false},"author":7,"featured_media":8783,"parent":883,"menu_order":0,"comment_status":"closed","ping_status":"closed","template":"","meta":{"footnotes":""},"yoast_head":"<!-- This site is optimized with the Yoast SEO Premium plugin v23.4 (Yoast SEO v23.4) - https:\/\/yoast.com\/wordpress\/plugins\/seo\/ -->\n<title>Vietnam - Laury - Association Globalong<\/title>\n<meta name=\"robots\" content=\"index, follow, max-snippet:-1, max-image-preview:large, max-video-preview:-1\" \/>\n<link rel=\"canonical\" href=\"https:\/\/www.globalong.com\/blog\/avis-temoignages-globalong\/vietnam-laury\/\" \/>\n<meta property=\"og:locale\" content=\"fr_FR\" \/>\n<meta property=\"og:type\" content=\"article\" \/>\n<meta property=\"og:title\" content=\"Vietnam - Laury\" \/>\n<meta property=\"og:description\" content=\"T\u00e9moignage de Laury, b\u00e9n\u00e9vole avec Globalong au Vietnam Je m\u2019appelle Laury, j\u2019ai effectu\u00e9 une mission de b\u00e9n\u00e9volat au Vietnam durant quelques semaines. \u00a0Je voulais donner de mon temps pour les autres tout en restant en lien avec ma formation en psychologie. L&rsquo;association locale entrait parfaitement dans mes caract\u00e9ristiques de recherches. Je voulais vivre quelque chose [&hellip;]\" \/>\n<meta property=\"og:url\" content=\"https:\/\/www.globalong.com\/blog\/avis-temoignages-globalong\/vietnam-laury\/\" \/>\n<meta property=\"og:site_name\" content=\"Association Globalong\" \/>\n<meta property=\"article:publisher\" content=\"https:\/\/www.facebook.com\/globalong\" \/>\n<meta property=\"article:modified_time\" content=\"2022-05-08T14:13:35+00:00\" \/>\n<meta property=\"og:image\" content=\"https:\/\/www.globalong.com\/blog\/wp-content\/uploads\/2018\/02\/Paysage-Vietnam-min.jpg\" \/>\n\t<meta property=\"og:image:width\" content=\"4032\" \/>\n\t<meta property=\"og:image:height\" content=\"3024\" \/>\n\t<meta property=\"og:image:type\" content=\"image\/jpeg\" \/>\n<meta name=\"twitter:card\" content=\"summary_large_image\" \/>\n<meta name=\"twitter:label1\" content=\"Dur\u00e9e de lecture estim\u00e9e\" \/>\n\t<meta name=\"twitter:data1\" content=\"3 minutes\" \/>\n<script type=\"application\/ld+json\" class=\"yoast-schema-graph\">{\"@context\":\"https:\/\/schema.org\",\"@graph\":[{\"@type\":\"WebPage\",\"@id\":\"https:\/\/www.globalong.com\/blog\/avis-temoignages-globalong\/vietnam-laury\/\",\"url\":\"https:\/\/www.globalong.com\/blog\/avis-temoignages-globalong\/vietnam-laury\/\",\"name\":\"Vietnam - Laury - Association Globalong\",\"isPartOf\":{\"@id\":\"https:\/\/www.globalong.com\/blog\/#website\"},\"primaryImageOfPage\":{\"@id\":\"https:\/\/www.globalong.com\/blog\/avis-temoignages-globalong\/vietnam-laury\/#primaryimage\"},\"image\":{\"@id\":\"https:\/\/www.globalong.com\/blog\/avis-temoignages-globalong\/vietnam-laury\/#primaryimage\"},\"thumbnailUrl\":\"https:\/\/www.globalong.com\/blog\/wp-content\/uploads\/2018\/02\/Paysage-Vietnam-min.jpg\",\"datePublished\":\"2018-02-01T16:36:07+00:00\",\"dateModified\":\"2022-05-08T14:13:35+00:00\",\"breadcrumb\":{\"@id\":\"https:\/\/www.globalong.com\/blog\/avis-temoignages-globalong\/vietnam-laury\/#breadcrumb\"},\"inLanguage\":\"fr-FR\",\"potentialAction\":[{\"@type\":\"ReadAction\",\"target\":[\"https:\/\/www.globalong.com\/blog\/avis-temoignages-globalong\/vietnam-laury\/\"]}]},{\"@type\":\"ImageObject\",\"inLanguage\":\"fr-FR\",\"@id\":\"https:\/\/www.globalong.com\/blog\/avis-temoignages-globalong\/vietnam-laury\/#primaryimage\",\"url\":\"https:\/\/www.globalong.com\/blog\/wp-content\/uploads\/2018\/02\/Paysage-Vietnam-min.jpg\",\"contentUrl\":\"https:\/\/www.globalong.com\/blog\/wp-content\/uploads\/2018\/02\/Paysage-Vietnam-min.jpg\",\"width\":4032,\"height\":3024},{\"@type\":\"BreadcrumbList\",\"@id\":\"https:\/\/www.globalong.com\/blog\/avis-temoignages-globalong\/vietnam-laury\/#breadcrumb\",\"itemListElement\":[{\"@type\":\"ListItem\",\"position\":1,\"name\":\"Accueil\",\"item\":\"https:\/\/www.globalong.com\/blog\/\"},{\"@type\":\"ListItem\",\"position\":2,\"name\":\"T\u00e9moignages et avis de volontaires Globalong\",\"item\":\"https:\/\/www.globalong.com\/blog\/avis-temoignages-globalong\/\"},{\"@type\":\"ListItem\",\"position\":3,\"name\":\"Vietnam &#8211; Laury\"}]},{\"@type\":\"WebSite\",\"@id\":\"https:\/\/www.globalong.com\/blog\/#website\",\"url\":\"https:\/\/www.globalong.com\/blog\/\",\"name\":\"https:\/\/www.globalong.com\/\",\"description\":\"Mission humanitaire, stage \u00e9tudiant et voyage linguistique\",\"publisher\":{\"@id\":\"https:\/\/www.globalong.com\/blog\/#organization\"},\"potentialAction\":[{\"@type\":\"SearchAction\",\"target\":{\"@type\":\"EntryPoint\",\"urlTemplate\":\"https:\/\/www.globalong.com\/blog\/?s={search_term_string}\"},\"query-input\":{\"@type\":\"PropertyValueSpecification\",\"valueRequired\":true,\"valueName\":\"search_term_string\"}}],\"inLanguage\":\"fr-FR\"},{\"@type\":\"Organization\",\"@id\":\"https:\/\/www.globalong.com\/blog\/#organization\",\"name\":\"Association Globalong\",\"url\":\"https:\/\/www.globalong.com\/blog\/\",\"logo\":{\"@type\":\"ImageObject\",\"inLanguage\":\"fr-FR\",\"@id\":\"https:\/\/www.globalong.com\/blog\/#\/schema\/logo\/image\/\",\"url\":\"https:\/\/www.globalong.com\/blog\/wp-content\/uploads\/2014\/11\/cropped-cropped-Logo-et-Afrique-Globalong-petite-taille-2.jpg\",\"contentUrl\":\"https:\/\/www.globalong.com\/blog\/wp-content\/uploads\/2014\/11\/cropped-cropped-Logo-et-Afrique-Globalong-petite-taille-2.jpg\",\"width\":512,\"height\":512,\"caption\":\"Association Globalong\"},\"image\":{\"@id\":\"https:\/\/www.globalong.com\/blog\/#\/schema\/logo\/image\/\"},\"sameAs\":[\"https:\/\/www.facebook.com\/globalong\"]}]}<\/script>\n<!-- \/ Yoast SEO Premium plugin. -->","yoast_head_json":{"title":"Vietnam - Laury - Association Globalong","robots":{"index":"index","follow":"follow","max-snippet":"max-snippet:-1","max-image-preview":"max-image-preview:large","max-video-preview":"max-video-preview:-1"},"canonical":"https:\/\/www.globalong.com\/blog\/avis-temoignages-globalong\/vietnam-laury\/","og_locale":"fr_FR","og_type":"article","og_title":"Vietnam - Laury","og_description":"T\u00e9moignage de Laury, b\u00e9n\u00e9vole avec Globalong au Vietnam Je m\u2019appelle Laury, j\u2019ai effectu\u00e9 une mission de b\u00e9n\u00e9volat au Vietnam durant quelques semaines. \u00a0Je voulais donner de mon temps pour les autres tout en restant en lien avec ma formation en psychologie. L&rsquo;association locale entrait parfaitement dans mes caract\u00e9ristiques de recherches. Je voulais vivre quelque chose [&hellip;]","og_url":"https:\/\/www.globalong.com\/blog\/avis-temoignages-globalong\/vietnam-laury\/","og_site_name":"Association Globalong","article_publisher":"https:\/\/www.facebook.com\/globalong","article_modified_time":"2022-05-08T14:13:35+00:00","og_image":[{"width":4032,"height":3024,"url":"https:\/\/www.globalong.com\/blog\/wp-content\/uploads\/2018\/02\/Paysage-Vietnam-min.jpg","type":"image\/jpeg"}],"twitter_card":"summary_large_image","twitter_misc":{"Dur\u00e9e de lecture estim\u00e9e":"3 minutes"},"schema":{"@context":"https:\/\/schema.org","@graph":[{"@type":"WebPage","@id":"https:\/\/www.globalong.com\/blog\/avis-temoignages-globalong\/vietnam-laury\/","url":"https:\/\/www.globalong.com\/blog\/avis-temoignages-globalong\/vietnam-laury\/","name":"Vietnam - Laury - Association Globalong","isPartOf":{"@id":"https:\/\/www.globalong.com\/blog\/#website"},"primaryImageOfPage":{"@id":"https:\/\/www.globalong.com\/blog\/avis-temoignages-globalong\/vietnam-laury\/#primaryimage"},"image":{"@id":"https:\/\/www.globalong.com\/blog\/avis-temoignages-globalong\/vietnam-laury\/#primaryimage"},"thumbnailUrl":"https:\/\/www.globalong.com\/blog\/wp-content\/uploads\/2018\/02\/Paysage-Vietnam-min.jpg","datePublished":"2018-02-01T16:36:07+00:00","dateModified":"2022-05-08T14:13:35+00:00","breadcrumb":{"@id":"https:\/\/www.globalong.com\/blog\/avis-temoignages-globalong\/vietnam-laury\/#breadcrumb"},"inLanguage":"fr-FR","potentialAction":[{"@type":"ReadAction","target":["https:\/\/www.globalong.com\/blog\/avis-temoignages-globalong\/vietnam-laury\/"]}]},{"@type":"ImageObject","inLanguage":"fr-FR","@id":"https:\/\/www.globalong.com\/blog\/avis-temoignages-globalong\/vietnam-laury\/#primaryimage","url":"https:\/\/www.globalong.com\/blog\/wp-content\/uploads\/2018\/02\/Paysage-Vietnam-min.jpg","contentUrl":"https:\/\/www.globalong.com\/blog\/wp-content\/uploads\/2018\/02\/Paysage-Vietnam-min.jpg","width":4032,"height":3024},{"@type":"BreadcrumbList","@id":"https:\/\/www.globalong.com\/blog\/avis-temoignages-globalong\/vietnam-laury\/#breadcrumb","itemListElement":[{"@type":"ListItem","position":1,"name":"Accueil","item":"https:\/\/www.globalong.com\/blog\/"},{"@type":"ListItem","position":2,"name":"T\u00e9moignages et avis de volontaires Globalong","item":"https:\/\/www.globalong.com\/blog\/avis-temoignages-globalong\/"},{"@type":"ListItem","position":3,"name":"Vietnam &#8211; Laury"}]},{"@type":"WebSite","@id":"https:\/\/www.globalong.com\/blog\/#website","url":"https:\/\/www.globalong.com\/blog\/","name":"https:\/\/www.globalong.com\/","description":"Mission humanitaire, stage \u00e9tudiant et voyage linguistique","publisher":{"@id":"https:\/\/www.globalong.com\/blog\/#organization"},"potentialAction":[{"@type":"SearchAction","target":{"@type":"EntryPoint","urlTemplate":"https:\/\/www.globalong.com\/blog\/?s={search_term_string}"},"query-input":{"@type":"PropertyValueSpecification","valueRequired":true,"valueName":"search_term_string"}}],"inLanguage":"fr-FR"},{"@type":"Organization","@id":"https:\/\/www.globalong.com\/blog\/#organization","name":"Association Globalong","url":"https:\/\/www.globalong.com\/blog\/","logo":{"@type":"ImageObject","inLanguage":"fr-FR","@id":"https:\/\/www.globalong.com\/blog\/#\/schema\/logo\/image\/","url":"https:\/\/www.globalong.com\/blog\/wp-content\/uploads\/2014\/11\/cropped-cropped-Logo-et-Afrique-Globalong-petite-taille-2.jpg","contentUrl":"https:\/\/www.globalong.com\/blog\/wp-content\/uploads\/2014\/11\/cropped-cropped-Logo-et-Afrique-Globalong-petite-taille-2.jpg","width":512,"height":512,"caption":"Association Globalong"},"image":{"@id":"https:\/\/www.globalong.com\/blog\/#\/schema\/logo\/image\/"},"sameAs":["https:\/\/www.facebook.com\/globalong"]}]}},"_links":{"self":[{"href":"https:\/\/www.globalong.com\/blog\/wp-json\/wp\/v2\/pages\/8760"}],"collection":[{"href":"https:\/\/www.globalong.com\/blog\/wp-json\/wp\/v2\/pages"}],"about":[{"href":"https:\/\/www.globalong.com\/blog\/wp-json\/wp\/v2\/types\/page"}],"author":[{"embeddable":true,"href":"https:\/\/www.globalong.com\/blog\/wp-json\/wp\/v2\/users\/7"}],"replies":[{"embeddable":true,"href":"https:\/\/www.globalong.com\/blog\/wp-json\/wp\/v2\/comments?post=8760"}],"version-history":[{"count":36,"href":"https:\/\/www.globalong.com\/blog\/wp-json\/wp\/v2\/pages\/8760\/revisions"}],"predecessor-version":[{"id":8788,"href":"https:\/\/www.globalong.com\/blog\/wp-json\/wp\/v2\/pages\/8760\/revisions\/8788"}],"up":[{"embeddable":true,"href":"https:\/\/www.globalong.com\/blog\/wp-json\/wp\/v2\/pages\/883"}],"wp:featuredmedia":[{"embeddable":true,"href":"https:\/\/www.globalong.com\/blog\/wp-json\/wp\/v2\/media\/8783"}],"wp:attachment":[{"href":"https:\/\/www.globalong.com\/blog\/wp-json\/wp\/v2\/media?parent=8760"}],"curies":[{"name":"wp","href":"https:\/\/api.w.org\/{rel}","templated":true}]}}