{"id":8887,"date":"2018-02-08T15:05:07","date_gmt":"2018-02-08T14:05:07","guid":{"rendered":"https:\/\/www.globalong.com\/blog\/?page_id=8887"},"modified":"2022-05-07T11:19:59","modified_gmt":"2022-05-07T09:19:59","slug":"sri-lanka-megane","status":"publish","type":"page","link":"https:\/\/www.globalong.com\/blog\/avis-temoignages-globalong\/sri-lanka-megane\/","title":{"rendered":"Sri-Lanka &#8211; M\u00e9gane"},"content":{"rendered":"<p style=\"text-align: center;\"><span style=\"color: #b81657;\"><strong>T\u00e9moignage de M\u00e9gane, b\u00e9n\u00e9vole avec Globalong au Sri Lanka<\/strong><\/span><\/p>\n<p style=\"text-align: justify;\"><a href=\"https:\/\/www.globalong.com\/blog\/wp-content\/uploads\/2018\/02\/P1010451-min.jpg\"><img loading=\"lazy\" decoding=\"async\" class=\"wp-image-8890 size-medium aligncenter\" src=\"https:\/\/www.globalong.com\/blog\/wp-content\/uploads\/2018\/02\/P1010451-min-300x225.jpg\" alt=\"\" width=\"300\" height=\"225\" srcset=\"https:\/\/www.globalong.com\/blog\/wp-content\/uploads\/2018\/02\/P1010451-min-300x225.jpg 300w, https:\/\/www.globalong.com\/blog\/wp-content\/uploads\/2018\/02\/P1010451-min-768x576.jpg 768w, https:\/\/www.globalong.com\/blog\/wp-content\/uploads\/2018\/02\/P1010451-min-1024x768.jpg 1024w, https:\/\/www.globalong.com\/blog\/wp-content\/uploads\/2018\/02\/P1010451-min-150x113.jpg 150w\" sizes=\"(max-width: 300px) 100vw, 300px\" \/><\/a>J&rsquo;ai toujours voulu partir faire de l&rsquo;humanitaire une fois dans ma vie, et suite \u00e0 mon ann\u00e9e scolaire un peu sp\u00e9ciale, c&rsquo;\u00e9tait l&rsquo;occasion de partir \u00e0 ce moment-l\u00e0. Je tenais vraiment \u00e0 partir toute seule pour 2 raisons. La premi\u00e8re, c&rsquo;est pour me concentrer seulement au projet que j&rsquo;ai choisi de faire, qui est l&rsquo;orphelinat et les \u00e9l\u00e9phants. Me rendre compte comment ils vivent, et apporter un peu d&rsquo;aide et d&rsquo;amour \u00e0 ces petits que la vie n&rsquo;a pas g\u00e2t\u00e9s. La deuxi\u00e8me est d&rsquo;\u00eatre totalement \u00ab\u00a0immerg\u00e9e\u00a0\u00bb dans un pays, une culture et un mode de vie diff\u00e9rents, sans aucuns point de rep\u00e8re, pour me prouver que je suis capable de partir seule, de me d\u00e9brouiller seule que ce soit avec une langue qui n&rsquo;est pas la mienne, ou bien juste de prendre l&rsquo;avion avec escale.<\/p>\n<p style=\"text-align: justify;\"><a href=\"https:\/\/www.globalong.com\/blog\/wp-content\/uploads\/2018\/02\/P1010540-min.jpg\"><img loading=\"lazy\" decoding=\"async\" class=\"wp-image-8891 size-medium aligncenter\" src=\"https:\/\/www.globalong.com\/blog\/wp-content\/uploads\/2018\/02\/P1010540-min-300x225.jpg\" alt=\"\" width=\"300\" height=\"225\" srcset=\"https:\/\/www.globalong.com\/blog\/wp-content\/uploads\/2018\/02\/P1010540-min-300x225.jpg 300w, https:\/\/www.globalong.com\/blog\/wp-content\/uploads\/2018\/02\/P1010540-min-768x576.jpg 768w, https:\/\/www.globalong.com\/blog\/wp-content\/uploads\/2018\/02\/P1010540-min-1024x768.jpg 1024w, https:\/\/www.globalong.com\/blog\/wp-content\/uploads\/2018\/02\/P1010540-min-150x113.jpg 150w\" sizes=\"(max-width: 300px) 100vw, 300px\" \/><\/a>Avant de partir, j&rsquo;ai lu des t\u00e9moignage qui disaient que la p\u00e9riode d&rsquo;introduction \u00e9tait trop longue, mais je trouve pas du tout. Les matins on avait cours de langue, de culture et d&rsquo;histoire du <span style=\"text-decoration: underline;\"><a href=\"https:\/\/www.globalong.com\/sejour-benevolat\/sri-lanka.html\" target=\"_blank\" rel=\"noopener\">Sri Lanka<\/a><\/span>. Et les apr\u00e8s-midi, on visitait la ville et les horizons, quelques temples, et on a pu aussi aller \u00e0 deux plages. Je trouve que c&rsquo;est bien, car on peut quand m\u00eame visiter et profiter du pays avant de commencer vraiment notre mission, surtout quand on part plus d&rsquo;un mois. Mes programmes de b\u00e9n\u00e9volat se sont tr\u00e8s bien pass\u00e9s. J&rsquo;ai vraiment aim\u00e9 aller chaque matin, et parfois toute la journ\u00e9e, passer du temps avec ces petits.<\/p>\n<p style=\"text-align: justify;\"><a href=\"https:\/\/www.globalong.com\/blog\/wp-content\/uploads\/2018\/02\/IMG_9911-min.jpg\"><img loading=\"lazy\" decoding=\"async\" class=\"wp-image-8892 aligncenter\" src=\"https:\/\/www.globalong.com\/blog\/wp-content\/uploads\/2018\/02\/IMG_9911-min-225x300.jpg\" alt=\"\" width=\"300\" height=\"400\" srcset=\"https:\/\/www.globalong.com\/blog\/wp-content\/uploads\/2018\/02\/IMG_9911-min-225x300.jpg 225w, https:\/\/www.globalong.com\/blog\/wp-content\/uploads\/2018\/02\/IMG_9911-min-768x1024.jpg 768w, https:\/\/www.globalong.com\/blog\/wp-content\/uploads\/2018\/02\/IMG_9911-min-113x150.jpg 113w\" sizes=\"(max-width: 300px) 100vw, 300px\" \/><\/a>J&rsquo;allais surtout avec les b\u00e9b\u00e9s et ceux jusqu&rsquo;\u00e0 1ans et demi, car j&rsquo;ai pass\u00e9 2 matin\u00e9es \u00e0 la pre-school, ce n&rsquo;est pas pour moi, car je ne sais pas trop comment m&rsquo;y prendre avec des plus grand qui sautent, courent partout&#8230; Avec les \u00e9l\u00e9phants, \u00e7a s&rsquo;est tr\u00e8s bien pass\u00e9 aussi. C&rsquo;est tr\u00e8s impressionnant de travailler avec de si grands animaux. Durant mon programme, le coordinateur m&rsquo;a aid\u00e9 \u00e0 organiser une petite excursion de 4 jours. Nous sommes all\u00e9s \u00e0 Dambulla, au Lion&rsquo;s rock, \u00e0 Kandy etc. Il nous a aussi aid\u00e9 pour pr\u00e9parer une excursion pour aller voir les baleines ainsi que pour m&rsquo;aider \u00e0 prolonger mon VISA.\u00a0 Durant ce programme j&rsquo;ai aussi rencontr\u00e9 3 fran\u00e7aises, nous nous sommes bien entendues, et j&rsquo;ai toujours contact avec elles. Lorsque nous allions dans une ville pour acheter des fruits, ou des bricoles, lorsque nous disions que nous n&rsquo;\u00e9tions pas des touristes mais des volontaires, les marchands baissaient directement les prix, et connaissaient les endroits o\u00f9 nous travaillions, et donc nous pouvions un peu<br \/>\nparler de cela.<\/p>\n<p style=\"text-align: justify;\"><a href=\"https:\/\/www.globalong.com\/blog\/wp-content\/uploads\/2018\/02\/IMG_9924-min.jpg\"><img loading=\"lazy\" decoding=\"async\" class=\"wp-image-8893 size-medium aligncenter\" src=\"https:\/\/www.globalong.com\/blog\/wp-content\/uploads\/2018\/02\/IMG_9924-min-300x225.jpg\" alt=\"\" width=\"300\" height=\"225\" srcset=\"https:\/\/www.globalong.com\/blog\/wp-content\/uploads\/2018\/02\/IMG_9924-min-300x225.jpg 300w, https:\/\/www.globalong.com\/blog\/wp-content\/uploads\/2018\/02\/IMG_9924-min-768x577.jpg 768w, https:\/\/www.globalong.com\/blog\/wp-content\/uploads\/2018\/02\/IMG_9924-min-1024x769.jpg 1024w, https:\/\/www.globalong.com\/blog\/wp-content\/uploads\/2018\/02\/IMG_9924-min-150x113.jpg 150w\" sizes=\"(max-width: 300px) 100vw, 300px\" \/><\/a>De m\u00eame avec les chauffeurs de Tuk Tuk. Une fois, nous \u00e9tions dans le bus avec une autre volontaire, et une dame assez \u00e2g\u00e9e nous regardait en souriant (car nous \u00e9tions les seules \u00ab\u00a0blanches\u00a0\u00bb dans le bus), et nous avons sortis quelques mots et phrases en Cingalais que nous avions appris, et \u00e7a la rendu tr\u00e8s heureuse que nous essayons de parler avec elle dans sa langue. Un apr\u00e8s-midi, lorsque j&rsquo;\u00e9tais aux \u00e9l\u00e9phants, nous sommes aller voir une c\u00e9r\u00e9monie dans une \u00e9cole, pour les enfants qui passaient en classe sup\u00e9rieure, et une fois fini, ils sont venu vers nous et \u00e9taient tr\u00e8s int\u00e9ress\u00e9s par nos appareils photos, alors je les ai laisser faire pleins de photos d&rsquo;eux, et \u00e7a les faisaient beaucoup rire.<\/p>\n<p style=\"text-align: justify;\"><a href=\"https:\/\/www.globalong.com\/blog\/wp-content\/uploads\/2018\/02\/enfants-Sri-Lanka-min.jpg\"><img loading=\"lazy\" decoding=\"async\" class=\"wp-image-8899 size-medium aligncenter\" src=\"https:\/\/www.globalong.com\/blog\/wp-content\/uploads\/2018\/02\/enfants-Sri-Lanka-min-300x225.jpg\" alt=\"\" width=\"300\" height=\"225\" srcset=\"https:\/\/www.globalong.com\/blog\/wp-content\/uploads\/2018\/02\/enfants-Sri-Lanka-min-300x225.jpg 300w, https:\/\/www.globalong.com\/blog\/wp-content\/uploads\/2018\/02\/enfants-Sri-Lanka-min-768x577.jpg 768w, https:\/\/www.globalong.com\/blog\/wp-content\/uploads\/2018\/02\/enfants-Sri-Lanka-min-1024x769.jpg 1024w, https:\/\/www.globalong.com\/blog\/wp-content\/uploads\/2018\/02\/enfants-Sri-Lanka-min-150x113.jpg 150w\" sizes=\"(max-width: 300px) 100vw, 300px\" \/><\/a>Ces programmes de b\u00e9n\u00e9volat m&rsquo;ont permis de me rendre compte que je suis capable de me d\u00e9brouiller seule, m\u00eame dans une autre langue. Que les gens sont beaucoup plus bienveillants que ce que j&rsquo;imaginais. Je me sens plus autonome maintenant, et j&rsquo;ai plus confiance en moi. A part le d\u00e9calage horaire, tout s&rsquo;est tr\u00e8s bien pass\u00e9 pour mon retour en France.Un petit conseil pour les futurs b\u00e9n\u00e9voles:\u00a0Ne pas prendre trop de v\u00eatements, pas de jeans car il fait trop chaud, apporter des jouets et des peluches aux tout petits de l&rsquo;orphelinat, car pour les plus grand, c&rsquo;est tr\u00e8s bien am\u00e9nag\u00e9, par contre pour ces petits, ils n&rsquo;ont rien.<\/p>\n<p style=\"text-align: justify;\"><a href=\"https:\/\/www.globalong.com\/blog\/wp-content\/uploads\/2018\/02\/IMG_9917-min.jpg\"><img loading=\"lazy\" decoding=\"async\" class=\"wp-image-8902 size-medium aligncenter\" src=\"https:\/\/www.globalong.com\/blog\/wp-content\/uploads\/2018\/02\/IMG_9917-min-300x225.jpg\" alt=\"\" width=\"300\" height=\"225\" srcset=\"https:\/\/www.globalong.com\/blog\/wp-content\/uploads\/2018\/02\/IMG_9917-min-300x225.jpg 300w, https:\/\/www.globalong.com\/blog\/wp-content\/uploads\/2018\/02\/IMG_9917-min-768x576.jpg 768w, https:\/\/www.globalong.com\/blog\/wp-content\/uploads\/2018\/02\/IMG_9917-min-1024x768.jpg 1024w, https:\/\/www.globalong.com\/blog\/wp-content\/uploads\/2018\/02\/IMG_9917-min-150x113.jpg 150w\" sizes=\"(max-width: 300px) 100vw, 300px\" \/><\/a>Concernant la communication avec GlobAlong, il n&rsquo;y a rien \u00e0 dire , car j&rsquo;avais beaucoup de question avant de partir, et j&rsquo;ai toujours re\u00e7u des r\u00e9ponse tr\u00e8s rapidement. Quand j&rsquo;\u00e9tais l\u00e0-bas, j&rsquo;ai pu rencontrer la directrice de Globalong, Sophie, et on a un peu parler de l&rsquo;association, et ce qu&rsquo;elle faisait au Sri Lanka, mais aussi dans les autres pays, et j&rsquo;ai pu constater que c&rsquo;est une association qui a beaucoup aid\u00e9 l&rsquo;orphelinat, dans tout ce qui \u00e9tait structures pour les enfants. Et le fait qu&rsquo;elle se d\u00e9place dans chaque pays pour voir comment \u00e7a se passe sur place, on voit encore que c&rsquo;est une association qui prend vraiment au s\u00e9rieux ses engagements et qui n&rsquo;envoient pas ses b\u00e9n\u00e9voles \u00ab\u00a0n&rsquo;importe o\u00f9\u00a0\u00bb.<\/p>\n<p>M\u00e9gane.<\/p>\n<p style=\"text-align: center;\">D\u00e9couvrir plus de photos du Sri-Lanka, <a href=\"https:\/\/www.flickr.com\/photos\/globalong\/albums\/72157645976084208\" target=\"_blank\" rel=\"noopener\">cliquez ici<\/a>\u00a0!<\/p>\n<p style=\"text-align: center;\">Pour d\u00e9couvrir les programmes de b\u00e9n\u00e9volat au Sri Lanka,\u00a0<a href=\"https:\/\/www.globalong.com\/sejour-benevolat\/sri-lanka.html\" target=\"_blank\" rel=\"noopener\">cliquez ici<\/a>\u00a0!<\/p>\n<p style=\"text-align: center;\">D\u00e9couvrir le programme de b\u00e9n\u00e9volat au Sri Lanka avec les \u00e9l\u00e9phants , <a href=\"https:\/\/www.globalong.com\/sejour-benevolat\/elephants-sri-lanka.html\" target=\"_blank\" rel=\"noopener\">cliquez ici<\/a>\u00a0!<\/p>\n<p style=\"text-align: center;\">N\u2019h\u00e9sitez pas \u00e0 nous contacter pour plus d\u2019informations \u00e0\u00a0<a href=\"mailto:info@globalong.com\">info@globalong.com<\/a><\/p>\n","protected":false},"excerpt":{"rendered":"<p>T\u00e9moignage de M\u00e9gane, b\u00e9n\u00e9vole avec Globalong au Sri Lanka J&rsquo;ai toujours voulu partir faire de l&rsquo;humanitaire une fois dans ma vie, et suite \u00e0 mon ann\u00e9e scolaire un peu sp\u00e9ciale, c&rsquo;\u00e9tait l&rsquo;occasion de partir \u00e0 ce moment-l\u00e0. Je tenais vraiment \u00e0 partir toute seule pour 2 raisons. La premi\u00e8re, c&rsquo;est pour me concentrer seulement au [&hellip;]<\/p>\n","protected":false},"author":7,"featured_media":9979,"parent":883,"menu_order":0,"comment_status":"closed","ping_status":"closed","template":"","meta":{"footnotes":""},"yoast_head":"<!-- This site is optimized with the Yoast SEO Premium plugin v23.4 (Yoast SEO v23.4) - https:\/\/yoast.com\/wordpress\/plugins\/seo\/ -->\n<title>Sri-Lanka - M\u00e9gane - Association Globalong<\/title>\n<meta name=\"robots\" content=\"index, follow, max-snippet:-1, max-image-preview:large, max-video-preview:-1\" \/>\n<link rel=\"canonical\" href=\"https:\/\/www.globalong.com\/blog\/avis-temoignages-globalong\/sri-lanka-megane\/\" \/>\n<meta property=\"og:locale\" content=\"fr_FR\" \/>\n<meta property=\"og:type\" content=\"article\" \/>\n<meta property=\"og:title\" content=\"Sri-Lanka - M\u00e9gane\" \/>\n<meta property=\"og:description\" content=\"T\u00e9moignage de M\u00e9gane, b\u00e9n\u00e9vole avec Globalong au Sri Lanka J&rsquo;ai toujours voulu partir faire de l&rsquo;humanitaire une fois dans ma vie, et suite \u00e0 mon ann\u00e9e scolaire un peu sp\u00e9ciale, c&rsquo;\u00e9tait l&rsquo;occasion de partir \u00e0 ce moment-l\u00e0. Je tenais vraiment \u00e0 partir toute seule pour 2 raisons. La premi\u00e8re, c&rsquo;est pour me concentrer seulement au [&hellip;]\" \/>\n<meta property=\"og:url\" content=\"https:\/\/www.globalong.com\/blog\/avis-temoignages-globalong\/sri-lanka-megane\/\" \/>\n<meta property=\"og:site_name\" content=\"Association Globalong\" \/>\n<meta property=\"article:publisher\" content=\"https:\/\/www.facebook.com\/globalong\" \/>\n<meta property=\"article:modified_time\" content=\"2022-05-07T09:19:59+00:00\" \/>\n<meta property=\"og:image\" content=\"https:\/\/www.globalong.com\/blog\/wp-content\/uploads\/2018\/05\/35879360314_fcd079d43a_o-min-1024x578.jpg\" \/>\n\t<meta property=\"og:image:width\" content=\"1024\" \/>\n\t<meta property=\"og:image:height\" content=\"578\" \/>\n\t<meta property=\"og:image:type\" content=\"image\/jpeg\" \/>\n<meta name=\"twitter:card\" content=\"summary_large_image\" \/>\n<meta name=\"twitter:label1\" content=\"Dur\u00e9e de lecture estim\u00e9e\" \/>\n\t<meta name=\"twitter:data1\" content=\"4 minutes\" \/>\n<script type=\"application\/ld+json\" class=\"yoast-schema-graph\">{\"@context\":\"https:\/\/schema.org\",\"@graph\":[{\"@type\":\"WebPage\",\"@id\":\"https:\/\/www.globalong.com\/blog\/avis-temoignages-globalong\/sri-lanka-megane\/\",\"url\":\"https:\/\/www.globalong.com\/blog\/avis-temoignages-globalong\/sri-lanka-megane\/\",\"name\":\"Sri-Lanka - M\u00e9gane - Association Globalong\",\"isPartOf\":{\"@id\":\"https:\/\/www.globalong.com\/blog\/#website\"},\"primaryImageOfPage\":{\"@id\":\"https:\/\/www.globalong.com\/blog\/avis-temoignages-globalong\/sri-lanka-megane\/#primaryimage\"},\"image\":{\"@id\":\"https:\/\/www.globalong.com\/blog\/avis-temoignages-globalong\/sri-lanka-megane\/#primaryimage\"},\"thumbnailUrl\":\"https:\/\/www.globalong.com\/blog\/wp-content\/uploads\/2018\/05\/35879360314_fcd079d43a_o-min.jpg\",\"datePublished\":\"2018-02-08T14:05:07+00:00\",\"dateModified\":\"2022-05-07T09:19:59+00:00\",\"breadcrumb\":{\"@id\":\"https:\/\/www.globalong.com\/blog\/avis-temoignages-globalong\/sri-lanka-megane\/#breadcrumb\"},\"inLanguage\":\"fr-FR\",\"potentialAction\":[{\"@type\":\"ReadAction\",\"target\":[\"https:\/\/www.globalong.com\/blog\/avis-temoignages-globalong\/sri-lanka-megane\/\"]}]},{\"@type\":\"ImageObject\",\"inLanguage\":\"fr-FR\",\"@id\":\"https:\/\/www.globalong.com\/blog\/avis-temoignages-globalong\/sri-lanka-megane\/#primaryimage\",\"url\":\"https:\/\/www.globalong.com\/blog\/wp-content\/uploads\/2018\/05\/35879360314_fcd079d43a_o-min.jpg\",\"contentUrl\":\"https:\/\/www.globalong.com\/blog\/wp-content\/uploads\/2018\/05\/35879360314_fcd079d43a_o-min.jpg\",\"width\":5984,\"height\":3376,\"caption\":\"Mission protection animale - Des b\u00e9n\u00e9voles soignent un \u00e9l\u00e9phant en Tha\u00eflande\"},{\"@type\":\"BreadcrumbList\",\"@id\":\"https:\/\/www.globalong.com\/blog\/avis-temoignages-globalong\/sri-lanka-megane\/#breadcrumb\",\"itemListElement\":[{\"@type\":\"ListItem\",\"position\":1,\"name\":\"Accueil\",\"item\":\"https:\/\/www.globalong.com\/blog\/\"},{\"@type\":\"ListItem\",\"position\":2,\"name\":\"T\u00e9moignages et avis de volontaires Globalong\",\"item\":\"https:\/\/www.globalong.com\/blog\/avis-temoignages-globalong\/\"},{\"@type\":\"ListItem\",\"position\":3,\"name\":\"Sri-Lanka &#8211; M\u00e9gane\"}]},{\"@type\":\"WebSite\",\"@id\":\"https:\/\/www.globalong.com\/blog\/#website\",\"url\":\"https:\/\/www.globalong.com\/blog\/\",\"name\":\"https:\/\/www.globalong.com\/\",\"description\":\"Mission humanitaire, stage \u00e9tudiant et voyage linguistique\",\"publisher\":{\"@id\":\"https:\/\/www.globalong.com\/blog\/#organization\"},\"potentialAction\":[{\"@type\":\"SearchAction\",\"target\":{\"@type\":\"EntryPoint\",\"urlTemplate\":\"https:\/\/www.globalong.com\/blog\/?s={search_term_string}\"},\"query-input\":{\"@type\":\"PropertyValueSpecification\",\"valueRequired\":true,\"valueName\":\"search_term_string\"}}],\"inLanguage\":\"fr-FR\"},{\"@type\":\"Organization\",\"@id\":\"https:\/\/www.globalong.com\/blog\/#organization\",\"name\":\"Association Globalong\",\"url\":\"https:\/\/www.globalong.com\/blog\/\",\"logo\":{\"@type\":\"ImageObject\",\"inLanguage\":\"fr-FR\",\"@id\":\"https:\/\/www.globalong.com\/blog\/#\/schema\/logo\/image\/\",\"url\":\"https:\/\/www.globalong.com\/blog\/wp-content\/uploads\/2014\/11\/cropped-cropped-Logo-et-Afrique-Globalong-petite-taille-2.jpg\",\"contentUrl\":\"https:\/\/www.globalong.com\/blog\/wp-content\/uploads\/2014\/11\/cropped-cropped-Logo-et-Afrique-Globalong-petite-taille-2.jpg\",\"width\":512,\"height\":512,\"caption\":\"Association Globalong\"},\"image\":{\"@id\":\"https:\/\/www.globalong.com\/blog\/#\/schema\/logo\/image\/\"},\"sameAs\":[\"https:\/\/www.facebook.com\/globalong\"]}]}<\/script>\n<!-- \/ Yoast SEO Premium plugin. -->","yoast_head_json":{"title":"Sri-Lanka - M\u00e9gane - Association Globalong","robots":{"index":"index","follow":"follow","max-snippet":"max-snippet:-1","max-image-preview":"max-image-preview:large","max-video-preview":"max-video-preview:-1"},"canonical":"https:\/\/www.globalong.com\/blog\/avis-temoignages-globalong\/sri-lanka-megane\/","og_locale":"fr_FR","og_type":"article","og_title":"Sri-Lanka - M\u00e9gane","og_description":"T\u00e9moignage de M\u00e9gane, b\u00e9n\u00e9vole avec Globalong au Sri Lanka J&rsquo;ai toujours voulu partir faire de l&rsquo;humanitaire une fois dans ma vie, et suite \u00e0 mon ann\u00e9e scolaire un peu sp\u00e9ciale, c&rsquo;\u00e9tait l&rsquo;occasion de partir \u00e0 ce moment-l\u00e0. Je tenais vraiment \u00e0 partir toute seule pour 2 raisons. La premi\u00e8re, c&rsquo;est pour me concentrer seulement au [&hellip;]","og_url":"https:\/\/www.globalong.com\/blog\/avis-temoignages-globalong\/sri-lanka-megane\/","og_site_name":"Association Globalong","article_publisher":"https:\/\/www.facebook.com\/globalong","article_modified_time":"2022-05-07T09:19:59+00:00","og_image":[{"width":1024,"height":578,"url":"https:\/\/www.globalong.com\/blog\/wp-content\/uploads\/2018\/05\/35879360314_fcd079d43a_o-min-1024x578.jpg","type":"image\/jpeg"}],"twitter_card":"summary_large_image","twitter_misc":{"Dur\u00e9e de lecture estim\u00e9e":"4 minutes"},"schema":{"@context":"https:\/\/schema.org","@graph":[{"@type":"WebPage","@id":"https:\/\/www.globalong.com\/blog\/avis-temoignages-globalong\/sri-lanka-megane\/","url":"https:\/\/www.globalong.com\/blog\/avis-temoignages-globalong\/sri-lanka-megane\/","name":"Sri-Lanka - M\u00e9gane - Association Globalong","isPartOf":{"@id":"https:\/\/www.globalong.com\/blog\/#website"},"primaryImageOfPage":{"@id":"https:\/\/www.globalong.com\/blog\/avis-temoignages-globalong\/sri-lanka-megane\/#primaryimage"},"image":{"@id":"https:\/\/www.globalong.com\/blog\/avis-temoignages-globalong\/sri-lanka-megane\/#primaryimage"},"thumbnailUrl":"https:\/\/www.globalong.com\/blog\/wp-content\/uploads\/2018\/05\/35879360314_fcd079d43a_o-min.jpg","datePublished":"2018-02-08T14:05:07+00:00","dateModified":"2022-05-07T09:19:59+00:00","breadcrumb":{"@id":"https:\/\/www.globalong.com\/blog\/avis-temoignages-globalong\/sri-lanka-megane\/#breadcrumb"},"inLanguage":"fr-FR","potentialAction":[{"@type":"ReadAction","target":["https:\/\/www.globalong.com\/blog\/avis-temoignages-globalong\/sri-lanka-megane\/"]}]},{"@type":"ImageObject","inLanguage":"fr-FR","@id":"https:\/\/www.globalong.com\/blog\/avis-temoignages-globalong\/sri-lanka-megane\/#primaryimage","url":"https:\/\/www.globalong.com\/blog\/wp-content\/uploads\/2018\/05\/35879360314_fcd079d43a_o-min.jpg","contentUrl":"https:\/\/www.globalong.com\/blog\/wp-content\/uploads\/2018\/05\/35879360314_fcd079d43a_o-min.jpg","width":5984,"height":3376,"caption":"Mission protection animale - Des b\u00e9n\u00e9voles soignent un \u00e9l\u00e9phant en Tha\u00eflande"},{"@type":"BreadcrumbList","@id":"https:\/\/www.globalong.com\/blog\/avis-temoignages-globalong\/sri-lanka-megane\/#breadcrumb","itemListElement":[{"@type":"ListItem","position":1,"name":"Accueil","item":"https:\/\/www.globalong.com\/blog\/"},{"@type":"ListItem","position":2,"name":"T\u00e9moignages et avis de volontaires Globalong","item":"https:\/\/www.globalong.com\/blog\/avis-temoignages-globalong\/"},{"@type":"ListItem","position":3,"name":"Sri-Lanka &#8211; M\u00e9gane"}]},{"@type":"WebSite","@id":"https:\/\/www.globalong.com\/blog\/#website","url":"https:\/\/www.globalong.com\/blog\/","name":"https:\/\/www.globalong.com\/","description":"Mission humanitaire, stage \u00e9tudiant et voyage linguistique","publisher":{"@id":"https:\/\/www.globalong.com\/blog\/#organization"},"potentialAction":[{"@type":"SearchAction","target":{"@type":"EntryPoint","urlTemplate":"https:\/\/www.globalong.com\/blog\/?s={search_term_string}"},"query-input":{"@type":"PropertyValueSpecification","valueRequired":true,"valueName":"search_term_string"}}],"inLanguage":"fr-FR"},{"@type":"Organization","@id":"https:\/\/www.globalong.com\/blog\/#organization","name":"Association Globalong","url":"https:\/\/www.globalong.com\/blog\/","logo":{"@type":"ImageObject","inLanguage":"fr-FR","@id":"https:\/\/www.globalong.com\/blog\/#\/schema\/logo\/image\/","url":"https:\/\/www.globalong.com\/blog\/wp-content\/uploads\/2014\/11\/cropped-cropped-Logo-et-Afrique-Globalong-petite-taille-2.jpg","contentUrl":"https:\/\/www.globalong.com\/blog\/wp-content\/uploads\/2014\/11\/cropped-cropped-Logo-et-Afrique-Globalong-petite-taille-2.jpg","width":512,"height":512,"caption":"Association Globalong"},"image":{"@id":"https:\/\/www.globalong.com\/blog\/#\/schema\/logo\/image\/"},"sameAs":["https:\/\/www.facebook.com\/globalong"]}]}},"_links":{"self":[{"href":"https:\/\/www.globalong.com\/blog\/wp-json\/wp\/v2\/pages\/8887"}],"collection":[{"href":"https:\/\/www.globalong.com\/blog\/wp-json\/wp\/v2\/pages"}],"about":[{"href":"https:\/\/www.globalong.com\/blog\/wp-json\/wp\/v2\/types\/page"}],"author":[{"embeddable":true,"href":"https:\/\/www.globalong.com\/blog\/wp-json\/wp\/v2\/users\/7"}],"replies":[{"embeddable":true,"href":"https:\/\/www.globalong.com\/blog\/wp-json\/wp\/v2\/comments?post=8887"}],"version-history":[{"count":16,"href":"https:\/\/www.globalong.com\/blog\/wp-json\/wp\/v2\/pages\/8887\/revisions"}],"predecessor-version":[{"id":14578,"href":"https:\/\/www.globalong.com\/blog\/wp-json\/wp\/v2\/pages\/8887\/revisions\/14578"}],"up":[{"embeddable":true,"href":"https:\/\/www.globalong.com\/blog\/wp-json\/wp\/v2\/pages\/883"}],"wp:featuredmedia":[{"embeddable":true,"href":"https:\/\/www.globalong.com\/blog\/wp-json\/wp\/v2\/media\/9979"}],"wp:attachment":[{"href":"https:\/\/www.globalong.com\/blog\/wp-json\/wp\/v2\/media?parent=8887"}],"curies":[{"name":"wp","href":"https:\/\/api.w.org\/{rel}","templated":true}]}}