{"id":896,"date":"2016-01-27T15:29:44","date_gmt":"2016-01-27T14:29:44","guid":{"rendered":"https:\/\/www.globalong.com\/blog\/?page_id=896"},"modified":"2022-05-06T10:02:30","modified_gmt":"2022-05-06T08:02:30","slug":"elodie-kenya","status":"publish","type":"page","link":"https:\/\/www.globalong.com\/blog\/avis-temoignages-globalong\/elodie-kenya\/","title":{"rendered":"Kenya &#8211; Elodie"},"content":{"rendered":"<p style=\"text-align: center;\"><span style=\"color: #b81657;\"><strong>T\u00e9moignage d&rsquo;Elodie, b\u00e9n\u00e9vole avec Globalong au Kenya<\/strong><\/span><\/p>\n<p style=\"text-align: justify;\"><a href=\"https:\/\/www.globalong.com\/blog\/wp-content\/uploads\/2016\/01\/IMG_20151101_112525.jpg\"><img loading=\"lazy\" decoding=\"async\" class=\"size-medium wp-image-898 aligncenter\" src=\"https:\/\/www.globalong.com\/blog\/wp-content\/uploads\/2016\/01\/IMG_20151101_112525-300x225.jpg\" alt=\"Elodie en sourire\" width=\"300\" height=\"225\" srcset=\"https:\/\/www.globalong.com\/blog\/wp-content\/uploads\/2016\/01\/IMG_20151101_112525-300x225.jpg 300w, https:\/\/www.globalong.com\/blog\/wp-content\/uploads\/2016\/01\/IMG_20151101_112525-1024x768.jpg 1024w, https:\/\/www.globalong.com\/blog\/wp-content\/uploads\/2016\/01\/IMG_20151101_112525-150x113.jpg 150w, https:\/\/www.globalong.com\/blog\/wp-content\/uploads\/2016\/01\/IMG_20151101_112525.jpg 1280w\" sizes=\"(max-width: 300px) 100vw, 300px\" \/><\/a>J&rsquo;ai ador\u00e9e mes deux premi\u00e8res semaines vraiment j&rsquo;aime beaucoup trop la place. Le temps passe beaucoup trop vite, je regrette de ne pas avoir choisi de rester plus longtemps&#8230;<\/p>\n<p style=\"text-align: justify;\">Je suis aller les deux derniers dimanche \u00e0 l&rsquo;orphelinat pour aid\u00e9 lors du programme pour nourir les \u00ab\u00a0streets boys\u00a0\u00bb. Je crois que c&rsquo;est l&rsquo;exp\u00e9rience que j&rsquo;ai aim\u00e9 le plus depuis mon arriv\u00e9e \ud83d\ude42<\/p>\n<p style=\"text-align: justify;\">Deniss qui travail \u00e0 l&rsquo;orphelinat me fait visiter un peu la place, il vient souvent me reconduire en ville et me fait d\u00e9couvrir de nouveaux endroits c&rsquo;est vraiment appr\u00e9ci\u00e9 \ud83d\ude42 on est all\u00e9e au <a href=\"https:\/\/www.globalong.com\/blog\/wp-content\/uploads\/2016\/01\/12348024_1109745622378506_7954220766398639346_n.jpg\"><img loading=\"lazy\" decoding=\"async\" class=\"size-medium wp-image-900 aligncenter\" src=\"https:\/\/www.globalong.com\/blog\/wp-content\/uploads\/2016\/01\/12348024_1109745622378506_7954220766398639346_n-300x225.jpg\" alt=\"D\u00e9couverte Elodie\" width=\"300\" height=\"225\" srcset=\"https:\/\/www.globalong.com\/blog\/wp-content\/uploads\/2016\/01\/12348024_1109745622378506_7954220766398639346_n-300x225.jpg 300w, https:\/\/www.globalong.com\/blog\/wp-content\/uploads\/2016\/01\/12348024_1109745622378506_7954220766398639346_n-150x113.jpg 150w, https:\/\/www.globalong.com\/blog\/wp-content\/uploads\/2016\/01\/12348024_1109745622378506_7954220766398639346_n.jpg 960w\" sizes=\"(max-width: 300px) 100vw, 300px\" \/><\/a>europian park, aux archives national du kenya, au masai market, au city park.<\/p>\n<p style=\"text-align: justify;\">Avec la gang qui habite chez C\u00e9cilia nous sommes aller dans un refuge pour animaux o\u00f9 deux des gars travail, on est all\u00e9 visiter le village market ainsi qu&rsquo;un deuxi\u00e8me Orphelinat. Et demain nous allons au \u00ab\u00a0lake Nakuru\u00a0\u00bb.<\/p>\n<p style=\"text-align: justify;\">J&rsquo;aime aussi beaucoup aid\u00e9 \u00e0 l&rsquo;orphelinat \ud83d\ude42 les enfants adorent lorsqu&rsquo;on prend des photos d&rsquo;eux, ils sont vraiment mignon \ud83d\ude42<\/p>\n<p style=\"text-align: center;\">Pour d\u00e9couvrir plus de photos du Kenya, <span style=\"text-decoration: underline;\"><a href=\"https:\/\/www.flickr.com\/photos\/globalong\/albums\/72157645976084208\" target=\"_blank\" rel=\"noopener\">cliquez ici<\/a><\/span> !<\/p>\n<p style=\"text-align: center;\">Pour plus d&rsquo;informations sur le programme au Kenya, <span style=\"text-decoration: underline;\"><a href=\"https:\/\/www.globalong.com\/sejour-benevolat\/benevolat-kenya.html\">cliquez ici<\/a><\/span>\u00a0!<\/p>\n<p style=\"text-align: center;\">N&rsquo;h\u00e9sitez pas \u00e0 nous contacter pour plus d&rsquo;informations \u00e0 <span style=\"text-decoration: underline; color: #b81657;\"><a style=\"color: #b81657; text-decoration: underline;\" href=\"mailto:info@globalong.com\">info@globalong.com<\/a><\/span><\/p>\n<p>&nbsp;<\/p>\n","protected":false},"excerpt":{"rendered":"<p>T\u00e9moignage d&rsquo;Elodie, b\u00e9n\u00e9vole avec Globalong au Kenya J&rsquo;ai ador\u00e9e mes deux premi\u00e8res semaines vraiment j&rsquo;aime beaucoup trop la place. Le temps passe beaucoup trop vite, je regrette de ne pas avoir choisi de rester plus longtemps&#8230; Je suis aller les deux derniers dimanche \u00e0 l&rsquo;orphelinat pour aid\u00e9 lors du programme pour nourir les \u00ab\u00a0streets boys\u00a0\u00bb. [&hellip;]<\/p>\n","protected":false},"author":1,"featured_media":898,"parent":883,"menu_order":0,"comment_status":"open","ping_status":"closed","template":"","meta":{"footnotes":""},"yoast_head":"<!-- This site is optimized with the Yoast SEO Premium plugin v23.4 (Yoast SEO v23.4) - https:\/\/yoast.com\/wordpress\/plugins\/seo\/ -->\n<title>Kenya - Elodie - Association Globalong<\/title>\n<meta name=\"robots\" content=\"index, follow, max-snippet:-1, max-image-preview:large, max-video-preview:-1\" \/>\n<link rel=\"canonical\" href=\"https:\/\/www.globalong.com\/blog\/avis-temoignages-globalong\/elodie-kenya\/\" \/>\n<meta property=\"og:locale\" content=\"fr_FR\" \/>\n<meta property=\"og:type\" content=\"article\" \/>\n<meta property=\"og:title\" content=\"Kenya - Elodie\" \/>\n<meta property=\"og:description\" content=\"T\u00e9moignage d&rsquo;Elodie, b\u00e9n\u00e9vole avec Globalong au Kenya J&rsquo;ai ador\u00e9e mes deux premi\u00e8res semaines vraiment j&rsquo;aime beaucoup trop la place. Le temps passe beaucoup trop vite, je regrette de ne pas avoir choisi de rester plus longtemps&#8230; Je suis aller les deux derniers dimanche \u00e0 l&rsquo;orphelinat pour aid\u00e9 lors du programme pour nourir les \u00ab\u00a0streets boys\u00a0\u00bb. [&hellip;]\" \/>\n<meta property=\"og:url\" content=\"https:\/\/www.globalong.com\/blog\/avis-temoignages-globalong\/elodie-kenya\/\" \/>\n<meta property=\"og:site_name\" content=\"Association Globalong\" \/>\n<meta property=\"article:publisher\" content=\"https:\/\/www.facebook.com\/globalong\" \/>\n<meta property=\"article:modified_time\" content=\"2022-05-06T08:02:30+00:00\" \/>\n<meta property=\"og:image\" content=\"https:\/\/www.globalong.com\/blog\/wp-content\/uploads\/2016\/01\/IMG_20151101_112525.jpg\" \/>\n\t<meta property=\"og:image:width\" content=\"1280\" \/>\n\t<meta property=\"og:image:height\" content=\"960\" \/>\n\t<meta property=\"og:image:type\" content=\"image\/jpeg\" \/>\n<meta name=\"twitter:card\" content=\"summary_large_image\" \/>\n<meta name=\"twitter:label1\" content=\"Dur\u00e9e de lecture estim\u00e9e\" \/>\n\t<meta name=\"twitter:data1\" content=\"1 minute\" \/>\n<script type=\"application\/ld+json\" class=\"yoast-schema-graph\">{\"@context\":\"https:\/\/schema.org\",\"@graph\":[{\"@type\":\"WebPage\",\"@id\":\"https:\/\/www.globalong.com\/blog\/avis-temoignages-globalong\/elodie-kenya\/\",\"url\":\"https:\/\/www.globalong.com\/blog\/avis-temoignages-globalong\/elodie-kenya\/\",\"name\":\"Kenya - Elodie - Association Globalong\",\"isPartOf\":{\"@id\":\"https:\/\/www.globalong.com\/blog\/#website\"},\"primaryImageOfPage\":{\"@id\":\"https:\/\/www.globalong.com\/blog\/avis-temoignages-globalong\/elodie-kenya\/#primaryimage\"},\"image\":{\"@id\":\"https:\/\/www.globalong.com\/blog\/avis-temoignages-globalong\/elodie-kenya\/#primaryimage\"},\"thumbnailUrl\":\"https:\/\/www.globalong.com\/blog\/wp-content\/uploads\/2016\/01\/IMG_20151101_112525.jpg\",\"datePublished\":\"2016-01-27T14:29:44+00:00\",\"dateModified\":\"2022-05-06T08:02:30+00:00\",\"breadcrumb\":{\"@id\":\"https:\/\/www.globalong.com\/blog\/avis-temoignages-globalong\/elodie-kenya\/#breadcrumb\"},\"inLanguage\":\"fr-FR\",\"potentialAction\":[{\"@type\":\"ReadAction\",\"target\":[\"https:\/\/www.globalong.com\/blog\/avis-temoignages-globalong\/elodie-kenya\/\"]}]},{\"@type\":\"ImageObject\",\"inLanguage\":\"fr-FR\",\"@id\":\"https:\/\/www.globalong.com\/blog\/avis-temoignages-globalong\/elodie-kenya\/#primaryimage\",\"url\":\"https:\/\/www.globalong.com\/blog\/wp-content\/uploads\/2016\/01\/IMG_20151101_112525.jpg\",\"contentUrl\":\"https:\/\/www.globalong.com\/blog\/wp-content\/uploads\/2016\/01\/IMG_20151101_112525.jpg\",\"width\":1280,\"height\":960},{\"@type\":\"BreadcrumbList\",\"@id\":\"https:\/\/www.globalong.com\/blog\/avis-temoignages-globalong\/elodie-kenya\/#breadcrumb\",\"itemListElement\":[{\"@type\":\"ListItem\",\"position\":1,\"name\":\"Accueil\",\"item\":\"https:\/\/www.globalong.com\/blog\/\"},{\"@type\":\"ListItem\",\"position\":2,\"name\":\"T\u00e9moignages et avis de volontaires Globalong\",\"item\":\"https:\/\/www.globalong.com\/blog\/avis-temoignages-globalong\/\"},{\"@type\":\"ListItem\",\"position\":3,\"name\":\"Kenya &#8211; Elodie\"}]},{\"@type\":\"WebSite\",\"@id\":\"https:\/\/www.globalong.com\/blog\/#website\",\"url\":\"https:\/\/www.globalong.com\/blog\/\",\"name\":\"https:\/\/www.globalong.com\/\",\"description\":\"Mission humanitaire, stage \u00e9tudiant et voyage linguistique\",\"publisher\":{\"@id\":\"https:\/\/www.globalong.com\/blog\/#organization\"},\"potentialAction\":[{\"@type\":\"SearchAction\",\"target\":{\"@type\":\"EntryPoint\",\"urlTemplate\":\"https:\/\/www.globalong.com\/blog\/?s={search_term_string}\"},\"query-input\":{\"@type\":\"PropertyValueSpecification\",\"valueRequired\":true,\"valueName\":\"search_term_string\"}}],\"inLanguage\":\"fr-FR\"},{\"@type\":\"Organization\",\"@id\":\"https:\/\/www.globalong.com\/blog\/#organization\",\"name\":\"Association Globalong\",\"url\":\"https:\/\/www.globalong.com\/blog\/\",\"logo\":{\"@type\":\"ImageObject\",\"inLanguage\":\"fr-FR\",\"@id\":\"https:\/\/www.globalong.com\/blog\/#\/schema\/logo\/image\/\",\"url\":\"https:\/\/www.globalong.com\/blog\/wp-content\/uploads\/2014\/11\/cropped-cropped-Logo-et-Afrique-Globalong-petite-taille-2.jpg\",\"contentUrl\":\"https:\/\/www.globalong.com\/blog\/wp-content\/uploads\/2014\/11\/cropped-cropped-Logo-et-Afrique-Globalong-petite-taille-2.jpg\",\"width\":512,\"height\":512,\"caption\":\"Association Globalong\"},\"image\":{\"@id\":\"https:\/\/www.globalong.com\/blog\/#\/schema\/logo\/image\/\"},\"sameAs\":[\"https:\/\/www.facebook.com\/globalong\"]}]}<\/script>\n<!-- \/ Yoast SEO Premium plugin. -->","yoast_head_json":{"title":"Kenya - Elodie - Association Globalong","robots":{"index":"index","follow":"follow","max-snippet":"max-snippet:-1","max-image-preview":"max-image-preview:large","max-video-preview":"max-video-preview:-1"},"canonical":"https:\/\/www.globalong.com\/blog\/avis-temoignages-globalong\/elodie-kenya\/","og_locale":"fr_FR","og_type":"article","og_title":"Kenya - Elodie","og_description":"T\u00e9moignage d&rsquo;Elodie, b\u00e9n\u00e9vole avec Globalong au Kenya J&rsquo;ai ador\u00e9e mes deux premi\u00e8res semaines vraiment j&rsquo;aime beaucoup trop la place. Le temps passe beaucoup trop vite, je regrette de ne pas avoir choisi de rester plus longtemps&#8230; Je suis aller les deux derniers dimanche \u00e0 l&rsquo;orphelinat pour aid\u00e9 lors du programme pour nourir les \u00ab\u00a0streets boys\u00a0\u00bb. [&hellip;]","og_url":"https:\/\/www.globalong.com\/blog\/avis-temoignages-globalong\/elodie-kenya\/","og_site_name":"Association Globalong","article_publisher":"https:\/\/www.facebook.com\/globalong","article_modified_time":"2022-05-06T08:02:30+00:00","og_image":[{"width":1280,"height":960,"url":"https:\/\/www.globalong.com\/blog\/wp-content\/uploads\/2016\/01\/IMG_20151101_112525.jpg","type":"image\/jpeg"}],"twitter_card":"summary_large_image","twitter_misc":{"Dur\u00e9e de lecture estim\u00e9e":"1 minute"},"schema":{"@context":"https:\/\/schema.org","@graph":[{"@type":"WebPage","@id":"https:\/\/www.globalong.com\/blog\/avis-temoignages-globalong\/elodie-kenya\/","url":"https:\/\/www.globalong.com\/blog\/avis-temoignages-globalong\/elodie-kenya\/","name":"Kenya - Elodie - Association Globalong","isPartOf":{"@id":"https:\/\/www.globalong.com\/blog\/#website"},"primaryImageOfPage":{"@id":"https:\/\/www.globalong.com\/blog\/avis-temoignages-globalong\/elodie-kenya\/#primaryimage"},"image":{"@id":"https:\/\/www.globalong.com\/blog\/avis-temoignages-globalong\/elodie-kenya\/#primaryimage"},"thumbnailUrl":"https:\/\/www.globalong.com\/blog\/wp-content\/uploads\/2016\/01\/IMG_20151101_112525.jpg","datePublished":"2016-01-27T14:29:44+00:00","dateModified":"2022-05-06T08:02:30+00:00","breadcrumb":{"@id":"https:\/\/www.globalong.com\/blog\/avis-temoignages-globalong\/elodie-kenya\/#breadcrumb"},"inLanguage":"fr-FR","potentialAction":[{"@type":"ReadAction","target":["https:\/\/www.globalong.com\/blog\/avis-temoignages-globalong\/elodie-kenya\/"]}]},{"@type":"ImageObject","inLanguage":"fr-FR","@id":"https:\/\/www.globalong.com\/blog\/avis-temoignages-globalong\/elodie-kenya\/#primaryimage","url":"https:\/\/www.globalong.com\/blog\/wp-content\/uploads\/2016\/01\/IMG_20151101_112525.jpg","contentUrl":"https:\/\/www.globalong.com\/blog\/wp-content\/uploads\/2016\/01\/IMG_20151101_112525.jpg","width":1280,"height":960},{"@type":"BreadcrumbList","@id":"https:\/\/www.globalong.com\/blog\/avis-temoignages-globalong\/elodie-kenya\/#breadcrumb","itemListElement":[{"@type":"ListItem","position":1,"name":"Accueil","item":"https:\/\/www.globalong.com\/blog\/"},{"@type":"ListItem","position":2,"name":"T\u00e9moignages et avis de volontaires Globalong","item":"https:\/\/www.globalong.com\/blog\/avis-temoignages-globalong\/"},{"@type":"ListItem","position":3,"name":"Kenya &#8211; Elodie"}]},{"@type":"WebSite","@id":"https:\/\/www.globalong.com\/blog\/#website","url":"https:\/\/www.globalong.com\/blog\/","name":"https:\/\/www.globalong.com\/","description":"Mission humanitaire, stage \u00e9tudiant et voyage linguistique","publisher":{"@id":"https:\/\/www.globalong.com\/blog\/#organization"},"potentialAction":[{"@type":"SearchAction","target":{"@type":"EntryPoint","urlTemplate":"https:\/\/www.globalong.com\/blog\/?s={search_term_string}"},"query-input":{"@type":"PropertyValueSpecification","valueRequired":true,"valueName":"search_term_string"}}],"inLanguage":"fr-FR"},{"@type":"Organization","@id":"https:\/\/www.globalong.com\/blog\/#organization","name":"Association Globalong","url":"https:\/\/www.globalong.com\/blog\/","logo":{"@type":"ImageObject","inLanguage":"fr-FR","@id":"https:\/\/www.globalong.com\/blog\/#\/schema\/logo\/image\/","url":"https:\/\/www.globalong.com\/blog\/wp-content\/uploads\/2014\/11\/cropped-cropped-Logo-et-Afrique-Globalong-petite-taille-2.jpg","contentUrl":"https:\/\/www.globalong.com\/blog\/wp-content\/uploads\/2014\/11\/cropped-cropped-Logo-et-Afrique-Globalong-petite-taille-2.jpg","width":512,"height":512,"caption":"Association Globalong"},"image":{"@id":"https:\/\/www.globalong.com\/blog\/#\/schema\/logo\/image\/"},"sameAs":["https:\/\/www.facebook.com\/globalong"]}]}},"_links":{"self":[{"href":"https:\/\/www.globalong.com\/blog\/wp-json\/wp\/v2\/pages\/896"}],"collection":[{"href":"https:\/\/www.globalong.com\/blog\/wp-json\/wp\/v2\/pages"}],"about":[{"href":"https:\/\/www.globalong.com\/blog\/wp-json\/wp\/v2\/types\/page"}],"author":[{"embeddable":true,"href":"https:\/\/www.globalong.com\/blog\/wp-json\/wp\/v2\/users\/1"}],"replies":[{"embeddable":true,"href":"https:\/\/www.globalong.com\/blog\/wp-json\/wp\/v2\/comments?post=896"}],"version-history":[{"count":15,"href":"https:\/\/www.globalong.com\/blog\/wp-json\/wp\/v2\/pages\/896\/revisions"}],"predecessor-version":[{"id":14497,"href":"https:\/\/www.globalong.com\/blog\/wp-json\/wp\/v2\/pages\/896\/revisions\/14497"}],"up":[{"embeddable":true,"href":"https:\/\/www.globalong.com\/blog\/wp-json\/wp\/v2\/pages\/883"}],"wp:featuredmedia":[{"embeddable":true,"href":"https:\/\/www.globalong.com\/blog\/wp-json\/wp\/v2\/media\/898"}],"wp:attachment":[{"href":"https:\/\/www.globalong.com\/blog\/wp-json\/wp\/v2\/media?parent=896"}],"curies":[{"name":"wp","href":"https:\/\/api.w.org\/{rel}","templated":true}]}}