{"id":934,"date":"2016-01-27T16:34:47","date_gmt":"2016-01-27T15:34:47","guid":{"rendered":"https:\/\/www.globalong.com\/blog\/?page_id=934"},"modified":"2022-05-08T16:22:51","modified_gmt":"2022-05-08T14:22:51","slug":"samira-vietnam","status":"publish","type":"page","link":"https:\/\/www.globalong.com\/blog\/avis-temoignages-globalong\/samira-vietnam\/","title":{"rendered":"Vietnam &#8211; Samira"},"content":{"rendered":"<p style=\"text-align: center;\"><span style=\"color: #b81657;\"><strong>T\u00e9moignage de Samira, b\u00e9n\u00e9vole avec Globalong au Vietnam<\/strong><\/span><\/p>\n<p style=\"text-align: justify;\"><a href=\"https:\/\/www.globalong.com\/blog\/wp-content\/uploads\/2016\/01\/image_11.jpeg\"><img loading=\"lazy\" decoding=\"async\" class=\"size-medium wp-image-940 aligncenter\" src=\"https:\/\/www.globalong.com\/blog\/wp-content\/uploads\/2016\/01\/image_11-300x225.jpeg\" alt=\"Samira au Vietnam\" width=\"300\" height=\"225\" srcset=\"https:\/\/www.globalong.com\/blog\/wp-content\/uploads\/2016\/01\/image_11-300x225.jpeg 300w, https:\/\/www.globalong.com\/blog\/wp-content\/uploads\/2016\/01\/image_11-150x113.jpeg 150w, https:\/\/www.globalong.com\/blog\/wp-content\/uploads\/2016\/01\/image_11.jpeg 640w\" sizes=\"(max-width: 300px) 100vw, 300px\" \/><\/a><strong>Au mois d&rsquo;avril,<\/strong> je suis partie au <span style=\"text-decoration: underline;\"><a href=\"https:\/\/www.globalong.com\/sejour-benevolat\/benevolat-vietnam-humanitaire.html\" target=\"_blank\" rel=\"noopener\">Vietnam<\/a><\/span> pour <strong>une mission humanitaire de trois semaines<\/strong> dans un orphelinat. Et maintenant, apr\u00e8s quelques temps \u00e0 \u00eatre revenu, je peux vous assurer que ce voyage fait parti de mes plus beaux moments de ma vie.<\/p>\n<p style=\"text-align: justify;\">Les gens que j&rsquo;ai rencontr\u00e9s, autant les locaux que les autres b\u00e9n\u00e9voles, que les enfants m&rsquo;ont charm\u00e9s. Les gens l\u00e0 bas sont d&rsquo;une simplicit\u00e9 incroyable et veulent en apprendre le plus possible sur toi et ta culture. Tu crois en allant en mission humanitaire de donner de ton savoir aux autres et de leur permettre d&rsquo;en apprendre, mais tu r\u00e9alises en cours de route que c&rsquo;est toi qui <a href=\"https:\/\/www.globalong.com\/blog\/wp-content\/uploads\/2016\/01\/image_12.jpeg\"><img loading=\"lazy\" decoding=\"async\" class=\"size-medium wp-image-941 aligncenter\" src=\"https:\/\/www.globalong.com\/blog\/wp-content\/uploads\/2016\/01\/image_12-300x203.jpeg\" alt=\"Groupe Vietnam\" width=\"300\" height=\"203\" srcset=\"https:\/\/www.globalong.com\/blog\/wp-content\/uploads\/2016\/01\/image_12-300x203.jpeg 300w, https:\/\/www.globalong.com\/blog\/wp-content\/uploads\/2016\/01\/image_12-150x102.jpeg 150w, https:\/\/www.globalong.com\/blog\/wp-content\/uploads\/2016\/01\/image_12.jpeg 894w\" sizes=\"(max-width: 300px) 100vw, 300px\" \/><\/a>en apprend plus que tu leur en apprend.<\/p>\n<p style=\"text-align: justify;\">J&rsquo;ai absolument grandi \u00e0 travers ce voyage. Je me suis red\u00e9couvert comme personne. Je ne veux pas dire qu&rsquo;avant je ne m&rsquo;inqui\u00e9tais pas de ce qui m&rsquo;entourai, mais disons qu&rsquo;apr\u00e8s avoir vu toutes la mis\u00e8res qu&rsquo;il peut y avoir, tu te sens chanceuse d&rsquo;avoir ce que tu as et tu comprends alors qu&rsquo;il faudrait peut \u00eatre bien changer quelques unes de tes habitudes.<\/p>\n<p style=\"text-align: justify;\">\u00c0 l&rsquo;orphelinat, j&rsquo;ai bien vu qu&rsquo;il avait besoin d&rsquo;aide. M\u00eame si les enfants sont assez bien <a href=\"https:\/\/www.globalong.com\/blog\/wp-content\/uploads\/2016\/01\/image_41.jpeg\"><img loading=\"lazy\" decoding=\"async\" class=\"size-medium wp-image-1135 aligncenter\" src=\"https:\/\/www.globalong.com\/blog\/wp-content\/uploads\/2016\/01\/image_41-300x225.jpeg\" alt=\"image_4\" width=\"300\" height=\"225\" srcset=\"https:\/\/www.globalong.com\/blog\/wp-content\/uploads\/2016\/01\/image_41-300x225.jpeg 300w, https:\/\/www.globalong.com\/blog\/wp-content\/uploads\/2016\/01\/image_41-150x113.jpeg 150w, https:\/\/www.globalong.com\/blog\/wp-content\/uploads\/2016\/01\/image_41.jpeg 640w\" sizes=\"(max-width: 300px) 100vw, 300px\" \/><\/a>encadr\u00e9s, le personnel a \u00e9perdument besoin d&rsquo;aide et de fonds. Durant mon cour s\u00e9jour \u00e0 travailler au \u00ab\u00a0Centre de l\u2019amiti\u00e9\u00a0\u00bb (l&rsquo;orphelinat), j&rsquo;ai pu vivre des moments auxquels je n&rsquo;aurai jamais penser pouvoir vivre. Ces enfants l\u00e0 ont absolument, mais je dis bien absolument rien, mais \u00e7a leur emp\u00eache pas d&rsquo;\u00eatre les enfants les plus heureux que j&rsquo;ai vus.<\/p>\n<p style=\"text-align: justify;\">Trois fois durant mon s\u00e9jour \u00e0 l&rsquo;orphelinat, j&rsquo;ai eu un moment de faiblesse. Et oui, j&rsquo;ai eu les larmes aux yeux. La premi\u00e8re fois, c&rsquo;\u00e9tait lorsque j&rsquo;ai vu une petite fille faire une prestation de danse. Wow quelle danseuse, chaque mouvements <a href=\"https:\/\/www.globalong.com\/blog\/wp-content\/uploads\/2016\/01\/image_1.jpeg\"><img loading=\"lazy\" decoding=\"async\" class=\"size-medium wp-image-942 aligncenter\" src=\"https:\/\/www.globalong.com\/blog\/wp-content\/uploads\/2016\/01\/image_1-300x224.jpeg\" alt=\"Course\" width=\"300\" height=\"224\" srcset=\"https:\/\/www.globalong.com\/blog\/wp-content\/uploads\/2016\/01\/image_1-300x224.jpeg 300w, https:\/\/www.globalong.com\/blog\/wp-content\/uploads\/2016\/01\/image_1-150x112.jpeg 150w, https:\/\/www.globalong.com\/blog\/wp-content\/uploads\/2016\/01\/image_1.jpeg 960w\" sizes=\"(max-width: 300px) 100vw, 300px\" \/><\/a>lui permettaient d&rsquo;entrer un peu plus dans son petit monde \u00e0 elle, c&rsquo;\u00e9tait d&rsquo;une puret\u00e9 inimaginable!! La seconde, \u00e9tait lorsqu&rsquo;une petite fille m&rsquo;a fait un bracelet avec du papier et un collant. Elle me la collait sur le poignet et c&rsquo;est aper\u00e7u qu&rsquo;il ne tenait pas, alors elle m&rsquo;a rajouter encore plus de colle. J&rsquo;ai \u00e9clater de rire, \u00e7a m&rsquo;a tellement fait chaud au c\u0153ur de voir la petite fille me faire un bracelet et en plus quelle fait tout en son pouvoir pour que je le garde!! La troisi\u00e8me fut \u00e0 mon d\u00e9part de l&rsquo;orphelinat, les enfants \u00e0 qui j&rsquo;enseignais et les professeurs mon chanter une chanson vietnamienne pour me remercier de leur avoir aider. Par la suite, ils m&rsquo;ont dit qu&rsquo;ils <a href=\"https:\/\/www.globalong.com\/blog\/wp-content\/uploads\/2016\/01\/image_8.jpeg\" rel=\"attachment wp-att-2637\"><img loading=\"lazy\" decoding=\"async\" class=\"size-medium wp-image-2637 aligncenter\" src=\"https:\/\/www.globalong.com\/blog\/wp-content\/uploads\/2016\/01\/image_8-300x224.jpeg\" alt=\"image_8\" width=\"300\" height=\"224\" srcset=\"https:\/\/www.globalong.com\/blog\/wp-content\/uploads\/2016\/01\/image_8-300x224.jpeg 300w, https:\/\/www.globalong.com\/blog\/wp-content\/uploads\/2016\/01\/image_8-768x574.jpeg 768w, https:\/\/www.globalong.com\/blog\/wp-content\/uploads\/2016\/01\/image_8-150x112.jpeg 150w, https:\/\/www.globalong.com\/blog\/wp-content\/uploads\/2016\/01\/image_8.jpeg 960w\" sizes=\"(max-width: 300px) 100vw, 300px\" \/><\/a>avaient grandement appr\u00e9cier mon aide. En les \u00e9coutants, j&rsquo;ai compris que j&rsquo;avais fait une petite diff\u00e9rence et que pour eux c&rsquo;\u00e9tait beaucoup.<\/p>\n<p style=\"text-align: justify;\">\u00c7a m&rsquo;a aussi permis de me dire \u00e0 moi m\u00eame que j&rsquo;y retournerai sans h\u00e9siter dans quelques temps.\u00c0 la maison des b\u00e9n\u00e9voles, j&rsquo;ai rencontr\u00e9 des personnes de tout partout \u00e0 travers le monde. Et \u00e7a c&rsquo;est tr\u00e8s enrichissant. Autant les gens du personnel que les b\u00e9n\u00e9voles m&rsquo;ont accueilli \u00e0 bras ouvert. Dans ces moments l\u00e0, tu formes des liens assez forts en tr\u00e8s peu de temps. Et par la suite tu ne peux que t&rsquo;amuser et en profiter. Et tous les responsables sur <a href=\"https:\/\/www.globalong.com\/blog\/wp-content\/uploads\/2016\/01\/image_5-1.jpeg\" rel=\"attachment wp-att-2642\"><img loading=\"lazy\" decoding=\"async\" class=\"size-medium wp-image-2642 aligncenter\" src=\"https:\/\/www.globalong.com\/blog\/wp-content\/uploads\/2016\/01\/image_5-1-300x224.jpeg\" alt=\"image_5\" width=\"300\" height=\"224\" srcset=\"https:\/\/www.globalong.com\/blog\/wp-content\/uploads\/2016\/01\/image_5-1-300x224.jpeg 300w, https:\/\/www.globalong.com\/blog\/wp-content\/uploads\/2016\/01\/image_5-1-150x112.jpeg 150w, https:\/\/www.globalong.com\/blog\/wp-content\/uploads\/2016\/01\/image_5-1.jpeg 640w\" sizes=\"(max-width: 300px) 100vw, 300px\" \/><\/a>place sont des gens g\u00e9niaux qui sont la pour toi et toutes tes questions. Ils vont tout faire pour \u00a0que tu passes un s\u00e9jour des plus agr\u00e9able.<\/p>\n<p style=\"text-align: justify;\">En dehors du travaille, j&rsquo;ai pu explorer un peu. Chaque moment, chaque paysage, chaque exp\u00e9rience, chaque nouvel chose resterons grav\u00e9 dans ma m\u00e9moire. Le paysage \u00e9tait \u00e0 couper le souffle, la nourriture (quoi qu&rsquo;il a du riz \u00e0 pratiquement chaque repas) \u00e9tait savoureuse et me permettait de me dire \u00ab\u00a0et oui je suis bel et bien au Vietnam\u00a0\u00bb.<\/p>\n<p style=\"text-align: justify;\">Faire du v\u00e9lo, gravir 500 marches, faire du <a href=\"https:\/\/www.globalong.com\/blog\/wp-content\/uploads\/2016\/01\/image_2.jpeg\" rel=\"attachment wp-att-2645\"><img loading=\"lazy\" decoding=\"async\" class=\"size-medium wp-image-2645 aligncenter\" src=\"https:\/\/www.globalong.com\/blog\/wp-content\/uploads\/2016\/01\/image_2-300x224.jpeg\" alt=\"image_2\" width=\"300\" height=\"224\" srcset=\"https:\/\/www.globalong.com\/blog\/wp-content\/uploads\/2016\/01\/image_2-300x224.jpeg 300w, https:\/\/www.globalong.com\/blog\/wp-content\/uploads\/2016\/01\/image_2-768x574.jpeg 768w, https:\/\/www.globalong.com\/blog\/wp-content\/uploads\/2016\/01\/image_2-150x112.jpeg 150w, https:\/\/www.globalong.com\/blog\/wp-content\/uploads\/2016\/01\/image_2.jpeg 960w\" sizes=\"(max-width: 300px) 100vw, 300px\" \/><\/a>trekking dans la for\u00eat de bambou, cuisiner le riz, p\u00eacher des crevettes, jouer avec les enfants du villages, participer \u00e0 des danses traditionnels, vivre comme un locaux, &#8230; et j&rsquo;en passe. Ce sont tous des moments inoubliables et enrichissantes qui me permet de dire que \u00e7a \u00e9t\u00e9 plus qu&rsquo;un simple voyage.<\/p>\n<p style=\"text-align: justify;\">Je dirai une exp\u00e9rience de vie et des moments magiques. Tout \u00e7a pour vous dire que ce voyage m&rsquo;a permis de voir et de faire les choses diff\u00e9remment, mais pour le mieux. J&rsquo;ai v\u00e9cu des moments inoubliables et des instants de pure bonheur. \u00a0Je ne pourrai jamais oublier ces <a href=\"https:\/\/www.globalong.com\/blog\/wp-content\/uploads\/2016\/01\/image_6.jpeg\" rel=\"attachment wp-att-2647\"><img loading=\"lazy\" decoding=\"async\" class=\"size-medium wp-image-2647 aligncenter\" src=\"https:\/\/www.globalong.com\/blog\/wp-content\/uploads\/2016\/01\/image_6-300x224.jpeg\" alt=\"image_6\" width=\"300\" height=\"224\" srcset=\"https:\/\/www.globalong.com\/blog\/wp-content\/uploads\/2016\/01\/image_6-300x224.jpeg 300w, https:\/\/www.globalong.com\/blog\/wp-content\/uploads\/2016\/01\/image_6-768x574.jpeg 768w, https:\/\/www.globalong.com\/blog\/wp-content\/uploads\/2016\/01\/image_6-150x112.jpeg 150w, https:\/\/www.globalong.com\/blog\/wp-content\/uploads\/2016\/01\/image_6.jpeg 960w\" sizes=\"(max-width: 300px) 100vw, 300px\" \/><\/a>trois semaines. \u00c7a \u00e9t\u00e9 un gros chapitre de ma vie et en m\u00eame temps un d\u00e9but d&rsquo;un nouveau livre pour moi. Maintenant, chaque fois que je parle de mon exp\u00e9rience au Vietnam aux autres, ils voient tous que j&rsquo;ai les yeux grands ouverts et tr\u00e8s p\u00e9tillants. Les personnes qui m&rsquo;entoure, sont capables de percevoir comment que j&rsquo;ai enrichi ma sagesse \u00a0et savent tr\u00e8s bien qu&rsquo;autant que moi que ce n&rsquo;es pas le dernier. Alors je vous dit \u00e0 tous foncer et n&rsquo;ayez pas peur. Partez et vous allez comprendre comment qu&rsquo;on se sent apr\u00e8s ce type de voyage.<\/p>\n<p style=\"text-align: justify;\">Samira, 19 ans, Qu\u00e9bec Canada<\/p>\n<p>&nbsp;<\/p>\n<p style=\"text-align: center;\">Pour d\u00e9couvrir plus de photos du Vietnam, <span style=\"text-decoration: underline;\"><a href=\"https:\/\/www.flickr.com\/photos\/globalong\/albums\/72157639806172666\" target=\"_blank\" rel=\"noopener\">cliquez ici<\/a><\/span> !<\/p>\n<p style=\"text-align: center;\">Pour en savoir plus sur le programme \u00e0 Hanoi, <span style=\"text-decoration: underline;\"><a href=\"https:\/\/www.globalong.com\/sejour-benevolat\/benevolat-vietnam-humanitaire.html\">cliquez ici<\/a><\/span>\u00a0!<\/p>\n<p style=\"text-align: center;\">N&rsquo;h\u00e9sitez pas \u00e0 nous contacter pour plus d&rsquo;informations \u00e0 <span style=\"text-decoration: underline; color: #b81657;\"><a style=\"color: #b81657; text-decoration: underline;\" href=\"mailto:info@globalong.com\">info@globalong.com<\/a><\/span><\/p>\n<p>&nbsp;<\/p>\n","protected":false},"excerpt":{"rendered":"<p>T\u00e9moignage de Samira, b\u00e9n\u00e9vole avec Globalong au Vietnam Au mois d&rsquo;avril, je suis partie au Vietnam pour une mission humanitaire de trois semaines dans un orphelinat. Et maintenant, apr\u00e8s quelques temps \u00e0 \u00eatre revenu, je peux vous assurer que ce voyage fait parti de mes plus beaux moments de ma vie. Les gens que j&rsquo;ai [&hellip;]<\/p>\n","protected":false},"author":1,"featured_media":940,"parent":883,"menu_order":0,"comment_status":"closed","ping_status":"closed","template":"","meta":{"footnotes":""},"yoast_head":"<!-- This site is optimized with the Yoast SEO Premium plugin v23.4 (Yoast SEO v23.4) - https:\/\/yoast.com\/wordpress\/plugins\/seo\/ -->\n<title>Vietnam - Samira - Association Globalong<\/title>\n<meta name=\"robots\" content=\"index, follow, max-snippet:-1, max-image-preview:large, max-video-preview:-1\" \/>\n<link rel=\"canonical\" href=\"https:\/\/www.globalong.com\/blog\/avis-temoignages-globalong\/samira-vietnam\/\" \/>\n<meta property=\"og:locale\" content=\"fr_FR\" \/>\n<meta property=\"og:type\" content=\"article\" \/>\n<meta property=\"og:title\" content=\"Vietnam - Samira\" \/>\n<meta property=\"og:description\" content=\"T\u00e9moignage de Samira, b\u00e9n\u00e9vole avec Globalong au Vietnam Au mois d&rsquo;avril, je suis partie au Vietnam pour une mission humanitaire de trois semaines dans un orphelinat. Et maintenant, apr\u00e8s quelques temps \u00e0 \u00eatre revenu, je peux vous assurer que ce voyage fait parti de mes plus beaux moments de ma vie. Les gens que j&rsquo;ai [&hellip;]\" \/>\n<meta property=\"og:url\" content=\"https:\/\/www.globalong.com\/blog\/avis-temoignages-globalong\/samira-vietnam\/\" \/>\n<meta property=\"og:site_name\" content=\"Association Globalong\" \/>\n<meta property=\"article:publisher\" content=\"https:\/\/www.facebook.com\/globalong\" \/>\n<meta property=\"article:modified_time\" content=\"2022-05-08T14:22:51+00:00\" \/>\n<meta property=\"og:image\" content=\"https:\/\/www.globalong.com\/blog\/wp-content\/uploads\/2016\/01\/image_11.jpeg\" \/>\n\t<meta property=\"og:image:width\" content=\"640\" \/>\n\t<meta property=\"og:image:height\" content=\"480\" \/>\n\t<meta property=\"og:image:type\" content=\"image\/jpeg\" \/>\n<meta name=\"twitter:card\" content=\"summary_large_image\" \/>\n<meta name=\"twitter:label1\" content=\"Dur\u00e9e de lecture estim\u00e9e\" \/>\n\t<meta name=\"twitter:data1\" content=\"5 minutes\" \/>\n<script type=\"application\/ld+json\" class=\"yoast-schema-graph\">{\"@context\":\"https:\/\/schema.org\",\"@graph\":[{\"@type\":\"WebPage\",\"@id\":\"https:\/\/www.globalong.com\/blog\/avis-temoignages-globalong\/samira-vietnam\/\",\"url\":\"https:\/\/www.globalong.com\/blog\/avis-temoignages-globalong\/samira-vietnam\/\",\"name\":\"Vietnam - Samira - Association Globalong\",\"isPartOf\":{\"@id\":\"https:\/\/www.globalong.com\/blog\/#website\"},\"primaryImageOfPage\":{\"@id\":\"https:\/\/www.globalong.com\/blog\/avis-temoignages-globalong\/samira-vietnam\/#primaryimage\"},\"image\":{\"@id\":\"https:\/\/www.globalong.com\/blog\/avis-temoignages-globalong\/samira-vietnam\/#primaryimage\"},\"thumbnailUrl\":\"https:\/\/www.globalong.com\/blog\/wp-content\/uploads\/2016\/01\/image_11.jpeg\",\"datePublished\":\"2016-01-27T15:34:47+00:00\",\"dateModified\":\"2022-05-08T14:22:51+00:00\",\"breadcrumb\":{\"@id\":\"https:\/\/www.globalong.com\/blog\/avis-temoignages-globalong\/samira-vietnam\/#breadcrumb\"},\"inLanguage\":\"fr-FR\",\"potentialAction\":[{\"@type\":\"ReadAction\",\"target\":[\"https:\/\/www.globalong.com\/blog\/avis-temoignages-globalong\/samira-vietnam\/\"]}]},{\"@type\":\"ImageObject\",\"inLanguage\":\"fr-FR\",\"@id\":\"https:\/\/www.globalong.com\/blog\/avis-temoignages-globalong\/samira-vietnam\/#primaryimage\",\"url\":\"https:\/\/www.globalong.com\/blog\/wp-content\/uploads\/2016\/01\/image_11.jpeg\",\"contentUrl\":\"https:\/\/www.globalong.com\/blog\/wp-content\/uploads\/2016\/01\/image_11.jpeg\",\"width\":640,\"height\":480},{\"@type\":\"BreadcrumbList\",\"@id\":\"https:\/\/www.globalong.com\/blog\/avis-temoignages-globalong\/samira-vietnam\/#breadcrumb\",\"itemListElement\":[{\"@type\":\"ListItem\",\"position\":1,\"name\":\"Accueil\",\"item\":\"https:\/\/www.globalong.com\/blog\/\"},{\"@type\":\"ListItem\",\"position\":2,\"name\":\"T\u00e9moignages et avis de volontaires Globalong\",\"item\":\"https:\/\/www.globalong.com\/blog\/avis-temoignages-globalong\/\"},{\"@type\":\"ListItem\",\"position\":3,\"name\":\"Vietnam &#8211; Samira\"}]},{\"@type\":\"WebSite\",\"@id\":\"https:\/\/www.globalong.com\/blog\/#website\",\"url\":\"https:\/\/www.globalong.com\/blog\/\",\"name\":\"https:\/\/www.globalong.com\/\",\"description\":\"Mission humanitaire, stage \u00e9tudiant et voyage linguistique\",\"publisher\":{\"@id\":\"https:\/\/www.globalong.com\/blog\/#organization\"},\"potentialAction\":[{\"@type\":\"SearchAction\",\"target\":{\"@type\":\"EntryPoint\",\"urlTemplate\":\"https:\/\/www.globalong.com\/blog\/?s={search_term_string}\"},\"query-input\":{\"@type\":\"PropertyValueSpecification\",\"valueRequired\":true,\"valueName\":\"search_term_string\"}}],\"inLanguage\":\"fr-FR\"},{\"@type\":\"Organization\",\"@id\":\"https:\/\/www.globalong.com\/blog\/#organization\",\"name\":\"Association Globalong\",\"url\":\"https:\/\/www.globalong.com\/blog\/\",\"logo\":{\"@type\":\"ImageObject\",\"inLanguage\":\"fr-FR\",\"@id\":\"https:\/\/www.globalong.com\/blog\/#\/schema\/logo\/image\/\",\"url\":\"https:\/\/www.globalong.com\/blog\/wp-content\/uploads\/2014\/11\/cropped-cropped-Logo-et-Afrique-Globalong-petite-taille-2.jpg\",\"contentUrl\":\"https:\/\/www.globalong.com\/blog\/wp-content\/uploads\/2014\/11\/cropped-cropped-Logo-et-Afrique-Globalong-petite-taille-2.jpg\",\"width\":512,\"height\":512,\"caption\":\"Association Globalong\"},\"image\":{\"@id\":\"https:\/\/www.globalong.com\/blog\/#\/schema\/logo\/image\/\"},\"sameAs\":[\"https:\/\/www.facebook.com\/globalong\"]}]}<\/script>\n<!-- \/ Yoast SEO Premium plugin. -->","yoast_head_json":{"title":"Vietnam - Samira - Association Globalong","robots":{"index":"index","follow":"follow","max-snippet":"max-snippet:-1","max-image-preview":"max-image-preview:large","max-video-preview":"max-video-preview:-1"},"canonical":"https:\/\/www.globalong.com\/blog\/avis-temoignages-globalong\/samira-vietnam\/","og_locale":"fr_FR","og_type":"article","og_title":"Vietnam - Samira","og_description":"T\u00e9moignage de Samira, b\u00e9n\u00e9vole avec Globalong au Vietnam Au mois d&rsquo;avril, je suis partie au Vietnam pour une mission humanitaire de trois semaines dans un orphelinat. Et maintenant, apr\u00e8s quelques temps \u00e0 \u00eatre revenu, je peux vous assurer que ce voyage fait parti de mes plus beaux moments de ma vie. Les gens que j&rsquo;ai [&hellip;]","og_url":"https:\/\/www.globalong.com\/blog\/avis-temoignages-globalong\/samira-vietnam\/","og_site_name":"Association Globalong","article_publisher":"https:\/\/www.facebook.com\/globalong","article_modified_time":"2022-05-08T14:22:51+00:00","og_image":[{"width":640,"height":480,"url":"https:\/\/www.globalong.com\/blog\/wp-content\/uploads\/2016\/01\/image_11.jpeg","type":"image\/jpeg"}],"twitter_card":"summary_large_image","twitter_misc":{"Dur\u00e9e de lecture estim\u00e9e":"5 minutes"},"schema":{"@context":"https:\/\/schema.org","@graph":[{"@type":"WebPage","@id":"https:\/\/www.globalong.com\/blog\/avis-temoignages-globalong\/samira-vietnam\/","url":"https:\/\/www.globalong.com\/blog\/avis-temoignages-globalong\/samira-vietnam\/","name":"Vietnam - Samira - Association Globalong","isPartOf":{"@id":"https:\/\/www.globalong.com\/blog\/#website"},"primaryImageOfPage":{"@id":"https:\/\/www.globalong.com\/blog\/avis-temoignages-globalong\/samira-vietnam\/#primaryimage"},"image":{"@id":"https:\/\/www.globalong.com\/blog\/avis-temoignages-globalong\/samira-vietnam\/#primaryimage"},"thumbnailUrl":"https:\/\/www.globalong.com\/blog\/wp-content\/uploads\/2016\/01\/image_11.jpeg","datePublished":"2016-01-27T15:34:47+00:00","dateModified":"2022-05-08T14:22:51+00:00","breadcrumb":{"@id":"https:\/\/www.globalong.com\/blog\/avis-temoignages-globalong\/samira-vietnam\/#breadcrumb"},"inLanguage":"fr-FR","potentialAction":[{"@type":"ReadAction","target":["https:\/\/www.globalong.com\/blog\/avis-temoignages-globalong\/samira-vietnam\/"]}]},{"@type":"ImageObject","inLanguage":"fr-FR","@id":"https:\/\/www.globalong.com\/blog\/avis-temoignages-globalong\/samira-vietnam\/#primaryimage","url":"https:\/\/www.globalong.com\/blog\/wp-content\/uploads\/2016\/01\/image_11.jpeg","contentUrl":"https:\/\/www.globalong.com\/blog\/wp-content\/uploads\/2016\/01\/image_11.jpeg","width":640,"height":480},{"@type":"BreadcrumbList","@id":"https:\/\/www.globalong.com\/blog\/avis-temoignages-globalong\/samira-vietnam\/#breadcrumb","itemListElement":[{"@type":"ListItem","position":1,"name":"Accueil","item":"https:\/\/www.globalong.com\/blog\/"},{"@type":"ListItem","position":2,"name":"T\u00e9moignages et avis de volontaires Globalong","item":"https:\/\/www.globalong.com\/blog\/avis-temoignages-globalong\/"},{"@type":"ListItem","position":3,"name":"Vietnam &#8211; Samira"}]},{"@type":"WebSite","@id":"https:\/\/www.globalong.com\/blog\/#website","url":"https:\/\/www.globalong.com\/blog\/","name":"https:\/\/www.globalong.com\/","description":"Mission humanitaire, stage \u00e9tudiant et voyage linguistique","publisher":{"@id":"https:\/\/www.globalong.com\/blog\/#organization"},"potentialAction":[{"@type":"SearchAction","target":{"@type":"EntryPoint","urlTemplate":"https:\/\/www.globalong.com\/blog\/?s={search_term_string}"},"query-input":{"@type":"PropertyValueSpecification","valueRequired":true,"valueName":"search_term_string"}}],"inLanguage":"fr-FR"},{"@type":"Organization","@id":"https:\/\/www.globalong.com\/blog\/#organization","name":"Association Globalong","url":"https:\/\/www.globalong.com\/blog\/","logo":{"@type":"ImageObject","inLanguage":"fr-FR","@id":"https:\/\/www.globalong.com\/blog\/#\/schema\/logo\/image\/","url":"https:\/\/www.globalong.com\/blog\/wp-content\/uploads\/2014\/11\/cropped-cropped-Logo-et-Afrique-Globalong-petite-taille-2.jpg","contentUrl":"https:\/\/www.globalong.com\/blog\/wp-content\/uploads\/2014\/11\/cropped-cropped-Logo-et-Afrique-Globalong-petite-taille-2.jpg","width":512,"height":512,"caption":"Association Globalong"},"image":{"@id":"https:\/\/www.globalong.com\/blog\/#\/schema\/logo\/image\/"},"sameAs":["https:\/\/www.facebook.com\/globalong"]}]}},"_links":{"self":[{"href":"https:\/\/www.globalong.com\/blog\/wp-json\/wp\/v2\/pages\/934"}],"collection":[{"href":"https:\/\/www.globalong.com\/blog\/wp-json\/wp\/v2\/pages"}],"about":[{"href":"https:\/\/www.globalong.com\/blog\/wp-json\/wp\/v2\/types\/page"}],"author":[{"embeddable":true,"href":"https:\/\/www.globalong.com\/blog\/wp-json\/wp\/v2\/users\/1"}],"replies":[{"embeddable":true,"href":"https:\/\/www.globalong.com\/blog\/wp-json\/wp\/v2\/comments?post=934"}],"version-history":[{"count":20,"href":"https:\/\/www.globalong.com\/blog\/wp-json\/wp\/v2\/pages\/934\/revisions"}],"predecessor-version":[{"id":14625,"href":"https:\/\/www.globalong.com\/blog\/wp-json\/wp\/v2\/pages\/934\/revisions\/14625"}],"up":[{"embeddable":true,"href":"https:\/\/www.globalong.com\/blog\/wp-json\/wp\/v2\/pages\/883"}],"wp:featuredmedia":[{"embeddable":true,"href":"https:\/\/www.globalong.com\/blog\/wp-json\/wp\/v2\/media\/940"}],"wp:attachment":[{"href":"https:\/\/www.globalong.com\/blog\/wp-json\/wp\/v2\/media?parent=934"}],"curies":[{"name":"wp","href":"https:\/\/api.w.org\/{rel}","templated":true}]}}