{"id":980,"date":"2016-02-19T17:12:39","date_gmt":"2016-02-19T16:12:39","guid":{"rendered":"https:\/\/www.globalong.com\/blog\/?page_id=980"},"modified":"2022-05-08T15:58:08","modified_gmt":"2022-05-08T13:58:08","slug":"togo-cecile","status":"publish","type":"page","link":"https:\/\/www.globalong.com\/blog\/avis-temoignages-globalong\/togo-cecile\/","title":{"rendered":"Togo &#8211; C\u00e9cile"},"content":{"rendered":"<p style=\"text-align: center;\"><span style=\"color: #b81657;\"><strong>T\u00e9moignage de C\u00e9cile, b\u00e9n\u00e9vole avec Globalong au Togo<\/strong><\/span><\/p>\n<p style=\"text-align: justify;\"><a href=\"https:\/\/www.globalong.com\/blog\/wp-content\/uploads\/2016\/02\/IMG_8481.jpeg\" rel=\"attachment wp-att-2606\"><br \/>\n<\/a><a href=\"https:\/\/www.globalong.com\/blog\/wp-content\/uploads\/2016\/02\/IMG_8481.jpeg\" rel=\"attachment wp-att-2606\"><img loading=\"lazy\" decoding=\"async\" class=\"wp-image-2606 aligncenter\" src=\"https:\/\/www.globalong.com\/blog\/wp-content\/uploads\/2016\/02\/IMG_8481-300x278.jpeg\" alt=\"IMG_8481\" width=\"300\" height=\"278\" srcset=\"https:\/\/www.globalong.com\/blog\/wp-content\/uploads\/2016\/02\/IMG_8481-300x278.jpeg 300w, https:\/\/www.globalong.com\/blog\/wp-content\/uploads\/2016\/02\/IMG_8481-150x139.jpeg 150w, https:\/\/www.globalong.com\/blog\/wp-content\/uploads\/2016\/02\/IMG_8481.jpeg 518w\" sizes=\"(max-width: 300px) 100vw, 300px\" \/><\/a>Je suis all\u00e9e \u00e0 Kpalim\u00e9 <span style=\"text-decoration: underline;\"><a href=\"https:\/\/www.globalong.com\/sejour-benevolat\/togo-benevolat-humanitaire.html\" target=\"_blank\" rel=\"noopener\">au Togo pendant 3 semaines.<\/a><\/span><\/p>\n<p style=\"text-align: justify;\">Durant mon s\u00e9jour, j&rsquo;ai pass\u00e9\u00a0une journ\u00e9e \u00e0 Atakpam\u00e9 pour apporter des v\u00eatements, jouets, brosses \u00e0 dents et argent dans un orphelinat; une visite \u00e0 moto dans la montagne Kloto.<\/p>\n<p style=\"text-align: justify;\">J&rsquo;ai particip\u00e9 \u00e0 ce programme car je souhaitais voyager autrement\u00a0qu\u2019en tant que touriste et apporter une aide dans un pays sous-d\u00e9velopp\u00e9.<\/p>\n<p style=\"text-align: justify;\">Le directeur de l\u2019\u00e9cole m\u2019a tr\u00e8s bien accueillie, fait confiance d\u2019embl\u00e9e en me confiant la responsabilit\u00e9 d\u2019une \u00e0 deux classes d\u2019\u00e9l\u00e8ves de maternelle, CP1 et CP2.<\/p>\n<p style=\"text-align: justify;\">Le coordinateur\u00a0\u00e9tait tr\u00e8s pr\u00e9sent, surtout\u00a0les 2 premiers jours\u00a0pour m\u2019emmener \u00e0 l\u2019\u00e9cole en <img loading=\"lazy\" decoding=\"async\" class=\"wp-image-971 aligncenter\" src=\"https:\/\/www.globalong.com\/blog\/wp-content\/uploads\/2016\/02\/IMG_8488.jpeg\" alt=\"B\u00e9n\u00e9volat au Togo - Globalong\" width=\"300\" height=\"225\" srcset=\"https:\/\/www.globalong.com\/blog\/wp-content\/uploads\/2016\/02\/IMG_8488.jpeg 640w, https:\/\/www.globalong.com\/blog\/wp-content\/uploads\/2016\/02\/IMG_8488-300x225.jpeg 300w, https:\/\/www.globalong.com\/blog\/wp-content\/uploads\/2016\/02\/IMG_8488-150x113.jpeg 150w\" sizes=\"(max-width: 300px) 100vw, 300px\" \/>moto ainsi que pour obtenir une carte de t\u00e9l\u00e9phone togolaise.<\/p>\n<p style=\"text-align: justify;\">L&rsquo;organisation \u00e9tait parfaite et le dossier et guide de d\u00e9part \u00e9tait tr\u00e8s complet.<\/p>\n<p style=\"text-align: justify;\">D\u00e8s mon arriv\u00e9e \u00e0 l&rsquo;a\u00e9roport la prise en charge s&rsquo;est bien pass\u00e9.<\/p>\n<p style=\"text-align: justify;\">Ma famille d\u2019accueil \u00e9tait chaleureuse, mon h\u00e9bergement \u00e9tait propre et je disposais de toutes les commodit\u00e9s n\u00e9cessaires \u00e0 mon s\u00e9jour.<\/p>\n<p style=\"text-align: justify;\">Concernant les repas je me suis r\u00e9gal\u00e9e! <a href=\"https:\/\/www.globalong.com\/blog\/wp-content\/uploads\/2016\/02\/IMG_8410.jpeg\" rel=\"attachment wp-att-3548\"><img loading=\"lazy\" decoding=\"async\" class=\"wp-image-3548 aligncenter\" src=\"https:\/\/www.globalong.com\/blog\/wp-content\/uploads\/2016\/02\/IMG_8410-225x300.jpeg\" alt=\"Mission d'humanitariat au Togo avec avec Globalong\" width=\"300\" height=\"400\" srcset=\"https:\/\/www.globalong.com\/blog\/wp-content\/uploads\/2016\/02\/IMG_8410-225x300.jpeg 225w, https:\/\/www.globalong.com\/blog\/wp-content\/uploads\/2016\/02\/IMG_8410-113x150.jpeg 113w, https:\/\/www.globalong.com\/blog\/wp-content\/uploads\/2016\/02\/IMG_8410.jpeg 480w\" sizes=\"(max-width: 300px) 100vw, 300px\" \/><\/a>La m\u00e8re de famille cuisinait avec des produits frais et bon.<\/p>\n<p style=\"text-align: justify;\">La confiance \u00e9tait elle aussi au rendez vous. Tant sur le lieu de mission qu&rsquo;\u00e0 l&rsquo;\u00e9cole.<\/p>\n<p style=\"text-align: justify;\">Je ne pense pas utiliser cette exp\u00e9rience dans mon avenir professionnel, par contre, humainement, cette exp\u00e9rience est \u00e0 ce jour, une des plus importante de mon parcours.<\/p>\n<p style=\"text-align: justify;\">Mon conseil aux futurs participants:\u00a0apporter une serviette de bain pour utiliser dans la famille, beaucoup de mat\u00e9riel scolaire pour distribuer aux enfants (ou alors de l\u2019argent pour acheter sur place comme je l\u2019ai fait), \u00eatre pr\u00eat \u00e0 vivre sans aucun luxe !!! \ud83d\ude42<\/p>\n<p style=\"text-align: center;\">Pour d\u00e9couvrir plus de photos du Togo, <span style=\"text-decoration: underline;\"><a href=\"https:\/\/www.flickr.com\/photos\/globalong\/albums\/72157640040896094\" target=\"_blank\" rel=\"noopener\">cliquez ici<\/a><\/span>!<\/p>\n<p style=\"text-align: center;\">Pour en savoir plus sur le programme de b\u00e9n\u00e9volat au Togo, <span style=\"text-decoration: underline;\"><a href=\"https:\/\/www.globalong.com\/sejour-benevolat\/togo-benevolat-humanitaire.html\">cliquez ici<\/a><\/span>\u00a0!<\/p>\n<p style=\"text-align: center;\">Pour plus d&rsquo;informations :\u00a0<span style=\"text-decoration: underline; color: #b81657;\"><a style=\"color: #b81657; text-decoration: underline;\" href=\"mailto:info@globalong.com\">info@globalong.com<\/a><\/span><\/p>\n<p>&nbsp;<\/p>\n","protected":false},"excerpt":{"rendered":"<p>T\u00e9moignage de C\u00e9cile, b\u00e9n\u00e9vole avec Globalong au Togo Je suis all\u00e9e \u00e0 Kpalim\u00e9 au Togo pendant 3 semaines. Durant mon s\u00e9jour, j&rsquo;ai pass\u00e9\u00a0une journ\u00e9e \u00e0 Atakpam\u00e9 pour apporter des v\u00eatements, jouets, brosses \u00e0 dents et argent dans un orphelinat; une visite \u00e0 moto dans la montagne Kloto. J&rsquo;ai particip\u00e9 \u00e0 ce programme car je souhaitais [&hellip;]<\/p>\n","protected":false},"author":1,"featured_media":971,"parent":883,"menu_order":0,"comment_status":"closed","ping_status":"closed","template":"","meta":{"footnotes":""},"yoast_head":"<!-- This site is optimized with the Yoast SEO Premium plugin v23.4 (Yoast SEO v23.4) - https:\/\/yoast.com\/wordpress\/plugins\/seo\/ -->\n<title>Togo - C\u00e9cile - Association Globalong<\/title>\n<meta name=\"robots\" content=\"index, follow, max-snippet:-1, max-image-preview:large, max-video-preview:-1\" \/>\n<link rel=\"canonical\" href=\"https:\/\/www.globalong.com\/blog\/avis-temoignages-globalong\/togo-cecile\/\" \/>\n<meta property=\"og:locale\" content=\"fr_FR\" \/>\n<meta property=\"og:type\" content=\"article\" \/>\n<meta property=\"og:title\" content=\"Togo - C\u00e9cile\" \/>\n<meta property=\"og:description\" content=\"T\u00e9moignage de C\u00e9cile, b\u00e9n\u00e9vole avec Globalong au Togo Je suis all\u00e9e \u00e0 Kpalim\u00e9 au Togo pendant 3 semaines. Durant mon s\u00e9jour, j&rsquo;ai pass\u00e9\u00a0une journ\u00e9e \u00e0 Atakpam\u00e9 pour apporter des v\u00eatements, jouets, brosses \u00e0 dents et argent dans un orphelinat; une visite \u00e0 moto dans la montagne Kloto. J&rsquo;ai particip\u00e9 \u00e0 ce programme car je souhaitais [&hellip;]\" \/>\n<meta property=\"og:url\" content=\"https:\/\/www.globalong.com\/blog\/avis-temoignages-globalong\/togo-cecile\/\" \/>\n<meta property=\"og:site_name\" content=\"Association Globalong\" \/>\n<meta property=\"article:publisher\" content=\"https:\/\/www.facebook.com\/globalong\" \/>\n<meta property=\"article:modified_time\" content=\"2022-05-08T13:58:08+00:00\" \/>\n<meta property=\"og:image\" content=\"https:\/\/www.globalong.com\/blog\/wp-content\/uploads\/2016\/02\/IMG_8488.jpeg\" \/>\n\t<meta property=\"og:image:width\" content=\"640\" \/>\n\t<meta property=\"og:image:height\" content=\"480\" \/>\n\t<meta property=\"og:image:type\" content=\"image\/jpeg\" \/>\n<meta name=\"twitter:card\" content=\"summary_large_image\" \/>\n<meta name=\"twitter:label1\" content=\"Dur\u00e9e de lecture estim\u00e9e\" \/>\n\t<meta name=\"twitter:data1\" content=\"2 minutes\" \/>\n<script type=\"application\/ld+json\" class=\"yoast-schema-graph\">{\"@context\":\"https:\/\/schema.org\",\"@graph\":[{\"@type\":\"WebPage\",\"@id\":\"https:\/\/www.globalong.com\/blog\/avis-temoignages-globalong\/togo-cecile\/\",\"url\":\"https:\/\/www.globalong.com\/blog\/avis-temoignages-globalong\/togo-cecile\/\",\"name\":\"Togo - C\u00e9cile - Association Globalong\",\"isPartOf\":{\"@id\":\"https:\/\/www.globalong.com\/blog\/#website\"},\"primaryImageOfPage\":{\"@id\":\"https:\/\/www.globalong.com\/blog\/avis-temoignages-globalong\/togo-cecile\/#primaryimage\"},\"image\":{\"@id\":\"https:\/\/www.globalong.com\/blog\/avis-temoignages-globalong\/togo-cecile\/#primaryimage\"},\"thumbnailUrl\":\"https:\/\/www.globalong.com\/blog\/wp-content\/uploads\/2016\/02\/IMG_8488.jpeg\",\"datePublished\":\"2016-02-19T16:12:39+00:00\",\"dateModified\":\"2022-05-08T13:58:08+00:00\",\"breadcrumb\":{\"@id\":\"https:\/\/www.globalong.com\/blog\/avis-temoignages-globalong\/togo-cecile\/#breadcrumb\"},\"inLanguage\":\"fr-FR\",\"potentialAction\":[{\"@type\":\"ReadAction\",\"target\":[\"https:\/\/www.globalong.com\/blog\/avis-temoignages-globalong\/togo-cecile\/\"]}]},{\"@type\":\"ImageObject\",\"inLanguage\":\"fr-FR\",\"@id\":\"https:\/\/www.globalong.com\/blog\/avis-temoignages-globalong\/togo-cecile\/#primaryimage\",\"url\":\"https:\/\/www.globalong.com\/blog\/wp-content\/uploads\/2016\/02\/IMG_8488.jpeg\",\"contentUrl\":\"https:\/\/www.globalong.com\/blog\/wp-content\/uploads\/2016\/02\/IMG_8488.jpeg\",\"width\":640,\"height\":480,\"caption\":\"Pourquoi faire une mission de b\u00e9n\u00e9volat international\"},{\"@type\":\"BreadcrumbList\",\"@id\":\"https:\/\/www.globalong.com\/blog\/avis-temoignages-globalong\/togo-cecile\/#breadcrumb\",\"itemListElement\":[{\"@type\":\"ListItem\",\"position\":1,\"name\":\"Accueil\",\"item\":\"https:\/\/www.globalong.com\/blog\/\"},{\"@type\":\"ListItem\",\"position\":2,\"name\":\"T\u00e9moignages et avis de volontaires Globalong\",\"item\":\"https:\/\/www.globalong.com\/blog\/avis-temoignages-globalong\/\"},{\"@type\":\"ListItem\",\"position\":3,\"name\":\"Togo &#8211; C\u00e9cile\"}]},{\"@type\":\"WebSite\",\"@id\":\"https:\/\/www.globalong.com\/blog\/#website\",\"url\":\"https:\/\/www.globalong.com\/blog\/\",\"name\":\"https:\/\/www.globalong.com\/\",\"description\":\"Mission humanitaire, stage \u00e9tudiant et voyage linguistique\",\"publisher\":{\"@id\":\"https:\/\/www.globalong.com\/blog\/#organization\"},\"potentialAction\":[{\"@type\":\"SearchAction\",\"target\":{\"@type\":\"EntryPoint\",\"urlTemplate\":\"https:\/\/www.globalong.com\/blog\/?s={search_term_string}\"},\"query-input\":{\"@type\":\"PropertyValueSpecification\",\"valueRequired\":true,\"valueName\":\"search_term_string\"}}],\"inLanguage\":\"fr-FR\"},{\"@type\":\"Organization\",\"@id\":\"https:\/\/www.globalong.com\/blog\/#organization\",\"name\":\"Association Globalong\",\"url\":\"https:\/\/www.globalong.com\/blog\/\",\"logo\":{\"@type\":\"ImageObject\",\"inLanguage\":\"fr-FR\",\"@id\":\"https:\/\/www.globalong.com\/blog\/#\/schema\/logo\/image\/\",\"url\":\"https:\/\/www.globalong.com\/blog\/wp-content\/uploads\/2014\/11\/cropped-cropped-Logo-et-Afrique-Globalong-petite-taille-2.jpg\",\"contentUrl\":\"https:\/\/www.globalong.com\/blog\/wp-content\/uploads\/2014\/11\/cropped-cropped-Logo-et-Afrique-Globalong-petite-taille-2.jpg\",\"width\":512,\"height\":512,\"caption\":\"Association Globalong\"},\"image\":{\"@id\":\"https:\/\/www.globalong.com\/blog\/#\/schema\/logo\/image\/\"},\"sameAs\":[\"https:\/\/www.facebook.com\/globalong\"]}]}<\/script>\n<!-- \/ Yoast SEO Premium plugin. -->","yoast_head_json":{"title":"Togo - C\u00e9cile - Association Globalong","robots":{"index":"index","follow":"follow","max-snippet":"max-snippet:-1","max-image-preview":"max-image-preview:large","max-video-preview":"max-video-preview:-1"},"canonical":"https:\/\/www.globalong.com\/blog\/avis-temoignages-globalong\/togo-cecile\/","og_locale":"fr_FR","og_type":"article","og_title":"Togo - C\u00e9cile","og_description":"T\u00e9moignage de C\u00e9cile, b\u00e9n\u00e9vole avec Globalong au Togo Je suis all\u00e9e \u00e0 Kpalim\u00e9 au Togo pendant 3 semaines. Durant mon s\u00e9jour, j&rsquo;ai pass\u00e9\u00a0une journ\u00e9e \u00e0 Atakpam\u00e9 pour apporter des v\u00eatements, jouets, brosses \u00e0 dents et argent dans un orphelinat; une visite \u00e0 moto dans la montagne Kloto. J&rsquo;ai particip\u00e9 \u00e0 ce programme car je souhaitais [&hellip;]","og_url":"https:\/\/www.globalong.com\/blog\/avis-temoignages-globalong\/togo-cecile\/","og_site_name":"Association Globalong","article_publisher":"https:\/\/www.facebook.com\/globalong","article_modified_time":"2022-05-08T13:58:08+00:00","og_image":[{"width":640,"height":480,"url":"https:\/\/www.globalong.com\/blog\/wp-content\/uploads\/2016\/02\/IMG_8488.jpeg","type":"image\/jpeg"}],"twitter_card":"summary_large_image","twitter_misc":{"Dur\u00e9e de lecture estim\u00e9e":"2 minutes"},"schema":{"@context":"https:\/\/schema.org","@graph":[{"@type":"WebPage","@id":"https:\/\/www.globalong.com\/blog\/avis-temoignages-globalong\/togo-cecile\/","url":"https:\/\/www.globalong.com\/blog\/avis-temoignages-globalong\/togo-cecile\/","name":"Togo - C\u00e9cile - Association Globalong","isPartOf":{"@id":"https:\/\/www.globalong.com\/blog\/#website"},"primaryImageOfPage":{"@id":"https:\/\/www.globalong.com\/blog\/avis-temoignages-globalong\/togo-cecile\/#primaryimage"},"image":{"@id":"https:\/\/www.globalong.com\/blog\/avis-temoignages-globalong\/togo-cecile\/#primaryimage"},"thumbnailUrl":"https:\/\/www.globalong.com\/blog\/wp-content\/uploads\/2016\/02\/IMG_8488.jpeg","datePublished":"2016-02-19T16:12:39+00:00","dateModified":"2022-05-08T13:58:08+00:00","breadcrumb":{"@id":"https:\/\/www.globalong.com\/blog\/avis-temoignages-globalong\/togo-cecile\/#breadcrumb"},"inLanguage":"fr-FR","potentialAction":[{"@type":"ReadAction","target":["https:\/\/www.globalong.com\/blog\/avis-temoignages-globalong\/togo-cecile\/"]}]},{"@type":"ImageObject","inLanguage":"fr-FR","@id":"https:\/\/www.globalong.com\/blog\/avis-temoignages-globalong\/togo-cecile\/#primaryimage","url":"https:\/\/www.globalong.com\/blog\/wp-content\/uploads\/2016\/02\/IMG_8488.jpeg","contentUrl":"https:\/\/www.globalong.com\/blog\/wp-content\/uploads\/2016\/02\/IMG_8488.jpeg","width":640,"height":480,"caption":"Pourquoi faire une mission de b\u00e9n\u00e9volat international"},{"@type":"BreadcrumbList","@id":"https:\/\/www.globalong.com\/blog\/avis-temoignages-globalong\/togo-cecile\/#breadcrumb","itemListElement":[{"@type":"ListItem","position":1,"name":"Accueil","item":"https:\/\/www.globalong.com\/blog\/"},{"@type":"ListItem","position":2,"name":"T\u00e9moignages et avis de volontaires Globalong","item":"https:\/\/www.globalong.com\/blog\/avis-temoignages-globalong\/"},{"@type":"ListItem","position":3,"name":"Togo &#8211; C\u00e9cile"}]},{"@type":"WebSite","@id":"https:\/\/www.globalong.com\/blog\/#website","url":"https:\/\/www.globalong.com\/blog\/","name":"https:\/\/www.globalong.com\/","description":"Mission humanitaire, stage \u00e9tudiant et voyage linguistique","publisher":{"@id":"https:\/\/www.globalong.com\/blog\/#organization"},"potentialAction":[{"@type":"SearchAction","target":{"@type":"EntryPoint","urlTemplate":"https:\/\/www.globalong.com\/blog\/?s={search_term_string}"},"query-input":{"@type":"PropertyValueSpecification","valueRequired":true,"valueName":"search_term_string"}}],"inLanguage":"fr-FR"},{"@type":"Organization","@id":"https:\/\/www.globalong.com\/blog\/#organization","name":"Association Globalong","url":"https:\/\/www.globalong.com\/blog\/","logo":{"@type":"ImageObject","inLanguage":"fr-FR","@id":"https:\/\/www.globalong.com\/blog\/#\/schema\/logo\/image\/","url":"https:\/\/www.globalong.com\/blog\/wp-content\/uploads\/2014\/11\/cropped-cropped-Logo-et-Afrique-Globalong-petite-taille-2.jpg","contentUrl":"https:\/\/www.globalong.com\/blog\/wp-content\/uploads\/2014\/11\/cropped-cropped-Logo-et-Afrique-Globalong-petite-taille-2.jpg","width":512,"height":512,"caption":"Association Globalong"},"image":{"@id":"https:\/\/www.globalong.com\/blog\/#\/schema\/logo\/image\/"},"sameAs":["https:\/\/www.facebook.com\/globalong"]}]}},"_links":{"self":[{"href":"https:\/\/www.globalong.com\/blog\/wp-json\/wp\/v2\/pages\/980"}],"collection":[{"href":"https:\/\/www.globalong.com\/blog\/wp-json\/wp\/v2\/pages"}],"about":[{"href":"https:\/\/www.globalong.com\/blog\/wp-json\/wp\/v2\/types\/page"}],"author":[{"embeddable":true,"href":"https:\/\/www.globalong.com\/blog\/wp-json\/wp\/v2\/users\/1"}],"replies":[{"embeddable":true,"href":"https:\/\/www.globalong.com\/blog\/wp-json\/wp\/v2\/comments?post=980"}],"version-history":[{"count":40,"href":"https:\/\/www.globalong.com\/blog\/wp-json\/wp\/v2\/pages\/980\/revisions"}],"predecessor-version":[{"id":14595,"href":"https:\/\/www.globalong.com\/blog\/wp-json\/wp\/v2\/pages\/980\/revisions\/14595"}],"up":[{"embeddable":true,"href":"https:\/\/www.globalong.com\/blog\/wp-json\/wp\/v2\/pages\/883"}],"wp:featuredmedia":[{"embeddable":true,"href":"https:\/\/www.globalong.com\/blog\/wp-json\/wp\/v2\/media\/971"}],"wp:attachment":[{"href":"https:\/\/www.globalong.com\/blog\/wp-json\/wp\/v2\/media?parent=980"}],"curies":[{"name":"wp","href":"https:\/\/api.w.org\/{rel}","templated":true}]}}