{"id":9931,"date":"2018-06-14T16:06:35","date_gmt":"2018-06-14T14:06:35","guid":{"rendered":"https:\/\/www.globalong.com\/blog\/?page_id=9931"},"modified":"2022-04-20T17:15:35","modified_gmt":"2022-04-20T15:15:35","slug":"afrique-du-sud-benevolat-humanitaire-volontariat-animalier","status":"publish","type":"page","link":"https:\/\/www.globalong.com\/blog\/avis-temoignages-globalong\/afrique-du-sud-benevolat-humanitaire-volontariat-animalier\/","title":{"rendered":"Afrique du Sud &#8211; L\u00e9a"},"content":{"rendered":"<p style=\"text-align: center;\"><span style=\"color: #b81657;\"><strong>T\u00e9moignage de L\u00e9a, b\u00e9n\u00e9vole avec Globalong en Afrique du Sud<\/strong><\/span><\/p>\n<p style=\"text-align: justify;\"><img loading=\"lazy\" decoding=\"async\" class=\"size-medium wp-image-10334 aligncenter\" src=\"https:\/\/www.globalong.com\/blog\/wp-content\/uploads\/2018\/05\/Les-animaux-du-refuge-en-Afrique-du-Sud-attendent-leur-repas-min-300x200.jpg\" alt=\"\" width=\"300\" height=\"200\" srcset=\"https:\/\/www.globalong.com\/blog\/wp-content\/uploads\/2018\/05\/Les-animaux-du-refuge-en-Afrique-du-Sud-attendent-leur-repas-min-300x200.jpg 300w, https:\/\/www.globalong.com\/blog\/wp-content\/uploads\/2018\/05\/Les-animaux-du-refuge-en-Afrique-du-Sud-attendent-leur-repas-min-768x512.jpg 768w, https:\/\/www.globalong.com\/blog\/wp-content\/uploads\/2018\/05\/Les-animaux-du-refuge-en-Afrique-du-Sud-attendent-leur-repas-min-1024x683.jpg 1024w, https:\/\/www.globalong.com\/blog\/wp-content\/uploads\/2018\/05\/Les-animaux-du-refuge-en-Afrique-du-Sud-attendent-leur-repas-min-150x100.jpg 150w\" sizes=\"(max-width: 300px) 100vw, 300px\" \/>Bonjour, je m\u2019appelle L\u00e9a et je suis partis plus d\u2019un mois en mission de <strong>b\u00e9n\u00e9volat animalier en Afrique du Sud<\/strong>.<\/p>\n<p style=\"text-align: justify;\">Ma p\u00e9riode d\u2019introduction s\u2019est tr\u00e8s bien pass\u00e9e, la directrice de l\u2019\u00e9cole \u00e9tait disponible et accueillante. Elle se d\u00e9place pour nous faire visiter le centre ville le premier jour. En cours d\u2019anglais, le <strong>groupe d\u2019une dizaine d\u2019\u00e9l\u00e8ves<\/strong> \u00e9tait aussi tr\u00e8s accueillant, on s\u2019attache tr\u00e8s vite aux personnes. Ma prof Carmelita \u00e9tait tr\u00e8s dynamique, enjou\u00e9e et marrante ! On apprenait par le jeu ! C\u2019\u00e9tait bien plus efficace que mes cours<br \/>\nd\u2019anglais au lyc\u00e9e !!<\/p>\n<p style=\"text-align: justify;\"><img loading=\"lazy\" decoding=\"async\" class=\"size-medium wp-image-10336 aligncenter\" src=\"https:\/\/www.globalong.com\/blog\/wp-content\/uploads\/2018\/06\/Les-chiens-du-refuge-pour-animaux-domestiques-en-Afrique-du-Sud-se-pre\u0301parent-pour-une-promenade-GlobAlong-min-300x200.jpg\" alt=\"\" width=\"300\" height=\"200\" srcset=\"https:\/\/www.globalong.com\/blog\/wp-content\/uploads\/2018\/06\/Les-chiens-du-refuge-pour-animaux-domestiques-en-Afrique-du-Sud-se-pre\u0301parent-pour-une-promenade-GlobAlong-min-300x200.jpg 300w, https:\/\/www.globalong.com\/blog\/wp-content\/uploads\/2018\/06\/Les-chiens-du-refuge-pour-animaux-domestiques-en-Afrique-du-Sud-se-pre\u0301parent-pour-une-promenade-GlobAlong-min-768x512.jpg 768w, https:\/\/www.globalong.com\/blog\/wp-content\/uploads\/2018\/06\/Les-chiens-du-refuge-pour-animaux-domestiques-en-Afrique-du-Sud-se-pre\u0301parent-pour-une-promenade-GlobAlong-min-1024x683.jpg 1024w, https:\/\/www.globalong.com\/blog\/wp-content\/uploads\/2018\/06\/Les-chiens-du-refuge-pour-animaux-domestiques-en-Afrique-du-Sud-se-pre\u0301parent-pour-une-promenade-GlobAlong-min-150x100.jpg 150w\" sizes=\"(max-width: 300px) 100vw, 300px\" \/>Concernant la p\u00e9riode de b\u00e9n\u00e9volat dans un <strong>refuge pour animaux domestiques<\/strong>. Il m\u2019a fallu \u00eatre tr\u00e8s autonome car il y avait \u00e9norm\u00e9ment de travail et les salari\u00e9s et b\u00e9n\u00e9voles sur place n\u2019avaient pas vraiment le temps de s\u2019occuper de moi ou de discuter. Nadine n\u2019avait que peu de temps mais j\u2019ai rarement crois\u00e9 dans ma vie une personne si investie et d\u00e9vou\u00e9e \u00e0 sa cause.<\/p>\n<p style=\"text-align: justify;\">Elle \u00e9tait tr\u00e8s touchante et une tr\u00e8s belle personne ! Nous sommes encore en contact aujourd\u2019hui !<\/p>\n<p style=\"text-align: justify;\"><img loading=\"lazy\" decoding=\"async\" class=\"size-medium wp-image-10339 aligncenter\" src=\"https:\/\/www.globalong.com\/blog\/wp-content\/uploads\/2018\/06\/Un-pensionnaire-du-refuge-animalier-en-Afrique-GlobALong-min-300x200.jpg\" alt=\"\" width=\"300\" height=\"200\" srcset=\"https:\/\/www.globalong.com\/blog\/wp-content\/uploads\/2018\/06\/Un-pensionnaire-du-refuge-animalier-en-Afrique-GlobALong-min-300x200.jpg 300w, https:\/\/www.globalong.com\/blog\/wp-content\/uploads\/2018\/06\/Un-pensionnaire-du-refuge-animalier-en-Afrique-GlobALong-min-768x512.jpg 768w, https:\/\/www.globalong.com\/blog\/wp-content\/uploads\/2018\/06\/Un-pensionnaire-du-refuge-animalier-en-Afrique-GlobALong-min-1024x683.jpg 1024w, https:\/\/www.globalong.com\/blog\/wp-content\/uploads\/2018\/06\/Un-pensionnaire-du-refuge-animalier-en-Afrique-GlobALong-min-150x100.jpg 150w\" sizes=\"(max-width: 300px) 100vw, 300px\" \/>Dommage par contre : le lieu de b\u00e9n\u00e9volat n\u2019\u00e9tait pourtant pas tr\u00e8s loin de mon domicile mais il me fallait environ 2h pour y aller et autant de temps pour en revenir chaque jour !<\/p>\n<p style=\"text-align: justify;\">Durant mon s\u00e9jour j\u2019ai eu l\u2019occasion de faire diff\u00e9rentes visites comme la table mountain, le jardin Kirstenbauch, the world of birds sanctuary, le restaurant mama africa, le march\u00e9 d\u2019hout bay. Tous les villages en bord d\u2019ocean pour aller \u00e0 la plage (muizemberg, fish hock, st james pour moi est le meilleur endroit car l\u2019eau est plut\u00f4t chaude, la plage plus calme avec peu de touristes,<br \/>\net une \u00ab\u00a0piscine\u00a0\u00bb qui permet d\u2019\u00e9viter vagues et requin), la piscine de sea point, la magnifique plage de llandudno, boulders beach pour voir les pingouins !!<\/p>\n<p style=\"text-align: justify;\">Toutes les personnes rencontr\u00e9es durant cette p\u00e9riode de b\u00e9n\u00e9volat \u00e9taient int\u00e9ressantes !!! Je me suis fortement attach\u00e9e \u00e0 mes colocataires dans la famille, \u00e9galement fran\u00e7ais, avec qui nous avons tout fait ensemble ! Dont une qui m\u2019a suivi ensuite pendant un <span style=\"text-decoration: underline;\"><a href=\"https:\/\/www.globalong.com\/blog\/treks-safaris-et-excursions\/safari-de-20-jours-du-cap-aux-chutes-victoria\/\" target=\"_blank\" rel=\"noopener\"><strong>safari de\u00a0<\/strong><\/a><\/span><span style=\"text-decoration: underline;\"><a href=\"https:\/\/www.globalong.com\/blog\/treks-safaris-et-excursions\/safari-de-20-jours-du-cap-aux-chutes-victoria\/\" target=\"_blank\" rel=\"noopener\"><strong>3 semaines<\/strong><\/a><\/span> !<\/p>\n<p>&nbsp;<\/p>\n<p><img loading=\"lazy\" decoding=\"async\" class=\"size-medium wp-image-10341 aligncenter\" style=\"text-align: justify;\" src=\"https:\/\/www.globalong.com\/blog\/wp-content\/uploads\/2018\/06\/Vue-de-la-terrasse-en-Afrique-du-Sud-GlobAlong-min-300x206.jpg\" alt=\"\" width=\"300\" height=\"206\" srcset=\"https:\/\/www.globalong.com\/blog\/wp-content\/uploads\/2018\/06\/Vue-de-la-terrasse-en-Afrique-du-Sud-GlobAlong-min-300x206.jpg 300w, https:\/\/www.globalong.com\/blog\/wp-content\/uploads\/2018\/06\/Vue-de-la-terrasse-en-Afrique-du-Sud-GlobAlong-min-768x528.jpg 768w, https:\/\/www.globalong.com\/blog\/wp-content\/uploads\/2018\/06\/Vue-de-la-terrasse-en-Afrique-du-Sud-GlobAlong-min-1024x704.jpg 1024w, https:\/\/www.globalong.com\/blog\/wp-content\/uploads\/2018\/06\/Vue-de-la-terrasse-en-Afrique-du-Sud-GlobAlong-min-150x103.jpg 150w, https:\/\/www.globalong.com\/blog\/wp-content\/uploads\/2018\/06\/Vue-de-la-terrasse-en-Afrique-du-Sud-GlobAlong-min.jpg 1600w\" sizes=\"(max-width: 300px) 100vw, 300px\" \/><\/p>\n<p>&nbsp;<\/p>\n<p style=\"text-align: justify;\">Concernant mon retour en France, je dirai avant tout que cet exp\u00e9rience m\u2019a servi pour plusieurs choses\u00a0:<\/p>\n<p><img loading=\"lazy\" decoding=\"async\" class=\"size-medium wp-image-10345 aligncenter\" src=\"https:\/\/www.globalong.com\/blog\/wp-content\/uploads\/2018\/06\/Un-chien-du-refuge-pour-animaux-domestiques-en-Afrique-du-Sud-GlobAlong-min-300x200.jpg\" alt=\"\" width=\"300\" height=\"200\" srcset=\"https:\/\/www.globalong.com\/blog\/wp-content\/uploads\/2018\/06\/Un-chien-du-refuge-pour-animaux-domestiques-en-Afrique-du-Sud-GlobAlong-min-300x200.jpg 300w, https:\/\/www.globalong.com\/blog\/wp-content\/uploads\/2018\/06\/Un-chien-du-refuge-pour-animaux-domestiques-en-Afrique-du-Sud-GlobAlong-min-768x512.jpg 768w, https:\/\/www.globalong.com\/blog\/wp-content\/uploads\/2018\/06\/Un-chien-du-refuge-pour-animaux-domestiques-en-Afrique-du-Sud-GlobAlong-min-1024x683.jpg 1024w, https:\/\/www.globalong.com\/blog\/wp-content\/uploads\/2018\/06\/Un-chien-du-refuge-pour-animaux-domestiques-en-Afrique-du-Sud-GlobAlong-min-150x100.jpg 150w\" sizes=\"(max-width: 300px) 100vw, 300px\" \/><\/p>\n<p style=\"text-align: justify;\">Prise de confiance en moi, apprentissage de l\u2019anglais, ouverture d\u2019esprit et capacit\u00e9 d\u2019adaptation.<\/p>\n<p style=\"text-align: justify;\">Le retour n\u2019a pas \u00e9t\u00e9 si difficile que je l\u2019imaginais&#8230; apr\u00e8s trois semaines de safari, j\u2019\u00e9tais quand m\u00eame contente de retrouver mon petit confort !! C\u2019est deux ou trois semaines plus tard que j\u2019ai commenc\u00e9 \u00e0 \u00eatre vraiment nostalgique et o\u00f9 le retour \u00e0 la r\u00e9alit\u00e9 a \u00e9t\u00e9 un peu difficile&#8230; mais c\u2019est vite pass\u00e9 et de nouveaux projets de voyage m\u2019ont remis du baume au c\u0153ur !<\/p>\n<p style=\"text-align: justify;\"><img loading=\"lazy\" decoding=\"async\" class=\"size-medium wp-image-10348 aligncenter\" src=\"https:\/\/www.globalong.com\/blog\/wp-content\/uploads\/2018\/06\/En-Afrique-du-Sud-un-be\u0301ne\u0301vole-prome\u0300ne-un-chien-autour-du-refuge-pour-animaux-domestiques-GlobAlong-min-300x200.jpg\" alt=\"\" width=\"300\" height=\"200\" srcset=\"https:\/\/www.globalong.com\/blog\/wp-content\/uploads\/2018\/06\/En-Afrique-du-Sud-un-be\u0301ne\u0301vole-prome\u0300ne-un-chien-autour-du-refuge-pour-animaux-domestiques-GlobAlong-min-300x200.jpg 300w, https:\/\/www.globalong.com\/blog\/wp-content\/uploads\/2018\/06\/En-Afrique-du-Sud-un-be\u0301ne\u0301vole-prome\u0300ne-un-chien-autour-du-refuge-pour-animaux-domestiques-GlobAlong-min-768x512.jpg 768w, https:\/\/www.globalong.com\/blog\/wp-content\/uploads\/2018\/06\/En-Afrique-du-Sud-un-be\u0301ne\u0301vole-prome\u0300ne-un-chien-autour-du-refuge-pour-animaux-domestiques-GlobAlong-min-1024x683.jpg 1024w, https:\/\/www.globalong.com\/blog\/wp-content\/uploads\/2018\/06\/En-Afrique-du-Sud-un-be\u0301ne\u0301vole-prome\u0300ne-un-chien-autour-du-refuge-pour-animaux-domestiques-GlobAlong-min-150x100.jpg 150w\" sizes=\"(max-width: 300px) 100vw, 300px\" \/>Un conseil \u00e0 donner aux futurs participants\u00a0?<\/p>\n<p style=\"text-align: justify;\">Simplement de <strong>profiter de chaque instant<\/strong> car \u00e7a passe tr\u00e8s vite !! Et de partir l\u00e0 bas en ayant une grande ouverture d\u2019esprit pour profiter au mieux du voyage !<\/p>\n<p style=\"text-align: justify;\">Aussi, Pour compl\u00e9ter votre aventure en Afrique du Sud, je vous recommande VIVEMENT de prendre l\u2019option pour le <strong>safari de 21 jours (Namibie Botswana et Zimbabwe)<\/strong>&#8230;. Ce safari regroupe mes plus beaux souvenirs de voyage.. on passe dans des endroits incroyables et les guides sont juste g\u00e9niaux !!<\/p>\n<p style=\"text-align: justify;\"><img loading=\"lazy\" decoding=\"async\" class=\"size-medium wp-image-10350 aligncenter\" src=\"https:\/\/www.globalong.com\/blog\/wp-content\/uploads\/2018\/06\/Vue-de-la-terrasse-en-Afrique-du-Sud-GlobAlong-min-1-300x206.jpg\" alt=\"\" width=\"300\" height=\"206\" srcset=\"https:\/\/www.globalong.com\/blog\/wp-content\/uploads\/2018\/06\/Vue-de-la-terrasse-en-Afrique-du-Sud-GlobAlong-min-1-300x206.jpg 300w, https:\/\/www.globalong.com\/blog\/wp-content\/uploads\/2018\/06\/Vue-de-la-terrasse-en-Afrique-du-Sud-GlobAlong-min-1-768x528.jpg 768w, https:\/\/www.globalong.com\/blog\/wp-content\/uploads\/2018\/06\/Vue-de-la-terrasse-en-Afrique-du-Sud-GlobAlong-min-1-1024x704.jpg 1024w, https:\/\/www.globalong.com\/blog\/wp-content\/uploads\/2018\/06\/Vue-de-la-terrasse-en-Afrique-du-Sud-GlobAlong-min-1-150x103.jpg 150w, https:\/\/www.globalong.com\/blog\/wp-content\/uploads\/2018\/06\/Vue-de-la-terrasse-en-Afrique-du-Sud-GlobAlong-min-1.jpg 1600w\" sizes=\"(max-width: 300px) 100vw, 300px\" \/>Le montage et d\u00e9montage de tentes tr\u00e8s matinaux, la pluie ou encore les piq\u00fbres de moustiques seront \u00e9galement de la partie, mais ces moments plus difficiles sont totalement oubli\u00e9s quand vous vous retrouvez \u00e0 5h du matin, au sommet d\u2019une dune dans le d\u00e9sert \u00e0 regarder le soleil se lever &#8230; Amazing \ud83d\ude09 !!!<\/p>\n<p style=\"text-align: justify;\">J\u2019ai \u00e9t\u00e9 <strong>TOTALEMENT satisfaite<\/strong>. J\u2019envisage un autre voyage avec cet organisme et l\u2019ai d\u00e9j\u00e0 conseill\u00e9 \u00e0 une amie qui pr\u00e9voit de partir en Australie avec GlobAlong ! j\u2019ai \u00e9t\u00e9 accompagn\u00e9e au mieux avant et pendant mon s\u00e9jour..<\/p>\n<p style=\"text-align: justify;\">Merci \u00e0 Sophie et toute l\u2019\u00e9quipe !<\/p>\n<p style=\"text-align: center;\">D\u00e9couvrez le <span style=\"text-decoration: underline;\"><strong><a href=\"https:\/\/www.globalong.com\/sejour-benevolat\/volontariat-afrique-du-sud-soins-animaliers\/refuge-animaux-domestiques-soins-programme-international-etudiants-avis-professionnels.html\" target=\"_blank\" rel=\"noopener\">programme de b\u00e9n\u00e9volat animalier<\/a><\/strong><\/span> auquel L\u00e9a a particip\u00e9 !<\/p>\n<p style=\"text-align: center;\">Pour plus de photos sur l&rsquo;Afrique du Sud, <strong><span style=\"text-decoration: underline;\"><a href=\"http:\/\/www.flickr.com\/photos\/113196753@N04\/\" target=\"_blank\" rel=\"noopener\">cliquez ici<\/a> <\/span><\/strong>!<\/p>\n<p style=\"text-align: center;\">N&rsquo;h\u00e9sitez pas \u00e0 nous contacter \u00e0 l&rsquo;adresse <strong><span style=\"text-decoration: underline;\"><a href=\"mailto:info@globalong.com\" target=\"_blank\" rel=\"noopener\">info@globalong.com<\/a><\/span><\/strong><\/p>\n","protected":false},"excerpt":{"rendered":"<p>T\u00e9moignage de L\u00e9a, b\u00e9n\u00e9vole avec Globalong en Afrique du Sud Bonjour, je m\u2019appelle L\u00e9a et je suis partis plus d\u2019un mois en mission de b\u00e9n\u00e9volat animalier en Afrique du Sud. Ma p\u00e9riode d\u2019introduction s\u2019est tr\u00e8s bien pass\u00e9e, la directrice de l\u2019\u00e9cole \u00e9tait disponible et accueillante. Elle se d\u00e9place pour nous faire visiter le centre ville [&hellip;]<\/p>\n","protected":false},"author":7,"featured_media":8675,"parent":883,"menu_order":0,"comment_status":"closed","ping_status":"closed","template":"","meta":{"footnotes":""},"yoast_head":"<!-- This site is optimized with the Yoast SEO Premium plugin v23.4 (Yoast SEO v23.4) - https:\/\/yoast.com\/wordpress\/plugins\/seo\/ -->\n<title>Afrique du Sud - L\u00e9a - Association Globalong<\/title>\n<meta name=\"robots\" content=\"index, follow, max-snippet:-1, max-image-preview:large, max-video-preview:-1\" \/>\n<link rel=\"canonical\" href=\"https:\/\/www.globalong.com\/blog\/avis-temoignages-globalong\/afrique-du-sud-benevolat-humanitaire-volontariat-animalier\/\" \/>\n<meta property=\"og:locale\" content=\"fr_FR\" \/>\n<meta property=\"og:type\" content=\"article\" \/>\n<meta property=\"og:title\" content=\"Afrique du Sud - L\u00e9a\" \/>\n<meta property=\"og:description\" content=\"T\u00e9moignage de L\u00e9a, b\u00e9n\u00e9vole avec Globalong en Afrique du Sud Bonjour, je m\u2019appelle L\u00e9a et je suis partis plus d\u2019un mois en mission de b\u00e9n\u00e9volat animalier en Afrique du Sud. Ma p\u00e9riode d\u2019introduction s\u2019est tr\u00e8s bien pass\u00e9e, la directrice de l\u2019\u00e9cole \u00e9tait disponible et accueillante. Elle se d\u00e9place pour nous faire visiter le centre ville [&hellip;]\" \/>\n<meta property=\"og:url\" content=\"https:\/\/www.globalong.com\/blog\/avis-temoignages-globalong\/afrique-du-sud-benevolat-humanitaire-volontariat-animalier\/\" \/>\n<meta property=\"og:site_name\" content=\"Association Globalong\" \/>\n<meta property=\"article:publisher\" content=\"https:\/\/www.facebook.com\/globalong\" \/>\n<meta property=\"article:modified_time\" content=\"2022-04-20T15:15:35+00:00\" \/>\n<meta property=\"og:image\" content=\"https:\/\/www.globalong.com\/blog\/wp-content\/uploads\/2018\/01\/Apprendre-langlais-au-Cap-GlobAlong-min.jpg\" \/>\n\t<meta property=\"og:image:width\" content=\"4800\" \/>\n\t<meta property=\"og:image:height\" content=\"920\" \/>\n\t<meta property=\"og:image:type\" content=\"image\/jpeg\" \/>\n<meta name=\"twitter:card\" content=\"summary_large_image\" \/>\n<meta name=\"twitter:label1\" content=\"Dur\u00e9e de lecture estim\u00e9e\" \/>\n\t<meta name=\"twitter:data1\" content=\"4 minutes\" \/>\n<script type=\"application\/ld+json\" class=\"yoast-schema-graph\">{\"@context\":\"https:\/\/schema.org\",\"@graph\":[{\"@type\":\"WebPage\",\"@id\":\"https:\/\/www.globalong.com\/blog\/avis-temoignages-globalong\/afrique-du-sud-benevolat-humanitaire-volontariat-animalier\/\",\"url\":\"https:\/\/www.globalong.com\/blog\/avis-temoignages-globalong\/afrique-du-sud-benevolat-humanitaire-volontariat-animalier\/\",\"name\":\"Afrique du Sud - L\u00e9a - Association Globalong\",\"isPartOf\":{\"@id\":\"https:\/\/www.globalong.com\/blog\/#website\"},\"primaryImageOfPage\":{\"@id\":\"https:\/\/www.globalong.com\/blog\/avis-temoignages-globalong\/afrique-du-sud-benevolat-humanitaire-volontariat-animalier\/#primaryimage\"},\"image\":{\"@id\":\"https:\/\/www.globalong.com\/blog\/avis-temoignages-globalong\/afrique-du-sud-benevolat-humanitaire-volontariat-animalier\/#primaryimage\"},\"thumbnailUrl\":\"https:\/\/www.globalong.com\/blog\/wp-content\/uploads\/2018\/01\/Apprendre-langlais-au-Cap-GlobAlong-min.jpg\",\"datePublished\":\"2018-06-14T14:06:35+00:00\",\"dateModified\":\"2022-04-20T15:15:35+00:00\",\"breadcrumb\":{\"@id\":\"https:\/\/www.globalong.com\/blog\/avis-temoignages-globalong\/afrique-du-sud-benevolat-humanitaire-volontariat-animalier\/#breadcrumb\"},\"inLanguage\":\"fr-FR\",\"potentialAction\":[{\"@type\":\"ReadAction\",\"target\":[\"https:\/\/www.globalong.com\/blog\/avis-temoignages-globalong\/afrique-du-sud-benevolat-humanitaire-volontariat-animalier\/\"]}]},{\"@type\":\"ImageObject\",\"inLanguage\":\"fr-FR\",\"@id\":\"https:\/\/www.globalong.com\/blog\/avis-temoignages-globalong\/afrique-du-sud-benevolat-humanitaire-volontariat-animalier\/#primaryimage\",\"url\":\"https:\/\/www.globalong.com\/blog\/wp-content\/uploads\/2018\/01\/Apprendre-langlais-au-Cap-GlobAlong-min.jpg\",\"contentUrl\":\"https:\/\/www.globalong.com\/blog\/wp-content\/uploads\/2018\/01\/Apprendre-langlais-au-Cap-GlobAlong-min.jpg\",\"width\":4800,\"height\":920},{\"@type\":\"BreadcrumbList\",\"@id\":\"https:\/\/www.globalong.com\/blog\/avis-temoignages-globalong\/afrique-du-sud-benevolat-humanitaire-volontariat-animalier\/#breadcrumb\",\"itemListElement\":[{\"@type\":\"ListItem\",\"position\":1,\"name\":\"Accueil\",\"item\":\"https:\/\/www.globalong.com\/blog\/\"},{\"@type\":\"ListItem\",\"position\":2,\"name\":\"T\u00e9moignages et avis de volontaires Globalong\",\"item\":\"https:\/\/www.globalong.com\/blog\/avis-temoignages-globalong\/\"},{\"@type\":\"ListItem\",\"position\":3,\"name\":\"Afrique du Sud &#8211; L\u00e9a\"}]},{\"@type\":\"WebSite\",\"@id\":\"https:\/\/www.globalong.com\/blog\/#website\",\"url\":\"https:\/\/www.globalong.com\/blog\/\",\"name\":\"https:\/\/www.globalong.com\/\",\"description\":\"Mission humanitaire, stage \u00e9tudiant et voyage linguistique\",\"publisher\":{\"@id\":\"https:\/\/www.globalong.com\/blog\/#organization\"},\"potentialAction\":[{\"@type\":\"SearchAction\",\"target\":{\"@type\":\"EntryPoint\",\"urlTemplate\":\"https:\/\/www.globalong.com\/blog\/?s={search_term_string}\"},\"query-input\":{\"@type\":\"PropertyValueSpecification\",\"valueRequired\":true,\"valueName\":\"search_term_string\"}}],\"inLanguage\":\"fr-FR\"},{\"@type\":\"Organization\",\"@id\":\"https:\/\/www.globalong.com\/blog\/#organization\",\"name\":\"Association Globalong\",\"url\":\"https:\/\/www.globalong.com\/blog\/\",\"logo\":{\"@type\":\"ImageObject\",\"inLanguage\":\"fr-FR\",\"@id\":\"https:\/\/www.globalong.com\/blog\/#\/schema\/logo\/image\/\",\"url\":\"https:\/\/www.globalong.com\/blog\/wp-content\/uploads\/2014\/11\/cropped-cropped-Logo-et-Afrique-Globalong-petite-taille-2.jpg\",\"contentUrl\":\"https:\/\/www.globalong.com\/blog\/wp-content\/uploads\/2014\/11\/cropped-cropped-Logo-et-Afrique-Globalong-petite-taille-2.jpg\",\"width\":512,\"height\":512,\"caption\":\"Association Globalong\"},\"image\":{\"@id\":\"https:\/\/www.globalong.com\/blog\/#\/schema\/logo\/image\/\"},\"sameAs\":[\"https:\/\/www.facebook.com\/globalong\"]}]}<\/script>\n<!-- \/ Yoast SEO Premium plugin. -->","yoast_head_json":{"title":"Afrique du Sud - L\u00e9a - Association Globalong","robots":{"index":"index","follow":"follow","max-snippet":"max-snippet:-1","max-image-preview":"max-image-preview:large","max-video-preview":"max-video-preview:-1"},"canonical":"https:\/\/www.globalong.com\/blog\/avis-temoignages-globalong\/afrique-du-sud-benevolat-humanitaire-volontariat-animalier\/","og_locale":"fr_FR","og_type":"article","og_title":"Afrique du Sud - L\u00e9a","og_description":"T\u00e9moignage de L\u00e9a, b\u00e9n\u00e9vole avec Globalong en Afrique du Sud Bonjour, je m\u2019appelle L\u00e9a et je suis partis plus d\u2019un mois en mission de b\u00e9n\u00e9volat animalier en Afrique du Sud. Ma p\u00e9riode d\u2019introduction s\u2019est tr\u00e8s bien pass\u00e9e, la directrice de l\u2019\u00e9cole \u00e9tait disponible et accueillante. Elle se d\u00e9place pour nous faire visiter le centre ville [&hellip;]","og_url":"https:\/\/www.globalong.com\/blog\/avis-temoignages-globalong\/afrique-du-sud-benevolat-humanitaire-volontariat-animalier\/","og_site_name":"Association Globalong","article_publisher":"https:\/\/www.facebook.com\/globalong","article_modified_time":"2022-04-20T15:15:35+00:00","og_image":[{"width":4800,"height":920,"url":"https:\/\/www.globalong.com\/blog\/wp-content\/uploads\/2018\/01\/Apprendre-langlais-au-Cap-GlobAlong-min.jpg","type":"image\/jpeg"}],"twitter_card":"summary_large_image","twitter_misc":{"Dur\u00e9e de lecture estim\u00e9e":"4 minutes"},"schema":{"@context":"https:\/\/schema.org","@graph":[{"@type":"WebPage","@id":"https:\/\/www.globalong.com\/blog\/avis-temoignages-globalong\/afrique-du-sud-benevolat-humanitaire-volontariat-animalier\/","url":"https:\/\/www.globalong.com\/blog\/avis-temoignages-globalong\/afrique-du-sud-benevolat-humanitaire-volontariat-animalier\/","name":"Afrique du Sud - L\u00e9a - Association Globalong","isPartOf":{"@id":"https:\/\/www.globalong.com\/blog\/#website"},"primaryImageOfPage":{"@id":"https:\/\/www.globalong.com\/blog\/avis-temoignages-globalong\/afrique-du-sud-benevolat-humanitaire-volontariat-animalier\/#primaryimage"},"image":{"@id":"https:\/\/www.globalong.com\/blog\/avis-temoignages-globalong\/afrique-du-sud-benevolat-humanitaire-volontariat-animalier\/#primaryimage"},"thumbnailUrl":"https:\/\/www.globalong.com\/blog\/wp-content\/uploads\/2018\/01\/Apprendre-langlais-au-Cap-GlobAlong-min.jpg","datePublished":"2018-06-14T14:06:35+00:00","dateModified":"2022-04-20T15:15:35+00:00","breadcrumb":{"@id":"https:\/\/www.globalong.com\/blog\/avis-temoignages-globalong\/afrique-du-sud-benevolat-humanitaire-volontariat-animalier\/#breadcrumb"},"inLanguage":"fr-FR","potentialAction":[{"@type":"ReadAction","target":["https:\/\/www.globalong.com\/blog\/avis-temoignages-globalong\/afrique-du-sud-benevolat-humanitaire-volontariat-animalier\/"]}]},{"@type":"ImageObject","inLanguage":"fr-FR","@id":"https:\/\/www.globalong.com\/blog\/avis-temoignages-globalong\/afrique-du-sud-benevolat-humanitaire-volontariat-animalier\/#primaryimage","url":"https:\/\/www.globalong.com\/blog\/wp-content\/uploads\/2018\/01\/Apprendre-langlais-au-Cap-GlobAlong-min.jpg","contentUrl":"https:\/\/www.globalong.com\/blog\/wp-content\/uploads\/2018\/01\/Apprendre-langlais-au-Cap-GlobAlong-min.jpg","width":4800,"height":920},{"@type":"BreadcrumbList","@id":"https:\/\/www.globalong.com\/blog\/avis-temoignages-globalong\/afrique-du-sud-benevolat-humanitaire-volontariat-animalier\/#breadcrumb","itemListElement":[{"@type":"ListItem","position":1,"name":"Accueil","item":"https:\/\/www.globalong.com\/blog\/"},{"@type":"ListItem","position":2,"name":"T\u00e9moignages et avis de volontaires Globalong","item":"https:\/\/www.globalong.com\/blog\/avis-temoignages-globalong\/"},{"@type":"ListItem","position":3,"name":"Afrique du Sud &#8211; L\u00e9a"}]},{"@type":"WebSite","@id":"https:\/\/www.globalong.com\/blog\/#website","url":"https:\/\/www.globalong.com\/blog\/","name":"https:\/\/www.globalong.com\/","description":"Mission humanitaire, stage \u00e9tudiant et voyage linguistique","publisher":{"@id":"https:\/\/www.globalong.com\/blog\/#organization"},"potentialAction":[{"@type":"SearchAction","target":{"@type":"EntryPoint","urlTemplate":"https:\/\/www.globalong.com\/blog\/?s={search_term_string}"},"query-input":{"@type":"PropertyValueSpecification","valueRequired":true,"valueName":"search_term_string"}}],"inLanguage":"fr-FR"},{"@type":"Organization","@id":"https:\/\/www.globalong.com\/blog\/#organization","name":"Association Globalong","url":"https:\/\/www.globalong.com\/blog\/","logo":{"@type":"ImageObject","inLanguage":"fr-FR","@id":"https:\/\/www.globalong.com\/blog\/#\/schema\/logo\/image\/","url":"https:\/\/www.globalong.com\/blog\/wp-content\/uploads\/2014\/11\/cropped-cropped-Logo-et-Afrique-Globalong-petite-taille-2.jpg","contentUrl":"https:\/\/www.globalong.com\/blog\/wp-content\/uploads\/2014\/11\/cropped-cropped-Logo-et-Afrique-Globalong-petite-taille-2.jpg","width":512,"height":512,"caption":"Association Globalong"},"image":{"@id":"https:\/\/www.globalong.com\/blog\/#\/schema\/logo\/image\/"},"sameAs":["https:\/\/www.facebook.com\/globalong"]}]}},"_links":{"self":[{"href":"https:\/\/www.globalong.com\/blog\/wp-json\/wp\/v2\/pages\/9931"}],"collection":[{"href":"https:\/\/www.globalong.com\/blog\/wp-json\/wp\/v2\/pages"}],"about":[{"href":"https:\/\/www.globalong.com\/blog\/wp-json\/wp\/v2\/types\/page"}],"author":[{"embeddable":true,"href":"https:\/\/www.globalong.com\/blog\/wp-json\/wp\/v2\/users\/7"}],"replies":[{"embeddable":true,"href":"https:\/\/www.globalong.com\/blog\/wp-json\/wp\/v2\/comments?post=9931"}],"version-history":[{"count":21,"href":"https:\/\/www.globalong.com\/blog\/wp-json\/wp\/v2\/pages\/9931\/revisions"}],"predecessor-version":[{"id":14390,"href":"https:\/\/www.globalong.com\/blog\/wp-json\/wp\/v2\/pages\/9931\/revisions\/14390"}],"up":[{"embeddable":true,"href":"https:\/\/www.globalong.com\/blog\/wp-json\/wp\/v2\/pages\/883"}],"wp:featuredmedia":[{"embeddable":true,"href":"https:\/\/www.globalong.com\/blog\/wp-json\/wp\/v2\/media\/8675"}],"wp:attachment":[{"href":"https:\/\/www.globalong.com\/blog\/wp-json\/wp\/v2\/media?parent=9931"}],"curies":[{"name":"wp","href":"https:\/\/api.w.org\/{rel}","templated":true}]}}